I20260710 11:08:03.218888 29300 raft_consensus.cc:359] T 646d70b597ab4a3caf9794cedcd40ff9 P f625249dd10d4de197be80c8a6d240ac [term 0 FOLLOWER]: Replica starting. Triggering 0 pending ops. Active config: opid_index: -1 OBSOLETE_local: false peers { permanent_uuid: "f625249dd10d4de197be80c8a6d240ac" member_type: VOTER last_known_addr { host: "127.27.89.1" port: 41845 } } peers { permanent_uuid: "b9426c0611f9434eb3cd28730a02b6db" member_type: VOTER last_known_addr { host: "127.27.89.2" port: 46199 } } peers { permanent_uuid: "2867cafb0d7f4a43bc6ccb32495ea6ef" member_type: VOTER last_known_addr { host: "127.27.89.3" port: 38197 } }
I20260710 11:08:03.219477 29301 raft_consensus.cc:740] T 6238a83208ab468d90be60c9a6a6bf53 P b9426c0611f9434eb3cd28730a02b6db [term 0 FOLLOWER]: Becoming Follower/Learner. State: Replica: b9426c0611f9434eb3cd28730a02b6db, State: Initialized, Role: FOLLOWER
I20260710 11:08:03.219832 29300 raft_consensus.cc:385] T 646d70b597ab4a3caf9794cedcd40ff9 P f625249dd10d4de197be80c8a6d240ac [term 0 FOLLOWER]: Consensus starting up: Expiring failure detector timer to make a prompt election more likely
I20260710 11:08:03.220230 29300 raft_consensus.cc:740] T 646d70b597ab4a3caf9794cedcd40ff9 P f625249dd10d4de197be80c8a6d240ac [term 0 FOLLOWER]: Becoming Follower/Learner. State: Replica: f625249dd10d4de197be80c8a6d240ac, State: Initialized, Role: FOLLOWER
I20260710 11:08:03.220458 29301 consensus_queue.cc:260] T 6238a83208ab468d90be60c9a6a6bf53 P b9426c0611f9434eb3cd28730a02b6db [NON_LEADER]: Queue going to NON_LEADER mode. State: All replicated index: 0, Majority replicated index: 0, Committed index: 0, Last appended: 0.0, Last appended by leader: 0, Current term: 0, Majority size: -1, State: 0, Mode: NON_LEADER, active raft config: opid_index: -1 OBSOLETE_local: false peers { permanent_uuid: "2867cafb0d7f4a43bc6ccb32495ea6ef" member_type: VOTER last_known_addr { host: "127.27.89.3" port: 38197 } } peers { permanent_uuid: "f625249dd10d4de197be80c8a6d240ac" member_type: VOTER last_known_addr { host: "127.27.89.1" port: 41845 } } peers { permanent_uuid: "b9426c0611f9434eb3cd28730a02b6db" member_type: VOTER last_known_addr { host: "127.27.89.2" port: 46199 } }
I20260710 11:08:03.221138 29299 tablet_bootstrap.cc:654] T 6bae9adfafe54e888c39fe1fced067ec P 2867cafb0d7f4a43bc6ccb32495ea6ef: Neither blocks nor log segments found. Creating new log.
I20260710 11:08:03.221089 29300 consensus_queue.cc:260] T 646d70b597ab4a3caf9794cedcd40ff9 P f625249dd10d4de197be80c8a6d240ac [NON_LEADER]: Queue going to NON_LEADER mode. State: All replicated index: 0, Majority replicated index: 0, Committed index: 0, Last appended: 0.0, Last appended by leader: 0, Current term: 0, Majority size: -1, State: 0, Mode: NON_LEADER, active raft config: opid_index: -1 OBSOLETE_local: false peers { permanent_uuid: "f625249dd10d4de197be80c8a6d240ac" member_type: VOTER last_known_addr { host: "127.27.89.1" port: 41845 } } peers { permanent_uuid: "b9426c0611f9434eb3cd28730a02b6db" member_type: VOTER last_known_addr { host: "127.27.89.2" port: 46199 } } peers { permanent_uuid: "2867cafb0d7f4a43bc6ccb32495ea6ef" member_type: VOTER last_known_addr { host: "127.27.89.3" port: 38197 } }
I20260710 11:08:03.222656 29306 raft_consensus.cc:493] T 2be3c8a7784a421e945ac9150df6c73e P 2867cafb0d7f4a43bc6ccb32495ea6ef [term 0 FOLLOWER]: Starting pre-election (no leader contacted us within the election timeout)
I20260710 11:08:03.223272 29306 raft_consensus.cc:515] T 2be3c8a7784a421e945ac9150df6c73e P 2867cafb0d7f4a43bc6ccb32495ea6ef [term 0 FOLLOWER]: Starting pre-election with config: opid_index: -1 OBSOLETE_local: false peers { permanent_uuid: "f625249dd10d4de197be80c8a6d240ac" member_type: VOTER last_known_addr { host: "127.27.89.1" port: 41845 } } peers { permanent_uuid: "b9426c0611f9434eb3cd28730a02b6db" member_type: VOTER last_known_addr { host: "127.27.89.2" port: 46199 } } peers { permanent_uuid: "2867cafb0d7f4a43bc6ccb32495ea6ef" member_type: VOTER last_known_addr { host: "127.27.89.3" port: 38197 } }
I20260710 11:08:03.227384 29300 ts_tablet_manager.cc:1434] T 646d70b597ab4a3caf9794cedcd40ff9 P f625249dd10d4de197be80c8a6d240ac: Time spent starting tablet: real 0.011s	user 0.006s	sys 0.000s
I20260710 11:08:03.228794 29300 tablet_bootstrap.cc:492] T 59d4b5845f944469b541c72374c25768 P f625249dd10d4de197be80c8a6d240ac: Bootstrap starting.
I20260710 11:08:03.229526 29306 leader_election.cc:290] T 2be3c8a7784a421e945ac9150df6c73e P 2867cafb0d7f4a43bc6ccb32495ea6ef [CANDIDATE]: Term 1 pre-election: Requested pre-vote from peers f625249dd10d4de197be80c8a6d240ac (127.27.89.1:41845), b9426c0611f9434eb3cd28730a02b6db (127.27.89.2:46199)
I20260710 11:08:03.230120 29301 ts_tablet_manager.cc:1434] T 6238a83208ab468d90be60c9a6a6bf53 P b9426c0611f9434eb3cd28730a02b6db: Time spent starting tablet: real 0.015s	user 0.014s	sys 0.000s
I20260710 11:08:03.231125 29301 tablet_bootstrap.cc:492] T 2be3c8a7784a421e945ac9150df6c73e P b9426c0611f9434eb3cd28730a02b6db: Bootstrap starting.
I20260710 11:08:03.237329 29301 tablet_bootstrap.cc:654] T 2be3c8a7784a421e945ac9150df6c73e P b9426c0611f9434eb3cd28730a02b6db: Neither blocks nor log segments found. Creating new log.
I20260710 11:08:03.237371 29300 tablet_bootstrap.cc:654] T 59d4b5845f944469b541c72374c25768 P f625249dd10d4de197be80c8a6d240ac: Neither blocks nor log segments found. Creating new log.
I20260710 11:08:03.240283 29299 tablet_bootstrap.cc:492] T 6bae9adfafe54e888c39fe1fced067ec P 2867cafb0d7f4a43bc6ccb32495ea6ef: No bootstrap required, opened a new log
I20260710 11:08:03.242004 29299 ts_tablet_manager.cc:1403] T 6bae9adfafe54e888c39fe1fced067ec P 2867cafb0d7f4a43bc6ccb32495ea6ef: Time spent bootstrapping tablet: real 0.028s	user 0.015s	sys 0.011s
I20260710 11:08:03.243284 29329 raft_consensus.cc:493] T aa4121ffaab24419bd55b4143ac9df63 P b9426c0611f9434eb3cd28730a02b6db [term 0 FOLLOWER]: Starting pre-election (no leader contacted us within the election timeout)
I20260710 11:08:03.254424 29329 raft_consensus.cc:515] T aa4121ffaab24419bd55b4143ac9df63 P b9426c0611f9434eb3cd28730a02b6db [term 0 FOLLOWER]: Starting pre-election with config: opid_index: -1 OBSOLETE_local: false peers { permanent_uuid: "f625249dd10d4de197be80c8a6d240ac" member_type: VOTER last_known_addr { host: "127.27.89.1" port: 41845 } } peers { permanent_uuid: "b9426c0611f9434eb3cd28730a02b6db" member_type: VOTER last_known_addr { host: "127.27.89.2" port: 46199 } } peers { permanent_uuid: "2867cafb0d7f4a43bc6ccb32495ea6ef" member_type: VOTER last_known_addr { host: "127.27.89.3" port: 38197 } }
I20260710 11:08:03.257958 29329 leader_election.cc:290] T aa4121ffaab24419bd55b4143ac9df63 P b9426c0611f9434eb3cd28730a02b6db [CANDIDATE]: Term 1 pre-election: Requested pre-vote from peers f625249dd10d4de197be80c8a6d240ac (127.27.89.1:41845), 2867cafb0d7f4a43bc6ccb32495ea6ef (127.27.89.3:38197)
I20260710 11:08:03.258704 29110 tablet_service.cc:1917] Received RequestConsensusVote() RPC: tablet_id: "aa4121ffaab24419bd55b4143ac9df63" candidate_uuid: "b9426c0611f9434eb3cd28730a02b6db" candidate_term: 1 candidate_status { last_received { term: 0 index: 0 } } ignore_live_leader: false dest_uuid: "f625249dd10d4de197be80c8a6d240ac" is_pre_election: true
I20260710 11:08:03.245765 29299 raft_consensus.cc:359] T 6bae9adfafe54e888c39fe1fced067ec P 2867cafb0d7f4a43bc6ccb32495ea6ef [term 0 FOLLOWER]: Replica starting. Triggering 0 pending ops. Active config: opid_index: -1 OBSOLETE_local: false peers { permanent_uuid: "f625249dd10d4de197be80c8a6d240ac" member_type: VOTER last_known_addr { host: "127.27.89.1" port: 41845 } } peers { permanent_uuid: "b9426c0611f9434eb3cd28730a02b6db" member_type: VOTER last_known_addr { host: "127.27.89.2" port: 46199 } } peers { permanent_uuid: "2867cafb0d7f4a43bc6ccb32495ea6ef" member_type: VOTER last_known_addr { host: "127.27.89.3" port: 38197 } }
I20260710 11:08:03.259083 29259 tablet_service.cc:1917] Received RequestConsensusVote() RPC: tablet_id: "aa4121ffaab24419bd55b4143ac9df63" candidate_uuid: "b9426c0611f9434eb3cd28730a02b6db" candidate_term: 1 candidate_status { last_received { term: 0 index: 0 } } ignore_live_leader: false dest_uuid: "2867cafb0d7f4a43bc6ccb32495ea6ef" is_pre_election: true
I20260710 11:08:03.242017 29307 raft_consensus.cc:515] T 59d4b5845f944469b541c72374c25768 P b9426c0611f9434eb3cd28730a02b6db [term 1 FOLLOWER]: Starting leader election with config: opid_index: -1 OBSOLETE_local: false peers { permanent_uuid: "f625249dd10d4de197be80c8a6d240ac" member_type: VOTER last_known_addr { host: "127.27.89.1" port: 41845 } } peers { permanent_uuid: "b9426c0611f9434eb3cd28730a02b6db" member_type: VOTER last_known_addr { host: "127.27.89.2" port: 46199 } } peers { permanent_uuid: "2867cafb0d7f4a43bc6ccb32495ea6ef" member_type: VOTER last_known_addr { host: "127.27.89.3" port: 38197 } }
W20260710 11:08:03.260222 29148 leader_election.cc:343] T aa4121ffaab24419bd55b4143ac9df63 P b9426c0611f9434eb3cd28730a02b6db [CANDIDATE]: Term 1 pre-election: Tablet error from VoteRequest() call to peer f625249dd10d4de197be80c8a6d240ac (127.27.89.1:41845): Illegal state: must be running to vote when last-logged opid is not known
I20260710 11:08:03.261778 29307 leader_election.cc:290] T 59d4b5845f944469b541c72374c25768 P b9426c0611f9434eb3cd28730a02b6db [CANDIDATE]: Term 1 election: Requested vote from peers f625249dd10d4de197be80c8a6d240ac (127.27.89.1:41845), 2867cafb0d7f4a43bc6ccb32495ea6ef (127.27.89.3:38197)
I20260710 11:08:03.262450 29110 tablet_service.cc:1917] Received RequestConsensusVote() RPC: tablet_id: "59d4b5845f944469b541c72374c25768" candidate_uuid: "b9426c0611f9434eb3cd28730a02b6db" candidate_term: 1 candidate_status { last_received { term: 0 index: 0 } } ignore_live_leader: false dest_uuid: "f625249dd10d4de197be80c8a6d240ac"
I20260710 11:08:03.263692 29259 tablet_service.cc:1917] Received RequestConsensusVote() RPC: tablet_id: "59d4b5845f944469b541c72374c25768" candidate_uuid: "b9426c0611f9434eb3cd28730a02b6db" candidate_term: 1 candidate_status { last_received { term: 0 index: 0 } } ignore_live_leader: false dest_uuid: "2867cafb0d7f4a43bc6ccb32495ea6ef"
W20260710 11:08:03.263939 29148 leader_election.cc:343] T 59d4b5845f944469b541c72374c25768 P b9426c0611f9434eb3cd28730a02b6db [CANDIDATE]: Term 1 election: Tablet error from VoteRequest() call to peer f625249dd10d4de197be80c8a6d240ac (127.27.89.1:41845): Illegal state: must be running to vote when last-logged opid is not known
I20260710 11:08:03.264254 29259 raft_consensus.cc:3060] T 59d4b5845f944469b541c72374c25768 P 2867cafb0d7f4a43bc6ccb32495ea6ef [term 0 FOLLOWER]: Advancing to term 1
W20260710 11:08:03.265146 29149 leader_election.cc:343] T aa4121ffaab24419bd55b4143ac9df63 P b9426c0611f9434eb3cd28730a02b6db [CANDIDATE]: Term 1 pre-election: Tablet error from VoteRequest() call to peer 2867cafb0d7f4a43bc6ccb32495ea6ef (127.27.89.3:38197): Illegal state: must be running to vote when last-logged opid is not known
I20260710 11:08:03.265548 29307 raft_consensus.cc:493] T 646d70b597ab4a3caf9794cedcd40ff9 P b9426c0611f9434eb3cd28730a02b6db [term 0 FOLLOWER]: Starting pre-election (no leader contacted us within the election timeout)
I20260710 11:08:03.265583 29149 leader_election.cc:304] T aa4121ffaab24419bd55b4143ac9df63 P b9426c0611f9434eb3cd28730a02b6db [CANDIDATE]: Term 1 pre-election: Election decided. Result: candidate lost. Election summary: received 3 responses out of 3 voters: 1 yes votes; 2 no votes. yes voters: b9426c0611f9434eb3cd28730a02b6db; no voters: 2867cafb0d7f4a43bc6ccb32495ea6ef, f625249dd10d4de197be80c8a6d240ac
I20260710 11:08:03.266141 29307 raft_consensus.cc:515] T 646d70b597ab4a3caf9794cedcd40ff9 P b9426c0611f9434eb3cd28730a02b6db [term 0 FOLLOWER]: Starting pre-election with config: opid_index: -1 OBSOLETE_local: false peers { permanent_uuid: "f625249dd10d4de197be80c8a6d240ac" member_type: VOTER last_known_addr { host: "127.27.89.1" port: 41845 } } peers { permanent_uuid: "b9426c0611f9434eb3cd28730a02b6db" member_type: VOTER last_known_addr { host: "127.27.89.2" port: 46199 } } peers { permanent_uuid: "2867cafb0d7f4a43bc6ccb32495ea6ef" member_type: VOTER last_known_addr { host: "127.27.89.3" port: 38197 } }
I20260710 11:08:03.266537 29329 raft_consensus.cc:2749] T aa4121ffaab24419bd55b4143ac9df63 P b9426c0611f9434eb3cd28730a02b6db [term 0 FOLLOWER]: Leader pre-election lost for term 1. Reason: could not achieve majority
I20260710 11:08:03.259285 29299 raft_consensus.cc:385] T 6bae9adfafe54e888c39fe1fced067ec P 2867cafb0d7f4a43bc6ccb32495ea6ef [term 0 FOLLOWER]: Consensus starting up: Expiring failure detector timer to make a prompt election more likely
I20260710 11:08:03.267992 29299 raft_consensus.cc:740] T 6bae9adfafe54e888c39fe1fced067ec P 2867cafb0d7f4a43bc6ccb32495ea6ef [term 0 FOLLOWER]: Becoming Follower/Learner. State: Replica: 2867cafb0d7f4a43bc6ccb32495ea6ef, State: Initialized, Role: FOLLOWER
I20260710 11:08:03.268865 29299 consensus_queue.cc:260] T 6bae9adfafe54e888c39fe1fced067ec P 2867cafb0d7f4a43bc6ccb32495ea6ef [NON_LEADER]: Queue going to NON_LEADER mode. State: All replicated index: 0, Majority replicated index: 0, Committed index: 0, Last appended: 0.0, Last appended by leader: 0, Current term: 0, Majority size: -1, State: 0, Mode: NON_LEADER, active raft config: opid_index: -1 OBSOLETE_local: false peers { permanent_uuid: "f625249dd10d4de197be80c8a6d240ac" member_type: VOTER last_known_addr { host: "127.27.89.1" port: 41845 } } peers { permanent_uuid: "b9426c0611f9434eb3cd28730a02b6db" member_type: VOTER last_known_addr { host: "127.27.89.2" port: 46199 } } peers { permanent_uuid: "2867cafb0d7f4a43bc6ccb32495ea6ef" member_type: VOTER last_known_addr { host: "127.27.89.3" port: 38197 } }
I20260710 11:08:03.269531 29110 tablet_service.cc:1917] Received RequestConsensusVote() RPC: tablet_id: "646d70b597ab4a3caf9794cedcd40ff9" candidate_uuid: "b9426c0611f9434eb3cd28730a02b6db" candidate_term: 1 candidate_status { last_received { term: 0 index: 0 } } ignore_live_leader: false dest_uuid: "f625249dd10d4de197be80c8a6d240ac" is_pre_election: true
I20260710 11:08:03.270164 29110 raft_consensus.cc:2468] T 646d70b597ab4a3caf9794cedcd40ff9 P f625249dd10d4de197be80c8a6d240ac [term 0 FOLLOWER]: Leader pre-election vote request: Granting yes vote for candidate b9426c0611f9434eb3cd28730a02b6db in term 0.
I20260710 11:08:03.271250 29299 ts_tablet_manager.cc:1434] T 6bae9adfafe54e888c39fe1fced067ec P 2867cafb0d7f4a43bc6ccb32495ea6ef: Time spent starting tablet: real 0.029s	user 0.006s	sys 0.000s
I20260710 11:08:03.271375 29148 leader_election.cc:304] T 646d70b597ab4a3caf9794cedcd40ff9 P b9426c0611f9434eb3cd28730a02b6db [CANDIDATE]: Term 1 pre-election: Election decided. Result: candidate won. Election summary: received 2 responses out of 3 voters: 2 yes votes; 0 no votes. yes voters: b9426c0611f9434eb3cd28730a02b6db, f625249dd10d4de197be80c8a6d240ac; no voters: 
I20260710 11:08:03.272312 29299 tablet_bootstrap.cc:492] T 684de6db115449878d3a3a94f11c1a7c P 2867cafb0d7f4a43bc6ccb32495ea6ef: Bootstrap starting.
I20260710 11:08:03.272365 29329 raft_consensus.cc:2804] T 646d70b597ab4a3caf9794cedcd40ff9 P b9426c0611f9434eb3cd28730a02b6db [term 0 FOLLOWER]: Leader pre-election won for term 1
I20260710 11:08:03.272801 29329 raft_consensus.cc:493] T 646d70b597ab4a3caf9794cedcd40ff9 P b9426c0611f9434eb3cd28730a02b6db [term 0 FOLLOWER]: Starting leader election (no leader contacted us within the election timeout)
I20260710 11:08:03.273135 29329 raft_consensus.cc:3060] T 646d70b597ab4a3caf9794cedcd40ff9 P b9426c0611f9434eb3cd28730a02b6db [term 0 FOLLOWER]: Advancing to term 1
I20260710 11:08:03.273464 29301 tablet_bootstrap.cc:492] T 2be3c8a7784a421e945ac9150df6c73e P b9426c0611f9434eb3cd28730a02b6db: No bootstrap required, opened a new log
I20260710 11:08:03.273914 29301 ts_tablet_manager.cc:1403] T 2be3c8a7784a421e945ac9150df6c73e P b9426c0611f9434eb3cd28730a02b6db: Time spent bootstrapping tablet: real 0.043s	user 0.011s	sys 0.009s
I20260710 11:08:03.276664 29259 raft_consensus.cc:2468] T 59d4b5845f944469b541c72374c25768 P 2867cafb0d7f4a43bc6ccb32495ea6ef [term 1 FOLLOWER]: Leader election vote request: Granting yes vote for candidate b9426c0611f9434eb3cd28730a02b6db in term 1.
I20260710 11:08:03.277978 29149 leader_election.cc:304] T 59d4b5845f944469b541c72374c25768 P b9426c0611f9434eb3cd28730a02b6db [CANDIDATE]: Term 1 election: Election decided. Result: candidate won. Election summary: received 3 responses out of 3 voters: 2 yes votes; 1 no votes. yes voters: 2867cafb0d7f4a43bc6ccb32495ea6ef, b9426c0611f9434eb3cd28730a02b6db; no voters: f625249dd10d4de197be80c8a6d240ac
I20260710 11:08:03.279986 29307 leader_election.cc:290] T 646d70b597ab4a3caf9794cedcd40ff9 P b9426c0611f9434eb3cd28730a02b6db [CANDIDATE]: Term 1 pre-election: Requested pre-vote from peers f625249dd10d4de197be80c8a6d240ac (127.27.89.1:41845), 2867cafb0d7f4a43bc6ccb32495ea6ef (127.27.89.3:38197)
I20260710 11:08:03.295424 29307 raft_consensus.cc:2804] T 59d4b5845f944469b541c72374c25768 P b9426c0611f9434eb3cd28730a02b6db [term 1 FOLLOWER]: Leader election won for term 1
I20260710 11:08:03.296419 29307 raft_consensus.cc:697] T 59d4b5845f944469b541c72374c25768 P b9426c0611f9434eb3cd28730a02b6db [term 1 LEADER]: Becoming Leader. State: Replica: b9426c0611f9434eb3cd28730a02b6db, State: Running, Role: LEADER
I20260710 11:08:03.297674 29307 consensus_queue.cc:237] T 59d4b5845f944469b541c72374c25768 P b9426c0611f9434eb3cd28730a02b6db [LEADER]: Queue going to LEADER mode. State: All replicated index: 0, Majority replicated index: 0, Committed index: 0, Last appended: 0.0, Last appended by leader: 0, Current term: 1, Majority size: 2, State: 0, Mode: LEADER, active raft config: opid_index: -1 OBSOLETE_local: false peers { permanent_uuid: "f625249dd10d4de197be80c8a6d240ac" member_type: VOTER last_known_addr { host: "127.27.89.1" port: 41845 } } peers { permanent_uuid: "b9426c0611f9434eb3cd28730a02b6db" member_type: VOTER last_known_addr { host: "127.27.89.2" port: 46199 } } peers { permanent_uuid: "2867cafb0d7f4a43bc6ccb32495ea6ef" member_type: VOTER last_known_addr { host: "127.27.89.3" port: 38197 } }
I20260710 11:08:03.305603 29301 raft_consensus.cc:359] T 2be3c8a7784a421e945ac9150df6c73e P b9426c0611f9434eb3cd28730a02b6db [term 0 FOLLOWER]: Replica starting. Triggering 0 pending ops. Active config: opid_index: -1 OBSOLETE_local: false peers { permanent_uuid: "f625249dd10d4de197be80c8a6d240ac" member_type: VOTER last_known_addr { host: "127.27.89.1" port: 41845 } } peers { permanent_uuid: "b9426c0611f9434eb3cd28730a02b6db" member_type: VOTER last_known_addr { host: "127.27.89.2" port: 46199 } } peers { permanent_uuid: "2867cafb0d7f4a43bc6ccb32495ea6ef" member_type: VOTER last_known_addr { host: "127.27.89.3" port: 38197 } }
I20260710 11:08:03.307276 29185 tablet_service.cc:1917] Received RequestConsensusVote() RPC: tablet_id: "2be3c8a7784a421e945ac9150df6c73e" candidate_uuid: "2867cafb0d7f4a43bc6ccb32495ea6ef" candidate_term: 1 candidate_status { last_received { term: 0 index: 0 } } ignore_live_leader: false dest_uuid: "b9426c0611f9434eb3cd28730a02b6db" is_pre_election: true
I20260710 11:08:03.282198 29110 tablet_service.cc:1917] Received RequestConsensusVote() RPC: tablet_id: "2be3c8a7784a421e945ac9150df6c73e" candidate_uuid: "2867cafb0d7f4a43bc6ccb32495ea6ef" candidate_term: 1 candidate_status { last_received { term: 0 index: 0 } } ignore_live_leader: false dest_uuid: "f625249dd10d4de197be80c8a6d240ac" is_pre_election: true
I20260710 11:08:03.308797 29301 raft_consensus.cc:385] T 2be3c8a7784a421e945ac9150df6c73e P b9426c0611f9434eb3cd28730a02b6db [term 0 FOLLOWER]: Consensus starting up: Expiring failure detector timer to make a prompt election more likely
I20260710 11:08:03.309439 29301 raft_consensus.cc:740] T 2be3c8a7784a421e945ac9150df6c73e P b9426c0611f9434eb3cd28730a02b6db [term 0 FOLLOWER]: Becoming Follower/Learner. State: Replica: b9426c0611f9434eb3cd28730a02b6db, State: Initialized, Role: FOLLOWER
I20260710 11:08:03.310155 29301 consensus_queue.cc:260] T 2be3c8a7784a421e945ac9150df6c73e P b9426c0611f9434eb3cd28730a02b6db [NON_LEADER]: Queue going to NON_LEADER mode. State: All replicated index: 0, Majority replicated index: 0, Committed index: 0, Last appended: 0.0, Last appended by leader: 0, Current term: 0, Majority size: -1, State: 0, Mode: NON_LEADER, active raft config: opid_index: -1 OBSOLETE_local: false peers { permanent_uuid: "f625249dd10d4de197be80c8a6d240ac" member_type: VOTER last_known_addr { host: "127.27.89.1" port: 41845 } } peers { permanent_uuid: "b9426c0611f9434eb3cd28730a02b6db" member_type: VOTER last_known_addr { host: "127.27.89.2" port: 46199 } } peers { permanent_uuid: "2867cafb0d7f4a43bc6ccb32495ea6ef" member_type: VOTER last_known_addr { host: "127.27.89.3" port: 38197 } }
I20260710 11:08:03.311219 29185 raft_consensus.cc:2468] T 2be3c8a7784a421e945ac9150df6c73e P b9426c0611f9434eb3cd28730a02b6db [term 0 FOLLOWER]: Leader pre-election vote request: Granting yes vote for candidate 2867cafb0d7f4a43bc6ccb32495ea6ef in term 0.
I20260710 11:08:03.313033 29259 tablet_service.cc:1917] Received RequestConsensusVote() RPC: tablet_id: "646d70b597ab4a3caf9794cedcd40ff9" candidate_uuid: "b9426c0611f9434eb3cd28730a02b6db" candidate_term: 1 candidate_status { last_received { term: 0 index: 0 } } ignore_live_leader: false dest_uuid: "2867cafb0d7f4a43bc6ccb32495ea6ef" is_pre_election: true
I20260710 11:08:03.313868 29300 tablet_bootstrap.cc:492] T 59d4b5845f944469b541c72374c25768 P f625249dd10d4de197be80c8a6d240ac: No bootstrap required, opened a new log
I20260710 11:08:03.311426 29110 raft_consensus.cc:2468] T 2be3c8a7784a421e945ac9150df6c73e P f625249dd10d4de197be80c8a6d240ac [term 0 FOLLOWER]: Leader pre-election vote request: Granting yes vote for candidate 2867cafb0d7f4a43bc6ccb32495ea6ef in term 0.
I20260710 11:08:03.314406 29300 ts_tablet_manager.cc:1403] T 59d4b5845f944469b541c72374c25768 P f625249dd10d4de197be80c8a6d240ac: Time spent bootstrapping tablet: real 0.086s	user 0.021s	sys 0.031s
W20260710 11:08:03.314777 29149 leader_election.cc:343] T 646d70b597ab4a3caf9794cedcd40ff9 P b9426c0611f9434eb3cd28730a02b6db [CANDIDATE]: Term 1 pre-election: Tablet error from VoteRequest() call to peer 2867cafb0d7f4a43bc6ccb32495ea6ef (127.27.89.3:38197): Illegal state: must be running to vote when last-logged opid is not known
I20260710 11:08:03.314934 29222 leader_election.cc:304] T 2be3c8a7784a421e945ac9150df6c73e P 2867cafb0d7f4a43bc6ccb32495ea6ef [CANDIDATE]: Term 1 pre-election: Election decided. Result: candidate won. Election summary: received 2 responses out of 3 voters: 2 yes votes; 0 no votes. yes voters: 2867cafb0d7f4a43bc6ccb32495ea6ef, b9426c0611f9434eb3cd28730a02b6db; no voters: 
I20260710 11:08:03.315740 29306 raft_consensus.cc:2804] T 2be3c8a7784a421e945ac9150df6c73e P 2867cafb0d7f4a43bc6ccb32495ea6ef [term 0 FOLLOWER]: Leader pre-election won for term 1
I20260710 11:08:03.316077 29306 raft_consensus.cc:493] T 2be3c8a7784a421e945ac9150df6c73e P 2867cafb0d7f4a43bc6ccb32495ea6ef [term 0 FOLLOWER]: Starting leader election (no leader contacted us within the election timeout)
I20260710 11:08:03.316445 29306 raft_consensus.cc:3060] T 2be3c8a7784a421e945ac9150df6c73e P 2867cafb0d7f4a43bc6ccb32495ea6ef [term 0 FOLLOWER]: Advancing to term 1
I20260710 11:08:03.316368 29329 raft_consensus.cc:515] T 646d70b597ab4a3caf9794cedcd40ff9 P b9426c0611f9434eb3cd28730a02b6db [term 1 FOLLOWER]: Starting leader election with config: opid_index: -1 OBSOLETE_local: false peers { permanent_uuid: "f625249dd10d4de197be80c8a6d240ac" member_type: VOTER last_known_addr { host: "127.27.89.1" port: 41845 } } peers { permanent_uuid: "b9426c0611f9434eb3cd28730a02b6db" member_type: VOTER last_known_addr { host: "127.27.89.2" port: 46199 } } peers { permanent_uuid: "2867cafb0d7f4a43bc6ccb32495ea6ef" member_type: VOTER last_known_addr { host: "127.27.89.3" port: 38197 } }
I20260710 11:08:03.317483 29300 raft_consensus.cc:359] T 59d4b5845f944469b541c72374c25768 P f625249dd10d4de197be80c8a6d240ac [term 0 FOLLOWER]: Replica starting. Triggering 0 pending ops. Active config: opid_index: -1 OBSOLETE_local: false peers { permanent_uuid: "f625249dd10d4de197be80c8a6d240ac" member_type: VOTER last_known_addr { host: "127.27.89.1" port: 41845 } } peers { permanent_uuid: "b9426c0611f9434eb3cd28730a02b6db" member_type: VOTER last_known_addr { host: "127.27.89.2" port: 46199 } } peers { permanent_uuid: "2867cafb0d7f4a43bc6ccb32495ea6ef" member_type: VOTER last_known_addr { host: "127.27.89.3" port: 38197 } }
I20260710 11:08:03.318225 29300 raft_consensus.cc:385] T 59d4b5845f944469b541c72374c25768 P f625249dd10d4de197be80c8a6d240ac [term 0 FOLLOWER]: Consensus starting up: Expiring failure detector timer to make a prompt election more likely
I20260710 11:08:03.318528 29300 raft_consensus.cc:740] T 59d4b5845f944469b541c72374c25768 P f625249dd10d4de197be80c8a6d240ac [term 0 FOLLOWER]: Becoming Follower/Learner. State: Replica: f625249dd10d4de197be80c8a6d240ac, State: Initialized, Role: FOLLOWER
I20260710 11:08:03.309579 29299 tablet_bootstrap.cc:654] T 684de6db115449878d3a3a94f11c1a7c P 2867cafb0d7f4a43bc6ccb32495ea6ef: Neither blocks nor log segments found. Creating new log.
I20260710 11:08:03.319904 29109 tablet_service.cc:1917] Received RequestConsensusVote() RPC: tablet_id: "646d70b597ab4a3caf9794cedcd40ff9" candidate_uuid: "b9426c0611f9434eb3cd28730a02b6db" candidate_term: 1 candidate_status { last_received { term: 0 index: 0 } } ignore_live_leader: false dest_uuid: "f625249dd10d4de197be80c8a6d240ac"
I20260710 11:08:03.319909 29300 consensus_queue.cc:260] T 59d4b5845f944469b541c72374c25768 P f625249dd10d4de197be80c8a6d240ac [NON_LEADER]: Queue going to NON_LEADER mode. State: All replicated index: 0, Majority replicated index: 0, Committed index: 0, Last appended: 0.0, Last appended by leader: 0, Current term: 0, Majority size: -1, State: 0, Mode: NON_LEADER, active raft config: opid_index: -1 OBSOLETE_local: false peers { permanent_uuid: "f625249dd10d4de197be80c8a6d240ac" member_type: VOTER last_known_addr { host: "127.27.89.1" port: 41845 } } peers { permanent_uuid: "b9426c0611f9434eb3cd28730a02b6db" member_type: VOTER last_known_addr { host: "127.27.89.2" port: 46199 } } peers { permanent_uuid: "2867cafb0d7f4a43bc6ccb32495ea6ef" member_type: VOTER last_known_addr { host: "127.27.89.3" port: 38197 } }
I20260710 11:08:03.320819 29109 raft_consensus.cc:3060] T 646d70b597ab4a3caf9794cedcd40ff9 P f625249dd10d4de197be80c8a6d240ac [term 0 FOLLOWER]: Advancing to term 1
I20260710 11:08:03.322248 29329 leader_election.cc:290] T 646d70b597ab4a3caf9794cedcd40ff9 P b9426c0611f9434eb3cd28730a02b6db [CANDIDATE]: Term 1 election: Requested vote from peers f625249dd10d4de197be80c8a6d240ac (127.27.89.1:41845), 2867cafb0d7f4a43bc6ccb32495ea6ef (127.27.89.3:38197)
I20260710 11:08:03.322355 29259 tablet_service.cc:1917] Received RequestConsensusVote() RPC: tablet_id: "646d70b597ab4a3caf9794cedcd40ff9" candidate_uuid: "b9426c0611f9434eb3cd28730a02b6db" candidate_term: 1 candidate_status { last_received { term: 0 index: 0 } } ignore_live_leader: false dest_uuid: "2867cafb0d7f4a43bc6ccb32495ea6ef"
W20260710 11:08:03.323602 29149 leader_election.cc:343] T 646d70b597ab4a3caf9794cedcd40ff9 P b9426c0611f9434eb3cd28730a02b6db [CANDIDATE]: Term 1 election: Tablet error from VoteRequest() call to peer 2867cafb0d7f4a43bc6ccb32495ea6ef (127.27.89.3:38197): Illegal state: must be running to vote when last-logged opid is not known
I20260710 11:08:03.325161 29300 ts_tablet_manager.cc:1434] T 59d4b5845f944469b541c72374c25768 P f625249dd10d4de197be80c8a6d240ac: Time spent starting tablet: real 0.010s	user 0.004s	sys 0.002s
I20260710 11:08:03.328039 29301 ts_tablet_manager.cc:1434] T 2be3c8a7784a421e945ac9150df6c73e P b9426c0611f9434eb3cd28730a02b6db: Time spent starting tablet: real 0.054s	user 0.004s	sys 0.005s
I20260710 11:08:03.331056 29301 tablet_bootstrap.cc:492] T 6bae9adfafe54e888c39fe1fced067ec P b9426c0611f9434eb3cd28730a02b6db: Bootstrap starting.
I20260710 11:08:03.334791 29007 catalog_manager.cc:5697] T 59d4b5845f944469b541c72374c25768 P b9426c0611f9434eb3cd28730a02b6db reported cstate change: term changed from 0 to 1, leader changed from <none> to b9426c0611f9434eb3cd28730a02b6db (127.27.89.2). New cstate: current_term: 1 leader_uuid: "b9426c0611f9434eb3cd28730a02b6db" committed_config { opid_index: -1 OBSOLETE_local: false peers { permanent_uuid: "f625249dd10d4de197be80c8a6d240ac" member_type: VOTER last_known_addr { host: "127.27.89.1" port: 41845 } health_report { overall_health: UNKNOWN } } peers { permanent_uuid: "b9426c0611f9434eb3cd28730a02b6db" member_type: VOTER last_known_addr { host: "127.27.89.2" port: 46199 } health_report { overall_health: HEALTHY } } peers { permanent_uuid: "2867cafb0d7f4a43bc6ccb32495ea6ef" member_type: VOTER last_known_addr { host: "127.27.89.3" port: 38197 } health_report { overall_health: UNKNOWN } } }
I20260710 11:08:03.327162 29300 tablet_bootstrap.cc:492] T 3fc93d8cc44f421185cf781497f814d1 P f625249dd10d4de197be80c8a6d240ac: Bootstrap starting.
I20260710 11:08:03.340968 29301 tablet_bootstrap.cc:654] T 6bae9adfafe54e888c39fe1fced067ec P b9426c0611f9434eb3cd28730a02b6db: Neither blocks nor log segments found. Creating new log.
I20260710 11:08:03.341986 29109 raft_consensus.cc:2468] T 646d70b597ab4a3caf9794cedcd40ff9 P f625249dd10d4de197be80c8a6d240ac [term 1 FOLLOWER]: Leader election vote request: Granting yes vote for candidate b9426c0611f9434eb3cd28730a02b6db in term 1.
I20260710 11:08:03.345126 29148 leader_election.cc:304] T 646d70b597ab4a3caf9794cedcd40ff9 P b9426c0611f9434eb3cd28730a02b6db [CANDIDATE]: Term 1 election: Election decided. Result: candidate won. Election summary: received 3 responses out of 3 voters: 2 yes votes; 1 no votes. yes voters: b9426c0611f9434eb3cd28730a02b6db, f625249dd10d4de197be80c8a6d240ac; no voters: 2867cafb0d7f4a43bc6ccb32495ea6ef
I20260710 11:08:03.346855 29300 tablet_bootstrap.cc:654] T 3fc93d8cc44f421185cf781497f814d1 P f625249dd10d4de197be80c8a6d240ac: Neither blocks nor log segments found. Creating new log.
I20260710 11:08:03.346788 29336 raft_consensus.cc:2804] T 646d70b597ab4a3caf9794cedcd40ff9 P b9426c0611f9434eb3cd28730a02b6db [term 1 FOLLOWER]: Leader election won for term 1
I20260710 11:08:03.347604 29336 raft_consensus.cc:697] T 646d70b597ab4a3caf9794cedcd40ff9 P b9426c0611f9434eb3cd28730a02b6db [term 1 LEADER]: Becoming Leader. State: Replica: b9426c0611f9434eb3cd28730a02b6db, State: Running, Role: LEADER
I20260710 11:08:03.348694 29336 consensus_queue.cc:237] T 646d70b597ab4a3caf9794cedcd40ff9 P b9426c0611f9434eb3cd28730a02b6db [LEADER]: Queue going to LEADER mode. State: All replicated index: 0, Majority replicated index: 0, Committed index: 0, Last appended: 0.0, Last appended by leader: 0, Current term: 1, Majority size: 2, State: 0, Mode: LEADER, active raft config: opid_index: -1 OBSOLETE_local: false peers { permanent_uuid: "f625249dd10d4de197be80c8a6d240ac" member_type: VOTER last_known_addr { host: "127.27.89.1" port: 41845 } } peers { permanent_uuid: "b9426c0611f9434eb3cd28730a02b6db" member_type: VOTER last_known_addr { host: "127.27.89.2" port: 46199 } } peers { permanent_uuid: "2867cafb0d7f4a43bc6ccb32495ea6ef" member_type: VOTER last_known_addr { host: "127.27.89.3" port: 38197 } }
I20260710 11:08:03.343070 29306 raft_consensus.cc:515] T 2be3c8a7784a421e945ac9150df6c73e P 2867cafb0d7f4a43bc6ccb32495ea6ef [term 1 FOLLOWER]: Starting leader election with config: opid_index: -1 OBSOLETE_local: false peers { permanent_uuid: "f625249dd10d4de197be80c8a6d240ac" member_type: VOTER last_known_addr { host: "127.27.89.1" port: 41845 } } peers { permanent_uuid: "b9426c0611f9434eb3cd28730a02b6db" member_type: VOTER last_known_addr { host: "127.27.89.2" port: 46199 } } peers { permanent_uuid: "2867cafb0d7f4a43bc6ccb32495ea6ef" member_type: VOTER last_known_addr { host: "127.27.89.3" port: 38197 } }
I20260710 11:08:03.352978 29306 leader_election.cc:290] T 2be3c8a7784a421e945ac9150df6c73e P 2867cafb0d7f4a43bc6ccb32495ea6ef [CANDIDATE]: Term 1 election: Requested vote from peers f625249dd10d4de197be80c8a6d240ac (127.27.89.1:41845), b9426c0611f9434eb3cd28730a02b6db (127.27.89.2:46199)
I20260710 11:08:03.355393 29110 tablet_service.cc:1917] Received RequestConsensusVote() RPC: tablet_id: "2be3c8a7784a421e945ac9150df6c73e" candidate_uuid: "2867cafb0d7f4a43bc6ccb32495ea6ef" candidate_term: 1 candidate_status { last_received { term: 0 index: 0 } } ignore_live_leader: false dest_uuid: "f625249dd10d4de197be80c8a6d240ac"
I20260710 11:08:03.356137 29110 raft_consensus.cc:3060] T 2be3c8a7784a421e945ac9150df6c73e P f625249dd10d4de197be80c8a6d240ac [term 0 FOLLOWER]: Advancing to term 1
I20260710 11:08:03.356036 29185 tablet_service.cc:1917] Received RequestConsensusVote() RPC: tablet_id: "2be3c8a7784a421e945ac9150df6c73e" candidate_uuid: "2867cafb0d7f4a43bc6ccb32495ea6ef" candidate_term: 1 candidate_status { last_received { term: 0 index: 0 } } ignore_live_leader: false dest_uuid: "b9426c0611f9434eb3cd28730a02b6db"
I20260710 11:08:03.356916 29185 raft_consensus.cc:3060] T 2be3c8a7784a421e945ac9150df6c73e P b9426c0611f9434eb3cd28730a02b6db [term 0 FOLLOWER]: Advancing to term 1
I20260710 11:08:03.368052 29110 raft_consensus.cc:2468] T 2be3c8a7784a421e945ac9150df6c73e P f625249dd10d4de197be80c8a6d240ac [term 1 FOLLOWER]: Leader election vote request: Granting yes vote for candidate 2867cafb0d7f4a43bc6ccb32495ea6ef in term 1.
I20260710 11:08:03.369771 29301 tablet_bootstrap.cc:492] T 6bae9adfafe54e888c39fe1fced067ec P b9426c0611f9434eb3cd28730a02b6db: No bootstrap required, opened a new log
I20260710 11:08:03.369475 29222 leader_election.cc:304] T 2be3c8a7784a421e945ac9150df6c73e P 2867cafb0d7f4a43bc6ccb32495ea6ef [CANDIDATE]: Term 1 election: Election decided. Result: candidate won. Election summary: received 2 responses out of 3 voters: 2 yes votes; 0 no votes. yes voters: 2867cafb0d7f4a43bc6ccb32495ea6ef, f625249dd10d4de197be80c8a6d240ac; no voters: 
I20260710 11:08:03.370298 29301 ts_tablet_manager.cc:1403] T 6bae9adfafe54e888c39fe1fced067ec P b9426c0611f9434eb3cd28730a02b6db: Time spent bootstrapping tablet: real 0.039s	user 0.006s	sys 0.010s
I20260710 11:08:03.370914 29306 raft_consensus.cc:2804] T 2be3c8a7784a421e945ac9150df6c73e P 2867cafb0d7f4a43bc6ccb32495ea6ef [term 1 FOLLOWER]: Leader election won for term 1
I20260710 11:08:03.375102 29185 raft_consensus.cc:2468] T 2be3c8a7784a421e945ac9150df6c73e P b9426c0611f9434eb3cd28730a02b6db [term 1 FOLLOWER]: Leader election vote request: Granting yes vote for candidate 2867cafb0d7f4a43bc6ccb32495ea6ef in term 1.
I20260710 11:08:03.375651 29306 raft_consensus.cc:697] T 2be3c8a7784a421e945ac9150df6c73e P 2867cafb0d7f4a43bc6ccb32495ea6ef [term 1 LEADER]: Becoming Leader. State: Replica: 2867cafb0d7f4a43bc6ccb32495ea6ef, State: Running, Role: LEADER
I20260710 11:08:03.376492 29306 consensus_queue.cc:237] T 2be3c8a7784a421e945ac9150df6c73e P 2867cafb0d7f4a43bc6ccb32495ea6ef [LEADER]: Queue going to LEADER mode. State: All replicated index: 0, Majority replicated index: 0, Committed index: 0, Last appended: 0.0, Last appended by leader: 0, Current term: 1, Majority size: 2, State: 0, Mode: LEADER, active raft config: opid_index: -1 OBSOLETE_local: false peers { permanent_uuid: "f625249dd10d4de197be80c8a6d240ac" member_type: VOTER last_known_addr { host: "127.27.89.1" port: 41845 } } peers { permanent_uuid: "b9426c0611f9434eb3cd28730a02b6db" member_type: VOTER last_known_addr { host: "127.27.89.2" port: 46199 } } peers { permanent_uuid: "2867cafb0d7f4a43bc6ccb32495ea6ef" member_type: VOTER last_known_addr { host: "127.27.89.3" port: 38197 } }
I20260710 11:08:03.377827 29299 tablet_bootstrap.cc:492] T 684de6db115449878d3a3a94f11c1a7c P 2867cafb0d7f4a43bc6ccb32495ea6ef: No bootstrap required, opened a new log
I20260710 11:08:03.378414 29299 ts_tablet_manager.cc:1403] T 684de6db115449878d3a3a94f11c1a7c P 2867cafb0d7f4a43bc6ccb32495ea6ef: Time spent bootstrapping tablet: real 0.106s	user 0.033s	sys 0.018s
I20260710 11:08:03.379220 29300 tablet_bootstrap.cc:492] T 3fc93d8cc44f421185cf781497f814d1 P f625249dd10d4de197be80c8a6d240ac: No bootstrap required, opened a new log
I20260710 11:08:03.379683 29300 ts_tablet_manager.cc:1403] T 3fc93d8cc44f421185cf781497f814d1 P f625249dd10d4de197be80c8a6d240ac: Time spent bootstrapping tablet: real 0.053s	user 0.012s	sys 0.005s
I20260710 11:08:03.381601 29299 raft_consensus.cc:359] T 684de6db115449878d3a3a94f11c1a7c P 2867cafb0d7f4a43bc6ccb32495ea6ef [term 0 FOLLOWER]: Replica starting. Triggering 0 pending ops. Active config: opid_index: -1 OBSOLETE_local: false peers { permanent_uuid: "f625249dd10d4de197be80c8a6d240ac" member_type: VOTER last_known_addr { host: "127.27.89.1" port: 41845 } } peers { permanent_uuid: "b9426c0611f9434eb3cd28730a02b6db" member_type: VOTER last_known_addr { host: "127.27.89.2" port: 46199 } } peers { permanent_uuid: "2867cafb0d7f4a43bc6ccb32495ea6ef" member_type: VOTER last_known_addr { host: "127.27.89.3" port: 38197 } }
I20260710 11:08:03.382411 29299 raft_consensus.cc:385] T 684de6db115449878d3a3a94f11c1a7c P 2867cafb0d7f4a43bc6ccb32495ea6ef [term 0 FOLLOWER]: Consensus starting up: Expiring failure detector timer to make a prompt election more likely
I20260710 11:08:03.382752 29299 raft_consensus.cc:740] T 684de6db115449878d3a3a94f11c1a7c P 2867cafb0d7f4a43bc6ccb32495ea6ef [term 0 FOLLOWER]: Becoming Follower/Learner. State: Replica: 2867cafb0d7f4a43bc6ccb32495ea6ef, State: Initialized, Role: FOLLOWER
I20260710 11:08:03.382709 29300 raft_consensus.cc:359] T 3fc93d8cc44f421185cf781497f814d1 P f625249dd10d4de197be80c8a6d240ac [term 0 FOLLOWER]: Replica starting. Triggering 0 pending ops. Active config: opid_index: -1 OBSOLETE_local: false peers { permanent_uuid: "f625249dd10d4de197be80c8a6d240ac" member_type: VOTER last_known_addr { host: "127.27.89.1" port: 41845 } } peers { permanent_uuid: "b9426c0611f9434eb3cd28730a02b6db" member_type: VOTER last_known_addr { host: "127.27.89.2" port: 46199 } } peers { permanent_uuid: "2867cafb0d7f4a43bc6ccb32495ea6ef" member_type: VOTER last_known_addr { host: "127.27.89.3" port: 38197 } }
I20260710 11:08:03.383531 29300 raft_consensus.cc:385] T 3fc93d8cc44f421185cf781497f814d1 P f625249dd10d4de197be80c8a6d240ac [term 0 FOLLOWER]: Consensus starting up: Expiring failure detector timer to make a prompt election more likely
I20260710 11:08:03.383862 29345 raft_consensus.cc:493] T 3fc93d8cc44f421185cf781497f814d1 P 2867cafb0d7f4a43bc6ccb32495ea6ef [term 0 FOLLOWER]: Starting pre-election (no leader contacted us within the election timeout)
I20260710 11:08:03.384141 29299 consensus_queue.cc:260] T 684de6db115449878d3a3a94f11c1a7c P 2867cafb0d7f4a43bc6ccb32495ea6ef [NON_LEADER]: Queue going to NON_LEADER mode. State: All replicated index: 0, Majority replicated index: 0, Committed index: 0, Last appended: 0.0, Last appended by leader: 0, Current term: 0, Majority size: -1, State: 0, Mode: NON_LEADER, active raft config: opid_index: -1 OBSOLETE_local: false peers { permanent_uuid: "f625249dd10d4de197be80c8a6d240ac" member_type: VOTER last_known_addr { host: "127.27.89.1" port: 41845 } } peers { permanent_uuid: "b9426c0611f9434eb3cd28730a02b6db" member_type: VOTER last_known_addr { host: "127.27.89.2" port: 46199 } } peers { permanent_uuid: "2867cafb0d7f4a43bc6ccb32495ea6ef" member_type: VOTER last_known_addr { host: "127.27.89.3" port: 38197 } }
I20260710 11:08:03.384392 29345 raft_consensus.cc:515] T 3fc93d8cc44f421185cf781497f814d1 P 2867cafb0d7f4a43bc6ccb32495ea6ef [term 0 FOLLOWER]: Starting pre-election with config: opid_index: -1 OBSOLETE_local: false peers { permanent_uuid: "f625249dd10d4de197be80c8a6d240ac" member_type: VOTER last_known_addr { host: "127.27.89.1" port: 41845 } } peers { permanent_uuid: "b9426c0611f9434eb3cd28730a02b6db" member_type: VOTER last_known_addr { host: "127.27.89.2" port: 46199 } } peers { permanent_uuid: "2867cafb0d7f4a43bc6ccb32495ea6ef" member_type: VOTER last_known_addr { host: "127.27.89.3" port: 38197 } }
I20260710 11:08:03.387522 29008 catalog_manager.cc:5697] T 646d70b597ab4a3caf9794cedcd40ff9 P b9426c0611f9434eb3cd28730a02b6db reported cstate change: term changed from 0 to 1, leader changed from <none> to b9426c0611f9434eb3cd28730a02b6db (127.27.89.2). New cstate: current_term: 1 leader_uuid: "b9426c0611f9434eb3cd28730a02b6db" committed_config { opid_index: -1 OBSOLETE_local: false peers { permanent_uuid: "f625249dd10d4de197be80c8a6d240ac" member_type: VOTER last_known_addr { host: "127.27.89.1" port: 41845 } health_report { overall_health: UNKNOWN } } peers { permanent_uuid: "b9426c0611f9434eb3cd28730a02b6db" member_type: VOTER last_known_addr { host: "127.27.89.2" port: 46199 } health_report { overall_health: HEALTHY } } peers { permanent_uuid: "2867cafb0d7f4a43bc6ccb32495ea6ef" member_type: VOTER last_known_addr { host: "127.27.89.3" port: 38197 } health_report { overall_health: UNKNOWN } } }
I20260710 11:08:03.388171 29110 tablet_service.cc:1917] Received RequestConsensusVote() RPC: tablet_id: "3fc93d8cc44f421185cf781497f814d1" candidate_uuid: "2867cafb0d7f4a43bc6ccb32495ea6ef" candidate_term: 1 candidate_status { last_received { term: 0 index: 0 } } ignore_live_leader: false dest_uuid: "f625249dd10d4de197be80c8a6d240ac" is_pre_election: true
I20260710 11:08:03.389930 29185 tablet_service.cc:1917] Received RequestConsensusVote() RPC: tablet_id: "3fc93d8cc44f421185cf781497f814d1" candidate_uuid: "2867cafb0d7f4a43bc6ccb32495ea6ef" candidate_term: 1 candidate_status { last_received { term: 0 index: 0 } } ignore_live_leader: false dest_uuid: "b9426c0611f9434eb3cd28730a02b6db" is_pre_election: true
I20260710 11:08:03.390524 29185 raft_consensus.cc:2468] T 3fc93d8cc44f421185cf781497f814d1 P b9426c0611f9434eb3cd28730a02b6db [term 0 FOLLOWER]: Leader pre-election vote request: Granting yes vote for candidate 2867cafb0d7f4a43bc6ccb32495ea6ef in term 0.
I20260710 11:08:03.391494 29301 raft_consensus.cc:359] T 6bae9adfafe54e888c39fe1fced067ec P b9426c0611f9434eb3cd28730a02b6db [term 0 FOLLOWER]: Replica starting. Triggering 0 pending ops. Active config: opid_index: -1 OBSOLETE_local: false peers { permanent_uuid: "f625249dd10d4de197be80c8a6d240ac" member_type: VOTER last_known_addr { host: "127.27.89.1" port: 41845 } } peers { permanent_uuid: "b9426c0611f9434eb3cd28730a02b6db" member_type: VOTER last_known_addr { host: "127.27.89.2" port: 46199 } } peers { permanent_uuid: "2867cafb0d7f4a43bc6ccb32495ea6ef" member_type: VOTER last_known_addr { host: "127.27.89.3" port: 38197 } }
I20260710 11:08:03.392108 29301 raft_consensus.cc:385] T 6bae9adfafe54e888c39fe1fced067ec P b9426c0611f9434eb3cd28730a02b6db [term 0 FOLLOWER]: Consensus starting up: Expiring failure detector timer to make a prompt election more likely
I20260710 11:08:03.391863 29222 leader_election.cc:304] T 3fc93d8cc44f421185cf781497f814d1 P 2867cafb0d7f4a43bc6ccb32495ea6ef [CANDIDATE]: Term 1 pre-election: Election decided. Result: candidate won. Election summary: received 2 responses out of 3 voters: 2 yes votes; 0 no votes. yes voters: 2867cafb0d7f4a43bc6ccb32495ea6ef, b9426c0611f9434eb3cd28730a02b6db; no voters: 
I20260710 11:08:03.392400 29301 raft_consensus.cc:740] T 6bae9adfafe54e888c39fe1fced067ec P b9426c0611f9434eb3cd28730a02b6db [term 0 FOLLOWER]: Becoming Follower/Learner. State: Replica: b9426c0611f9434eb3cd28730a02b6db, State: Initialized, Role: FOLLOWER
I20260710 11:08:03.392976 29345 leader_election.cc:290] T 3fc93d8cc44f421185cf781497f814d1 P 2867cafb0d7f4a43bc6ccb32495ea6ef [CANDIDATE]: Term 1 pre-election: Requested pre-vote from peers f625249dd10d4de197be80c8a6d240ac (127.27.89.1:41845), b9426c0611f9434eb3cd28730a02b6db (127.27.89.2:46199)
I20260710 11:08:03.393172 29301 consensus_queue.cc:260] T 6bae9adfafe54e888c39fe1fced067ec P b9426c0611f9434eb3cd28730a02b6db [NON_LEADER]: Queue going to NON_LEADER mode. State: All replicated index: 0, Majority replicated index: 0, Committed index: 0, Last appended: 0.0, Last appended by leader: 0, Current term: 0, Majority size: -1, State: 0, Mode: NON_LEADER, active raft config: opid_index: -1 OBSOLETE_local: false peers { permanent_uuid: "f625249dd10d4de197be80c8a6d240ac" member_type: VOTER last_known_addr { host: "127.27.89.1" port: 41845 } } peers { permanent_uuid: "b9426c0611f9434eb3cd28730a02b6db" member_type: VOTER last_known_addr { host: "127.27.89.2" port: 46199 } } peers { permanent_uuid: "2867cafb0d7f4a43bc6ccb32495ea6ef" member_type: VOTER last_known_addr { host: "127.27.89.3" port: 38197 } }
I20260710 11:08:03.393754 29345 raft_consensus.cc:2804] T 3fc93d8cc44f421185cf781497f814d1 P 2867cafb0d7f4a43bc6ccb32495ea6ef [term 0 FOLLOWER]: Leader pre-election won for term 1
I20260710 11:08:03.394369 29345 raft_consensus.cc:493] T 3fc93d8cc44f421185cf781497f814d1 P 2867cafb0d7f4a43bc6ccb32495ea6ef [term 0 FOLLOWER]: Starting leader election (no leader contacted us within the election timeout)
I20260710 11:08:03.394866 29345 raft_consensus.cc:3060] T 3fc93d8cc44f421185cf781497f814d1 P 2867cafb0d7f4a43bc6ccb32495ea6ef [term 0 FOLLOWER]: Advancing to term 1
I20260710 11:08:03.395413 29301 ts_tablet_manager.cc:1434] T 6bae9adfafe54e888c39fe1fced067ec P b9426c0611f9434eb3cd28730a02b6db: Time spent starting tablet: real 0.025s	user 0.004s	sys 0.001s
I20260710 11:08:03.396696 29301 tablet_bootstrap.cc:492] T 684de6db115449878d3a3a94f11c1a7c P b9426c0611f9434eb3cd28730a02b6db: Bootstrap starting.
I20260710 11:08:03.383896 29300 raft_consensus.cc:740] T 3fc93d8cc44f421185cf781497f814d1 P f625249dd10d4de197be80c8a6d240ac [term 0 FOLLOWER]: Becoming Follower/Learner. State: Replica: f625249dd10d4de197be80c8a6d240ac, State: Initialized, Role: FOLLOWER
I20260710 11:08:03.397809 29300 consensus_queue.cc:260] T 3fc93d8cc44f421185cf781497f814d1 P f625249dd10d4de197be80c8a6d240ac [NON_LEADER]: Queue going to NON_LEADER mode. State: All replicated index: 0, Majority replicated index: 0, Committed index: 0, Last appended: 0.0, Last appended by leader: 0, Current term: 0, Majority size: -1, State: 0, Mode: NON_LEADER, active raft config: opid_index: -1 OBSOLETE_local: false peers { permanent_uuid: "f625249dd10d4de197be80c8a6d240ac" member_type: VOTER last_known_addr { host: "127.27.89.1" port: 41845 } } peers { permanent_uuid: "b9426c0611f9434eb3cd28730a02b6db" member_type: VOTER last_known_addr { host: "127.27.89.2" port: 46199 } } peers { permanent_uuid: "2867cafb0d7f4a43bc6ccb32495ea6ef" member_type: VOTER last_known_addr { host: "127.27.89.3" port: 38197 } }
I20260710 11:08:03.401468 29007 catalog_manager.cc:5697] T 2be3c8a7784a421e945ac9150df6c73e P 2867cafb0d7f4a43bc6ccb32495ea6ef reported cstate change: term changed from 0 to 1, leader changed from <none> to 2867cafb0d7f4a43bc6ccb32495ea6ef (127.27.89.3). New cstate: current_term: 1 leader_uuid: "2867cafb0d7f4a43bc6ccb32495ea6ef" committed_config { opid_index: -1 OBSOLETE_local: false peers { permanent_uuid: "f625249dd10d4de197be80c8a6d240ac" member_type: VOTER last_known_addr { host: "127.27.89.1" port: 41845 } health_report { overall_health: UNKNOWN } } peers { permanent_uuid: "b9426c0611f9434eb3cd28730a02b6db" member_type: VOTER last_known_addr { host: "127.27.89.2" port: 46199 } health_report { overall_health: UNKNOWN } } peers { permanent_uuid: "2867cafb0d7f4a43bc6ccb32495ea6ef" member_type: VOTER last_known_addr { host: "127.27.89.3" port: 38197 } health_report { overall_health: HEALTHY } } }
I20260710 11:08:03.405622 29301 tablet_bootstrap.cc:654] T 684de6db115449878d3a3a94f11c1a7c P b9426c0611f9434eb3cd28730a02b6db: Neither blocks nor log segments found. Creating new log.
I20260710 11:08:03.408003 29110 raft_consensus.cc:2468] T 3fc93d8cc44f421185cf781497f814d1 P f625249dd10d4de197be80c8a6d240ac [term 0 FOLLOWER]: Leader pre-election vote request: Granting yes vote for candidate 2867cafb0d7f4a43bc6ccb32495ea6ef in term 0.
I20260710 11:08:03.409286 29300 ts_tablet_manager.cc:1434] T 3fc93d8cc44f421185cf781497f814d1 P f625249dd10d4de197be80c8a6d240ac: Time spent starting tablet: real 0.029s	user 0.008s	sys 0.000s
I20260710 11:08:03.410303 29300 tablet_bootstrap.cc:492] T 41538559ad21405198909de440d06f6b P f625249dd10d4de197be80c8a6d240ac: Bootstrap starting.
I20260710 11:08:03.416462 29300 tablet_bootstrap.cc:654] T 41538559ad21405198909de440d06f6b P f625249dd10d4de197be80c8a6d240ac: Neither blocks nor log segments found. Creating new log.
I20260710 11:08:03.419428 29301 tablet_bootstrap.cc:492] T 684de6db115449878d3a3a94f11c1a7c P b9426c0611f9434eb3cd28730a02b6db: No bootstrap required, opened a new log
I20260710 11:08:03.419939 29301 ts_tablet_manager.cc:1403] T 684de6db115449878d3a3a94f11c1a7c P b9426c0611f9434eb3cd28730a02b6db: Time spent bootstrapping tablet: real 0.023s	user 0.008s	sys 0.008s
I20260710 11:08:03.407280 29345 raft_consensus.cc:515] T 3fc93d8cc44f421185cf781497f814d1 P 2867cafb0d7f4a43bc6ccb32495ea6ef [term 1 FOLLOWER]: Starting leader election with config: opid_index: -1 OBSOLETE_local: false peers { permanent_uuid: "f625249dd10d4de197be80c8a6d240ac" member_type: VOTER last_known_addr { host: "127.27.89.1" port: 41845 } } peers { permanent_uuid: "b9426c0611f9434eb3cd28730a02b6db" member_type: VOTER last_known_addr { host: "127.27.89.2" port: 46199 } } peers { permanent_uuid: "2867cafb0d7f4a43bc6ccb32495ea6ef" member_type: VOTER last_known_addr { host: "127.27.89.3" port: 38197 } }
I20260710 11:08:03.407331 29299 ts_tablet_manager.cc:1434] T 684de6db115449878d3a3a94f11c1a7c P 2867cafb0d7f4a43bc6ccb32495ea6ef: Time spent starting tablet: real 0.029s	user 0.009s	sys 0.015s
I20260710 11:08:03.423154 29299 tablet_bootstrap.cc:492] T 3e2aa9681d224359bf634962f762fc78 P 2867cafb0d7f4a43bc6ccb32495ea6ef: Bootstrap starting.
