I20260710 11:00:02.107213  5147 raft_consensus.cc:515] T ffce263c59274735ae508ca37ad639b2 P 139e933e6c7f45de8bee711a84713d50 [term 4 FOLLOWER]: Starting forced leader election with config: opid_index: -1 OBSOLETE_local: false peers { permanent_uuid: "139e933e6c7f45de8bee711a84713d50" member_type: VOTER last_known_addr { host: "127.4.106.193" port: 42949 } } peers { permanent_uuid: "3728183ed5f74dc38687215c7c0664dd" member_type: VOTER last_known_addr { host: "127.4.106.194" port: 37705 } } peers { permanent_uuid: "af198e8a4f4f408fa9c197a258c98652" member_type: VOTER last_known_addr { host: "127.4.106.195" port: 35007 } }
I20260710 11:00:02.108693  5147 leader_election.cc:290] T ffce263c59274735ae508ca37ad639b2 P 139e933e6c7f45de8bee711a84713d50 [CANDIDATE]: Term 4 election: Requested vote from peers 3728183ed5f74dc38687215c7c0664dd (127.4.106.194:37705), af198e8a4f4f408fa9c197a258c98652 (127.4.106.195:35007)
I20260710 11:00:02.109498  5221 tablet_service.cc:1917] Received RequestConsensusVote() RPC: tablet_id: "ffce263c59274735ae508ca37ad639b2" candidate_uuid: "139e933e6c7f45de8bee711a84713d50" candidate_term: 4 candidate_status { last_received { term: 3 index: 3 } } ignore_live_leader: true dest_uuid: "3728183ed5f74dc38687215c7c0664dd"
I20260710 11:00:02.109753  5294 tablet_service.cc:1917] Received RequestConsensusVote() RPC: tablet_id: "ffce263c59274735ae508ca37ad639b2" candidate_uuid: "139e933e6c7f45de8bee711a84713d50" candidate_term: 4 candidate_status { last_received { term: 3 index: 3 } } ignore_live_leader: true dest_uuid: "af198e8a4f4f408fa9c197a258c98652"
I20260710 11:00:02.110004  5221 raft_consensus.cc:3060] T ffce263c59274735ae508ca37ad639b2 P 3728183ed5f74dc38687215c7c0664dd [term 3 FOLLOWER]: Advancing to term 4
I20260710 11:00:02.110212  5294 raft_consensus.cc:3055] T ffce263c59274735ae508ca37ad639b2 P af198e8a4f4f408fa9c197a258c98652 [term 3 LEADER]: Stepping down as leader of term 3
I20260710 11:00:02.110502  5294 raft_consensus.cc:740] T ffce263c59274735ae508ca37ad639b2 P af198e8a4f4f408fa9c197a258c98652 [term 3 LEADER]: Becoming Follower/Learner. State: Replica: af198e8a4f4f408fa9c197a258c98652, State: Running, Role: LEADER
I20260710 11:00:02.111128  5294 consensus_queue.cc:260] T ffce263c59274735ae508ca37ad639b2 P af198e8a4f4f408fa9c197a258c98652 [NON_LEADER]: Queue going to NON_LEADER mode. State: All replicated index: 0, Majority replicated index: 3, Committed index: 3, Last appended: 3.3, Last appended by leader: 3, Current term: 3, Majority size: -1, State: 0, Mode: NON_LEADER, active raft config: opid_index: -1 OBSOLETE_local: false peers { permanent_uuid: "139e933e6c7f45de8bee711a84713d50" member_type: VOTER last_known_addr { host: "127.4.106.193" port: 42949 } } peers { permanent_uuid: "3728183ed5f74dc38687215c7c0664dd" member_type: VOTER last_known_addr { host: "127.4.106.194" port: 37705 } } peers { permanent_uuid: "af198e8a4f4f408fa9c197a258c98652" member_type: VOTER last_known_addr { host: "127.4.106.195" port: 35007 } }
I20260710 11:00:02.111987  5294 raft_consensus.cc:3060] T ffce263c59274735ae508ca37ad639b2 P af198e8a4f4f408fa9c197a258c98652 [term 3 FOLLOWER]: Advancing to term 4
I20260710 11:00:02.114661  5221 raft_consensus.cc:2468] T ffce263c59274735ae508ca37ad639b2 P 3728183ed5f74dc38687215c7c0664dd [term 4 FOLLOWER]: Leader election vote request: Granting yes vote for candidate 139e933e6c7f45de8bee711a84713d50 in term 4.
I20260710 11:00:02.115758  5110 leader_election.cc:304] T ffce263c59274735ae508ca37ad639b2 P 139e933e6c7f45de8bee711a84713d50 [CANDIDATE]: Term 4 election: Election decided. Result: candidate won. Election summary: received 2 responses out of 3 voters: 2 yes votes; 0 no votes. yes voters: 139e933e6c7f45de8bee711a84713d50, 3728183ed5f74dc38687215c7c0664dd; no voters: 
I20260710 11:00:02.116492  5470 raft_consensus.cc:2804] T ffce263c59274735ae508ca37ad639b2 P 139e933e6c7f45de8bee711a84713d50 [term 4 FOLLOWER]: Leader election won for term 4
I20260710 11:00:02.116557  5294 raft_consensus.cc:2468] T ffce263c59274735ae508ca37ad639b2 P af198e8a4f4f408fa9c197a258c98652 [term 4 FOLLOWER]: Leader election vote request: Granting yes vote for candidate 139e933e6c7f45de8bee711a84713d50 in term 4.
I20260710 11:00:02.116899  5470 raft_consensus.cc:697] T ffce263c59274735ae508ca37ad639b2 P 139e933e6c7f45de8bee711a84713d50 [term 4 LEADER]: Becoming Leader. State: Replica: 139e933e6c7f45de8bee711a84713d50, State: Running, Role: LEADER
I20260710 11:00:02.117838  5470 consensus_queue.cc:237] T ffce263c59274735ae508ca37ad639b2 P 139e933e6c7f45de8bee711a84713d50 [LEADER]: Queue going to LEADER mode. State: All replicated index: 0, Majority replicated index: 3, Committed index: 3, Last appended: 3.3, Last appended by leader: 3, Current term: 4, Majority size: 2, State: 0, Mode: LEADER, active raft config: opid_index: -1 OBSOLETE_local: false peers { permanent_uuid: "139e933e6c7f45de8bee711a84713d50" member_type: VOTER last_known_addr { host: "127.4.106.193" port: 42949 } } peers { permanent_uuid: "3728183ed5f74dc38687215c7c0664dd" member_type: VOTER last_known_addr { host: "127.4.106.194" port: 37705 } } peers { permanent_uuid: "af198e8a4f4f408fa9c197a258c98652" member_type: VOTER last_known_addr { host: "127.4.106.195" port: 35007 } }
I20260710 11:00:02.124995  5042 catalog_manager.cc:5697] T ffce263c59274735ae508ca37ad639b2 P 139e933e6c7f45de8bee711a84713d50 reported cstate change: term changed from 3 to 4, leader changed from af198e8a4f4f408fa9c197a258c98652 (127.4.106.195) to 139e933e6c7f45de8bee711a84713d50 (127.4.106.193). New cstate: current_term: 4 leader_uuid: "139e933e6c7f45de8bee711a84713d50" committed_config { opid_index: -1 OBSOLETE_local: false peers { permanent_uuid: "139e933e6c7f45de8bee711a84713d50" member_type: VOTER last_known_addr { host: "127.4.106.193" port: 42949 } health_report { overall_health: HEALTHY } } peers { permanent_uuid: "3728183ed5f74dc38687215c7c0664dd" member_type: VOTER last_known_addr { host: "127.4.106.194" port: 37705 } health_report { overall_health: UNKNOWN } } peers { permanent_uuid: "af198e8a4f4f408fa9c197a258c98652" member_type: VOTER last_known_addr { host: "127.4.106.195" port: 35007 } health_report { overall_health: UNKNOWN } } }
I20260710 11:00:02.241673  5222 raft_consensus.cc:1275] T dbd43bdfa2a84a6097b184cb451ed76b P 3728183ed5f74dc38687215c7c0664dd [term 4 FOLLOWER]: Refusing update from remote peer 139e933e6c7f45de8bee711a84713d50: Log matching property violated. Preceding OpId in replica: term: 3 index: 2. Preceding OpId from leader: term: 4 index: 3. (index mismatch)
I20260710 11:00:02.242908  5470 consensus_queue.cc:1048] T dbd43bdfa2a84a6097b184cb451ed76b P 139e933e6c7f45de8bee711a84713d50 [LEADER]: Connected to new peer: Peer: permanent_uuid: "3728183ed5f74dc38687215c7c0664dd" member_type: VOTER last_known_addr { host: "127.4.106.194" port: 37705 }, Status: LMP_MISMATCH, Last received: 0.0, Next index: 3, Last known committed idx: 2, Time since last communication: 0.000s
I20260710 11:00:02.251765  5294 raft_consensus.cc:1275] T dbd43bdfa2a84a6097b184cb451ed76b P af198e8a4f4f408fa9c197a258c98652 [term 4 FOLLOWER]: Refusing update from remote peer 139e933e6c7f45de8bee711a84713d50: Log matching property violated. Preceding OpId in replica: term: 3 index: 2. Preceding OpId from leader: term: 4 index: 3. (index mismatch)
I20260710 11:00:02.253971  5452 consensus_queue.cc:1048] T dbd43bdfa2a84a6097b184cb451ed76b P 139e933e6c7f45de8bee711a84713d50 [LEADER]: Connected to new peer: Peer: permanent_uuid: "af198e8a4f4f408fa9c197a258c98652" member_type: VOTER last_known_addr { host: "127.4.106.195" port: 35007 }, Status: LMP_MISMATCH, Last received: 0.0, Next index: 3, Last known committed idx: 2, Time since last communication: 0.000s
I20260710 11:00:02.499576  5222 raft_consensus.cc:1275] T 479c7267c5594bfab3589b9428ed44b0 P 3728183ed5f74dc38687215c7c0664dd [term 2 FOLLOWER]: Refusing update from remote peer 139e933e6c7f45de8bee711a84713d50: Log matching property violated. Preceding OpId in replica: term: 1 index: 1. Preceding OpId from leader: term: 2 index: 2. (index mismatch)
I20260710 11:00:02.500842  5452 consensus_queue.cc:1048] T 479c7267c5594bfab3589b9428ed44b0 P 139e933e6c7f45de8bee711a84713d50 [LEADER]: Connected to new peer: Peer: permanent_uuid: "3728183ed5f74dc38687215c7c0664dd" member_type: VOTER last_known_addr { host: "127.4.106.194" port: 37705 }, Status: LMP_MISMATCH, Last received: 0.0, Next index: 2, Last known committed idx: 1, Time since last communication: 0.000s
I20260710 11:00:02.510646  5294 raft_consensus.cc:1275] T 479c7267c5594bfab3589b9428ed44b0 P af198e8a4f4f408fa9c197a258c98652 [term 2 FOLLOWER]: Refusing update from remote peer 139e933e6c7f45de8bee711a84713d50: Log matching property violated. Preceding OpId in replica: term: 1 index: 1. Preceding OpId from leader: term: 2 index: 2. (index mismatch)
I20260710 11:00:02.511853  5452 consensus_queue.cc:1048] T 479c7267c5594bfab3589b9428ed44b0 P 139e933e6c7f45de8bee711a84713d50 [LEADER]: Connected to new peer: Peer: permanent_uuid: "af198e8a4f4f408fa9c197a258c98652" member_type: VOTER last_known_addr { host: "127.4.106.195" port: 35007 }, Status: LMP_MISMATCH, Last received: 0.0, Next index: 2, Last known committed idx: 1, Time since last communication: 0.000s
I20260710 11:00:02.538043  5222 raft_consensus.cc:1275] T ffce263c59274735ae508ca37ad639b2 P 3728183ed5f74dc38687215c7c0664dd [term 4 FOLLOWER]: Refusing update from remote peer 139e933e6c7f45de8bee711a84713d50: Log matching property violated. Preceding OpId in replica: term: 3 index: 3. Preceding OpId from leader: term: 4 index: 4. (index mismatch)
I20260710 11:00:02.539027  5452 consensus_queue.cc:1048] T ffce263c59274735ae508ca37ad639b2 P 139e933e6c7f45de8bee711a84713d50 [LEADER]: Connected to new peer: Peer: permanent_uuid: "3728183ed5f74dc38687215c7c0664dd" member_type: VOTER last_known_addr { host: "127.4.106.194" port: 37705 }, Status: LMP_MISMATCH, Last received: 0.0, Next index: 4, Last known committed idx: 3, Time since last communication: 0.000s
I20260710 11:00:02.547010  5294 raft_consensus.cc:1275] T ffce263c59274735ae508ca37ad639b2 P af198e8a4f4f408fa9c197a258c98652 [term 4 FOLLOWER]: Refusing update from remote peer 139e933e6c7f45de8bee711a84713d50: Log matching property violated. Preceding OpId in replica: term: 3 index: 3. Preceding OpId from leader: term: 4 index: 4. (index mismatch)
I20260710 11:00:02.547636  5222 raft_consensus.cc:1275] T 1e22a10b4fe04669b0b0902fe78ad9b2 P 3728183ed5f74dc38687215c7c0664dd [term 3 FOLLOWER]: Refusing update from remote peer 139e933e6c7f45de8bee711a84713d50: Log matching property violated. Preceding OpId in replica: term: 2 index: 2. Preceding OpId from leader: term: 3 index: 3. (index mismatch)
I20260710 11:00:02.548863  5491 consensus_queue.cc:1048] T ffce263c59274735ae508ca37ad639b2 P 139e933e6c7f45de8bee711a84713d50 [LEADER]: Connected to new peer: Peer: permanent_uuid: "af198e8a4f4f408fa9c197a258c98652" member_type: VOTER last_known_addr { host: "127.4.106.195" port: 35007 }, Status: LMP_MISMATCH, Last received: 0.0, Next index: 4, Last known committed idx: 3, Time since last communication: 0.000s
I20260710 11:00:02.549108  5452 consensus_queue.cc:1048] T 1e22a10b4fe04669b0b0902fe78ad9b2 P 139e933e6c7f45de8bee711a84713d50 [LEADER]: Connected to new peer: Peer: permanent_uuid: "3728183ed5f74dc38687215c7c0664dd" member_type: VOTER last_known_addr { host: "127.4.106.194" port: 37705 }, Status: LMP_MISMATCH, Last received: 0.0, Next index: 3, Last known committed idx: 2, Time since last communication: 0.000s
I20260710 11:00:02.560743  5294 raft_consensus.cc:1275] T 1e22a10b4fe04669b0b0902fe78ad9b2 P af198e8a4f4f408fa9c197a258c98652 [term 3 FOLLOWER]: Refusing update from remote peer 139e933e6c7f45de8bee711a84713d50: Log matching property violated. Preceding OpId in replica: term: 2 index: 2. Preceding OpId from leader: term: 3 index: 3. (index mismatch)
I20260710 11:00:02.563349  5482 consensus_queue.cc:1048] T 1e22a10b4fe04669b0b0902fe78ad9b2 P 139e933e6c7f45de8bee711a84713d50 [LEADER]: Connected to new peer: Peer: permanent_uuid: "af198e8a4f4f408fa9c197a258c98652" member_type: VOTER last_known_addr { host: "127.4.106.195" port: 35007 }, Status: LMP_MISMATCH, Last received: 0.0, Next index: 3, Last known committed idx: 2, Time since last communication: 0.001s
I20260710 11:00:04.622531  4523 auto_leader_rebalancer.cc:141] leader rebalance for table test-workload
I20260710 11:00:04.631016  5147 tablet_service.cc:2072] Received LeaderStepDown RPC: tablet_id: "3a659d0e2906456ebac4a7165ebf1809"
dest_uuid: "139e933e6c7f45de8bee711a84713d50"
mode: GRACEFUL
new_leader_uuid: "3728183ed5f74dc38687215c7c0664dd"
 from {username='slave'} at 127.0.0.1:40030
I20260710 11:00:04.631608  5147 raft_consensus.cc:606] T 3a659d0e2906456ebac4a7165ebf1809 P 139e933e6c7f45de8bee711a84713d50 [term 1 LEADER]: Received request to transfer leadership to TS 3728183ed5f74dc38687215c7c0664dd
I20260710 11:00:04.634124  5482 raft_consensus.cc:993] T 3a659d0e2906456ebac4a7165ebf1809 P 139e933e6c7f45de8bee711a84713d50: : Instructing follower 3728183ed5f74dc38687215c7c0664dd to start an election
I20260710 11:00:04.634639  5452 raft_consensus.cc:1081] T 3a659d0e2906456ebac4a7165ebf1809 P 139e933e6c7f45de8bee711a84713d50 [term 1 LEADER]: Signalling peer 3728183ed5f74dc38687215c7c0664dd to start an election
I20260710 11:00:04.634862  5147 tablet_service.cc:2072] Received LeaderStepDown RPC: tablet_id: "479c7267c5594bfab3589b9428ed44b0"
dest_uuid: "139e933e6c7f45de8bee711a84713d50"
mode: GRACEFUL
new_leader_uuid: "3728183ed5f74dc38687215c7c0664dd"
 from {username='slave'} at 127.0.0.1:40030
I20260710 11:00:04.635433  5147 raft_consensus.cc:606] T 479c7267c5594bfab3589b9428ed44b0 P 139e933e6c7f45de8bee711a84713d50 [term 2 LEADER]: Received request to transfer leadership to TS 3728183ed5f74dc38687215c7c0664dd
I20260710 11:00:04.636431  5221 tablet_service.cc:2044] Received Run Leader Election RPC: tablet_id: "3a659d0e2906456ebac4a7165ebf1809"
dest_uuid: "3728183ed5f74dc38687215c7c0664dd"
 from {username='slave'} at 127.0.0.1:37172
I20260710 11:00:04.636927  5221 raft_consensus.cc:493] T 3a659d0e2906456ebac4a7165ebf1809 P 3728183ed5f74dc38687215c7c0664dd [term 1 FOLLOWER]: Starting forced leader election (received explicit request)
I20260710 11:00:04.637305  5221 raft_consensus.cc:3060] T 3a659d0e2906456ebac4a7165ebf1809 P 3728183ed5f74dc38687215c7c0664dd [term 1 FOLLOWER]: Advancing to term 2
I20260710 11:00:04.637588  5147 tablet_service.cc:2072] Received LeaderStepDown RPC: tablet_id: "a49f437d0b3647009d194ffda5fde028"
dest_uuid: "139e933e6c7f45de8bee711a84713d50"
mode: GRACEFUL
new_leader_uuid: "af198e8a4f4f408fa9c197a258c98652"
 from {username='slave'} at 127.0.0.1:40030
I20260710 11:00:04.638032  5147 raft_consensus.cc:606] T a49f437d0b3647009d194ffda5fde028 P 139e933e6c7f45de8bee711a84713d50 [term 2 LEADER]: Received request to transfer leadership to TS af198e8a4f4f408fa9c197a258c98652
I20260710 11:00:04.640151  5147 tablet_service.cc:2072] Received LeaderStepDown RPC: tablet_id: "ffce263c59274735ae508ca37ad639b2"
dest_uuid: "139e933e6c7f45de8bee711a84713d50"
mode: GRACEFUL
new_leader_uuid: "af198e8a4f4f408fa9c197a258c98652"
 from {username='slave'} at 127.0.0.1:40030
I20260710 11:00:04.640549  5147 raft_consensus.cc:606] T ffce263c59274735ae508ca37ad639b2 P 139e933e6c7f45de8bee711a84713d50 [term 4 LEADER]: Received request to transfer leadership to TS af198e8a4f4f408fa9c197a258c98652
I20260710 11:00:04.641426  4523 auto_leader_rebalancer.cc:452] table: test-workload, leader rebalance finish, leader transfer count: 4
I20260710 11:00:04.641932  4523 auto_leader_rebalancer.cc:527] All tables' leader rebalancing finished this round
I20260710 11:00:04.643273  5221 raft_consensus.cc:515] T 3a659d0e2906456ebac4a7165ebf1809 P 3728183ed5f74dc38687215c7c0664dd [term 2 FOLLOWER]: Starting forced leader election with config: opid_index: -1 OBSOLETE_local: false peers { permanent_uuid: "139e933e6c7f45de8bee711a84713d50" member_type: VOTER last_known_addr { host: "127.4.106.193" port: 42949 } } peers { permanent_uuid: "af198e8a4f4f408fa9c197a258c98652" member_type: VOTER last_known_addr { host: "127.4.106.195" port: 35007 } } peers { permanent_uuid: "3728183ed5f74dc38687215c7c0664dd" member_type: VOTER last_known_addr { host: "127.4.106.194" port: 37705 } }
I20260710 11:00:04.645421  5221 leader_election.cc:290] T 3a659d0e2906456ebac4a7165ebf1809 P 3728183ed5f74dc38687215c7c0664dd [CANDIDATE]: Term 2 election: Requested vote from peers 139e933e6c7f45de8bee711a84713d50 (127.4.106.193:42949), af198e8a4f4f408fa9c197a258c98652 (127.4.106.195:35007)
I20260710 11:00:04.645753  5147 tablet_service.cc:1917] Received RequestConsensusVote() RPC: tablet_id: "3a659d0e2906456ebac4a7165ebf1809" candidate_uuid: "3728183ed5f74dc38687215c7c0664dd" candidate_term: 2 candidate_status { last_received { term: 1 index: 1 } } ignore_live_leader: true dest_uuid: "139e933e6c7f45de8bee711a84713d50"
I20260710 11:00:04.645936  5294 tablet_service.cc:1917] Received RequestConsensusVote() RPC: tablet_id: "3a659d0e2906456ebac4a7165ebf1809" candidate_uuid: "3728183ed5f74dc38687215c7c0664dd" candidate_term: 2 candidate_status { last_received { term: 1 index: 1 } } ignore_live_leader: true dest_uuid: "af198e8a4f4f408fa9c197a258c98652"
I20260710 11:00:04.646374  5147 raft_consensus.cc:3055] T 3a659d0e2906456ebac4a7165ebf1809 P 139e933e6c7f45de8bee711a84713d50 [term 1 LEADER]: Stepping down as leader of term 1
I20260710 11:00:04.646463  5294 raft_consensus.cc:3060] T 3a659d0e2906456ebac4a7165ebf1809 P af198e8a4f4f408fa9c197a258c98652 [term 1 FOLLOWER]: Advancing to term 2
I20260710 11:00:04.646729  5147 raft_consensus.cc:740] T 3a659d0e2906456ebac4a7165ebf1809 P 139e933e6c7f45de8bee711a84713d50 [term 1 LEADER]: Becoming Follower/Learner. State: Replica: 139e933e6c7f45de8bee711a84713d50, State: Running, Role: LEADER
I20260710 11:00:04.647477  5147 consensus_queue.cc:260] T 3a659d0e2906456ebac4a7165ebf1809 P 139e933e6c7f45de8bee711a84713d50 [NON_LEADER]: Queue going to NON_LEADER mode. State: All replicated index: 0, Majority replicated index: 1, Committed index: 1, Last appended: 1.1, Last appended by leader: 1, Current term: 1, Majority size: -1, State: 0, Mode: NON_LEADER, active raft config: opid_index: -1 OBSOLETE_local: false peers { permanent_uuid: "139e933e6c7f45de8bee711a84713d50" member_type: VOTER last_known_addr { host: "127.4.106.193" port: 42949 } } peers { permanent_uuid: "af198e8a4f4f408fa9c197a258c98652" member_type: VOTER last_known_addr { host: "127.4.106.195" port: 35007 } } peers { permanent_uuid: "3728183ed5f74dc38687215c7c0664dd" member_type: VOTER last_known_addr { host: "127.4.106.194" port: 37705 } }
I20260710 11:00:04.648347  5147 raft_consensus.cc:3060] T 3a659d0e2906456ebac4a7165ebf1809 P 139e933e6c7f45de8bee711a84713d50 [term 1 FOLLOWER]: Advancing to term 2
I20260710 11:00:04.651157  5294 raft_consensus.cc:2468] T 3a659d0e2906456ebac4a7165ebf1809 P af198e8a4f4f408fa9c197a258c98652 [term 2 FOLLOWER]: Leader election vote request: Granting yes vote for candidate 3728183ed5f74dc38687215c7c0664dd in term 2.
I20260710 11:00:04.652277  5188 leader_election.cc:304] T 3a659d0e2906456ebac4a7165ebf1809 P 3728183ed5f74dc38687215c7c0664dd [CANDIDATE]: Term 2 election: Election decided. Result: candidate won. Election summary: received 2 responses out of 3 voters: 2 yes votes; 0 no votes. yes voters: 3728183ed5f74dc38687215c7c0664dd, af198e8a4f4f408fa9c197a258c98652; no voters: 
I20260710 11:00:04.653137  5449 raft_consensus.cc:2804] T 3a659d0e2906456ebac4a7165ebf1809 P 3728183ed5f74dc38687215c7c0664dd [term 2 FOLLOWER]: Leader election won for term 2
I20260710 11:00:04.653277  5147 raft_consensus.cc:2468] T 3a659d0e2906456ebac4a7165ebf1809 P 139e933e6c7f45de8bee711a84713d50 [term 2 FOLLOWER]: Leader election vote request: Granting yes vote for candidate 3728183ed5f74dc38687215c7c0664dd in term 2.
I20260710 11:00:04.654232  5449 raft_consensus.cc:697] T 3a659d0e2906456ebac4a7165ebf1809 P 3728183ed5f74dc38687215c7c0664dd [term 2 LEADER]: Becoming Leader. State: Replica: 3728183ed5f74dc38687215c7c0664dd, State: Running, Role: LEADER
I20260710 11:00:04.655203  5449 consensus_queue.cc:237] T 3a659d0e2906456ebac4a7165ebf1809 P 3728183ed5f74dc38687215c7c0664dd [LEADER]: Queue going to LEADER mode. State: All replicated index: 0, Majority replicated index: 1, Committed index: 1, Last appended: 1.1, Last appended by leader: 1, Current term: 2, Majority size: 2, State: 0, Mode: LEADER, active raft config: opid_index: -1 OBSOLETE_local: false peers { permanent_uuid: "139e933e6c7f45de8bee711a84713d50" member_type: VOTER last_known_addr { host: "127.4.106.193" port: 42949 } } peers { permanent_uuid: "af198e8a4f4f408fa9c197a258c98652" member_type: VOTER last_known_addr { host: "127.4.106.195" port: 35007 } } peers { permanent_uuid: "3728183ed5f74dc38687215c7c0664dd" member_type: VOTER last_known_addr { host: "127.4.106.194" port: 37705 } }
I20260710 11:00:04.662590  5045 catalog_manager.cc:5697] T 3a659d0e2906456ebac4a7165ebf1809 P 3728183ed5f74dc38687215c7c0664dd reported cstate change: term changed from 1 to 2, leader changed from 139e933e6c7f45de8bee711a84713d50 (127.4.106.193) to 3728183ed5f74dc38687215c7c0664dd (127.4.106.194). New cstate: current_term: 2 leader_uuid: "3728183ed5f74dc38687215c7c0664dd" committed_config { opid_index: -1 OBSOLETE_local: false peers { permanent_uuid: "139e933e6c7f45de8bee711a84713d50" member_type: VOTER last_known_addr { host: "127.4.106.193" port: 42949 } health_report { overall_health: UNKNOWN } } peers { permanent_uuid: "af198e8a4f4f408fa9c197a258c98652" member_type: VOTER last_known_addr { host: "127.4.106.195" port: 35007 } health_report { overall_health: UNKNOWN } } peers { permanent_uuid: "3728183ed5f74dc38687215c7c0664dd" member_type: VOTER last_known_addr { host: "127.4.106.194" port: 37705 } health_report { overall_health: HEALTHY } } }
I20260710 11:00:04.677259  5452 raft_consensus.cc:993] T 479c7267c5594bfab3589b9428ed44b0 P 139e933e6c7f45de8bee711a84713d50: : Instructing follower 3728183ed5f74dc38687215c7c0664dd to start an election
I20260710 11:00:04.678017  5482 raft_consensus.cc:1081] T 479c7267c5594bfab3589b9428ed44b0 P 139e933e6c7f45de8bee711a84713d50 [term 2 LEADER]: Signalling peer 3728183ed5f74dc38687215c7c0664dd to start an election
I20260710 11:00:04.679360  5221 tablet_service.cc:2044] Received Run Leader Election RPC: tablet_id: "479c7267c5594bfab3589b9428ed44b0"
dest_uuid: "3728183ed5f74dc38687215c7c0664dd"
 from {username='slave'} at 127.0.0.1:37172
I20260710 11:00:04.679824  5221 raft_consensus.cc:493] T 479c7267c5594bfab3589b9428ed44b0 P 3728183ed5f74dc38687215c7c0664dd [term 2 FOLLOWER]: Starting forced leader election (received explicit request)
I20260710 11:00:04.680115  5221 raft_consensus.cc:3060] T 479c7267c5594bfab3589b9428ed44b0 P 3728183ed5f74dc38687215c7c0664dd [term 2 FOLLOWER]: Advancing to term 3
I20260710 11:00:04.685329  5221 raft_consensus.cc:515] T 479c7267c5594bfab3589b9428ed44b0 P 3728183ed5f74dc38687215c7c0664dd [term 3 FOLLOWER]: Starting forced leader election with config: opid_index: -1 OBSOLETE_local: false peers { permanent_uuid: "139e933e6c7f45de8bee711a84713d50" member_type: VOTER last_known_addr { host: "127.4.106.193" port: 42949 } } peers { permanent_uuid: "3728183ed5f74dc38687215c7c0664dd" member_type: VOTER last_known_addr { host: "127.4.106.194" port: 37705 } } peers { permanent_uuid: "af198e8a4f4f408fa9c197a258c98652" member_type: VOTER last_known_addr { host: "127.4.106.195" port: 35007 } }
I20260710 11:00:04.686980  5221 leader_election.cc:290] T 479c7267c5594bfab3589b9428ed44b0 P 3728183ed5f74dc38687215c7c0664dd [CANDIDATE]: Term 3 election: Requested vote from peers 139e933e6c7f45de8bee711a84713d50 (127.4.106.193:42949), af198e8a4f4f408fa9c197a258c98652 (127.4.106.195:35007)
I20260710 11:00:04.687819  5147 tablet_service.cc:1917] Received RequestConsensusVote() RPC: tablet_id: "479c7267c5594bfab3589b9428ed44b0" candidate_uuid: "3728183ed5f74dc38687215c7c0664dd" candidate_term: 3 candidate_status { last_received { term: 2 index: 2 } } ignore_live_leader: true dest_uuid: "139e933e6c7f45de8bee711a84713d50"
I20260710 11:00:04.687996  5294 tablet_service.cc:1917] Received RequestConsensusVote() RPC: tablet_id: "479c7267c5594bfab3589b9428ed44b0" candidate_uuid: "3728183ed5f74dc38687215c7c0664dd" candidate_term: 3 candidate_status { last_received { term: 2 index: 2 } } ignore_live_leader: true dest_uuid: "af198e8a4f4f408fa9c197a258c98652"
I20260710 11:00:04.688369  5147 raft_consensus.cc:3055] T 479c7267c5594bfab3589b9428ed44b0 P 139e933e6c7f45de8bee711a84713d50 [term 2 LEADER]: Stepping down as leader of term 2
I20260710 11:00:04.688397  5294 raft_consensus.cc:3060] T 479c7267c5594bfab3589b9428ed44b0 P af198e8a4f4f408fa9c197a258c98652 [term 2 FOLLOWER]: Advancing to term 3
I20260710 11:00:04.688723  5147 raft_consensus.cc:740] T 479c7267c5594bfab3589b9428ed44b0 P 139e933e6c7f45de8bee711a84713d50 [term 2 LEADER]: Becoming Follower/Learner. State: Replica: 139e933e6c7f45de8bee711a84713d50, State: Running, Role: LEADER
I20260710 11:00:04.689359  5147 consensus_queue.cc:260] T 479c7267c5594bfab3589b9428ed44b0 P 139e933e6c7f45de8bee711a84713d50 [NON_LEADER]: Queue going to NON_LEADER mode. State: All replicated index: 0, Majority replicated index: 2, Committed index: 2, Last appended: 2.2, Last appended by leader: 2, Current term: 2, Majority size: -1, State: 0, Mode: NON_LEADER, active raft config: opid_index: -1 OBSOLETE_local: false peers { permanent_uuid: "139e933e6c7f45de8bee711a84713d50" member_type: VOTER last_known_addr { host: "127.4.106.193" port: 42949 } } peers { permanent_uuid: "3728183ed5f74dc38687215c7c0664dd" member_type: VOTER last_known_addr { host: "127.4.106.194" port: 37705 } } peers { permanent_uuid: "af198e8a4f4f408fa9c197a258c98652" member_type: VOTER last_known_addr { host: "127.4.106.195" port: 35007 } }
I20260710 11:00:04.690280  5147 raft_consensus.cc:3060] T 479c7267c5594bfab3589b9428ed44b0 P 139e933e6c7f45de8bee711a84713d50 [term 2 FOLLOWER]: Advancing to term 3
I20260710 11:00:04.693104  5294 raft_consensus.cc:2468] T 479c7267c5594bfab3589b9428ed44b0 P af198e8a4f4f408fa9c197a258c98652 [term 3 FOLLOWER]: Leader election vote request: Granting yes vote for candidate 3728183ed5f74dc38687215c7c0664dd in term 3.
I20260710 11:00:04.694125  5188 leader_election.cc:304] T 479c7267c5594bfab3589b9428ed44b0 P 3728183ed5f74dc38687215c7c0664dd [CANDIDATE]: Term 3 election: Election decided. Result: candidate won. Election summary: received 2 responses out of 3 voters: 2 yes votes; 0 no votes. yes voters: 3728183ed5f74dc38687215c7c0664dd, af198e8a4f4f408fa9c197a258c98652; no voters: 
I20260710 11:00:04.695004  5449 raft_consensus.cc:2804] T 479c7267c5594bfab3589b9428ed44b0 P 3728183ed5f74dc38687215c7c0664dd [term 3 FOLLOWER]: Leader election won for term 3
I20260710 11:00:04.695528  5449 raft_consensus.cc:697] T 479c7267c5594bfab3589b9428ed44b0 P 3728183ed5f74dc38687215c7c0664dd [term 3 LEADER]: Becoming Leader. State: Replica: 3728183ed5f74dc38687215c7c0664dd, State: Running, Role: LEADER
I20260710 11:00:04.695668  5147 raft_consensus.cc:2468] T 479c7267c5594bfab3589b9428ed44b0 P 139e933e6c7f45de8bee711a84713d50 [term 3 FOLLOWER]: Leader election vote request: Granting yes vote for candidate 3728183ed5f74dc38687215c7c0664dd in term 3.
I20260710 11:00:04.696395  5449 consensus_queue.cc:237] T 479c7267c5594bfab3589b9428ed44b0 P 3728183ed5f74dc38687215c7c0664dd [LEADER]: Queue going to LEADER mode. State: All replicated index: 0, Majority replicated index: 2, Committed index: 2, Last appended: 2.2, Last appended by leader: 2, Current term: 3, Majority size: 2, State: 0, Mode: LEADER, active raft config: opid_index: -1 OBSOLETE_local: false peers { permanent_uuid: "139e933e6c7f45de8bee711a84713d50" member_type: VOTER last_known_addr { host: "127.4.106.193" port: 42949 } } peers { permanent_uuid: "3728183ed5f74dc38687215c7c0664dd" member_type: VOTER last_known_addr { host: "127.4.106.194" port: 37705 } } peers { permanent_uuid: "af198e8a4f4f408fa9c197a258c98652" member_type: VOTER last_known_addr { host: "127.4.106.195" port: 35007 } }
I20260710 11:00:04.703877  5045 catalog_manager.cc:5697] T 479c7267c5594bfab3589b9428ed44b0 P 3728183ed5f74dc38687215c7c0664dd reported cstate change: term changed from 2 to 3, leader changed from 139e933e6c7f45de8bee711a84713d50 (127.4.106.193) to 3728183ed5f74dc38687215c7c0664dd (127.4.106.194). New cstate: current_term: 3 leader_uuid: "3728183ed5f74dc38687215c7c0664dd" committed_config { opid_index: -1 OBSOLETE_local: false peers { permanent_uuid: "139e933e6c7f45de8bee711a84713d50" member_type: VOTER last_known_addr { host: "127.4.106.193" port: 42949 } health_report { overall_health: UNKNOWN } } peers { permanent_uuid: "3728183ed5f74dc38687215c7c0664dd" member_type: VOTER last_known_addr { host: "127.4.106.194" port: 37705 } health_report { overall_health: HEALTHY } } peers { permanent_uuid: "af198e8a4f4f408fa9c197a258c98652" member_type: VOTER last_known_addr { host: "127.4.106.195" port: 35007 } health_report { overall_health: UNKNOWN } } }
I20260710 11:00:05.016165  5482 raft_consensus.cc:993] T ffce263c59274735ae508ca37ad639b2 P 139e933e6c7f45de8bee711a84713d50: : Instructing follower af198e8a4f4f408fa9c197a258c98652 to start an election
I20260710 11:00:05.016665  5501 raft_consensus.cc:1081] T ffce263c59274735ae508ca37ad639b2 P 139e933e6c7f45de8bee711a84713d50 [term 4 LEADER]: Signalling peer af198e8a4f4f408fa9c197a258c98652 to start an election
I20260710 11:00:05.018199  5294 tablet_service.cc:2044] Received Run Leader Election RPC: tablet_id: "ffce263c59274735ae508ca37ad639b2"
dest_uuid: "af198e8a4f4f408fa9c197a258c98652"
 from {username='slave'} at 127.0.0.1:52368
I20260710 11:00:05.018744  5294 raft_consensus.cc:493] T ffce263c59274735ae508ca37ad639b2 P af198e8a4f4f408fa9c197a258c98652 [term 4 FOLLOWER]: Starting forced leader election (received explicit request)
I20260710 11:00:05.019060  5294 raft_consensus.cc:3060] T ffce263c59274735ae508ca37ad639b2 P af198e8a4f4f408fa9c197a258c98652 [term 4 FOLLOWER]: Advancing to term 5
I20260710 11:00:05.023926  5294 raft_consensus.cc:515] T ffce263c59274735ae508ca37ad639b2 P af198e8a4f4f408fa9c197a258c98652 [term 5 FOLLOWER]: Starting forced leader election with config: opid_index: -1 OBSOLETE_local: false peers { permanent_uuid: "139e933e6c7f45de8bee711a84713d50" member_type: VOTER last_known_addr { host: "127.4.106.193" port: 42949 } } peers { permanent_uuid: "3728183ed5f74dc38687215c7c0664dd" member_type: VOTER last_known_addr { host: "127.4.106.194" port: 37705 } } peers { permanent_uuid: "af198e8a4f4f408fa9c197a258c98652" member_type: VOTER last_known_addr { host: "127.4.106.195" port: 35007 } }
I20260710 11:00:05.025547  5294 leader_election.cc:290] T ffce263c59274735ae508ca37ad639b2 P af198e8a4f4f408fa9c197a258c98652 [CANDIDATE]: Term 5 election: Requested vote from peers 139e933e6c7f45de8bee711a84713d50 (127.4.106.193:42949), 3728183ed5f74dc38687215c7c0664dd (127.4.106.194:37705)
I20260710 11:00:05.026443  5147 tablet_service.cc:1917] Received RequestConsensusVote() RPC: tablet_id: "ffce263c59274735ae508ca37ad639b2" candidate_uuid: "af198e8a4f4f408fa9c197a258c98652" candidate_term: 5 candidate_status { last_received { term: 4 index: 4 } } ignore_live_leader: true dest_uuid: "139e933e6c7f45de8bee711a84713d50"
I20260710 11:00:05.026687  5221 tablet_service.cc:1917] Received RequestConsensusVote() RPC: tablet_id: "ffce263c59274735ae508ca37ad639b2" candidate_uuid: "af198e8a4f4f408fa9c197a258c98652" candidate_term: 5 candidate_status { last_received { term: 4 index: 4 } } ignore_live_leader: true dest_uuid: "3728183ed5f74dc38687215c7c0664dd"
I20260710 11:00:05.027066  5147 raft_consensus.cc:3055] T ffce263c59274735ae508ca37ad639b2 P 139e933e6c7f45de8bee711a84713d50 [term 4 LEADER]: Stepping down as leader of term 4
I20260710 11:00:05.027169  5221 raft_consensus.cc:3060] T ffce263c59274735ae508ca37ad639b2 P 3728183ed5f74dc38687215c7c0664dd [term 4 FOLLOWER]: Advancing to term 5
I20260710 11:00:05.027349  5147 raft_consensus.cc:740] T ffce263c59274735ae508ca37ad639b2 P 139e933e6c7f45de8bee711a84713d50 [term 4 LEADER]: Becoming Follower/Learner. State: Replica: 139e933e6c7f45de8bee711a84713d50, State: Running, Role: LEADER
I20260710 11:00:05.028070  5147 consensus_queue.cc:260] T ffce263c59274735ae508ca37ad639b2 P 139e933e6c7f45de8bee711a84713d50 [NON_LEADER]: Queue going to NON_LEADER mode. State: All replicated index: 0, Majority replicated index: 4, Committed index: 4, Last appended: 4.4, Last appended by leader: 4, Current term: 4, Majority size: -1, State: 0, Mode: NON_LEADER, active raft config: opid_index: -1 OBSOLETE_local: false peers { permanent_uuid: "139e933e6c7f45de8bee711a84713d50" member_type: VOTER last_known_addr { host: "127.4.106.193" port: 42949 } } peers { permanent_uuid: "3728183ed5f74dc38687215c7c0664dd" member_type: VOTER last_known_addr { host: "127.4.106.194" port: 37705 } } peers { permanent_uuid: "af198e8a4f4f408fa9c197a258c98652" member_type: VOTER last_known_addr { host: "127.4.106.195" port: 35007 } }
I20260710 11:00:05.028934  5147 raft_consensus.cc:3060] T ffce263c59274735ae508ca37ad639b2 P 139e933e6c7f45de8bee711a84713d50 [term 4 FOLLOWER]: Advancing to term 5
I20260710 11:00:05.032352  5221 raft_consensus.cc:2468] T ffce263c59274735ae508ca37ad639b2 P 3728183ed5f74dc38687215c7c0664dd [term 5 FOLLOWER]: Leader election vote request: Granting yes vote for candidate af198e8a4f4f408fa9c197a258c98652 in term 5.
I20260710 11:00:05.033337  5147 raft_consensus.cc:2468] T ffce263c59274735ae508ca37ad639b2 P 139e933e6c7f45de8bee711a84713d50 [term 5 FOLLOWER]: Leader election vote request: Granting yes vote for candidate af198e8a4f4f408fa9c197a258c98652 in term 5.
I20260710 11:00:05.033725  5259 leader_election.cc:304] T ffce263c59274735ae508ca37ad639b2 P af198e8a4f4f408fa9c197a258c98652 [CANDIDATE]: Term 5 election: Election decided. Result: candidate won. Election summary: received 2 responses out of 3 voters: 2 yes votes; 0 no votes. yes voters: 3728183ed5f74dc38687215c7c0664dd, af198e8a4f4f408fa9c197a258c98652; no voters: 
I20260710 11:00:05.034549  5480 raft_consensus.cc:2804] T ffce263c59274735ae508ca37ad639b2 P af198e8a4f4f408fa9c197a258c98652 [term 5 FOLLOWER]: Leader election won for term 5
I20260710 11:00:05.035676  5480 raft_consensus.cc:697] T ffce263c59274735ae508ca37ad639b2 P af198e8a4f4f408fa9c197a258c98652 [term 5 LEADER]: Becoming Leader. State: Replica: af198e8a4f4f408fa9c197a258c98652, State: Running, Role: LEADER
I20260710 11:00:05.036381  5480 consensus_queue.cc:237] T ffce263c59274735ae508ca37ad639b2 P af198e8a4f4f408fa9c197a258c98652 [LEADER]: Queue going to LEADER mode. State: All replicated index: 0, Majority replicated index: 4, Committed index: 4, Last appended: 4.4, Last appended by leader: 4, Current term: 5, Majority size: 2, State: 0, Mode: LEADER, active raft config: opid_index: -1 OBSOLETE_local: false peers { permanent_uuid: "139e933e6c7f45de8bee711a84713d50" member_type: VOTER last_known_addr { host: "127.4.106.193" port: 42949 } } peers { permanent_uuid: "3728183ed5f74dc38687215c7c0664dd" member_type: VOTER last_known_addr { host: "127.4.106.194" port: 37705 } } peers { permanent_uuid: "af198e8a4f4f408fa9c197a258c98652" member_type: VOTER last_known_addr { host: "127.4.106.195" port: 35007 } }
I20260710 11:00:05.043635  5045 catalog_manager.cc:5697] T ffce263c59274735ae508ca37ad639b2 P af198e8a4f4f408fa9c197a258c98652 reported cstate change: term changed from 4 to 5, leader changed from 139e933e6c7f45de8bee711a84713d50 (127.4.106.193) to af198e8a4f4f408fa9c197a258c98652 (127.4.106.195). New cstate: current_term: 5 leader_uuid: "af198e8a4f4f408fa9c197a258c98652" committed_config { opid_index: -1 OBSOLETE_local: false peers { permanent_uuid: "139e933e6c7f45de8bee711a84713d50" member_type: VOTER last_known_addr { host: "127.4.106.193" port: 42949 } health_report { overall_health: UNKNOWN } } peers { permanent_uuid: "3728183ed5f74dc38687215c7c0664dd" member_type: VOTER last_known_addr { host: "127.4.106.194" port: 37705 } health_report { overall_health: UNKNOWN } } peers { permanent_uuid: "af198e8a4f4f408fa9c197a258c98652" member_type: VOTER last_known_addr { host: "127.4.106.195" port: 35007 } health_report { overall_health: HEALTHY } } }
I20260710 11:00:05.106851  5147 raft_consensus.cc:1275] T 3a659d0e2906456ebac4a7165ebf1809 P 139e933e6c7f45de8bee711a84713d50 [term 2 FOLLOWER]: Refusing update from remote peer 3728183ed5f74dc38687215c7c0664dd: Log matching property violated. Preceding OpId in replica: term: 1 index: 1. Preceding OpId from leader: term: 2 index: 2. (index mismatch)
I20260710 11:00:05.108028  5449 consensus_queue.cc:1048] T 3a659d0e2906456ebac4a7165ebf1809 P 3728183ed5f74dc38687215c7c0664dd [LEADER]: Connected to new peer: Peer: permanent_uuid: "139e933e6c7f45de8bee711a84713d50" member_type: VOTER last_known_addr { host: "127.4.106.193" port: 42949 }, Status: LMP_MISMATCH, Last received: 0.0, Next index: 2, Last known committed idx: 1, Time since last communication: 0.000s
I20260710 11:00:05.119863  5294 raft_consensus.cc:1275] T 3a659d0e2906456ebac4a7165ebf1809 P af198e8a4f4f408fa9c197a258c98652 [term 2 FOLLOWER]: Refusing update from remote peer 3728183ed5f74dc38687215c7c0664dd: Log matching property violated. Preceding OpId in replica: term: 1 index: 1. Preceding OpId from leader: term: 2 index: 2. (index mismatch)
I20260710 11:00:05.121753  5495 consensus_queue.cc:1048] T 3a659d0e2906456ebac4a7165ebf1809 P 3728183ed5f74dc38687215c7c0664dd [LEADER]: Connected to new peer: Peer: permanent_uuid: "af198e8a4f4f408fa9c197a258c98652" member_type: VOTER last_known_addr { host: "127.4.106.195" port: 35007 }, Status: LMP_MISMATCH, Last received: 0.0, Next index: 2, Last known committed idx: 1, Time since last communication: 0.000s
I20260710 11:00:05.147195  5294 raft_consensus.cc:1275] T 479c7267c5594bfab3589b9428ed44b0 P af198e8a4f4f408fa9c197a258c98652 [term 3 FOLLOWER]: Refusing update from remote peer 3728183ed5f74dc38687215c7c0664dd: Log matching property violated. Preceding OpId in replica: term: 2 index: 2. Preceding OpId from leader: term: 3 index: 3. (index mismatch)
I20260710 11:00:05.148367  5495 consensus_queue.cc:1048] T 479c7267c5594bfab3589b9428ed44b0 P 3728183ed5f74dc38687215c7c0664dd [LEADER]: Connected to new peer: Peer: permanent_uuid: "af198e8a4f4f408fa9c197a258c98652" member_type: VOTER last_known_addr { host: "127.4.106.195" port: 35007 }, Status: LMP_MISMATCH, Last received: 0.0, Next index: 3, Last known committed idx: 2, Time since last communication: 0.000s
I20260710 11:00:05.157200  5147 raft_consensus.cc:1275] T 479c7267c5594bfab3589b9428ed44b0 P 139e933e6c7f45de8bee711a84713d50 [term 3 FOLLOWER]: Refusing update from remote peer 3728183ed5f74dc38687215c7c0664dd: Log matching property violated. Preceding OpId in replica: term: 2 index: 2. Preceding OpId from leader: term: 3 index: 3. (index mismatch)
I20260710 11:00:05.158658  5449 consensus_queue.cc:1048] T 479c7267c5594bfab3589b9428ed44b0 P 3728183ed5f74dc38687215c7c0664dd [LEADER]: Connected to new peer: Peer: permanent_uuid: "139e933e6c7f45de8bee711a84713d50" member_type: VOTER last_known_addr { host: "127.4.106.193" port: 42949 }, Status: LMP_MISMATCH, Last received: 0.0, Next index: 3, Last known committed idx: 2, Time since last communication: 0.000s
I20260710 11:00:05.231173  5482 raft_consensus.cc:993] T a49f437d0b3647009d194ffda5fde028 P 139e933e6c7f45de8bee711a84713d50: : Instructing follower af198e8a4f4f408fa9c197a258c98652 to start an election
I20260710 11:00:05.231595  5501 raft_consensus.cc:1081] T a49f437d0b3647009d194ffda5fde028 P 139e933e6c7f45de8bee711a84713d50 [term 2 LEADER]: Signalling peer af198e8a4f4f408fa9c197a258c98652 to start an election
I20260710 11:00:05.232867  5294 tablet_service.cc:2044] Received Run Leader Election RPC: tablet_id: "a49f437d0b3647009d194ffda5fde028"
dest_uuid: "af198e8a4f4f408fa9c197a258c98652"
 from {username='slave'} at 127.0.0.1:52368
I20260710 11:00:05.233273  5294 raft_consensus.cc:493] T a49f437d0b3647009d194ffda5fde028 P af198e8a4f4f408fa9c197a258c98652 [term 2 FOLLOWER]: Starting forced leader election (received explicit request)
I20260710 11:00:05.233528  5294 raft_consensus.cc:3060] T a49f437d0b3647009d194ffda5fde028 P af198e8a4f4f408fa9c197a258c98652 [term 2 FOLLOWER]: Advancing to term 3
I20260710 11:00:05.237483  5294 raft_consensus.cc:515] T a49f437d0b3647009d194ffda5fde028 P af198e8a4f4f408fa9c197a258c98652 [term 3 FOLLOWER]: Starting forced leader election with config: opid_index: -1 OBSOLETE_local: false peers { permanent_uuid: "139e933e6c7f45de8bee711a84713d50" member_type: VOTER last_known_addr { host: "127.4.106.193" port: 42949 } } peers { permanent_uuid: "3728183ed5f74dc38687215c7c0664dd" member_type: VOTER last_known_addr { host: "127.4.106.194" port: 37705 } } peers { permanent_uuid: "af198e8a4f4f408fa9c197a258c98652" member_type: VOTER last_known_addr { host: "127.4.106.195" port: 35007 } }
I20260710 11:00:05.238839  5294 leader_election.cc:290] T a49f437d0b3647009d194ffda5fde028 P af198e8a4f4f408fa9c197a258c98652 [CANDIDATE]: Term 3 election: Requested vote from peers 139e933e6c7f45de8bee711a84713d50 (127.4.106.193:42949), 3728183ed5f74dc38687215c7c0664dd (127.4.106.194:37705)
I20260710 11:00:05.239689  5147 tablet_service.cc:1917] Received RequestConsensusVote() RPC: tablet_id: "a49f437d0b3647009d194ffda5fde028" candidate_uuid: "af198e8a4f4f408fa9c197a258c98652" candidate_term: 3 candidate_status { last_received { term: 2 index: 2 } } ignore_live_leader: true dest_uuid: "139e933e6c7f45de8bee711a84713d50"
I20260710 11:00:05.239861  5221 tablet_service.cc:1917] Received RequestConsensusVote() RPC: tablet_id: "a49f437d0b3647009d194ffda5fde028" candidate_uuid: "af198e8a4f4f408fa9c197a258c98652" candidate_term: 3 candidate_status { last_received { term: 2 index: 2 } } ignore_live_leader: true dest_uuid: "3728183ed5f74dc38687215c7c0664dd"
I20260710 11:00:05.240160  5147 raft_consensus.cc:3055] T a49f437d0b3647009d194ffda5fde028 P 139e933e6c7f45de8bee711a84713d50 [term 2 LEADER]: Stepping down as leader of term 2
I20260710 11:00:05.240437  5147 raft_consensus.cc:740] T a49f437d0b3647009d194ffda5fde028 P 139e933e6c7f45de8bee711a84713d50 [term 2 LEADER]: Becoming Follower/Learner. State: Replica: 139e933e6c7f45de8bee711a84713d50, State: Running, Role: LEADER
I20260710 11:00:05.240317  5221 raft_consensus.cc:3060] T a49f437d0b3647009d194ffda5fde028 P 3728183ed5f74dc38687215c7c0664dd [term 2 FOLLOWER]: Advancing to term 3
I20260710 11:00:05.241077  5147 consensus_queue.cc:260] T a49f437d0b3647009d194ffda5fde028 P 139e933e6c7f45de8bee711a84713d50 [NON_LEADER]: Queue going to NON_LEADER mode. State: All replicated index: 0, Majority replicated index: 2, Committed index: 2, Last appended: 2.2, Last appended by leader: 2, Current term: 2, Majority size: -1, State: 0, Mode: NON_LEADER, active raft config: opid_index: -1 OBSOLETE_local: false peers { permanent_uuid: "139e933e6c7f45de8bee711a84713d50" member_type: VOTER last_known_addr { host: "127.4.106.193" port: 42949 } } peers { permanent_uuid: "3728183ed5f74dc38687215c7c0664dd" member_type: VOTER last_known_addr { host: "127.4.106.194" port: 37705 } } peers { permanent_uuid: "af198e8a4f4f408fa9c197a258c98652" member_type: VOTER last_known_addr { host: "127.4.106.195" port: 35007 } }
I20260710 11:00:05.241900  5147 raft_consensus.cc:3060] T a49f437d0b3647009d194ffda5fde028 P 139e933e6c7f45de8bee711a84713d50 [term 2 FOLLOWER]: Advancing to term 3
I20260710 11:00:05.244527  5221 raft_consensus.cc:2468] T a49f437d0b3647009d194ffda5fde028 P 3728183ed5f74dc38687215c7c0664dd [term 3 FOLLOWER]: Leader election vote request: Granting yes vote for candidate af198e8a4f4f408fa9c197a258c98652 in term 3.
I20260710 11:00:05.245484  5259 leader_election.cc:304] T a49f437d0b3647009d194ffda5fde028 P af198e8a4f4f408fa9c197a258c98652 [CANDIDATE]: Term 3 election: Election decided. Result: candidate won. Election summary: received 2 responses out of 3 voters: 2 yes votes; 0 no votes. yes voters: 3728183ed5f74dc38687215c7c0664dd, af198e8a4f4f408fa9c197a258c98652; no voters: 
I20260710 11:00:05.246003  5147 raft_consensus.cc:2468] T a49f437d0b3647009d194ffda5fde028 P 139e933e6c7f45de8bee711a84713d50 [term 3 FOLLOWER]: Leader election vote request: Granting yes vote for candidate af198e8a4f4f408fa9c197a258c98652 in term 3.
I20260710 11:00:05.246210  5480 raft_consensus.cc:2804] T a49f437d0b3647009d194ffda5fde028 P af198e8a4f4f408fa9c197a258c98652 [term 3 FOLLOWER]: Leader election won for term 3
I20260710 11:00:05.246670  5480 raft_consensus.cc:697] T a49f437d0b3647009d194ffda5fde028 P af198e8a4f4f408fa9c197a258c98652 [term 3 LEADER]: Becoming Leader. State: Replica: af198e8a4f4f408fa9c197a258c98652, State: Running, Role: LEADER
I20260710 11:00:05.247495  5480 consensus_queue.cc:237] T a49f437d0b3647009d194ffda5fde028 P af198e8a4f4f408fa9c197a258c98652 [LEADER]: Queue going to LEADER mode. State: All replicated index: 0, Majority replicated index: 2, Committed index: 2, Last appended: 2.2, Last appended by leader: 2, Current term: 3, Majority size: 2, State: 0, Mode: LEADER, active raft config: opid_index: -1 OBSOLETE_local: false peers { permanent_uuid: "139e933e6c7f45de8bee711a84713d50" member_type: VOTER last_known_addr { host: "127.4.106.193" port: 42949 } } peers { permanent_uuid: "3728183ed5f74dc38687215c7c0664dd" member_type: VOTER last_known_addr { host: "127.4.106.194" port: 37705 } } peers { permanent_uuid: "af198e8a4f4f408fa9c197a258c98652" member_type: VOTER last_known_addr { host: "127.4.106.195" port: 35007 } }
I20260710 11:00:05.253913  5045 catalog_manager.cc:5697] T a49f437d0b3647009d194ffda5fde028 P af198e8a4f4f408fa9c197a258c98652 reported cstate change: term changed from 2 to 3, leader changed from 139e933e6c7f45de8bee711a84713d50 (127.4.106.193) to af198e8a4f4f408fa9c197a258c98652 (127.4.106.195). New cstate: current_term: 3 leader_uuid: "af198e8a4f4f408fa9c197a258c98652" committed_config { opid_index: -1 OBSOLETE_local: false peers { permanent_uuid: "139e933e6c7f45de8bee711a84713d50" member_type: VOTER last_known_addr { host: "127.4.106.193" port: 42949 } health_report { overall_health: UNKNOWN } } peers { permanent_uuid: "3728183ed5f74dc38687215c7c0664dd" member_type: VOTER last_known_addr { host: "127.4.106.194" port: 37705 } health_report { overall_health: UNKNOWN } } peers { permanent_uuid: "af198e8a4f4f408fa9c197a258c98652" member_type: VOTER last_known_addr { host: "127.4.106.195" port: 35007 } health_report { overall_health: HEALTHY } } }
I20260710 11:00:05.567560  5221 raft_consensus.cc:1275] T ffce263c59274735ae508ca37ad639b2 P 3728183ed5f74dc38687215c7c0664dd [term 5 FOLLOWER]: Refusing update from remote peer af198e8a4f4f408fa9c197a258c98652: Log matching property violated. Preceding OpId in replica: term: 4 index: 4. Preceding OpId from leader: term: 5 index: 5. (index mismatch)
I20260710 11:00:05.568702  5480 consensus_queue.cc:1048] T ffce263c59274735ae508ca37ad639b2 P af198e8a4f4f408fa9c197a258c98652 [LEADER]: Connected to new peer: Peer: permanent_uuid: "3728183ed5f74dc38687215c7c0664dd" member_type: VOTER last_known_addr { host: "127.4.106.194" port: 37705 }, Status: LMP_MISMATCH, Last received: 0.0, Next index: 5, Last known committed idx: 4, Time since last communication: 0.000s
I20260710 11:00:05.578114  5147 raft_consensus.cc:1275] T ffce263c59274735ae508ca37ad639b2 P 139e933e6c7f45de8bee711a84713d50 [term 5 FOLLOWER]: Refusing update from remote peer af198e8a4f4f408fa9c197a258c98652: Log matching property violated. Preceding OpId in replica: term: 4 index: 4. Preceding OpId from leader: term: 5 index: 5. (index mismatch)
I20260710 11:00:05.579416  5515 consensus_queue.cc:1048] T ffce263c59274735ae508ca37ad639b2 P af198e8a4f4f408fa9c197a258c98652 [LEADER]: Connected to new peer: Peer: permanent_uuid: "139e933e6c7f45de8bee711a84713d50" member_type: VOTER last_known_addr { host: "127.4.106.193" port: 42949 }, Status: LMP_MISMATCH, Last received: 0.0, Next index: 5, Last known committed idx: 4, Time since last communication: 0.000s
I20260710 11:00:05.629776  5147 raft_consensus.cc:1275] T a49f437d0b3647009d194ffda5fde028 P 139e933e6c7f45de8bee711a84713d50 [term 3 FOLLOWER]: Refusing update from remote peer af198e8a4f4f408fa9c197a258c98652: Log matching property violated. Preceding OpId in replica: term: 2 index: 2. Preceding OpId from leader: term: 3 index: 3. (index mismatch)
I20260710 11:00:05.630947  5515 consensus_queue.cc:1048] T a49f437d0b3647009d194ffda5fde028 P af198e8a4f4f408fa9c197a258c98652 [LEADER]: Connected to new peer: Peer: permanent_uuid: "139e933e6c7f45de8bee711a84713d50" member_type: VOTER last_known_addr { host: "127.4.106.193" port: 42949 }, Status: LMP_MISMATCH, Last received: 0.0, Next index: 3, Last known committed idx: 2, Time since last communication: 0.000s
I20260710 11:00:05.640578  5221 raft_consensus.cc:1275] T a49f437d0b3647009d194ffda5fde028 P 3728183ed5f74dc38687215c7c0664dd [term 3 FOLLOWER]: Refusing update from remote peer af198e8a4f4f408fa9c197a258c98652: Log matching property violated. Preceding OpId in replica: term: 2 index: 2. Preceding OpId from leader: term: 3 index: 3. (index mismatch)
I20260710 11:00:05.641806  5515 consensus_queue.cc:1048] T a49f437d0b3647009d194ffda5fde028 P af198e8a4f4f408fa9c197a258c98652 [LEADER]: Connected to new peer: Peer: permanent_uuid: "3728183ed5f74dc38687215c7c0664dd" member_type: VOTER last_known_addr { host: "127.4.106.194" port: 37705 }, Status: LMP_MISMATCH, Last received: 0.0, Next index: 3, Last known committed idx: 2, Time since last communication: 0.000s
I20260710 11:00:05.642781  4523 auto_leader_rebalancer.cc:141] leader rebalance for table test-workload
