I20260710 11:07:51.895737  1751 consensus_queue.cc:260] T 2510a129c027435ea40aa73211561789 P 804a92fdb487420c9111bad9a4a6eaf0 [NON_LEADER]: Queue going to NON_LEADER mode. State: All replicated index: 0, Majority replicated index: 0, Committed index: 0, Last appended: 0.0, Last appended by leader: 0, Current term: 0, Majority size: -1, State: 0, Mode: NON_LEADER, active raft config: opid_index: -1 OBSOLETE_local: false peers { permanent_uuid: "06b7e7f7e38d4e3ab8b21b1af672afb3" member_type: VOTER last_known_addr { host: "127.0.227.129" port: 33991 } } peers { permanent_uuid: "480dac03fc504e89a7e414a1e310587f" member_type: VOTER last_known_addr { host: "127.0.227.130" port: 33411 } } peers { permanent_uuid: "804a92fdb487420c9111bad9a4a6eaf0" member_type: VOTER last_known_addr { host: "127.0.227.131" port: 36173 } }
I20260710 11:07:51.896410  1708 tablet_service.cc:1917] Received RequestConsensusVote() RPC: tablet_id: "6219700d06854be0972bfa80f469d4a7" candidate_uuid: "480dac03fc504e89a7e414a1e310587f" candidate_term: 1 candidate_status { last_received { term: 0 index: 0 } } ignore_live_leader: false dest_uuid: "804a92fdb487420c9111bad9a4a6eaf0" is_pre_election: true
I20260710 11:07:51.897158  1708 raft_consensus.cc:2468] T 6219700d06854be0972bfa80f469d4a7 P 804a92fdb487420c9111bad9a4a6eaf0 [term 0 FOLLOWER]: Leader pre-election vote request: Granting yes vote for candidate 480dac03fc504e89a7e414a1e310587f in term 0.
I20260710 11:07:51.896862  1749 raft_consensus.cc:359] T ffe5df94f91c4a0a93dbff6743b99922 P 480dac03fc504e89a7e414a1e310587f [term 0 FOLLOWER]: Replica starting. Triggering 0 pending ops. Active config: opid_index: -1 OBSOLETE_local: false peers { permanent_uuid: "06b7e7f7e38d4e3ab8b21b1af672afb3" member_type: VOTER last_known_addr { host: "127.0.227.129" port: 33991 } } peers { permanent_uuid: "480dac03fc504e89a7e414a1e310587f" member_type: VOTER last_known_addr { host: "127.0.227.130" port: 33411 } } peers { permanent_uuid: "804a92fdb487420c9111bad9a4a6eaf0" member_type: VOTER last_known_addr { host: "127.0.227.131" port: 36173 } }
I20260710 11:07:51.897732  1749 raft_consensus.cc:385] T ffe5df94f91c4a0a93dbff6743b99922 P 480dac03fc504e89a7e414a1e310587f [term 0 FOLLOWER]: Consensus starting up: Expiring failure detector timer to make a prompt election more likely
I20260710 11:07:51.898092  1749 raft_consensus.cc:740] T ffe5df94f91c4a0a93dbff6743b99922 P 480dac03fc504e89a7e414a1e310587f [term 0 FOLLOWER]: Becoming Follower/Learner. State: Replica: 480dac03fc504e89a7e414a1e310587f, State: Initialized, Role: FOLLOWER
I20260710 11:07:51.898314  1709 tablet_service.cc:1917] Received RequestConsensusVote() RPC: tablet_id: "7241aeda947e49049a3c891cd03421cd" candidate_uuid: "480dac03fc504e89a7e414a1e310587f" candidate_term: 1 candidate_status { last_received { term: 0 index: 0 } } ignore_live_leader: false dest_uuid: "804a92fdb487420c9111bad9a4a6eaf0" is_pre_election: true
I20260710 11:07:51.898993  1749 consensus_queue.cc:260] T ffe5df94f91c4a0a93dbff6743b99922 P 480dac03fc504e89a7e414a1e310587f [NON_LEADER]: Queue going to NON_LEADER mode. State: All replicated index: 0, Majority replicated index: 0, Committed index: 0, Last appended: 0.0, Last appended by leader: 0, Current term: 0, Majority size: -1, State: 0, Mode: NON_LEADER, active raft config: opid_index: -1 OBSOLETE_local: false peers { permanent_uuid: "06b7e7f7e38d4e3ab8b21b1af672afb3" member_type: VOTER last_known_addr { host: "127.0.227.129" port: 33991 } } peers { permanent_uuid: "480dac03fc504e89a7e414a1e310587f" member_type: VOTER last_known_addr { host: "127.0.227.130" port: 33411 } } peers { permanent_uuid: "804a92fdb487420c9111bad9a4a6eaf0" member_type: VOTER last_known_addr { host: "127.0.227.131" port: 36173 } }
W20260710 11:07:51.903041  1601 leader_election.cc:343] T 7241aeda947e49049a3c891cd03421cd P 480dac03fc504e89a7e414a1e310587f [CANDIDATE]: Term 1 pre-election: Tablet error from VoteRequest() call to peer 804a92fdb487420c9111bad9a4a6eaf0 (127.0.227.131:36173): Illegal state: must be running to vote when last-logged opid is not known
I20260710 11:07:51.903553  1601 leader_election.cc:304] T 7241aeda947e49049a3c891cd03421cd P 480dac03fc504e89a7e414a1e310587f [CANDIDATE]: Term 1 pre-election: Election decided. Result: candidate lost. Election summary: received 3 responses out of 3 voters: 1 yes votes; 2 no votes. yes voters: 480dac03fc504e89a7e414a1e310587f; no voters: 06b7e7f7e38d4e3ab8b21b1af672afb3, 804a92fdb487420c9111bad9a4a6eaf0
I20260710 11:07:51.904117  1749 ts_tablet_manager.cc:1434] T ffe5df94f91c4a0a93dbff6743b99922 P 480dac03fc504e89a7e414a1e310587f: Time spent starting tablet: real 0.011s	user 0.008s	sys 0.000s
I20260710 11:07:51.904678  1751 ts_tablet_manager.cc:1434] T 2510a129c027435ea40aa73211561789 P 804a92fdb487420c9111bad9a4a6eaf0: Time spent starting tablet: real 0.022s	user 0.007s	sys 0.000s
I20260710 11:07:51.910987  1559 raft_consensus.cc:2468] T 5713611022b24808b0001b1e4837b787 P 06b7e7f7e38d4e3ab8b21b1af672afb3 [term 1 FOLLOWER]: Leader election vote request: Granting yes vote for candidate 804a92fdb487420c9111bad9a4a6eaf0 in term 1.
I20260710 11:07:51.913218  1757 raft_consensus.cc:515] T 6219700d06854be0972bfa80f469d4a7 P 480dac03fc504e89a7e414a1e310587f [term 1 FOLLOWER]: Starting leader election with config: opid_index: -1 OBSOLETE_local: false peers { permanent_uuid: "06b7e7f7e38d4e3ab8b21b1af672afb3" member_type: VOTER last_known_addr { host: "127.0.227.129" port: 33991 } } peers { permanent_uuid: "480dac03fc504e89a7e414a1e310587f" member_type: VOTER last_known_addr { host: "127.0.227.130" port: 33411 } } peers { permanent_uuid: "804a92fdb487420c9111bad9a4a6eaf0" member_type: VOTER last_known_addr { host: "127.0.227.131" port: 36173 } }
I20260710 11:07:51.917963  1749 tablet_bootstrap.cc:492] T e52889855fb9447fb443f61c2b66632e P 480dac03fc504e89a7e414a1e310587f: Bootstrap starting.
I20260710 11:07:51.918190  1751 tablet_bootstrap.cc:492] T 7b1981f8336b4267846107a7aec1de94 P 804a92fdb487420c9111bad9a4a6eaf0: Bootstrap starting.
I20260710 11:07:51.918622  1757 leader_election.cc:290] T 6219700d06854be0972bfa80f469d4a7 P 480dac03fc504e89a7e414a1e310587f [CANDIDATE]: Term 1 election: Requested vote from peers 06b7e7f7e38d4e3ab8b21b1af672afb3 (127.0.227.129:33991), 804a92fdb487420c9111bad9a4a6eaf0 (127.0.227.131:36173)
I20260710 11:07:51.920840  1785 raft_consensus.cc:2749] T 7241aeda947e49049a3c891cd03421cd P 480dac03fc504e89a7e414a1e310587f [term 0 FOLLOWER]: Leader pre-election lost for term 1. Reason: could not achieve majority
I20260710 11:07:51.921034  1458 catalog_manager.cc:5697] T 5713611022b24808b0001b1e4837b787 P 804a92fdb487420c9111bad9a4a6eaf0 reported cstate change: term changed from 0 to 1, leader changed from <none> to 804a92fdb487420c9111bad9a4a6eaf0 (127.0.227.131). New cstate: current_term: 1 leader_uuid: "804a92fdb487420c9111bad9a4a6eaf0" committed_config { opid_index: -1 OBSOLETE_local: false peers { permanent_uuid: "06b7e7f7e38d4e3ab8b21b1af672afb3" member_type: VOTER last_known_addr { host: "127.0.227.129" port: 33991 } health_report { overall_health: UNKNOWN } } peers { permanent_uuid: "480dac03fc504e89a7e414a1e310587f" member_type: VOTER last_known_addr { host: "127.0.227.130" port: 33411 } health_report { overall_health: UNKNOWN } } peers { permanent_uuid: "804a92fdb487420c9111bad9a4a6eaf0" member_type: VOTER last_known_addr { host: "127.0.227.131" port: 36173 } health_report { overall_health: HEALTHY } } }
I20260710 11:07:51.926760  1751 tablet_bootstrap.cc:654] T 7b1981f8336b4267846107a7aec1de94 P 804a92fdb487420c9111bad9a4a6eaf0: Neither blocks nor log segments found. Creating new log.
I20260710 11:07:51.927189  1750 tablet_bootstrap.cc:492] T e52889855fb9447fb443f61c2b66632e P 06b7e7f7e38d4e3ab8b21b1af672afb3: No bootstrap required, opened a new log
I20260710 11:07:51.927770  1750 ts_tablet_manager.cc:1403] T e52889855fb9447fb443f61c2b66632e P 06b7e7f7e38d4e3ab8b21b1af672afb3: Time spent bootstrapping tablet: real 0.070s	user 0.016s	sys 0.010s
I20260710 11:07:51.929590  1559 tablet_service.cc:1917] Received RequestConsensusVote() RPC: tablet_id: "6219700d06854be0972bfa80f469d4a7" candidate_uuid: "480dac03fc504e89a7e414a1e310587f" candidate_term: 1 candidate_status { last_received { term: 0 index: 0 } } ignore_live_leader: false dest_uuid: "06b7e7f7e38d4e3ab8b21b1af672afb3"
I20260710 11:07:51.926877  1749 tablet_bootstrap.cc:654] T e52889855fb9447fb443f61c2b66632e P 480dac03fc504e89a7e414a1e310587f: Neither blocks nor log segments found. Creating new log.
I20260710 11:07:51.930209  1559 raft_consensus.cc:3060] T 6219700d06854be0972bfa80f469d4a7 P 06b7e7f7e38d4e3ab8b21b1af672afb3 [term 0 FOLLOWER]: Advancing to term 1
I20260710 11:07:51.932556  1709 tablet_service.cc:1917] Received RequestConsensusVote() RPC: tablet_id: "6219700d06854be0972bfa80f469d4a7" candidate_uuid: "480dac03fc504e89a7e414a1e310587f" candidate_term: 1 candidate_status { last_received { term: 0 index: 0 } } ignore_live_leader: false dest_uuid: "804a92fdb487420c9111bad9a4a6eaf0"
I20260710 11:07:51.933131  1709 raft_consensus.cc:3060] T 6219700d06854be0972bfa80f469d4a7 P 804a92fdb487420c9111bad9a4a6eaf0 [term 0 FOLLOWER]: Advancing to term 1
I20260710 11:07:51.942672  1750 raft_consensus.cc:359] T e52889855fb9447fb443f61c2b66632e P 06b7e7f7e38d4e3ab8b21b1af672afb3 [term 0 FOLLOWER]: Replica starting. Triggering 0 pending ops. Active config: opid_index: -1 OBSOLETE_local: false peers { permanent_uuid: "06b7e7f7e38d4e3ab8b21b1af672afb3" member_type: VOTER last_known_addr { host: "127.0.227.129" port: 33991 } } peers { permanent_uuid: "480dac03fc504e89a7e414a1e310587f" member_type: VOTER last_known_addr { host: "127.0.227.130" port: 33411 } } peers { permanent_uuid: "804a92fdb487420c9111bad9a4a6eaf0" member_type: VOTER last_known_addr { host: "127.0.227.131" port: 36173 } }
I20260710 11:07:51.944020  1750 raft_consensus.cc:385] T e52889855fb9447fb443f61c2b66632e P 06b7e7f7e38d4e3ab8b21b1af672afb3 [term 0 FOLLOWER]: Consensus starting up: Expiring failure detector timer to make a prompt election more likely
I20260710 11:07:51.944476  1750 raft_consensus.cc:740] T e52889855fb9447fb443f61c2b66632e P 06b7e7f7e38d4e3ab8b21b1af672afb3 [term 0 FOLLOWER]: Becoming Follower/Learner. State: Replica: 06b7e7f7e38d4e3ab8b21b1af672afb3, State: Initialized, Role: FOLLOWER
I20260710 11:07:51.949630  1709 raft_consensus.cc:2468] T 6219700d06854be0972bfa80f469d4a7 P 804a92fdb487420c9111bad9a4a6eaf0 [term 1 FOLLOWER]: Leader election vote request: Granting yes vote for candidate 480dac03fc504e89a7e414a1e310587f in term 1.
I20260710 11:07:51.952363  1601 leader_election.cc:304] T 6219700d06854be0972bfa80f469d4a7 P 480dac03fc504e89a7e414a1e310587f [CANDIDATE]: Term 1 election: Election decided. Result: candidate won. Election summary: received 2 responses out of 3 voters: 2 yes votes; 0 no votes. yes voters: 480dac03fc504e89a7e414a1e310587f, 804a92fdb487420c9111bad9a4a6eaf0; no voters: 
I20260710 11:07:51.953553  1757 raft_consensus.cc:2804] T 6219700d06854be0972bfa80f469d4a7 P 480dac03fc504e89a7e414a1e310587f [term 1 FOLLOWER]: Leader election won for term 1
I20260710 11:07:51.950956  1750 consensus_queue.cc:260] T e52889855fb9447fb443f61c2b66632e P 06b7e7f7e38d4e3ab8b21b1af672afb3 [NON_LEADER]: Queue going to NON_LEADER mode. State: All replicated index: 0, Majority replicated index: 0, Committed index: 0, Last appended: 0.0, Last appended by leader: 0, Current term: 0, Majority size: -1, State: 0, Mode: NON_LEADER, active raft config: opid_index: -1 OBSOLETE_local: false peers { permanent_uuid: "06b7e7f7e38d4e3ab8b21b1af672afb3" member_type: VOTER last_known_addr { host: "127.0.227.129" port: 33991 } } peers { permanent_uuid: "480dac03fc504e89a7e414a1e310587f" member_type: VOTER last_known_addr { host: "127.0.227.130" port: 33411 } } peers { permanent_uuid: "804a92fdb487420c9111bad9a4a6eaf0" member_type: VOTER last_known_addr { host: "127.0.227.131" port: 36173 } }
I20260710 11:07:51.954119  1757 raft_consensus.cc:697] T 6219700d06854be0972bfa80f469d4a7 P 480dac03fc504e89a7e414a1e310587f [term 1 LEADER]: Becoming Leader. State: Replica: 480dac03fc504e89a7e414a1e310587f, State: Running, Role: LEADER
I20260710 11:07:51.955211  1757 consensus_queue.cc:237] T 6219700d06854be0972bfa80f469d4a7 P 480dac03fc504e89a7e414a1e310587f [LEADER]: Queue going to LEADER mode. State: All replicated index: 0, Majority replicated index: 0, Committed index: 0, Last appended: 0.0, Last appended by leader: 0, Current term: 1, Majority size: 2, State: 0, Mode: LEADER, active raft config: opid_index: -1 OBSOLETE_local: false peers { permanent_uuid: "06b7e7f7e38d4e3ab8b21b1af672afb3" member_type: VOTER last_known_addr { host: "127.0.227.129" port: 33991 } } peers { permanent_uuid: "480dac03fc504e89a7e414a1e310587f" member_type: VOTER last_known_addr { host: "127.0.227.130" port: 33411 } } peers { permanent_uuid: "804a92fdb487420c9111bad9a4a6eaf0" member_type: VOTER last_known_addr { host: "127.0.227.131" port: 36173 } }
I20260710 11:07:51.955670  1559 raft_consensus.cc:2468] T 6219700d06854be0972bfa80f469d4a7 P 06b7e7f7e38d4e3ab8b21b1af672afb3 [term 1 FOLLOWER]: Leader election vote request: Granting yes vote for candidate 480dac03fc504e89a7e414a1e310587f in term 1.
I20260710 11:07:51.960316  1750 ts_tablet_manager.cc:1434] T e52889855fb9447fb443f61c2b66632e P 06b7e7f7e38d4e3ab8b21b1af672afb3: Time spent starting tablet: real 0.032s	user 0.010s	sys 0.000s
I20260710 11:07:51.960745  1751 tablet_bootstrap.cc:492] T 7b1981f8336b4267846107a7aec1de94 P 804a92fdb487420c9111bad9a4a6eaf0: No bootstrap required, opened a new log
I20260710 11:07:51.961210  1751 ts_tablet_manager.cc:1403] T 7b1981f8336b4267846107a7aec1de94 P 804a92fdb487420c9111bad9a4a6eaf0: Time spent bootstrapping tablet: real 0.043s	user 0.021s	sys 0.012s
I20260710 11:07:51.961547  1750 tablet_bootstrap.cc:492] T 3731de35163340a08a3393862a8d8918 P 06b7e7f7e38d4e3ab8b21b1af672afb3: Bootstrap starting.
I20260710 11:07:51.962893  1749 tablet_bootstrap.cc:492] T e52889855fb9447fb443f61c2b66632e P 480dac03fc504e89a7e414a1e310587f: No bootstrap required, opened a new log
I20260710 11:07:51.963586  1749 ts_tablet_manager.cc:1403] T e52889855fb9447fb443f61c2b66632e P 480dac03fc504e89a7e414a1e310587f: Time spent bootstrapping tablet: real 0.048s	user 0.014s	sys 0.004s
I20260710 11:07:51.964172  1751 raft_consensus.cc:359] T 7b1981f8336b4267846107a7aec1de94 P 804a92fdb487420c9111bad9a4a6eaf0 [term 0 FOLLOWER]: Replica starting. Triggering 0 pending ops. Active config: opid_index: -1 OBSOLETE_local: false peers { permanent_uuid: "06b7e7f7e38d4e3ab8b21b1af672afb3" member_type: VOTER last_known_addr { host: "127.0.227.129" port: 33991 } } peers { permanent_uuid: "480dac03fc504e89a7e414a1e310587f" member_type: VOTER last_known_addr { host: "127.0.227.130" port: 33411 } } peers { permanent_uuid: "804a92fdb487420c9111bad9a4a6eaf0" member_type: VOTER last_known_addr { host: "127.0.227.131" port: 36173 } }
I20260710 11:07:51.965199  1751 raft_consensus.cc:385] T 7b1981f8336b4267846107a7aec1de94 P 804a92fdb487420c9111bad9a4a6eaf0 [term 0 FOLLOWER]: Consensus starting up: Expiring failure detector timer to make a prompt election more likely
I20260710 11:07:51.965539  1751 raft_consensus.cc:740] T 7b1981f8336b4267846107a7aec1de94 P 804a92fdb487420c9111bad9a4a6eaf0 [term 0 FOLLOWER]: Becoming Follower/Learner. State: Replica: 804a92fdb487420c9111bad9a4a6eaf0, State: Initialized, Role: FOLLOWER
I20260710 11:07:51.966559  1751 consensus_queue.cc:260] T 7b1981f8336b4267846107a7aec1de94 P 804a92fdb487420c9111bad9a4a6eaf0 [NON_LEADER]: Queue going to NON_LEADER mode. State: All replicated index: 0, Majority replicated index: 0, Committed index: 0, Last appended: 0.0, Last appended by leader: 0, Current term: 0, Majority size: -1, State: 0, Mode: NON_LEADER, active raft config: opid_index: -1 OBSOLETE_local: false peers { permanent_uuid: "06b7e7f7e38d4e3ab8b21b1af672afb3" member_type: VOTER last_known_addr { host: "127.0.227.129" port: 33991 } } peers { permanent_uuid: "480dac03fc504e89a7e414a1e310587f" member_type: VOTER last_known_addr { host: "127.0.227.130" port: 33411 } } peers { permanent_uuid: "804a92fdb487420c9111bad9a4a6eaf0" member_type: VOTER last_known_addr { host: "127.0.227.131" port: 36173 } }
I20260710 11:07:51.969470  1751 ts_tablet_manager.cc:1434] T 7b1981f8336b4267846107a7aec1de94 P 804a92fdb487420c9111bad9a4a6eaf0: Time spent starting tablet: real 0.008s	user 0.008s	sys 0.000s
I20260710 11:07:51.969707  1750 tablet_bootstrap.cc:654] T 3731de35163340a08a3393862a8d8918 P 06b7e7f7e38d4e3ab8b21b1af672afb3: Neither blocks nor log segments found. Creating new log.
I20260710 11:07:51.970368  1751 tablet_bootstrap.cc:492] T 4dc72c2466d0400f8319525e1516c906 P 804a92fdb487420c9111bad9a4a6eaf0: Bootstrap starting.
I20260710 11:07:51.978081  1751 tablet_bootstrap.cc:654] T 4dc72c2466d0400f8319525e1516c906 P 804a92fdb487420c9111bad9a4a6eaf0: Neither blocks nor log segments found. Creating new log.
I20260710 11:07:51.984525  1749 raft_consensus.cc:359] T e52889855fb9447fb443f61c2b66632e P 480dac03fc504e89a7e414a1e310587f [term 0 FOLLOWER]: Replica starting. Triggering 0 pending ops. Active config: opid_index: -1 OBSOLETE_local: false peers { permanent_uuid: "06b7e7f7e38d4e3ab8b21b1af672afb3" member_type: VOTER last_known_addr { host: "127.0.227.129" port: 33991 } } peers { permanent_uuid: "480dac03fc504e89a7e414a1e310587f" member_type: VOTER last_known_addr { host: "127.0.227.130" port: 33411 } } peers { permanent_uuid: "804a92fdb487420c9111bad9a4a6eaf0" member_type: VOTER last_known_addr { host: "127.0.227.131" port: 36173 } }
I20260710 11:07:51.985652  1749 raft_consensus.cc:385] T e52889855fb9447fb443f61c2b66632e P 480dac03fc504e89a7e414a1e310587f [term 0 FOLLOWER]: Consensus starting up: Expiring failure detector timer to make a prompt election more likely
I20260710 11:07:51.986109  1749 raft_consensus.cc:740] T e52889855fb9447fb443f61c2b66632e P 480dac03fc504e89a7e414a1e310587f [term 0 FOLLOWER]: Becoming Follower/Learner. State: Replica: 480dac03fc504e89a7e414a1e310587f, State: Initialized, Role: FOLLOWER
I20260710 11:07:51.992679  1749 consensus_queue.cc:260] T e52889855fb9447fb443f61c2b66632e P 480dac03fc504e89a7e414a1e310587f [NON_LEADER]: Queue going to NON_LEADER mode. State: All replicated index: 0, Majority replicated index: 0, Committed index: 0, Last appended: 0.0, Last appended by leader: 0, Current term: 0, Majority size: -1, State: 0, Mode: NON_LEADER, active raft config: opid_index: -1 OBSOLETE_local: false peers { permanent_uuid: "06b7e7f7e38d4e3ab8b21b1af672afb3" member_type: VOTER last_known_addr { host: "127.0.227.129" port: 33991 } } peers { permanent_uuid: "480dac03fc504e89a7e414a1e310587f" member_type: VOTER last_known_addr { host: "127.0.227.130" port: 33411 } } peers { permanent_uuid: "804a92fdb487420c9111bad9a4a6eaf0" member_type: VOTER last_known_addr { host: "127.0.227.131" port: 36173 } }
I20260710 11:07:51.996155  1749 ts_tablet_manager.cc:1434] T e52889855fb9447fb443f61c2b66632e P 480dac03fc504e89a7e414a1e310587f: Time spent starting tablet: real 0.032s	user 0.009s	sys 0.001s
I20260710 11:07:51.997241  1750 tablet_bootstrap.cc:492] T 3731de35163340a08a3393862a8d8918 P 06b7e7f7e38d4e3ab8b21b1af672afb3: No bootstrap required, opened a new log
I20260710 11:07:51.997646  1749 tablet_bootstrap.cc:492] T 2510a129c027435ea40aa73211561789 P 480dac03fc504e89a7e414a1e310587f: Bootstrap starting.
I20260710 11:07:51.997916  1750 ts_tablet_manager.cc:1403] T 3731de35163340a08a3393862a8d8918 P 06b7e7f7e38d4e3ab8b21b1af672afb3: Time spent bootstrapping tablet: real 0.037s	user 0.019s	sys 0.011s
I20260710 11:07:52.006362  1749 tablet_bootstrap.cc:654] T 2510a129c027435ea40aa73211561789 P 480dac03fc504e89a7e414a1e310587f: Neither blocks nor log segments found. Creating new log.
I20260710 11:07:52.010191  1751 tablet_bootstrap.cc:492] T 4dc72c2466d0400f8319525e1516c906 P 804a92fdb487420c9111bad9a4a6eaf0: No bootstrap required, opened a new log
I20260710 11:07:52.010954  1751 ts_tablet_manager.cc:1403] T 4dc72c2466d0400f8319525e1516c906 P 804a92fdb487420c9111bad9a4a6eaf0: Time spent bootstrapping tablet: real 0.041s	user 0.013s	sys 0.015s
I20260710 11:07:52.010274  1456 catalog_manager.cc:5697] T 6219700d06854be0972bfa80f469d4a7 P 480dac03fc504e89a7e414a1e310587f reported cstate change: term changed from 0 to 1, leader changed from <none> to 480dac03fc504e89a7e414a1e310587f (127.0.227.130). New cstate: current_term: 1 leader_uuid: "480dac03fc504e89a7e414a1e310587f" committed_config { opid_index: -1 OBSOLETE_local: false peers { permanent_uuid: "06b7e7f7e38d4e3ab8b21b1af672afb3" member_type: VOTER last_known_addr { host: "127.0.227.129" port: 33991 } health_report { overall_health: UNKNOWN } } peers { permanent_uuid: "480dac03fc504e89a7e414a1e310587f" member_type: VOTER last_known_addr { host: "127.0.227.130" port: 33411 } health_report { overall_health: HEALTHY } } peers { permanent_uuid: "804a92fdb487420c9111bad9a4a6eaf0" member_type: VOTER last_known_addr { host: "127.0.227.131" port: 36173 } health_report { overall_health: UNKNOWN } } }
I20260710 11:07:52.013568  1751 raft_consensus.cc:359] T 4dc72c2466d0400f8319525e1516c906 P 804a92fdb487420c9111bad9a4a6eaf0 [term 0 FOLLOWER]: Replica starting. Triggering 0 pending ops. Active config: opid_index: -1 OBSOLETE_local: false peers { permanent_uuid: "06b7e7f7e38d4e3ab8b21b1af672afb3" member_type: VOTER last_known_addr { host: "127.0.227.129" port: 33991 } } peers { permanent_uuid: "480dac03fc504e89a7e414a1e310587f" member_type: VOTER last_known_addr { host: "127.0.227.130" port: 33411 } } peers { permanent_uuid: "804a92fdb487420c9111bad9a4a6eaf0" member_type: VOTER last_known_addr { host: "127.0.227.131" port: 36173 } }
I20260710 11:07:52.014230  1751 raft_consensus.cc:385] T 4dc72c2466d0400f8319525e1516c906 P 804a92fdb487420c9111bad9a4a6eaf0 [term 0 FOLLOWER]: Consensus starting up: Expiring failure detector timer to make a prompt election more likely
I20260710 11:07:52.014528  1751 raft_consensus.cc:740] T 4dc72c2466d0400f8319525e1516c906 P 804a92fdb487420c9111bad9a4a6eaf0 [term 0 FOLLOWER]: Becoming Follower/Learner. State: Replica: 804a92fdb487420c9111bad9a4a6eaf0, State: Initialized, Role: FOLLOWER
I20260710 11:07:52.015234  1751 consensus_queue.cc:260] T 4dc72c2466d0400f8319525e1516c906 P 804a92fdb487420c9111bad9a4a6eaf0 [NON_LEADER]: Queue going to NON_LEADER mode. State: All replicated index: 0, Majority replicated index: 0, Committed index: 0, Last appended: 0.0, Last appended by leader: 0, Current term: 0, Majority size: -1, State: 0, Mode: NON_LEADER, active raft config: opid_index: -1 OBSOLETE_local: false peers { permanent_uuid: "06b7e7f7e38d4e3ab8b21b1af672afb3" member_type: VOTER last_known_addr { host: "127.0.227.129" port: 33991 } } peers { permanent_uuid: "480dac03fc504e89a7e414a1e310587f" member_type: VOTER last_known_addr { host: "127.0.227.130" port: 33411 } } peers { permanent_uuid: "804a92fdb487420c9111bad9a4a6eaf0" member_type: VOTER last_known_addr { host: "127.0.227.131" port: 36173 } }
I20260710 11:07:52.017953  1749 tablet_bootstrap.cc:492] T 2510a129c027435ea40aa73211561789 P 480dac03fc504e89a7e414a1e310587f: No bootstrap required, opened a new log
I20260710 11:07:52.018200  1751 ts_tablet_manager.cc:1434] T 4dc72c2466d0400f8319525e1516c906 P 804a92fdb487420c9111bad9a4a6eaf0: Time spent starting tablet: real 0.007s	user 0.004s	sys 0.000s
I20260710 11:07:52.018635  1749 ts_tablet_manager.cc:1403] T 2510a129c027435ea40aa73211561789 P 480dac03fc504e89a7e414a1e310587f: Time spent bootstrapping tablet: real 0.021s	user 0.009s	sys 0.011s
I20260710 11:07:52.019326  1751 tablet_bootstrap.cc:492] T 7241aeda947e49049a3c891cd03421cd P 804a92fdb487420c9111bad9a4a6eaf0: Bootstrap starting.
I20260710 11:07:52.022011  1749 raft_consensus.cc:359] T 2510a129c027435ea40aa73211561789 P 480dac03fc504e89a7e414a1e310587f [term 0 FOLLOWER]: Replica starting. Triggering 0 pending ops. Active config: opid_index: -1 OBSOLETE_local: false peers { permanent_uuid: "06b7e7f7e38d4e3ab8b21b1af672afb3" member_type: VOTER last_known_addr { host: "127.0.227.129" port: 33991 } } peers { permanent_uuid: "480dac03fc504e89a7e414a1e310587f" member_type: VOTER last_known_addr { host: "127.0.227.130" port: 33411 } } peers { permanent_uuid: "804a92fdb487420c9111bad9a4a6eaf0" member_type: VOTER last_known_addr { host: "127.0.227.131" port: 36173 } }
I20260710 11:07:52.023141  1749 raft_consensus.cc:385] T 2510a129c027435ea40aa73211561789 P 480dac03fc504e89a7e414a1e310587f [term 0 FOLLOWER]: Consensus starting up: Expiring failure detector timer to make a prompt election more likely
I20260710 11:07:52.023624  1749 raft_consensus.cc:740] T 2510a129c027435ea40aa73211561789 P 480dac03fc504e89a7e414a1e310587f [term 0 FOLLOWER]: Becoming Follower/Learner. State: Replica: 480dac03fc504e89a7e414a1e310587f, State: Initialized, Role: FOLLOWER
I20260710 11:07:52.024724  1749 consensus_queue.cc:260] T 2510a129c027435ea40aa73211561789 P 480dac03fc504e89a7e414a1e310587f [NON_LEADER]: Queue going to NON_LEADER mode. State: All replicated index: 0, Majority replicated index: 0, Committed index: 0, Last appended: 0.0, Last appended by leader: 0, Current term: 0, Majority size: -1, State: 0, Mode: NON_LEADER, active raft config: opid_index: -1 OBSOLETE_local: false peers { permanent_uuid: "06b7e7f7e38d4e3ab8b21b1af672afb3" member_type: VOTER last_known_addr { host: "127.0.227.129" port: 33991 } } peers { permanent_uuid: "480dac03fc504e89a7e414a1e310587f" member_type: VOTER last_known_addr { host: "127.0.227.130" port: 33411 } } peers { permanent_uuid: "804a92fdb487420c9111bad9a4a6eaf0" member_type: VOTER last_known_addr { host: "127.0.227.131" port: 36173 } }
I20260710 11:07:52.027719  1749 ts_tablet_manager.cc:1434] T 2510a129c027435ea40aa73211561789 P 480dac03fc504e89a7e414a1e310587f: Time spent starting tablet: real 0.009s	user 0.007s	sys 0.001s
I20260710 11:07:52.027940  1751 tablet_bootstrap.cc:654] T 7241aeda947e49049a3c891cd03421cd P 804a92fdb487420c9111bad9a4a6eaf0: Neither blocks nor log segments found. Creating new log.
I20260710 11:07:52.028970  1749 tablet_bootstrap.cc:492] T 7fa961a4421a4c9a993a610197bcede8 P 480dac03fc504e89a7e414a1e310587f: Bootstrap starting.
I20260710 11:07:52.036439  1749 tablet_bootstrap.cc:654] T 7fa961a4421a4c9a993a610197bcede8 P 480dac03fc504e89a7e414a1e310587f: Neither blocks nor log segments found. Creating new log.
I20260710 11:07:52.006119  1750 raft_consensus.cc:359] T 3731de35163340a08a3393862a8d8918 P 06b7e7f7e38d4e3ab8b21b1af672afb3 [term 0 FOLLOWER]: Replica starting. Triggering 0 pending ops. Active config: opid_index: -1 OBSOLETE_local: false peers { permanent_uuid: "06b7e7f7e38d4e3ab8b21b1af672afb3" member_type: VOTER last_known_addr { host: "127.0.227.129" port: 33991 } } peers { permanent_uuid: "804a92fdb487420c9111bad9a4a6eaf0" member_type: VOTER last_known_addr { host: "127.0.227.131" port: 36173 } } peers { permanent_uuid: "480dac03fc504e89a7e414a1e310587f" member_type: VOTER last_known_addr { host: "127.0.227.130" port: 33411 } }
I20260710 11:07:52.038591  1750 raft_consensus.cc:385] T 3731de35163340a08a3393862a8d8918 P 06b7e7f7e38d4e3ab8b21b1af672afb3 [term 0 FOLLOWER]: Consensus starting up: Expiring failure detector timer to make a prompt election more likely
I20260710 11:07:52.039093  1750 raft_consensus.cc:740] T 3731de35163340a08a3393862a8d8918 P 06b7e7f7e38d4e3ab8b21b1af672afb3 [term 0 FOLLOWER]: Becoming Follower/Learner. State: Replica: 06b7e7f7e38d4e3ab8b21b1af672afb3, State: Initialized, Role: FOLLOWER
I20260710 11:07:52.040352  1750 consensus_queue.cc:260] T 3731de35163340a08a3393862a8d8918 P 06b7e7f7e38d4e3ab8b21b1af672afb3 [NON_LEADER]: Queue going to NON_LEADER mode. State: All replicated index: 0, Majority replicated index: 0, Committed index: 0, Last appended: 0.0, Last appended by leader: 0, Current term: 0, Majority size: -1, State: 0, Mode: NON_LEADER, active raft config: opid_index: -1 OBSOLETE_local: false peers { permanent_uuid: "06b7e7f7e38d4e3ab8b21b1af672afb3" member_type: VOTER last_known_addr { host: "127.0.227.129" port: 33991 } } peers { permanent_uuid: "804a92fdb487420c9111bad9a4a6eaf0" member_type: VOTER last_known_addr { host: "127.0.227.131" port: 36173 } } peers { permanent_uuid: "480dac03fc504e89a7e414a1e310587f" member_type: VOTER last_known_addr { host: "127.0.227.130" port: 33411 } }
I20260710 11:07:52.045447  1750 ts_tablet_manager.cc:1434] T 3731de35163340a08a3393862a8d8918 P 06b7e7f7e38d4e3ab8b21b1af672afb3: Time spent starting tablet: real 0.047s	user 0.008s	sys 0.004s
I20260710 11:07:52.047128  1750 tablet_bootstrap.cc:492] T 7241aeda947e49049a3c891cd03421cd P 06b7e7f7e38d4e3ab8b21b1af672afb3: Bootstrap starting.
I20260710 11:07:52.048424  1749 tablet_bootstrap.cc:492] T 7fa961a4421a4c9a993a610197bcede8 P 480dac03fc504e89a7e414a1e310587f: No bootstrap required, opened a new log
I20260710 11:07:52.048884  1749 ts_tablet_manager.cc:1403] T 7fa961a4421a4c9a993a610197bcede8 P 480dac03fc504e89a7e414a1e310587f: Time spent bootstrapping tablet: real 0.020s	user 0.015s	sys 0.001s
I20260710 11:07:52.051420  1749 raft_consensus.cc:359] T 7fa961a4421a4c9a993a610197bcede8 P 480dac03fc504e89a7e414a1e310587f [term 0 FOLLOWER]: Replica starting. Triggering 0 pending ops. Active config: opid_index: -1 OBSOLETE_local: false peers { permanent_uuid: "06b7e7f7e38d4e3ab8b21b1af672afb3" member_type: VOTER last_known_addr { host: "127.0.227.129" port: 33991 } } peers { permanent_uuid: "480dac03fc504e89a7e414a1e310587f" member_type: VOTER last_known_addr { host: "127.0.227.130" port: 33411 } } peers { permanent_uuid: "804a92fdb487420c9111bad9a4a6eaf0" member_type: VOTER last_known_addr { host: "127.0.227.131" port: 36173 } }
I20260710 11:07:52.052074  1749 raft_consensus.cc:385] T 7fa961a4421a4c9a993a610197bcede8 P 480dac03fc504e89a7e414a1e310587f [term 0 FOLLOWER]: Consensus starting up: Expiring failure detector timer to make a prompt election more likely
I20260710 11:07:52.052326  1749 raft_consensus.cc:740] T 7fa961a4421a4c9a993a610197bcede8 P 480dac03fc504e89a7e414a1e310587f [term 0 FOLLOWER]: Becoming Follower/Learner. State: Replica: 480dac03fc504e89a7e414a1e310587f, State: Initialized, Role: FOLLOWER
I20260710 11:07:52.053181  1749 consensus_queue.cc:260] T 7fa961a4421a4c9a993a610197bcede8 P 480dac03fc504e89a7e414a1e310587f [NON_LEADER]: Queue going to NON_LEADER mode. State: All replicated index: 0, Majority replicated index: 0, Committed index: 0, Last appended: 0.0, Last appended by leader: 0, Current term: 0, Majority size: -1, State: 0, Mode: NON_LEADER, active raft config: opid_index: -1 OBSOLETE_local: false peers { permanent_uuid: "06b7e7f7e38d4e3ab8b21b1af672afb3" member_type: VOTER last_known_addr { host: "127.0.227.129" port: 33991 } } peers { permanent_uuid: "480dac03fc504e89a7e414a1e310587f" member_type: VOTER last_known_addr { host: "127.0.227.130" port: 33411 } } peers { permanent_uuid: "804a92fdb487420c9111bad9a4a6eaf0" member_type: VOTER last_known_addr { host: "127.0.227.131" port: 36173 } }
I20260710 11:07:52.055619  1749 ts_tablet_manager.cc:1434] T 7fa961a4421a4c9a993a610197bcede8 P 480dac03fc504e89a7e414a1e310587f: Time spent starting tablet: real 0.006s	user 0.006s	sys 0.001s
I20260710 11:07:52.056530  1749 tablet_bootstrap.cc:492] T 4dc72c2466d0400f8319525e1516c906 P 480dac03fc504e89a7e414a1e310587f: Bootstrap starting.
I20260710 11:07:52.056844  1750 tablet_bootstrap.cc:654] T 7241aeda947e49049a3c891cd03421cd P 06b7e7f7e38d4e3ab8b21b1af672afb3: Neither blocks nor log segments found. Creating new log.
I20260710 11:07:52.065146  1749 tablet_bootstrap.cc:654] T 4dc72c2466d0400f8319525e1516c906 P 480dac03fc504e89a7e414a1e310587f: Neither blocks nor log segments found. Creating new log.
I20260710 11:07:52.067034  1770 raft_consensus.cc:493] T e52889855fb9447fb443f61c2b66632e P 804a92fdb487420c9111bad9a4a6eaf0 [term 0 FOLLOWER]: Starting pre-election (no leader contacted us within the election timeout)
I20260710 11:07:52.067592  1770 raft_consensus.cc:515] T e52889855fb9447fb443f61c2b66632e P 804a92fdb487420c9111bad9a4a6eaf0 [term 0 FOLLOWER]: Starting pre-election with config: opid_index: -1 OBSOLETE_local: false peers { permanent_uuid: "06b7e7f7e38d4e3ab8b21b1af672afb3" member_type: VOTER last_known_addr { host: "127.0.227.129" port: 33991 } } peers { permanent_uuid: "480dac03fc504e89a7e414a1e310587f" member_type: VOTER last_known_addr { host: "127.0.227.130" port: 33411 } } peers { permanent_uuid: "804a92fdb487420c9111bad9a4a6eaf0" member_type: VOTER last_known_addr { host: "127.0.227.131" port: 36173 } }
I20260710 11:07:52.068393  1751 tablet_bootstrap.cc:492] T 7241aeda947e49049a3c891cd03421cd P 804a92fdb487420c9111bad9a4a6eaf0: No bootstrap required, opened a new log
I20260710 11:07:52.072314  1751 ts_tablet_manager.cc:1403] T 7241aeda947e49049a3c891cd03421cd P 804a92fdb487420c9111bad9a4a6eaf0: Time spent bootstrapping tablet: real 0.053s	user 0.011s	sys 0.037s
I20260710 11:07:52.073195  1770 leader_election.cc:290] T e52889855fb9447fb443f61c2b66632e P 804a92fdb487420c9111bad9a4a6eaf0 [CANDIDATE]: Term 1 pre-election: Requested pre-vote from peers 06b7e7f7e38d4e3ab8b21b1af672afb3 (127.0.227.129:33991), 480dac03fc504e89a7e414a1e310587f (127.0.227.130:33411)
I20260710 11:07:52.073107  1559 tablet_service.cc:1917] Received RequestConsensusVote() RPC: tablet_id: "e52889855fb9447fb443f61c2b66632e" candidate_uuid: "804a92fdb487420c9111bad9a4a6eaf0" candidate_term: 1 candidate_status { last_received { term: 0 index: 0 } } ignore_live_leader: false dest_uuid: "06b7e7f7e38d4e3ab8b21b1af672afb3" is_pre_election: true
I20260710 11:07:52.073146  1757 raft_consensus.cc:493] T ffe5df94f91c4a0a93dbff6743b99922 P 480dac03fc504e89a7e414a1e310587f [term 0 FOLLOWER]: Starting pre-election (no leader contacted us within the election timeout)
I20260710 11:07:52.074839  1757 raft_consensus.cc:515] T ffe5df94f91c4a0a93dbff6743b99922 P 480dac03fc504e89a7e414a1e310587f [term 0 FOLLOWER]: Starting pre-election with config: opid_index: -1 OBSOLETE_local: false peers { permanent_uuid: "06b7e7f7e38d4e3ab8b21b1af672afb3" member_type: VOTER last_known_addr { host: "127.0.227.129" port: 33991 } } peers { permanent_uuid: "480dac03fc504e89a7e414a1e310587f" member_type: VOTER last_known_addr { host: "127.0.227.130" port: 33411 } } peers { permanent_uuid: "804a92fdb487420c9111bad9a4a6eaf0" member_type: VOTER last_known_addr { host: "127.0.227.131" port: 36173 } }
I20260710 11:07:52.076678  1751 raft_consensus.cc:359] T 7241aeda947e49049a3c891cd03421cd P 804a92fdb487420c9111bad9a4a6eaf0 [term 0 FOLLOWER]: Replica starting. Triggering 0 pending ops. Active config: opid_index: -1 OBSOLETE_local: false peers { permanent_uuid: "06b7e7f7e38d4e3ab8b21b1af672afb3" member_type: VOTER last_known_addr { host: "127.0.227.129" port: 33991 } } peers { permanent_uuid: "480dac03fc504e89a7e414a1e310587f" member_type: VOTER last_known_addr { host: "127.0.227.130" port: 33411 } } peers { permanent_uuid: "804a92fdb487420c9111bad9a4a6eaf0" member_type: VOTER last_known_addr { host: "127.0.227.131" port: 36173 } }
I20260710 11:07:52.077716  1751 raft_consensus.cc:385] T 7241aeda947e49049a3c891cd03421cd P 804a92fdb487420c9111bad9a4a6eaf0 [term 0 FOLLOWER]: Consensus starting up: Expiring failure detector timer to make a prompt election more likely
I20260710 11:07:52.078145  1751 raft_consensus.cc:740] T 7241aeda947e49049a3c891cd03421cd P 804a92fdb487420c9111bad9a4a6eaf0 [term 0 FOLLOWER]: Becoming Follower/Learner. State: Replica: 804a92fdb487420c9111bad9a4a6eaf0, State: Initialized, Role: FOLLOWER
I20260710 11:07:52.078860  1560 tablet_service.cc:1917] Received RequestConsensusVote() RPC: tablet_id: "ffe5df94f91c4a0a93dbff6743b99922" candidate_uuid: "480dac03fc504e89a7e414a1e310587f" candidate_term: 1 candidate_status { last_received { term: 0 index: 0 } } ignore_live_leader: false dest_uuid: "06b7e7f7e38d4e3ab8b21b1af672afb3" is_pre_election: true
I20260710 11:07:52.073107  1634 tablet_service.cc:1917] Received RequestConsensusVote() RPC: tablet_id: "e52889855fb9447fb443f61c2b66632e" candidate_uuid: "804a92fdb487420c9111bad9a4a6eaf0" candidate_term: 1 candidate_status { last_received { term: 0 index: 0 } } ignore_live_leader: false dest_uuid: "480dac03fc504e89a7e414a1e310587f" is_pre_election: true
I20260710 11:07:52.079475  1751 consensus_queue.cc:260] T 7241aeda947e49049a3c891cd03421cd P 804a92fdb487420c9111bad9a4a6eaf0 [NON_LEADER]: Queue going to NON_LEADER mode. State: All replicated index: 0, Majority replicated index: 0, Committed index: 0, Last appended: 0.0, Last appended by leader: 0, Current term: 0, Majority size: -1, State: 0, Mode: NON_LEADER, active raft config: opid_index: -1 OBSOLETE_local: false peers { permanent_uuid: "06b7e7f7e38d4e3ab8b21b1af672afb3" member_type: VOTER last_known_addr { host: "127.0.227.129" port: 33991 } } peers { permanent_uuid: "480dac03fc504e89a7e414a1e310587f" member_type: VOTER last_known_addr { host: "127.0.227.130" port: 33411 } } peers { permanent_uuid: "804a92fdb487420c9111bad9a4a6eaf0" member_type: VOTER last_known_addr { host: "127.0.227.131" port: 36173 } }
I20260710 11:07:52.080564  1634 raft_consensus.cc:2468] T e52889855fb9447fb443f61c2b66632e P 480dac03fc504e89a7e414a1e310587f [term 0 FOLLOWER]: Leader pre-election vote request: Granting yes vote for candidate 804a92fdb487420c9111bad9a4a6eaf0 in term 0.
I20260710 11:07:52.081915  1751 ts_tablet_manager.cc:1434] T 7241aeda947e49049a3c891cd03421cd P 804a92fdb487420c9111bad9a4a6eaf0: Time spent starting tablet: real 0.009s	user 0.007s	sys 0.000s
I20260710 11:07:52.081701  1672 leader_election.cc:304] T e52889855fb9447fb443f61c2b66632e P 804a92fdb487420c9111bad9a4a6eaf0 [CANDIDATE]: Term 1 pre-election: Election decided. Result: candidate won. Election summary: received 2 responses out of 3 voters: 2 yes votes; 0 no votes. yes voters: 480dac03fc504e89a7e414a1e310587f, 804a92fdb487420c9111bad9a4a6eaf0; no voters: 
W20260710 11:07:52.082183  1600 leader_election.cc:343] T ffe5df94f91c4a0a93dbff6743b99922 P 480dac03fc504e89a7e414a1e310587f [CANDIDATE]: Term 1 pre-election: Tablet error from VoteRequest() call to peer 06b7e7f7e38d4e3ab8b21b1af672afb3 (127.0.227.129:33991): Illegal state: must be running to vote when last-logged opid is not known
I20260710 11:07:52.082664  1770 raft_consensus.cc:2804] T e52889855fb9447fb443f61c2b66632e P 804a92fdb487420c9111bad9a4a6eaf0 [term 0 FOLLOWER]: Leader pre-election won for term 1
I20260710 11:07:52.083046  1770 raft_consensus.cc:493] T e52889855fb9447fb443f61c2b66632e P 804a92fdb487420c9111bad9a4a6eaf0 [term 0 FOLLOWER]: Starting leader election (no leader contacted us within the election timeout)
I20260710 11:07:52.083402  1770 raft_consensus.cc:3060] T e52889855fb9447fb443f61c2b66632e P 804a92fdb487420c9111bad9a4a6eaf0 [term 0 FOLLOWER]: Advancing to term 1
I20260710 11:07:52.084522  1749 tablet_bootstrap.cc:492] T 4dc72c2466d0400f8319525e1516c906 P 480dac03fc504e89a7e414a1e310587f: No bootstrap required, opened a new log
I20260710 11:07:52.084462  1709 tablet_service.cc:1917] Received RequestConsensusVote() RPC: tablet_id: "ffe5df94f91c4a0a93dbff6743b99922" candidate_uuid: "480dac03fc504e89a7e414a1e310587f" candidate_term: 1 candidate_status { last_received { term: 0 index: 0 } } ignore_live_leader: false dest_uuid: "804a92fdb487420c9111bad9a4a6eaf0" is_pre_election: true
I20260710 11:07:52.085081  1749 ts_tablet_manager.cc:1403] T 4dc72c2466d0400f8319525e1516c906 P 480dac03fc504e89a7e414a1e310587f: Time spent bootstrapping tablet: real 0.029s	user 0.017s	sys 0.003s
I20260710 11:07:52.085240  1709 raft_consensus.cc:2468] T ffe5df94f91c4a0a93dbff6743b99922 P 804a92fdb487420c9111bad9a4a6eaf0 [term 0 FOLLOWER]: Leader pre-election vote request: Granting yes vote for candidate 480dac03fc504e89a7e414a1e310587f in term 0.
I20260710 11:07:52.073928  1559 raft_consensus.cc:2468] T e52889855fb9447fb443f61c2b66632e P 06b7e7f7e38d4e3ab8b21b1af672afb3 [term 0 FOLLOWER]: Leader pre-election vote request: Granting yes vote for candidate 804a92fdb487420c9111bad9a4a6eaf0 in term 0.
I20260710 11:07:52.087736  1749 raft_consensus.cc:359] T 4dc72c2466d0400f8319525e1516c906 P 480dac03fc504e89a7e414a1e310587f [term 0 FOLLOWER]: Replica starting. Triggering 0 pending ops. Active config: opid_index: -1 OBSOLETE_local: false peers { permanent_uuid: "06b7e7f7e38d4e3ab8b21b1af672afb3" member_type: VOTER last_known_addr { host: "127.0.227.129" port: 33991 } } peers { permanent_uuid: "480dac03fc504e89a7e414a1e310587f" member_type: VOTER last_known_addr { host: "127.0.227.130" port: 33411 } } peers { permanent_uuid: "804a92fdb487420c9111bad9a4a6eaf0" member_type: VOTER last_known_addr { host: "127.0.227.131" port: 36173 } }
I20260710 11:07:52.077227  1757 leader_election.cc:290] T ffe5df94f91c4a0a93dbff6743b99922 P 480dac03fc504e89a7e414a1e310587f [CANDIDATE]: Term 1 pre-election: Requested pre-vote from peers 06b7e7f7e38d4e3ab8b21b1af672afb3 (127.0.227.129:33991), 804a92fdb487420c9111bad9a4a6eaf0 (127.0.227.131:36173)
I20260710 11:07:52.088402  1749 raft_consensus.cc:385] T 4dc72c2466d0400f8319525e1516c906 P 480dac03fc504e89a7e414a1e310587f [term 0 FOLLOWER]: Consensus starting up: Expiring failure detector timer to make a prompt election more likely
I20260710 11:07:52.089267  1749 raft_consensus.cc:740] T 4dc72c2466d0400f8319525e1516c906 P 480dac03fc504e89a7e414a1e310587f [term 0 FOLLOWER]: Becoming Follower/Learner. State: Replica: 480dac03fc504e89a7e414a1e310587f, State: Initialized, Role: FOLLOWER
I20260710 11:07:52.089548  1601 leader_election.cc:304] T ffe5df94f91c4a0a93dbff6743b99922 P 480dac03fc504e89a7e414a1e310587f [CANDIDATE]: Term 1 pre-election: Election decided. Result: candidate won. Election summary: received 3 responses out of 3 voters: 2 yes votes; 1 no votes. yes voters: 480dac03fc504e89a7e414a1e310587f, 804a92fdb487420c9111bad9a4a6eaf0; no voters: 06b7e7f7e38d4e3ab8b21b1af672afb3
I20260710 11:07:52.089915  1749 consensus_queue.cc:260] T 4dc72c2466d0400f8319525e1516c906 P 480dac03fc504e89a7e414a1e310587f [NON_LEADER]: Queue going to NON_LEADER mode. State: All replicated index: 0, Majority replicated index: 0, Committed index: 0, Last appended: 0.0, Last appended by leader: 0, Current term: 0, Majority size: -1, State: 0, Mode: NON_LEADER, active raft config: opid_index: -1 OBSOLETE_local: false peers { permanent_uuid: "06b7e7f7e38d4e3ab8b21b1af672afb3" member_type: VOTER last_known_addr { host: "127.0.227.129" port: 33991 } } peers { permanent_uuid: "480dac03fc504e89a7e414a1e310587f" member_type: VOTER last_known_addr { host: "127.0.227.130" port: 33411 } } peers { permanent_uuid: "804a92fdb487420c9111bad9a4a6eaf0" member_type: VOTER last_known_addr { host: "127.0.227.131" port: 36173 } }
I20260710 11:07:52.090090  1770 raft_consensus.cc:515] T e52889855fb9447fb443f61c2b66632e P 804a92fdb487420c9111bad9a4a6eaf0 [term 1 FOLLOWER]: Starting leader election with config: opid_index: -1 OBSOLETE_local: false peers { permanent_uuid: "06b7e7f7e38d4e3ab8b21b1af672afb3" member_type: VOTER last_known_addr { host: "127.0.227.129" port: 33991 } } peers { permanent_uuid: "480dac03fc504e89a7e414a1e310587f" member_type: VOTER last_known_addr { host: "127.0.227.130" port: 33411 } } peers { permanent_uuid: "804a92fdb487420c9111bad9a4a6eaf0" member_type: VOTER last_known_addr { host: "127.0.227.131" port: 36173 } }
I20260710 11:07:52.090939  1750 tablet_bootstrap.cc:492] T 7241aeda947e49049a3c891cd03421cd P 06b7e7f7e38d4e3ab8b21b1af672afb3: No bootstrap required, opened a new log
I20260710 11:07:52.091073  1783 raft_consensus.cc:2804] T ffe5df94f91c4a0a93dbff6743b99922 P 480dac03fc504e89a7e414a1e310587f [term 0 FOLLOWER]: Leader pre-election won for term 1
I20260710 11:07:52.091454  1783 raft_consensus.cc:493] T ffe5df94f91c4a0a93dbff6743b99922 P 480dac03fc504e89a7e414a1e310587f [term 0 FOLLOWER]: Starting leader election (no leader contacted us within the election timeout)
I20260710 11:07:52.091521  1750 ts_tablet_manager.cc:1403] T 7241aeda947e49049a3c891cd03421cd P 06b7e7f7e38d4e3ab8b21b1af672afb3: Time spent bootstrapping tablet: real 0.045s	user 0.013s	sys 0.007s
I20260710 11:07:52.091838  1783 raft_consensus.cc:3060] T ffe5df94f91c4a0a93dbff6743b99922 P 480dac03fc504e89a7e414a1e310587f [term 0 FOLLOWER]: Advancing to term 1
I20260710 11:07:52.092067  1749 ts_tablet_manager.cc:1434] T 4dc72c2466d0400f8319525e1516c906 P 480dac03fc504e89a7e414a1e310587f: Time spent starting tablet: real 0.007s	user 0.007s	sys 0.000s
I20260710 11:07:52.092988  1749 tablet_bootstrap.cc:492] T 3731de35163340a08a3393862a8d8918 P 480dac03fc504e89a7e414a1e310587f: Bootstrap starting.
I20260710 11:07:52.094913  1750 raft_consensus.cc:359] T 7241aeda947e49049a3c891cd03421cd P 06b7e7f7e38d4e3ab8b21b1af672afb3 [term 0 FOLLOWER]: Replica starting. Triggering 0 pending ops. Active config: opid_index: -1 OBSOLETE_local: false peers { permanent_uuid: "06b7e7f7e38d4e3ab8b21b1af672afb3" member_type: VOTER last_known_addr { host: "127.0.227.129" port: 33991 } } peers { permanent_uuid: "480dac03fc504e89a7e414a1e310587f" member_type: VOTER last_known_addr { host: "127.0.227.130" port: 33411 } } peers { permanent_uuid: "804a92fdb487420c9111bad9a4a6eaf0" member_type: VOTER last_known_addr { host: "127.0.227.131" port: 36173 } }
I20260710 11:07:52.095714  1750 raft_consensus.cc:385] T 7241aeda947e49049a3c891cd03421cd P 06b7e7f7e38d4e3ab8b21b1af672afb3 [term 0 FOLLOWER]: Consensus starting up: Expiring failure detector timer to make a prompt election more likely
I20260710 11:07:52.096081  1750 raft_consensus.cc:740] T 7241aeda947e49049a3c891cd03421cd P 06b7e7f7e38d4e3ab8b21b1af672afb3 [term 0 FOLLOWER]: Becoming Follower/Learner. State: Replica: 06b7e7f7e38d4e3ab8b21b1af672afb3, State: Initialized, Role: FOLLOWER
I20260710 11:07:52.096817  1750 consensus_queue.cc:260] T 7241aeda947e49049a3c891cd03421cd P 06b7e7f7e38d4e3ab8b21b1af672afb3 [NON_LEADER]: Queue going to NON_LEADER mode. State: All replicated index: 0, Majority replicated index: 0, Committed index: 0, Last appended: 0.0, Last appended by leader: 0, Current term: 0, Majority size: -1, State: 0, Mode: NON_LEADER, active raft config: opid_index: -1 OBSOLETE_local: false peers { permanent_uuid: "06b7e7f7e38d4e3ab8b21b1af672afb3" member_type: VOTER last_known_addr { host: "127.0.227.129" port: 33991 } } peers { permanent_uuid: "480dac03fc504e89a7e414a1e310587f" member_type: VOTER last_known_addr { host: "127.0.227.130" port: 33411 } } peers { permanent_uuid: "804a92fdb487420c9111bad9a4a6eaf0" member_type: VOTER last_known_addr { host: "127.0.227.131" port: 36173 } }
I20260710 11:07:52.098937  1749 tablet_bootstrap.cc:654] T 3731de35163340a08a3393862a8d8918 P 480dac03fc504e89a7e414a1e310587f: Neither blocks nor log segments found. Creating new log.
I20260710 11:07:52.099568  1750 ts_tablet_manager.cc:1434] T 7241aeda947e49049a3c891cd03421cd P 06b7e7f7e38d4e3ab8b21b1af672afb3: Time spent starting tablet: real 0.008s	user 0.007s	sys 0.000s
I20260710 11:07:52.100674  1750 tablet_bootstrap.cc:492] T 7b1981f8336b4267846107a7aec1de94 P 06b7e7f7e38d4e3ab8b21b1af672afb3: Bootstrap starting.
I20260710 11:07:52.106741  1750 tablet_bootstrap.cc:654] T 7b1981f8336b4267846107a7aec1de94 P 06b7e7f7e38d4e3ab8b21b1af672afb3: Neither blocks nor log segments found. Creating new log.
I20260710 11:07:52.114578  1783 raft_consensus.cc:515] T ffe5df94f91c4a0a93dbff6743b99922 P 480dac03fc504e89a7e414a1e310587f [term 1 FOLLOWER]: Starting leader election with config: opid_index: -1 OBSOLETE_local: false peers { permanent_uuid: "06b7e7f7e38d4e3ab8b21b1af672afb3" member_type: VOTER last_known_addr { host: "127.0.227.129" port: 33991 } } peers { permanent_uuid: "480dac03fc504e89a7e414a1e310587f" member_type: VOTER last_known_addr { host: "127.0.227.130" port: 33411 } } peers { permanent_uuid: "804a92fdb487420c9111bad9a4a6eaf0" member_type: VOTER last_known_addr { host: "127.0.227.131" port: 36173 } }
I20260710 11:07:52.119563  1559 tablet_service.cc:1917] Received RequestConsensusVote() RPC: tablet_id: "ffe5df94f91c4a0a93dbff6743b99922" candidate_uuid: "480dac03fc504e89a7e414a1e310587f" candidate_term: 1 candidate_status { last_received { term: 0 index: 0 } } ignore_live_leader: false dest_uuid: "06b7e7f7e38d4e3ab8b21b1af672afb3"
W20260710 11:07:52.121665  1600 leader_election.cc:343] T ffe5df94f91c4a0a93dbff6743b99922 P 480dac03fc504e89a7e414a1e310587f [CANDIDATE]: Term 1 election: Tablet error from VoteRequest() call to peer 06b7e7f7e38d4e3ab8b21b1af672afb3 (127.0.227.129:33991): Illegal state: must be running to vote when last-logged opid is not known
I20260710 11:07:52.123425  1770 leader_election.cc:290] T e52889855fb9447fb443f61c2b66632e P 804a92fdb487420c9111bad9a4a6eaf0 [CANDIDATE]: Term 1 election: Requested vote from peers 06b7e7f7e38d4e3ab8b21b1af672afb3 (127.0.227.129:33991), 480dac03fc504e89a7e414a1e310587f (127.0.227.130:33411)
I20260710 11:07:52.124603  1757 raft_consensus.cc:493] T 7fa961a4421a4c9a993a610197bcede8 P 480dac03fc504e89a7e414a1e310587f [term 0 FOLLOWER]: Starting pre-election (no leader contacted us within the election timeout)
I20260710 11:07:52.124722  1709 tablet_service.cc:1917] Received RequestConsensusVote() RPC: tablet_id: "ffe5df94f91c4a0a93dbff6743b99922" candidate_uuid: "480dac03fc504e89a7e414a1e310587f" candidate_term: 1 candidate_status { last_received { term: 0 index: 0 } } ignore_live_leader: false dest_uuid: "804a92fdb487420c9111bad9a4a6eaf0"
I20260710 11:07:52.125056  1559 tablet_service.cc:1917] Received RequestConsensusVote() RPC: tablet_id: "e52889855fb9447fb443f61c2b66632e" candidate_uuid: "804a92fdb487420c9111bad9a4a6eaf0" candidate_term: 1 candidate_status { last_received { term: 0 index: 0 } } ignore_live_leader: false dest_uuid: "06b7e7f7e38d4e3ab8b21b1af672afb3"
