I20260710 11:07:37.669322 24262 heartbeater.cc:499] Master 127.23.100.126:37329 was elected leader, sending a full tablet report...
I20260710 11:07:37.669713 24280 tablet_bootstrap.cc:492] T 1bfa7037cb1d4db080e2c57cdaa0bec1 P e09bce0076724e2a877f658de9a09ddf: Bootstrap starting.
I20260710 11:07:37.668133 24282 consensus_queue.cc:260] T 8b495815960c473780183263949c4cf9 P 3f1ed2ba1cdb4f3e91e07b8fa318de73 [NON_LEADER]: Queue going to NON_LEADER mode. State: All replicated index: 0, Majority replicated index: 0, Committed index: 0, Last appended: 0.0, Last appended by leader: 0, Current term: 0, Majority size: -1, State: 0, Mode: NON_LEADER, active raft config: opid_index: -1 OBSOLETE_local: false peers { permanent_uuid: "a98207e7ac8a4b2ab15e704a32c11efd" member_type: VOTER last_known_addr { host: "127.23.100.65" port: 44675 } } peers { permanent_uuid: "3f1ed2ba1cdb4f3e91e07b8fa318de73" member_type: VOTER last_known_addr { host: "127.23.100.66" port: 35809 } } peers { permanent_uuid: "e09bce0076724e2a877f658de9a09ddf" member_type: VOTER last_known_addr { host: "127.23.100.67" port: 45233 } }
I20260710 11:07:37.677022 24280 tablet_bootstrap.cc:654] T 1bfa7037cb1d4db080e2c57cdaa0bec1 P e09bce0076724e2a877f658de9a09ddf: Neither blocks nor log segments found. Creating new log.
I20260710 11:07:37.687079 24113 heartbeater.cc:499] Master 127.23.100.126:37329 was elected leader, sending a full tablet report...
I20260710 11:07:37.693584 24280 tablet_bootstrap.cc:492] T 1bfa7037cb1d4db080e2c57cdaa0bec1 P e09bce0076724e2a877f658de9a09ddf: No bootstrap required, opened a new log
I20260710 11:07:37.694172 24280 ts_tablet_manager.cc:1403] T 1bfa7037cb1d4db080e2c57cdaa0bec1 P e09bce0076724e2a877f658de9a09ddf: Time spent bootstrapping tablet: real 0.025s	user 0.008s	sys 0.011s
I20260710 11:07:37.696794 24281 ts_tablet_manager.cc:1434] T d889979422884b048f899b748e547087 P a98207e7ac8a4b2ab15e704a32c11efd: Time spent starting tablet: real 0.044s	user 0.018s	sys 0.024s
I20260710 11:07:37.697999 24281 tablet_bootstrap.cc:492] T b4acc6d0d24d4c83b741545fd470dbe9 P a98207e7ac8a4b2ab15e704a32c11efd: Bootstrap starting.
I20260710 11:07:37.697602 24280 raft_consensus.cc:359] T 1bfa7037cb1d4db080e2c57cdaa0bec1 P e09bce0076724e2a877f658de9a09ddf [term 0 FOLLOWER]: Replica starting. Triggering 0 pending ops. Active config: opid_index: -1 OBSOLETE_local: false peers { permanent_uuid: "a98207e7ac8a4b2ab15e704a32c11efd" member_type: VOTER last_known_addr { host: "127.23.100.65" port: 44675 } } peers { permanent_uuid: "3f1ed2ba1cdb4f3e91e07b8fa318de73" member_type: VOTER last_known_addr { host: "127.23.100.66" port: 35809 } } peers { permanent_uuid: "e09bce0076724e2a877f658de9a09ddf" member_type: VOTER last_known_addr { host: "127.23.100.67" port: 45233 } }
I20260710 11:07:37.698526 24280 raft_consensus.cc:385] T 1bfa7037cb1d4db080e2c57cdaa0bec1 P e09bce0076724e2a877f658de9a09ddf [term 0 FOLLOWER]: Consensus starting up: Expiring failure detector timer to make a prompt election more likely
I20260710 11:07:37.698951 24280 raft_consensus.cc:740] T 1bfa7037cb1d4db080e2c57cdaa0bec1 P e09bce0076724e2a877f658de9a09ddf [term 0 FOLLOWER]: Becoming Follower/Learner. State: Replica: e09bce0076724e2a877f658de9a09ddf, State: Initialized, Role: FOLLOWER
I20260710 11:07:37.699793 24280 consensus_queue.cc:260] T 1bfa7037cb1d4db080e2c57cdaa0bec1 P e09bce0076724e2a877f658de9a09ddf [NON_LEADER]: Queue going to NON_LEADER mode. State: All replicated index: 0, Majority replicated index: 0, Committed index: 0, Last appended: 0.0, Last appended by leader: 0, Current term: 0, Majority size: -1, State: 0, Mode: NON_LEADER, active raft config: opid_index: -1 OBSOLETE_local: false peers { permanent_uuid: "a98207e7ac8a4b2ab15e704a32c11efd" member_type: VOTER last_known_addr { host: "127.23.100.65" port: 44675 } } peers { permanent_uuid: "3f1ed2ba1cdb4f3e91e07b8fa318de73" member_type: VOTER last_known_addr { host: "127.23.100.66" port: 35809 } } peers { permanent_uuid: "e09bce0076724e2a877f658de9a09ddf" member_type: VOTER last_known_addr { host: "127.23.100.67" port: 45233 } }
I20260710 11:07:37.702205 24280 ts_tablet_manager.cc:1434] T 1bfa7037cb1d4db080e2c57cdaa0bec1 P e09bce0076724e2a877f658de9a09ddf: Time spent starting tablet: real 0.008s	user 0.004s	sys 0.002s
I20260710 11:07:37.703251 24280 tablet_bootstrap.cc:492] T 8b495815960c473780183263949c4cf9 P e09bce0076724e2a877f658de9a09ddf: Bootstrap starting.
I20260710 11:07:37.707068 24281 tablet_bootstrap.cc:654] T b4acc6d0d24d4c83b741545fd470dbe9 P a98207e7ac8a4b2ab15e704a32c11efd: Neither blocks nor log segments found. Creating new log.
I20260710 11:07:37.710652 24280 tablet_bootstrap.cc:654] T 8b495815960c473780183263949c4cf9 P e09bce0076724e2a877f658de9a09ddf: Neither blocks nor log segments found. Creating new log.
I20260710 11:07:37.727705 24282 ts_tablet_manager.cc:1434] T 8b495815960c473780183263949c4cf9 P 3f1ed2ba1cdb4f3e91e07b8fa318de73: Time spent starting tablet: real 0.067s	user 0.023s	sys 0.042s
I20260710 11:07:37.728175 24280 tablet_bootstrap.cc:492] T 8b495815960c473780183263949c4cf9 P e09bce0076724e2a877f658de9a09ddf: No bootstrap required, opened a new log
I20260710 11:07:37.728698 24282 tablet_bootstrap.cc:492] T b328936cce4b4cc191d39f51c3a92a13 P 3f1ed2ba1cdb4f3e91e07b8fa318de73: Bootstrap starting.
I20260710 11:07:37.728727 24280 ts_tablet_manager.cc:1403] T 8b495815960c473780183263949c4cf9 P e09bce0076724e2a877f658de9a09ddf: Time spent bootstrapping tablet: real 0.026s	user 0.012s	sys 0.007s
I20260710 11:07:37.729139 24188 heartbeater.cc:499] Master 127.23.100.126:37329 was elected leader, sending a full tablet report...
I20260710 11:07:37.732743 24280 raft_consensus.cc:359] T 8b495815960c473780183263949c4cf9 P e09bce0076724e2a877f658de9a09ddf [term 0 FOLLOWER]: Replica starting. Triggering 0 pending ops. Active config: opid_index: -1 OBSOLETE_local: false peers { permanent_uuid: "a98207e7ac8a4b2ab15e704a32c11efd" member_type: VOTER last_known_addr { host: "127.23.100.65" port: 44675 } } peers { permanent_uuid: "3f1ed2ba1cdb4f3e91e07b8fa318de73" member_type: VOTER last_known_addr { host: "127.23.100.66" port: 35809 } } peers { permanent_uuid: "e09bce0076724e2a877f658de9a09ddf" member_type: VOTER last_known_addr { host: "127.23.100.67" port: 45233 } }
I20260710 11:07:37.733554 24280 raft_consensus.cc:385] T 8b495815960c473780183263949c4cf9 P e09bce0076724e2a877f658de9a09ddf [term 0 FOLLOWER]: Consensus starting up: Expiring failure detector timer to make a prompt election more likely
I20260710 11:07:37.733865 24280 raft_consensus.cc:740] T 8b495815960c473780183263949c4cf9 P e09bce0076724e2a877f658de9a09ddf [term 0 FOLLOWER]: Becoming Follower/Learner. State: Replica: e09bce0076724e2a877f658de9a09ddf, State: Initialized, Role: FOLLOWER
I20260710 11:07:37.734678 24280 consensus_queue.cc:260] T 8b495815960c473780183263949c4cf9 P e09bce0076724e2a877f658de9a09ddf [NON_LEADER]: Queue going to NON_LEADER mode. State: All replicated index: 0, Majority replicated index: 0, Committed index: 0, Last appended: 0.0, Last appended by leader: 0, Current term: 0, Majority size: -1, State: 0, Mode: NON_LEADER, active raft config: opid_index: -1 OBSOLETE_local: false peers { permanent_uuid: "a98207e7ac8a4b2ab15e704a32c11efd" member_type: VOTER last_known_addr { host: "127.23.100.65" port: 44675 } } peers { permanent_uuid: "3f1ed2ba1cdb4f3e91e07b8fa318de73" member_type: VOTER last_known_addr { host: "127.23.100.66" port: 35809 } } peers { permanent_uuid: "e09bce0076724e2a877f658de9a09ddf" member_type: VOTER last_known_addr { host: "127.23.100.67" port: 45233 } }
I20260710 11:07:37.736793 24282 tablet_bootstrap.cc:654] T b328936cce4b4cc191d39f51c3a92a13 P 3f1ed2ba1cdb4f3e91e07b8fa318de73: Neither blocks nor log segments found. Creating new log.
I20260710 11:07:37.737287 24280 ts_tablet_manager.cc:1434] T 8b495815960c473780183263949c4cf9 P e09bce0076724e2a877f658de9a09ddf: Time spent starting tablet: real 0.008s	user 0.004s	sys 0.003s
I20260710 11:07:37.738349 24280 tablet_bootstrap.cc:492] T ea964851cc5047a5a00bb062b62e0f19 P e09bce0076724e2a877f658de9a09ddf: Bootstrap starting.
I20260710 11:07:37.740517 24287 raft_consensus.cc:493] T d889979422884b048f899b748e547087 P a98207e7ac8a4b2ab15e704a32c11efd [term 0 FOLLOWER]: Starting pre-election (no leader contacted us within the election timeout)
I20260710 11:07:37.741140 24287 raft_consensus.cc:515] T d889979422884b048f899b748e547087 P a98207e7ac8a4b2ab15e704a32c11efd [term 0 FOLLOWER]: Starting pre-election with config: opid_index: -1 OBSOLETE_local: false peers { permanent_uuid: "a98207e7ac8a4b2ab15e704a32c11efd" member_type: VOTER last_known_addr { host: "127.23.100.65" port: 44675 } } peers { permanent_uuid: "3f1ed2ba1cdb4f3e91e07b8fa318de73" member_type: VOTER last_known_addr { host: "127.23.100.66" port: 35809 } } peers { permanent_uuid: "e09bce0076724e2a877f658de9a09ddf" member_type: VOTER last_known_addr { host: "127.23.100.67" port: 45233 } }
I20260710 11:07:37.744565 24287 leader_election.cc:290] T d889979422884b048f899b748e547087 P a98207e7ac8a4b2ab15e704a32c11efd [CANDIDATE]: Term 1 pre-election: Requested pre-vote from peers 3f1ed2ba1cdb4f3e91e07b8fa318de73 (127.23.100.66:35809), e09bce0076724e2a877f658de9a09ddf (127.23.100.67:45233)
I20260710 11:07:37.752434 24280 tablet_bootstrap.cc:654] T ea964851cc5047a5a00bb062b62e0f19 P e09bce0076724e2a877f658de9a09ddf: Neither blocks nor log segments found. Creating new log.
I20260710 11:07:37.767496 24282 tablet_bootstrap.cc:492] T b328936cce4b4cc191d39f51c3a92a13 P 3f1ed2ba1cdb4f3e91e07b8fa318de73: No bootstrap required, opened a new log
I20260710 11:07:37.768116 24282 ts_tablet_manager.cc:1403] T b328936cce4b4cc191d39f51c3a92a13 P 3f1ed2ba1cdb4f3e91e07b8fa318de73: Time spent bootstrapping tablet: real 0.040s	user 0.025s	sys 0.011s
I20260710 11:07:37.771327 24282 raft_consensus.cc:359] T b328936cce4b4cc191d39f51c3a92a13 P 3f1ed2ba1cdb4f3e91e07b8fa318de73 [term 0 FOLLOWER]: Replica starting. Triggering 0 pending ops. Active config: opid_index: -1 OBSOLETE_local: false peers { permanent_uuid: "a98207e7ac8a4b2ab15e704a32c11efd" member_type: VOTER last_known_addr { host: "127.23.100.65" port: 44675 } } peers { permanent_uuid: "3f1ed2ba1cdb4f3e91e07b8fa318de73" member_type: VOTER last_known_addr { host: "127.23.100.66" port: 35809 } } peers { permanent_uuid: "e09bce0076724e2a877f658de9a09ddf" member_type: VOTER last_known_addr { host: "127.23.100.67" port: 45233 } }
I20260710 11:07:37.772197 24282 raft_consensus.cc:385] T b328936cce4b4cc191d39f51c3a92a13 P 3f1ed2ba1cdb4f3e91e07b8fa318de73 [term 0 FOLLOWER]: Consensus starting up: Expiring failure detector timer to make a prompt election more likely
I20260710 11:07:37.772683 24282 raft_consensus.cc:740] T b328936cce4b4cc191d39f51c3a92a13 P 3f1ed2ba1cdb4f3e91e07b8fa318de73 [term 0 FOLLOWER]: Becoming Follower/Learner. State: Replica: 3f1ed2ba1cdb4f3e91e07b8fa318de73, State: Initialized, Role: FOLLOWER
I20260710 11:07:37.773715 24282 consensus_queue.cc:260] T b328936cce4b4cc191d39f51c3a92a13 P 3f1ed2ba1cdb4f3e91e07b8fa318de73 [NON_LEADER]: Queue going to NON_LEADER mode. State: All replicated index: 0, Majority replicated index: 0, Committed index: 0, Last appended: 0.0, Last appended by leader: 0, Current term: 0, Majority size: -1, State: 0, Mode: NON_LEADER, active raft config: opid_index: -1 OBSOLETE_local: false peers { permanent_uuid: "a98207e7ac8a4b2ab15e704a32c11efd" member_type: VOTER last_known_addr { host: "127.23.100.65" port: 44675 } } peers { permanent_uuid: "3f1ed2ba1cdb4f3e91e07b8fa318de73" member_type: VOTER last_known_addr { host: "127.23.100.66" port: 35809 } } peers { permanent_uuid: "e09bce0076724e2a877f658de9a09ddf" member_type: VOTER last_known_addr { host: "127.23.100.67" port: 45233 } }
I20260710 11:07:37.777654 24281 tablet_bootstrap.cc:492] T b4acc6d0d24d4c83b741545fd470dbe9 P a98207e7ac8a4b2ab15e704a32c11efd: No bootstrap required, opened a new log
I20260710 11:07:37.777851 24282 ts_tablet_manager.cc:1434] T b328936cce4b4cc191d39f51c3a92a13 P 3f1ed2ba1cdb4f3e91e07b8fa318de73: Time spent starting tablet: real 0.009s	user 0.009s	sys 0.000s
I20260710 11:07:37.778191 24281 ts_tablet_manager.cc:1403] T b4acc6d0d24d4c83b741545fd470dbe9 P a98207e7ac8a4b2ab15e704a32c11efd: Time spent bootstrapping tablet: real 0.080s	user 0.022s	sys 0.033s
I20260710 11:07:37.778717 24282 tablet_bootstrap.cc:492] T 973788e0991941caabfedc96d86f7f21 P 3f1ed2ba1cdb4f3e91e07b8fa318de73: Bootstrap starting.
I20260710 11:07:37.780968 24281 raft_consensus.cc:359] T b4acc6d0d24d4c83b741545fd470dbe9 P a98207e7ac8a4b2ab15e704a32c11efd [term 0 FOLLOWER]: Replica starting. Triggering 0 pending ops. Active config: opid_index: -1 OBSOLETE_local: false peers { permanent_uuid: "a98207e7ac8a4b2ab15e704a32c11efd" member_type: VOTER last_known_addr { host: "127.23.100.65" port: 44675 } } peers { permanent_uuid: "3f1ed2ba1cdb4f3e91e07b8fa318de73" member_type: VOTER last_known_addr { host: "127.23.100.66" port: 35809 } } peers { permanent_uuid: "e09bce0076724e2a877f658de9a09ddf" member_type: VOTER last_known_addr { host: "127.23.100.67" port: 45233 } }
I20260710 11:07:37.783077 24281 raft_consensus.cc:385] T b4acc6d0d24d4c83b741545fd470dbe9 P a98207e7ac8a4b2ab15e704a32c11efd [term 0 FOLLOWER]: Consensus starting up: Expiring failure detector timer to make a prompt election more likely
I20260710 11:07:37.783376 24281 raft_consensus.cc:740] T b4acc6d0d24d4c83b741545fd470dbe9 P a98207e7ac8a4b2ab15e704a32c11efd [term 0 FOLLOWER]: Becoming Follower/Learner. State: Replica: a98207e7ac8a4b2ab15e704a32c11efd, State: Initialized, Role: FOLLOWER
W20260710 11:07:37.784024 24263 tablet.cc:2406] T 1bfa7037cb1d4db080e2c57cdaa0bec1 P e09bce0076724e2a877f658de9a09ddf: Can't schedule compaction. Clean time has not been advanced past its initial value.
I20260710 11:07:37.784561 24281 consensus_queue.cc:260] T b4acc6d0d24d4c83b741545fd470dbe9 P a98207e7ac8a4b2ab15e704a32c11efd [NON_LEADER]: Queue going to NON_LEADER mode. State: All replicated index: 0, Majority replicated index: 0, Committed index: 0, Last appended: 0.0, Last appended by leader: 0, Current term: 0, Majority size: -1, State: 0, Mode: NON_LEADER, active raft config: opid_index: -1 OBSOLETE_local: false peers { permanent_uuid: "a98207e7ac8a4b2ab15e704a32c11efd" member_type: VOTER last_known_addr { host: "127.23.100.65" port: 44675 } } peers { permanent_uuid: "3f1ed2ba1cdb4f3e91e07b8fa318de73" member_type: VOTER last_known_addr { host: "127.23.100.66" port: 35809 } } peers { permanent_uuid: "e09bce0076724e2a877f658de9a09ddf" member_type: VOTER last_known_addr { host: "127.23.100.67" port: 45233 } }
I20260710 11:07:37.786152 24280 tablet_bootstrap.cc:492] T ea964851cc5047a5a00bb062b62e0f19 P e09bce0076724e2a877f658de9a09ddf: No bootstrap required, opened a new log
I20260710 11:07:37.786702 24280 ts_tablet_manager.cc:1403] T ea964851cc5047a5a00bb062b62e0f19 P e09bce0076724e2a877f658de9a09ddf: Time spent bootstrapping tablet: real 0.049s	user 0.008s	sys 0.009s
I20260710 11:07:37.787169 24281 ts_tablet_manager.cc:1434] T b4acc6d0d24d4c83b741545fd470dbe9 P a98207e7ac8a4b2ab15e704a32c11efd: Time spent starting tablet: real 0.009s	user 0.006s	sys 0.001s
I20260710 11:07:37.788189 24281 tablet_bootstrap.cc:492] T b328936cce4b4cc191d39f51c3a92a13 P a98207e7ac8a4b2ab15e704a32c11efd: Bootstrap starting.
I20260710 11:07:37.790067 24280 raft_consensus.cc:359] T ea964851cc5047a5a00bb062b62e0f19 P e09bce0076724e2a877f658de9a09ddf [term 0 FOLLOWER]: Replica starting. Triggering 0 pending ops. Active config: opid_index: -1 OBSOLETE_local: false peers { permanent_uuid: "a98207e7ac8a4b2ab15e704a32c11efd" member_type: VOTER last_known_addr { host: "127.23.100.65" port: 44675 } } peers { permanent_uuid: "3f1ed2ba1cdb4f3e91e07b8fa318de73" member_type: VOTER last_known_addr { host: "127.23.100.66" port: 35809 } } peers { permanent_uuid: "e09bce0076724e2a877f658de9a09ddf" member_type: VOTER last_known_addr { host: "127.23.100.67" port: 45233 } }
I20260710 11:07:37.790872 24280 raft_consensus.cc:385] T ea964851cc5047a5a00bb062b62e0f19 P e09bce0076724e2a877f658de9a09ddf [term 0 FOLLOWER]: Consensus starting up: Expiring failure detector timer to make a prompt election more likely
I20260710 11:07:37.791224 24280 raft_consensus.cc:740] T ea964851cc5047a5a00bb062b62e0f19 P e09bce0076724e2a877f658de9a09ddf [term 0 FOLLOWER]: Becoming Follower/Learner. State: Replica: e09bce0076724e2a877f658de9a09ddf, State: Initialized, Role: FOLLOWER
I20260710 11:07:37.794600 24280 consensus_queue.cc:260] T ea964851cc5047a5a00bb062b62e0f19 P e09bce0076724e2a877f658de9a09ddf [NON_LEADER]: Queue going to NON_LEADER mode. State: All replicated index: 0, Majority replicated index: 0, Committed index: 0, Last appended: 0.0, Last appended by leader: 0, Current term: 0, Majority size: -1, State: 0, Mode: NON_LEADER, active raft config: opid_index: -1 OBSOLETE_local: false peers { permanent_uuid: "a98207e7ac8a4b2ab15e704a32c11efd" member_type: VOTER last_known_addr { host: "127.23.100.65" port: 44675 } } peers { permanent_uuid: "3f1ed2ba1cdb4f3e91e07b8fa318de73" member_type: VOTER last_known_addr { host: "127.23.100.66" port: 35809 } } peers { permanent_uuid: "e09bce0076724e2a877f658de9a09ddf" member_type: VOTER last_known_addr { host: "127.23.100.67" port: 45233 } }
I20260710 11:07:37.795413 24281 tablet_bootstrap.cc:654] T b328936cce4b4cc191d39f51c3a92a13 P a98207e7ac8a4b2ab15e704a32c11efd: Neither blocks nor log segments found. Creating new log.
I20260710 11:07:37.798869 24282 tablet_bootstrap.cc:654] T 973788e0991941caabfedc96d86f7f21 P 3f1ed2ba1cdb4f3e91e07b8fa318de73: Neither blocks nor log segments found. Creating new log.
I20260710 11:07:37.798803 24237 tablet_service.cc:1917] Received RequestConsensusVote() RPC: tablet_id: "d889979422884b048f899b748e547087" candidate_uuid: "a98207e7ac8a4b2ab15e704a32c11efd" candidate_term: 1 candidate_status { last_received { term: 0 index: 0 } } ignore_live_leader: false dest_uuid: "e09bce0076724e2a877f658de9a09ddf" is_pre_election: true
I20260710 11:07:37.799811 24237 raft_consensus.cc:2468] T d889979422884b048f899b748e547087 P e09bce0076724e2a877f658de9a09ddf [term 0 FOLLOWER]: Leader pre-election vote request: Granting yes vote for candidate a98207e7ac8a4b2ab15e704a32c11efd in term 0.
I20260710 11:07:37.801623 24054 leader_election.cc:304] T d889979422884b048f899b748e547087 P a98207e7ac8a4b2ab15e704a32c11efd [CANDIDATE]: Term 1 pre-election: Election decided. Result: candidate won. Election summary: received 2 responses out of 3 voters: 2 yes votes; 0 no votes. yes voters: a98207e7ac8a4b2ab15e704a32c11efd, e09bce0076724e2a877f658de9a09ddf; no voters: 
I20260710 11:07:37.802839 24287 raft_consensus.cc:2804] T d889979422884b048f899b748e547087 P a98207e7ac8a4b2ab15e704a32c11efd [term 0 FOLLOWER]: Leader pre-election won for term 1
I20260710 11:07:37.803356 24287 raft_consensus.cc:493] T d889979422884b048f899b748e547087 P a98207e7ac8a4b2ab15e704a32c11efd [term 0 FOLLOWER]: Starting leader election (no leader contacted us within the election timeout)
I20260710 11:07:37.803853 24287 raft_consensus.cc:3060] T d889979422884b048f899b748e547087 P a98207e7ac8a4b2ab15e704a32c11efd [term 0 FOLLOWER]: Advancing to term 1
I20260710 11:07:37.806957 24280 ts_tablet_manager.cc:1434] T ea964851cc5047a5a00bb062b62e0f19 P e09bce0076724e2a877f658de9a09ddf: Time spent starting tablet: real 0.020s	user 0.007s	sys 0.001s
I20260710 11:07:37.808095 24280 tablet_bootstrap.cc:492] T b328936cce4b4cc191d39f51c3a92a13 P e09bce0076724e2a877f658de9a09ddf: Bootstrap starting.
I20260710 11:07:37.813387 24285 raft_consensus.cc:493] T 8b495815960c473780183263949c4cf9 P e09bce0076724e2a877f658de9a09ddf [term 0 FOLLOWER]: Starting pre-election (no leader contacted us within the election timeout)
I20260710 11:07:37.813966 24285 raft_consensus.cc:515] T 8b495815960c473780183263949c4cf9 P e09bce0076724e2a877f658de9a09ddf [term 0 FOLLOWER]: Starting pre-election with config: opid_index: -1 OBSOLETE_local: false peers { permanent_uuid: "a98207e7ac8a4b2ab15e704a32c11efd" member_type: VOTER last_known_addr { host: "127.23.100.65" port: 44675 } } peers { permanent_uuid: "3f1ed2ba1cdb4f3e91e07b8fa318de73" member_type: VOTER last_known_addr { host: "127.23.100.66" port: 35809 } } peers { permanent_uuid: "e09bce0076724e2a877f658de9a09ddf" member_type: VOTER last_known_addr { host: "127.23.100.67" port: 45233 } }
I20260710 11:07:37.821372 24287 raft_consensus.cc:515] T d889979422884b048f899b748e547087 P a98207e7ac8a4b2ab15e704a32c11efd [term 1 FOLLOWER]: Starting leader election with config: opid_index: -1 OBSOLETE_local: false peers { permanent_uuid: "a98207e7ac8a4b2ab15e704a32c11efd" member_type: VOTER last_known_addr { host: "127.23.100.65" port: 44675 } } peers { permanent_uuid: "3f1ed2ba1cdb4f3e91e07b8fa318de73" member_type: VOTER last_known_addr { host: "127.23.100.66" port: 35809 } } peers { permanent_uuid: "e09bce0076724e2a877f658de9a09ddf" member_type: VOTER last_known_addr { host: "127.23.100.67" port: 45233 } }
I20260710 11:07:37.830404 24280 tablet_bootstrap.cc:654] T b328936cce4b4cc191d39f51c3a92a13 P e09bce0076724e2a877f658de9a09ddf: Neither blocks nor log segments found. Creating new log.
I20260710 11:07:37.833300 24285 leader_election.cc:290] T 8b495815960c473780183263949c4cf9 P e09bce0076724e2a877f658de9a09ddf [CANDIDATE]: Term 1 pre-election: Requested pre-vote from peers a98207e7ac8a4b2ab15e704a32c11efd (127.23.100.65:44675), 3f1ed2ba1cdb4f3e91e07b8fa318de73 (127.23.100.66:35809)
I20260710 11:07:37.834436 24163 tablet_service.cc:1917] Received RequestConsensusVote() RPC: tablet_id: "d889979422884b048f899b748e547087" candidate_uuid: "a98207e7ac8a4b2ab15e704a32c11efd" candidate_term: 1 candidate_status { last_received { term: 0 index: 0 } } ignore_live_leader: false dest_uuid: "3f1ed2ba1cdb4f3e91e07b8fa318de73" is_pre_election: true
W20260710 11:07:37.837574 24054 leader_election.cc:343] T d889979422884b048f899b748e547087 P a98207e7ac8a4b2ab15e704a32c11efd [CANDIDATE]: Term 1 pre-election: Tablet error from VoteRequest() call to peer 3f1ed2ba1cdb4f3e91e07b8fa318de73 (127.23.100.66:35809): Illegal state: must be running to vote when last-logged opid is not known
I20260710 11:07:37.845908 24163 tablet_service.cc:1917] Received RequestConsensusVote() RPC: tablet_id: "d889979422884b048f899b748e547087" candidate_uuid: "a98207e7ac8a4b2ab15e704a32c11efd" candidate_term: 1 candidate_status { last_received { term: 0 index: 0 } } ignore_live_leader: false dest_uuid: "3f1ed2ba1cdb4f3e91e07b8fa318de73"
I20260710 11:07:37.848723 24281 tablet_bootstrap.cc:492] T b328936cce4b4cc191d39f51c3a92a13 P a98207e7ac8a4b2ab15e704a32c11efd: No bootstrap required, opened a new log
I20260710 11:07:37.845799 24287 leader_election.cc:290] T d889979422884b048f899b748e547087 P a98207e7ac8a4b2ab15e704a32c11efd [CANDIDATE]: Term 1 election: Requested vote from peers 3f1ed2ba1cdb4f3e91e07b8fa318de73 (127.23.100.66:35809), e09bce0076724e2a877f658de9a09ddf (127.23.100.67:45233)
I20260710 11:07:37.849287 24281 ts_tablet_manager.cc:1403] T b328936cce4b4cc191d39f51c3a92a13 P a98207e7ac8a4b2ab15e704a32c11efd: Time spent bootstrapping tablet: real 0.061s	user 0.010s	sys 0.008s
W20260710 11:07:37.849869 24054 leader_election.cc:343] T d889979422884b048f899b748e547087 P a98207e7ac8a4b2ab15e704a32c11efd [CANDIDATE]: Term 1 election: Tablet error from VoteRequest() call to peer 3f1ed2ba1cdb4f3e91e07b8fa318de73 (127.23.100.66:35809): Illegal state: must be running to vote when last-logged opid is not known
I20260710 11:07:37.848367 24237 tablet_service.cc:1917] Received RequestConsensusVote() RPC: tablet_id: "d889979422884b048f899b748e547087" candidate_uuid: "a98207e7ac8a4b2ab15e704a32c11efd" candidate_term: 1 candidate_status { last_received { term: 0 index: 0 } } ignore_live_leader: false dest_uuid: "e09bce0076724e2a877f658de9a09ddf"
I20260710 11:07:37.851972 24282 tablet_bootstrap.cc:492] T 973788e0991941caabfedc96d86f7f21 P 3f1ed2ba1cdb4f3e91e07b8fa318de73: No bootstrap required, opened a new log
I20260710 11:07:37.852422 24237 raft_consensus.cc:3060] T d889979422884b048f899b748e547087 P e09bce0076724e2a877f658de9a09ddf [term 0 FOLLOWER]: Advancing to term 1
I20260710 11:07:37.852443 24281 raft_consensus.cc:359] T b328936cce4b4cc191d39f51c3a92a13 P a98207e7ac8a4b2ab15e704a32c11efd [term 0 FOLLOWER]: Replica starting. Triggering 0 pending ops. Active config: opid_index: -1 OBSOLETE_local: false peers { permanent_uuid: "a98207e7ac8a4b2ab15e704a32c11efd" member_type: VOTER last_known_addr { host: "127.23.100.65" port: 44675 } } peers { permanent_uuid: "3f1ed2ba1cdb4f3e91e07b8fa318de73" member_type: VOTER last_known_addr { host: "127.23.100.66" port: 35809 } } peers { permanent_uuid: "e09bce0076724e2a877f658de9a09ddf" member_type: VOTER last_known_addr { host: "127.23.100.67" port: 45233 } }
I20260710 11:07:37.853251 24282 ts_tablet_manager.cc:1403] T 973788e0991941caabfedc96d86f7f21 P 3f1ed2ba1cdb4f3e91e07b8fa318de73: Time spent bootstrapping tablet: real 0.075s	user 0.019s	sys 0.023s
I20260710 11:07:37.853508 24281 raft_consensus.cc:385] T b328936cce4b4cc191d39f51c3a92a13 P a98207e7ac8a4b2ab15e704a32c11efd [term 0 FOLLOWER]: Consensus starting up: Expiring failure detector timer to make a prompt election more likely
I20260710 11:07:37.853921 24281 raft_consensus.cc:740] T b328936cce4b4cc191d39f51c3a92a13 P a98207e7ac8a4b2ab15e704a32c11efd [term 0 FOLLOWER]: Becoming Follower/Learner. State: Replica: a98207e7ac8a4b2ab15e704a32c11efd, State: Initialized, Role: FOLLOWER
I20260710 11:07:37.855187 24281 consensus_queue.cc:260] T b328936cce4b4cc191d39f51c3a92a13 P a98207e7ac8a4b2ab15e704a32c11efd [NON_LEADER]: Queue going to NON_LEADER mode. State: All replicated index: 0, Majority replicated index: 0, Committed index: 0, Last appended: 0.0, Last appended by leader: 0, Current term: 0, Majority size: -1, State: 0, Mode: NON_LEADER, active raft config: opid_index: -1 OBSOLETE_local: false peers { permanent_uuid: "a98207e7ac8a4b2ab15e704a32c11efd" member_type: VOTER last_known_addr { host: "127.23.100.65" port: 44675 } } peers { permanent_uuid: "3f1ed2ba1cdb4f3e91e07b8fa318de73" member_type: VOTER last_known_addr { host: "127.23.100.66" port: 35809 } } peers { permanent_uuid: "e09bce0076724e2a877f658de9a09ddf" member_type: VOTER last_known_addr { host: "127.23.100.67" port: 45233 } }
I20260710 11:07:37.863394 24281 ts_tablet_manager.cc:1434] T b328936cce4b4cc191d39f51c3a92a13 P a98207e7ac8a4b2ab15e704a32c11efd: Time spent starting tablet: real 0.014s	user 0.007s	sys 0.001s
I20260710 11:07:37.867273 24282 raft_consensus.cc:359] T 973788e0991941caabfedc96d86f7f21 P 3f1ed2ba1cdb4f3e91e07b8fa318de73 [term 0 FOLLOWER]: Replica starting. Triggering 0 pending ops. Active config: opid_index: -1 OBSOLETE_local: false peers { permanent_uuid: "a98207e7ac8a4b2ab15e704a32c11efd" member_type: VOTER last_known_addr { host: "127.23.100.65" port: 44675 } } peers { permanent_uuid: "3f1ed2ba1cdb4f3e91e07b8fa318de73" member_type: VOTER last_known_addr { host: "127.23.100.66" port: 35809 } } peers { permanent_uuid: "e09bce0076724e2a877f658de9a09ddf" member_type: VOTER last_known_addr { host: "127.23.100.67" port: 45233 } }
I20260710 11:07:37.868144 24281 tablet_bootstrap.cc:492] T 8b495815960c473780183263949c4cf9 P a98207e7ac8a4b2ab15e704a32c11efd: Bootstrap starting.
I20260710 11:07:37.869756 24282 raft_consensus.cc:385] T 973788e0991941caabfedc96d86f7f21 P 3f1ed2ba1cdb4f3e91e07b8fa318de73 [term 0 FOLLOWER]: Consensus starting up: Expiring failure detector timer to make a prompt election more likely
I20260710 11:07:37.872957 24282 raft_consensus.cc:740] T 973788e0991941caabfedc96d86f7f21 P 3f1ed2ba1cdb4f3e91e07b8fa318de73 [term 0 FOLLOWER]: Becoming Follower/Learner. State: Replica: 3f1ed2ba1cdb4f3e91e07b8fa318de73, State: Initialized, Role: FOLLOWER
I20260710 11:07:37.874500 24282 consensus_queue.cc:260] T 973788e0991941caabfedc96d86f7f21 P 3f1ed2ba1cdb4f3e91e07b8fa318de73 [NON_LEADER]: Queue going to NON_LEADER mode. State: All replicated index: 0, Majority replicated index: 0, Committed index: 0, Last appended: 0.0, Last appended by leader: 0, Current term: 0, Majority size: -1, State: 0, Mode: NON_LEADER, active raft config: opid_index: -1 OBSOLETE_local: false peers { permanent_uuid: "a98207e7ac8a4b2ab15e704a32c11efd" member_type: VOTER last_known_addr { host: "127.23.100.65" port: 44675 } } peers { permanent_uuid: "3f1ed2ba1cdb4f3e91e07b8fa318de73" member_type: VOTER last_known_addr { host: "127.23.100.66" port: 35809 } } peers { permanent_uuid: "e09bce0076724e2a877f658de9a09ddf" member_type: VOTER last_known_addr { host: "127.23.100.67" port: 45233 } }
I20260710 11:07:37.878074 24163 tablet_service.cc:1917] Received RequestConsensusVote() RPC: tablet_id: "8b495815960c473780183263949c4cf9" candidate_uuid: "e09bce0076724e2a877f658de9a09ddf" candidate_term: 1 candidate_status { last_received { term: 0 index: 0 } } ignore_live_leader: false dest_uuid: "3f1ed2ba1cdb4f3e91e07b8fa318de73" is_pre_election: true
I20260710 11:07:37.878916 24163 raft_consensus.cc:2468] T 8b495815960c473780183263949c4cf9 P 3f1ed2ba1cdb4f3e91e07b8fa318de73 [term 0 FOLLOWER]: Leader pre-election vote request: Granting yes vote for candidate e09bce0076724e2a877f658de9a09ddf in term 0.
I20260710 11:07:37.879280 24282 ts_tablet_manager.cc:1434] T 973788e0991941caabfedc96d86f7f21 P 3f1ed2ba1cdb4f3e91e07b8fa318de73: Time spent starting tablet: real 0.026s	user 0.005s	sys 0.003s
I20260710 11:07:37.882309 24237 raft_consensus.cc:2468] T d889979422884b048f899b748e547087 P e09bce0076724e2a877f658de9a09ddf [term 1 FOLLOWER]: Leader election vote request: Granting yes vote for candidate a98207e7ac8a4b2ab15e704a32c11efd in term 1.
I20260710 11:07:37.882794 24280 tablet_bootstrap.cc:492] T b328936cce4b4cc191d39f51c3a92a13 P e09bce0076724e2a877f658de9a09ddf: No bootstrap required, opened a new log
I20260710 11:07:37.881289 24282 tablet_bootstrap.cc:492] T 1bfa7037cb1d4db080e2c57cdaa0bec1 P 3f1ed2ba1cdb4f3e91e07b8fa318de73: Bootstrap starting.
I20260710 11:07:37.883281 24280 ts_tablet_manager.cc:1403] T b328936cce4b4cc191d39f51c3a92a13 P e09bce0076724e2a877f658de9a09ddf: Time spent bootstrapping tablet: real 0.075s	user 0.015s	sys 0.015s
I20260710 11:07:37.883333 24281 tablet_bootstrap.cc:654] T 8b495815960c473780183263949c4cf9 P a98207e7ac8a4b2ab15e704a32c11efd: Neither blocks nor log segments found. Creating new log.
I20260710 11:07:37.881282 24203 leader_election.cc:304] T 8b495815960c473780183263949c4cf9 P e09bce0076724e2a877f658de9a09ddf [CANDIDATE]: Term 1 pre-election: Election decided. Result: candidate won. Election summary: received 2 responses out of 3 voters: 2 yes votes; 0 no votes. yes voters: 3f1ed2ba1cdb4f3e91e07b8fa318de73, e09bce0076724e2a877f658de9a09ddf; no voters: 
I20260710 11:07:37.888785 24285 raft_consensus.cc:2804] T 8b495815960c473780183263949c4cf9 P e09bce0076724e2a877f658de9a09ddf [term 0 FOLLOWER]: Leader pre-election won for term 1
I20260710 11:07:37.887828 24280 raft_consensus.cc:359] T b328936cce4b4cc191d39f51c3a92a13 P e09bce0076724e2a877f658de9a09ddf [term 0 FOLLOWER]: Replica starting. Triggering 0 pending ops. Active config: opid_index: -1 OBSOLETE_local: false peers { permanent_uuid: "a98207e7ac8a4b2ab15e704a32c11efd" member_type: VOTER last_known_addr { host: "127.23.100.65" port: 44675 } } peers { permanent_uuid: "3f1ed2ba1cdb4f3e91e07b8fa318de73" member_type: VOTER last_known_addr { host: "127.23.100.66" port: 35809 } } peers { permanent_uuid: "e09bce0076724e2a877f658de9a09ddf" member_type: VOTER last_known_addr { host: "127.23.100.67" port: 45233 } }
I20260710 11:07:37.889635 24280 raft_consensus.cc:385] T b328936cce4b4cc191d39f51c3a92a13 P e09bce0076724e2a877f658de9a09ddf [term 0 FOLLOWER]: Consensus starting up: Expiring failure detector timer to make a prompt election more likely
I20260710 11:07:37.889297 24285 raft_consensus.cc:493] T 8b495815960c473780183263949c4cf9 P e09bce0076724e2a877f658de9a09ddf [term 0 FOLLOWER]: Starting leader election (no leader contacted us within the election timeout)
I20260710 11:07:37.890003 24280 raft_consensus.cc:740] T b328936cce4b4cc191d39f51c3a92a13 P e09bce0076724e2a877f658de9a09ddf [term 0 FOLLOWER]: Becoming Follower/Learner. State: Replica: e09bce0076724e2a877f658de9a09ddf, State: Initialized, Role: FOLLOWER
I20260710 11:07:37.884126 24054 leader_election.cc:304] T d889979422884b048f899b748e547087 P a98207e7ac8a4b2ab15e704a32c11efd [CANDIDATE]: Term 1 election: Election decided. Result: candidate won. Election summary: received 3 responses out of 3 voters: 2 yes votes; 1 no votes. yes voters: a98207e7ac8a4b2ab15e704a32c11efd, e09bce0076724e2a877f658de9a09ddf; no voters: 3f1ed2ba1cdb4f3e91e07b8fa318de73
I20260710 11:07:37.892019 24287 raft_consensus.cc:2804] T d889979422884b048f899b748e547087 P a98207e7ac8a4b2ab15e704a32c11efd [term 1 FOLLOWER]: Leader election won for term 1
I20260710 11:07:37.892688 24285 raft_consensus.cc:3060] T 8b495815960c473780183263949c4cf9 P e09bce0076724e2a877f658de9a09ddf [term 0 FOLLOWER]: Advancing to term 1
I20260710 11:07:37.894244 24282 tablet_bootstrap.cc:654] T 1bfa7037cb1d4db080e2c57cdaa0bec1 P 3f1ed2ba1cdb4f3e91e07b8fa318de73: Neither blocks nor log segments found. Creating new log.
I20260710 11:07:37.899964 24287 raft_consensus.cc:697] T d889979422884b048f899b748e547087 P a98207e7ac8a4b2ab15e704a32c11efd [term 1 LEADER]: Becoming Leader. State: Replica: a98207e7ac8a4b2ab15e704a32c11efd, State: Running, Role: LEADER
I20260710 11:07:37.893330 24280 consensus_queue.cc:260] T b328936cce4b4cc191d39f51c3a92a13 P e09bce0076724e2a877f658de9a09ddf [NON_LEADER]: Queue going to NON_LEADER mode. State: All replicated index: 0, Majority replicated index: 0, Committed index: 0, Last appended: 0.0, Last appended by leader: 0, Current term: 0, Majority size: -1, State: 0, Mode: NON_LEADER, active raft config: opid_index: -1 OBSOLETE_local: false peers { permanent_uuid: "a98207e7ac8a4b2ab15e704a32c11efd" member_type: VOTER last_known_addr { host: "127.23.100.65" port: 44675 } } peers { permanent_uuid: "3f1ed2ba1cdb4f3e91e07b8fa318de73" member_type: VOTER last_known_addr { host: "127.23.100.66" port: 35809 } } peers { permanent_uuid: "e09bce0076724e2a877f658de9a09ddf" member_type: VOTER last_known_addr { host: "127.23.100.67" port: 45233 } }
I20260710 11:07:37.901141 24088 tablet_service.cc:1917] Received RequestConsensusVote() RPC: tablet_id: "8b495815960c473780183263949c4cf9" candidate_uuid: "e09bce0076724e2a877f658de9a09ddf" candidate_term: 1 candidate_status { last_received { term: 0 index: 0 } } ignore_live_leader: false dest_uuid: "a98207e7ac8a4b2ab15e704a32c11efd" is_pre_election: true
I20260710 11:07:37.901202 24287 consensus_queue.cc:237] T d889979422884b048f899b748e547087 P a98207e7ac8a4b2ab15e704a32c11efd [LEADER]: Queue going to LEADER mode. State: All replicated index: 0, Majority replicated index: 0, Committed index: 0, Last appended: 0.0, Last appended by leader: 0, Current term: 1, Majority size: 2, State: 0, Mode: LEADER, active raft config: opid_index: -1 OBSOLETE_local: false peers { permanent_uuid: "a98207e7ac8a4b2ab15e704a32c11efd" member_type: VOTER last_known_addr { host: "127.23.100.65" port: 44675 } } peers { permanent_uuid: "3f1ed2ba1cdb4f3e91e07b8fa318de73" member_type: VOTER last_known_addr { host: "127.23.100.66" port: 35809 } } peers { permanent_uuid: "e09bce0076724e2a877f658de9a09ddf" member_type: VOTER last_known_addr { host: "127.23.100.67" port: 45233 } }
W20260710 11:07:37.904822 24201 leader_election.cc:343] T 8b495815960c473780183263949c4cf9 P e09bce0076724e2a877f658de9a09ddf [CANDIDATE]: Term 1 pre-election: Tablet error from VoteRequest() call to peer a98207e7ac8a4b2ab15e704a32c11efd (127.23.100.65:44675): Illegal state: must be running to vote when last-logged opid is not known
I20260710 11:07:37.910421 24285 raft_consensus.cc:515] T 8b495815960c473780183263949c4cf9 P e09bce0076724e2a877f658de9a09ddf [term 1 FOLLOWER]: Starting leader election with config: opid_index: -1 OBSOLETE_local: false peers { permanent_uuid: "a98207e7ac8a4b2ab15e704a32c11efd" member_type: VOTER last_known_addr { host: "127.23.100.65" port: 44675 } } peers { permanent_uuid: "3f1ed2ba1cdb4f3e91e07b8fa318de73" member_type: VOTER last_known_addr { host: "127.23.100.66" port: 35809 } } peers { permanent_uuid: "e09bce0076724e2a877f658de9a09ddf" member_type: VOTER last_known_addr { host: "127.23.100.67" port: 45233 } }
I20260710 11:07:37.913802 24285 leader_election.cc:290] T 8b495815960c473780183263949c4cf9 P e09bce0076724e2a877f658de9a09ddf [CANDIDATE]: Term 1 election: Requested vote from peers a98207e7ac8a4b2ab15e704a32c11efd (127.23.100.65:44675), 3f1ed2ba1cdb4f3e91e07b8fa318de73 (127.23.100.66:35809)
I20260710 11:07:37.914453 24088 tablet_service.cc:1917] Received RequestConsensusVote() RPC: tablet_id: "8b495815960c473780183263949c4cf9" candidate_uuid: "e09bce0076724e2a877f658de9a09ddf" candidate_term: 1 candidate_status { last_received { term: 0 index: 0 } } ignore_live_leader: false dest_uuid: "a98207e7ac8a4b2ab15e704a32c11efd"
I20260710 11:07:37.914848 24163 tablet_service.cc:1917] Received RequestConsensusVote() RPC: tablet_id: "8b495815960c473780183263949c4cf9" candidate_uuid: "e09bce0076724e2a877f658de9a09ddf" candidate_term: 1 candidate_status { last_received { term: 0 index: 0 } } ignore_live_leader: false dest_uuid: "3f1ed2ba1cdb4f3e91e07b8fa318de73"
I20260710 11:07:37.925973 24163 raft_consensus.cc:3060] T 8b495815960c473780183263949c4cf9 P 3f1ed2ba1cdb4f3e91e07b8fa318de73 [term 0 FOLLOWER]: Advancing to term 1
W20260710 11:07:37.926573 24201 leader_election.cc:343] T 8b495815960c473780183263949c4cf9 P e09bce0076724e2a877f658de9a09ddf [CANDIDATE]: Term 1 election: Tablet error from VoteRequest() call to peer a98207e7ac8a4b2ab15e704a32c11efd (127.23.100.65:44675): Illegal state: must be running to vote when last-logged opid is not known
I20260710 11:07:37.935014 24303 raft_consensus.cc:493] T b4acc6d0d24d4c83b741545fd470dbe9 P a98207e7ac8a4b2ab15e704a32c11efd [term 0 FOLLOWER]: Starting pre-election (no leader contacted us within the election timeout)
I20260710 11:07:37.935541 24303 raft_consensus.cc:515] T b4acc6d0d24d4c83b741545fd470dbe9 P a98207e7ac8a4b2ab15e704a32c11efd [term 0 FOLLOWER]: Starting pre-election with config: opid_index: -1 OBSOLETE_local: false peers { permanent_uuid: "a98207e7ac8a4b2ab15e704a32c11efd" member_type: VOTER last_known_addr { host: "127.23.100.65" port: 44675 } } peers { permanent_uuid: "3f1ed2ba1cdb4f3e91e07b8fa318de73" member_type: VOTER last_known_addr { host: "127.23.100.66" port: 35809 } } peers { permanent_uuid: "e09bce0076724e2a877f658de9a09ddf" member_type: VOTER last_known_addr { host: "127.23.100.67" port: 45233 } }
I20260710 11:07:37.937939 24303 leader_election.cc:290] T b4acc6d0d24d4c83b741545fd470dbe9 P a98207e7ac8a4b2ab15e704a32c11efd [CANDIDATE]: Term 1 pre-election: Requested pre-vote from peers 3f1ed2ba1cdb4f3e91e07b8fa318de73 (127.23.100.66:35809), e09bce0076724e2a877f658de9a09ddf (127.23.100.67:45233)
I20260710 11:07:37.939808 24163 raft_consensus.cc:2468] T 8b495815960c473780183263949c4cf9 P 3f1ed2ba1cdb4f3e91e07b8fa318de73 [term 1 FOLLOWER]: Leader election vote request: Granting yes vote for candidate e09bce0076724e2a877f658de9a09ddf in term 1.
I20260710 11:07:37.941372 24203 leader_election.cc:304] T 8b495815960c473780183263949c4cf9 P e09bce0076724e2a877f658de9a09ddf [CANDIDATE]: Term 1 election: Election decided. Result: candidate won. Election summary: received 3 responses out of 3 voters: 2 yes votes; 1 no votes. yes voters: 3f1ed2ba1cdb4f3e91e07b8fa318de73, e09bce0076724e2a877f658de9a09ddf; no voters: a98207e7ac8a4b2ab15e704a32c11efd
I20260710 11:07:37.942346 24285 raft_consensus.cc:2804] T 8b495815960c473780183263949c4cf9 P e09bce0076724e2a877f658de9a09ddf [term 1 FOLLOWER]: Leader election won for term 1
I20260710 11:07:37.943567 24237 tablet_service.cc:1917] Received RequestConsensusVote() RPC: tablet_id: "b4acc6d0d24d4c83b741545fd470dbe9" candidate_uuid: "a98207e7ac8a4b2ab15e704a32c11efd" candidate_term: 1 candidate_status { last_received { term: 0 index: 0 } } ignore_live_leader: false dest_uuid: "e09bce0076724e2a877f658de9a09ddf" is_pre_election: true
I20260710 11:07:37.943033 24285 raft_consensus.cc:697] T 8b495815960c473780183263949c4cf9 P e09bce0076724e2a877f658de9a09ddf [term 1 LEADER]: Becoming Leader. State: Replica: e09bce0076724e2a877f658de9a09ddf, State: Running, Role: LEADER
I20260710 11:07:37.942551 24162 tablet_service.cc:1917] Received RequestConsensusVote() RPC: tablet_id: "b4acc6d0d24d4c83b741545fd470dbe9" candidate_uuid: "a98207e7ac8a4b2ab15e704a32c11efd" candidate_term: 1 candidate_status { last_received { term: 0 index: 0 } } ignore_live_leader: false dest_uuid: "3f1ed2ba1cdb4f3e91e07b8fa318de73" is_pre_election: true
I20260710 11:07:37.945577 24285 consensus_queue.cc:237] T 8b495815960c473780183263949c4cf9 P e09bce0076724e2a877f658de9a09ddf [LEADER]: Queue going to LEADER mode. State: All replicated index: 0, Majority replicated index: 0, Committed index: 0, Last appended: 0.0, Last appended by leader: 0, Current term: 1, Majority size: 2, State: 0, Mode: LEADER, active raft config: opid_index: -1 OBSOLETE_local: false peers { permanent_uuid: "a98207e7ac8a4b2ab15e704a32c11efd" member_type: VOTER last_known_addr { host: "127.23.100.65" port: 44675 } } peers { permanent_uuid: "3f1ed2ba1cdb4f3e91e07b8fa318de73" member_type: VOTER last_known_addr { host: "127.23.100.66" port: 35809 } } peers { permanent_uuid: "e09bce0076724e2a877f658de9a09ddf" member_type: VOTER last_known_addr { host: "127.23.100.67" port: 45233 } }
W20260710 11:07:37.946026 24054 leader_election.cc:343] T b4acc6d0d24d4c83b741545fd470dbe9 P a98207e7ac8a4b2ab15e704a32c11efd [CANDIDATE]: Term 1 pre-election: Tablet error from VoteRequest() call to peer e09bce0076724e2a877f658de9a09ddf (127.23.100.67:45233): Illegal state: must be running to vote when last-logged opid is not known
I20260710 11:07:37.946684 24280 ts_tablet_manager.cc:1434] T b328936cce4b4cc191d39f51c3a92a13 P e09bce0076724e2a877f658de9a09ddf: Time spent starting tablet: real 0.063s	user 0.014s	sys 0.004s
W20260710 11:07:37.946931 24054 leader_election.cc:343] T b4acc6d0d24d4c83b741545fd470dbe9 P a98207e7ac8a4b2ab15e704a32c11efd [CANDIDATE]: Term 1 pre-election: Tablet error from VoteRequest() call to peer 3f1ed2ba1cdb4f3e91e07b8fa318de73 (127.23.100.66:35809): Illegal state: must be running to vote when last-logged opid is not known
I20260710 11:07:37.947355 24054 leader_election.cc:304] T b4acc6d0d24d4c83b741545fd470dbe9 P a98207e7ac8a4b2ab15e704a32c11efd [CANDIDATE]: Term 1 pre-election: Election decided. Result: candidate lost. Election summary: received 3 responses out of 3 voters: 1 yes votes; 2 no votes. yes voters: a98207e7ac8a4b2ab15e704a32c11efd; no voters: 3f1ed2ba1cdb4f3e91e07b8fa318de73, e09bce0076724e2a877f658de9a09ddf
I20260710 11:07:37.947917 24280 tablet_bootstrap.cc:492] T 973788e0991941caabfedc96d86f7f21 P e09bce0076724e2a877f658de9a09ddf: Bootstrap starting.
I20260710 11:07:37.948729 24303 raft_consensus.cc:2749] T b4acc6d0d24d4c83b741545fd470dbe9 P a98207e7ac8a4b2ab15e704a32c11efd [term 0 FOLLOWER]: Leader pre-election lost for term 1. Reason: could not achieve majority
I20260710 11:07:37.951483 24282 tablet_bootstrap.cc:492] T 1bfa7037cb1d4db080e2c57cdaa0bec1 P 3f1ed2ba1cdb4f3e91e07b8fa318de73: No bootstrap required, opened a new log
I20260710 11:07:37.952478 24282 ts_tablet_manager.cc:1403] T 1bfa7037cb1d4db080e2c57cdaa0bec1 P 3f1ed2ba1cdb4f3e91e07b8fa318de73: Time spent bootstrapping tablet: real 0.072s	user 0.021s	sys 0.007s
I20260710 11:07:37.954810 23983 catalog_manager.cc:5697] T d889979422884b048f899b748e547087 P a98207e7ac8a4b2ab15e704a32c11efd reported cstate change: term changed from 0 to 1, leader changed from <none> to a98207e7ac8a4b2ab15e704a32c11efd (127.23.100.65). New cstate: current_term: 1 leader_uuid: "a98207e7ac8a4b2ab15e704a32c11efd" committed_config { opid_index: -1 OBSOLETE_local: false peers { permanent_uuid: "a98207e7ac8a4b2ab15e704a32c11efd" member_type: VOTER last_known_addr { host: "127.23.100.65" port: 44675 } health_report { overall_health: HEALTHY } } peers { permanent_uuid: "3f1ed2ba1cdb4f3e91e07b8fa318de73" member_type: VOTER last_known_addr { host: "127.23.100.66" port: 35809 } health_report { overall_health: UNKNOWN } } peers { permanent_uuid: "e09bce0076724e2a877f658de9a09ddf" member_type: VOTER last_known_addr { host: "127.23.100.67" port: 45233 } health_report { overall_health: UNKNOWN } } }
I20260710 11:07:37.957106 24282 raft_consensus.cc:359] T 1bfa7037cb1d4db080e2c57cdaa0bec1 P 3f1ed2ba1cdb4f3e91e07b8fa318de73 [term 0 FOLLOWER]: Replica starting. Triggering 0 pending ops. Active config: opid_index: -1 OBSOLETE_local: false peers { permanent_uuid: "a98207e7ac8a4b2ab15e704a32c11efd" member_type: VOTER last_known_addr { host: "127.23.100.65" port: 44675 } } peers { permanent_uuid: "3f1ed2ba1cdb4f3e91e07b8fa318de73" member_type: VOTER last_known_addr { host: "127.23.100.66" port: 35809 } } peers { permanent_uuid: "e09bce0076724e2a877f658de9a09ddf" member_type: VOTER last_known_addr { host: "127.23.100.67" port: 45233 } }
I20260710 11:07:37.957806 24282 raft_consensus.cc:385] T 1bfa7037cb1d4db080e2c57cdaa0bec1 P 3f1ed2ba1cdb4f3e91e07b8fa318de73 [term 0 FOLLOWER]: Consensus starting up: Expiring failure detector timer to make a prompt election more likely
I20260710 11:07:37.958107 24282 raft_consensus.cc:740] T 1bfa7037cb1d4db080e2c57cdaa0bec1 P 3f1ed2ba1cdb4f3e91e07b8fa318de73 [term 0 FOLLOWER]: Becoming Follower/Learner. State: Replica: 3f1ed2ba1cdb4f3e91e07b8fa318de73, State: Initialized, Role: FOLLOWER
I20260710 11:07:37.958812 24282 consensus_queue.cc:260] T 1bfa7037cb1d4db080e2c57cdaa0bec1 P 3f1ed2ba1cdb4f3e91e07b8fa318de73 [NON_LEADER]: Queue going to NON_LEADER mode. State: All replicated index: 0, Majority replicated index: 0, Committed index: 0, Last appended: 0.0, Last appended by leader: 0, Current term: 0, Majority size: -1, State: 0, Mode: NON_LEADER, active raft config: opid_index: -1 OBSOLETE_local: false peers { permanent_uuid: "a98207e7ac8a4b2ab15e704a32c11efd" member_type: VOTER last_known_addr { host: "127.23.100.65" port: 44675 } } peers { permanent_uuid: "3f1ed2ba1cdb4f3e91e07b8fa318de73" member_type: VOTER last_known_addr { host: "127.23.100.66" port: 35809 } } peers { permanent_uuid: "e09bce0076724e2a877f658de9a09ddf" member_type: VOTER last_known_addr { host: "127.23.100.67" port: 45233 } }
I20260710 11:07:37.961984 24282 ts_tablet_manager.cc:1434] T 1bfa7037cb1d4db080e2c57cdaa0bec1 P 3f1ed2ba1cdb4f3e91e07b8fa318de73: Time spent starting tablet: real 0.009s	user 0.007s	sys 0.000s
I20260710 11:07:37.962541 24281 tablet_bootstrap.cc:492] T 8b495815960c473780183263949c4cf9 P a98207e7ac8a4b2ab15e704a32c11efd: No bootstrap required, opened a new log
I20260710 11:07:37.962913 24282 tablet_bootstrap.cc:492] T b4acc6d0d24d4c83b741545fd470dbe9 P 3f1ed2ba1cdb4f3e91e07b8fa318de73: Bootstrap starting.
I20260710 11:07:37.963034 24281 ts_tablet_manager.cc:1403] T 8b495815960c473780183263949c4cf9 P a98207e7ac8a4b2ab15e704a32c11efd: Time spent bootstrapping tablet: real 0.099s	user 0.029s	sys 0.014s
I20260710 11:07:37.967077 24281 raft_consensus.cc:359] T 8b495815960c473780183263949c4cf9 P a98207e7ac8a4b2ab15e704a32c11efd [term 0 FOLLOWER]: Replica starting. Triggering 0 pending ops. Active config: opid_index: -1 OBSOLETE_local: false peers { permanent_uuid: "a98207e7ac8a4b2ab15e704a32c11efd" member_type: VOTER last_known_addr { host: "127.23.100.65" port: 44675 } } peers { permanent_uuid: "3f1ed2ba1cdb4f3e91e07b8fa318de73" member_type: VOTER last_known_addr { host: "127.23.100.66" port: 35809 } } peers { permanent_uuid: "e09bce0076724e2a877f658de9a09ddf" member_type: VOTER last_known_addr { host: "127.23.100.67" port: 45233 } }
I20260710 11:07:37.968272 24281 raft_consensus.cc:385] T 8b495815960c473780183263949c4cf9 P a98207e7ac8a4b2ab15e704a32c11efd [term 0 FOLLOWER]: Consensus starting up: Expiring failure detector timer to make a prompt election more likely
I20260710 11:07:37.969026 24281 raft_consensus.cc:740] T 8b495815960c473780183263949c4cf9 P a98207e7ac8a4b2ab15e704a32c11efd [term 0 FOLLOWER]: Becoming Follower/Learner. State: Replica: a98207e7ac8a4b2ab15e704a32c11efd, State: Initialized, Role: FOLLOWER
I20260710 11:07:37.970196 24281 consensus_queue.cc:260] T 8b495815960c473780183263949c4cf9 P a98207e7ac8a4b2ab15e704a32c11efd [NON_LEADER]: Queue going to NON_LEADER mode. State: All replicated index: 0, Majority replicated index: 0, Committed index: 0, Last appended: 0.0, Last appended by leader: 0, Current term: 0, Majority size: -1, State: 0, Mode: NON_LEADER, active raft config: opid_index: -1 OBSOLETE_local: false peers { permanent_uuid: "a98207e7ac8a4b2ab15e704a32c11efd" member_type: VOTER last_known_addr { host: "127.23.100.65" port: 44675 } } peers { permanent_uuid: "3f1ed2ba1cdb4f3e91e07b8fa318de73" member_type: VOTER last_known_addr { host: "127.23.100.66" port: 35809 } } peers { permanent_uuid: "e09bce0076724e2a877f658de9a09ddf" member_type: VOTER last_known_addr { host: "127.23.100.67" port: 45233 } }
I20260710 11:07:37.976643 24281 ts_tablet_manager.cc:1434] T 8b495815960c473780183263949c4cf9 P a98207e7ac8a4b2ab15e704a32c11efd: Time spent starting tablet: real 0.013s	user 0.004s	sys 0.004s
I20260710 11:07:37.977675 24281 tablet_bootstrap.cc:492] T 25de0bca396045e78cbbb54b2d9a9679 P a98207e7ac8a4b2ab15e704a32c11efd: Bootstrap starting.
I20260710 11:07:37.979072 24280 tablet_bootstrap.cc:654] T 973788e0991941caabfedc96d86f7f21 P e09bce0076724e2a877f658de9a09ddf: Neither blocks nor log segments found. Creating new log.
