I20260710 11:07:50.309572  1446 raft_consensus.cc:359] T d03c1b1280bb40b99b4f550dc51fe773 P 4399739a1a4e4ec284df26430e04bbb0 [term 0 FOLLOWER]: Replica starting. Triggering 0 pending ops. Active config: opid_index: -1 OBSOLETE_local: false peers { permanent_uuid: "4399739a1a4e4ec284df26430e04bbb0" member_type: VOTER last_known_addr { host: "127.0.157.129" port: 34053 } } peers { permanent_uuid: "5ddcddbc22c248eb8a4c4e327386ce27" member_type: VOTER last_known_addr { host: "127.0.157.130" port: 39373 } } peers { permanent_uuid: "4f890a36e8a24dc6a8202f022f5f3005" member_type: VOTER last_known_addr { host: "127.0.157.131" port: 39123 } }
I20260710 11:07:50.310520  1446 raft_consensus.cc:385] T d03c1b1280bb40b99b4f550dc51fe773 P 4399739a1a4e4ec284df26430e04bbb0 [term 0 FOLLOWER]: Consensus starting up: Expiring failure detector timer to make a prompt election more likely
I20260710 11:07:50.310916  1446 raft_consensus.cc:740] T d03c1b1280bb40b99b4f550dc51fe773 P 4399739a1a4e4ec284df26430e04bbb0 [term 0 FOLLOWER]: Becoming Follower/Learner. State: Replica: 4399739a1a4e4ec284df26430e04bbb0, State: Initialized, Role: FOLLOWER
I20260710 11:07:50.311755  1446 consensus_queue.cc:260] T d03c1b1280bb40b99b4f550dc51fe773 P 4399739a1a4e4ec284df26430e04bbb0 [NON_LEADER]: Queue going to NON_LEADER mode. State: All replicated index: 0, Majority replicated index: 0, Committed index: 0, Last appended: 0.0, Last appended by leader: 0, Current term: 0, Majority size: -1, State: 0, Mode: NON_LEADER, active raft config: opid_index: -1 OBSOLETE_local: false peers { permanent_uuid: "4399739a1a4e4ec284df26430e04bbb0" member_type: VOTER last_known_addr { host: "127.0.157.129" port: 34053 } } peers { permanent_uuid: "5ddcddbc22c248eb8a4c4e327386ce27" member_type: VOTER last_known_addr { host: "127.0.157.130" port: 39373 } } peers { permanent_uuid: "4f890a36e8a24dc6a8202f022f5f3005" member_type: VOTER last_known_addr { host: "127.0.157.131" port: 39123 } }
I20260710 11:07:50.314419  1446 ts_tablet_manager.cc:1434] T d03c1b1280bb40b99b4f550dc51fe773 P 4399739a1a4e4ec284df26430e04bbb0: Time spent starting tablet: real 0.008s	user 0.005s	sys 0.001s
I20260710 11:07:50.315567  1446 tablet_bootstrap.cc:492] T 464d1d11d5e744c2a6df1b9b2490f3d0 P 4399739a1a4e4ec284df26430e04bbb0: Bootstrap starting.
I20260710 11:07:50.320981  1403 raft_consensus.cc:2468] T 70f7598ca0ee49e0b0af23bf6c95a685 P 4f890a36e8a24dc6a8202f022f5f3005 [term 1 FOLLOWER]: Leader election vote request: Granting yes vote for candidate 5ddcddbc22c248eb8a4c4e327386ce27 in term 1.
I20260710 11:07:50.323292  1446 tablet_bootstrap.cc:654] T 464d1d11d5e744c2a6df1b9b2490f3d0 P 4399739a1a4e4ec284df26430e04bbb0: Neither blocks nor log segments found. Creating new log.
I20260710 11:07:50.325109  1402 raft_consensus.cc:2468] T 3aabad6d074a4153b594f6252146ed75 P 4f890a36e8a24dc6a8202f022f5f3005 [term 1 FOLLOWER]: Leader election vote request: Granting yes vote for candidate 5ddcddbc22c248eb8a4c4e327386ce27 in term 1.
I20260710 11:07:50.326433  1296 leader_election.cc:304] T 70f7598ca0ee49e0b0af23bf6c95a685 P 5ddcddbc22c248eb8a4c4e327386ce27 [CANDIDATE]: Term 1 election: Election decided. Result: candidate won. Election summary: received 2 responses out of 3 voters: 2 yes votes; 0 no votes. yes voters: 4f890a36e8a24dc6a8202f022f5f3005, 5ddcddbc22c248eb8a4c4e327386ce27; no voters: 
I20260710 11:07:50.327335  1494 raft_consensus.cc:2804] T 70f7598ca0ee49e0b0af23bf6c95a685 P 5ddcddbc22c248eb8a4c4e327386ce27 [term 1 FOLLOWER]: Leader election won for term 1
I20260710 11:07:50.327808  1494 raft_consensus.cc:697] T 70f7598ca0ee49e0b0af23bf6c95a685 P 5ddcddbc22c248eb8a4c4e327386ce27 [term 1 LEADER]: Becoming Leader. State: Replica: 5ddcddbc22c248eb8a4c4e327386ce27, State: Running, Role: LEADER
I20260710 11:07:50.328629  1494 consensus_queue.cc:237] T 70f7598ca0ee49e0b0af23bf6c95a685 P 5ddcddbc22c248eb8a4c4e327386ce27 [LEADER]: Queue going to LEADER mode. State: All replicated index: 0, Majority replicated index: 0, Committed index: 0, Last appended: 0.0, Last appended by leader: 0, Current term: 1, Majority size: 2, State: 0, Mode: LEADER, active raft config: opid_index: -1 OBSOLETE_local: false peers { permanent_uuid: "4399739a1a4e4ec284df26430e04bbb0" member_type: VOTER last_known_addr { host: "127.0.157.129" port: 34053 } } peers { permanent_uuid: "5ddcddbc22c248eb8a4c4e327386ce27" member_type: VOTER last_known_addr { host: "127.0.157.130" port: 39373 } } peers { permanent_uuid: "4f890a36e8a24dc6a8202f022f5f3005" member_type: VOTER last_known_addr { host: "127.0.157.131" port: 39123 } }
I20260710 11:07:50.334497  1296 leader_election.cc:304] T 3aabad6d074a4153b594f6252146ed75 P 5ddcddbc22c248eb8a4c4e327386ce27 [CANDIDATE]: Term 1 election: Election decided. Result: candidate won. Election summary: received 2 responses out of 3 voters: 2 yes votes; 0 no votes. yes voters: 4f890a36e8a24dc6a8202f022f5f3005, 5ddcddbc22c248eb8a4c4e327386ce27; no voters: 
I20260710 11:07:50.335518  1493 raft_consensus.cc:2804] T 3aabad6d074a4153b594f6252146ed75 P 5ddcddbc22c248eb8a4c4e327386ce27 [term 1 FOLLOWER]: Leader election won for term 1
I20260710 11:07:50.336063  1493 raft_consensus.cc:697] T 3aabad6d074a4153b594f6252146ed75 P 5ddcddbc22c248eb8a4c4e327386ce27 [term 1 LEADER]: Becoming Leader. State: Replica: 5ddcddbc22c248eb8a4c4e327386ce27, State: Running, Role: LEADER
I20260710 11:07:50.336891  1493 consensus_queue.cc:237] T 3aabad6d074a4153b594f6252146ed75 P 5ddcddbc22c248eb8a4c4e327386ce27 [LEADER]: Queue going to LEADER mode. State: All replicated index: 0, Majority replicated index: 0, Committed index: 0, Last appended: 0.0, Last appended by leader: 0, Current term: 1, Majority size: 2, State: 0, Mode: LEADER, active raft config: opid_index: -1 OBSOLETE_local: false peers { permanent_uuid: "4399739a1a4e4ec284df26430e04bbb0" member_type: VOTER last_known_addr { host: "127.0.157.129" port: 34053 } } peers { permanent_uuid: "5ddcddbc22c248eb8a4c4e327386ce27" member_type: VOTER last_known_addr { host: "127.0.157.130" port: 39373 } } peers { permanent_uuid: "4f890a36e8a24dc6a8202f022f5f3005" member_type: VOTER last_known_addr { host: "127.0.157.131" port: 39123 } }
W20260710 11:07:50.340937  1295 outbound_call.cc:321] RPC callback for RPC call kudu.consensus.ConsensusService.RequestConsensusVote -> {remote=127.0.157.129:34053, user_credentials={real_user=slave}} blocked reactor thread for 63068.9us
I20260710 11:07:50.345531  1254 tablet_service.cc:1917] Received RequestConsensusVote() RPC: tablet_id: "2d250344d925497a9322da47846476cb" candidate_uuid: "5ddcddbc22c248eb8a4c4e327386ce27" candidate_term: 1 candidate_status { last_received { term: 0 index: 0 } } ignore_live_leader: false dest_uuid: "4399739a1a4e4ec284df26430e04bbb0"
I20260710 11:07:50.346354  1254 raft_consensus.cc:3060] T 2d250344d925497a9322da47846476cb P 4399739a1a4e4ec284df26430e04bbb0 [term 0 FOLLOWER]: Advancing to term 1
I20260710 11:07:50.356314  1254 raft_consensus.cc:2468] T 2d250344d925497a9322da47846476cb P 4399739a1a4e4ec284df26430e04bbb0 [term 1 FOLLOWER]: Leader election vote request: Granting yes vote for candidate 5ddcddbc22c248eb8a4c4e327386ce27 in term 1.
I20260710 11:07:50.357824  1371 leader_election.cc:304] T 464d1d11d5e744c2a6df1b9b2490f3d0 P 4f890a36e8a24dc6a8202f022f5f3005 [CANDIDATE]: Term 1 election: Election decided. Result: candidate won. Election summary: received 3 responses out of 3 voters: 2 yes votes; 1 no votes. yes voters: 4f890a36e8a24dc6a8202f022f5f3005, 5ddcddbc22c248eb8a4c4e327386ce27; no voters: 4399739a1a4e4ec284df26430e04bbb0
I20260710 11:07:50.359378  1473 raft_consensus.cc:2804] T 464d1d11d5e744c2a6df1b9b2490f3d0 P 4f890a36e8a24dc6a8202f022f5f3005 [term 1 FOLLOWER]: Leader election won for term 1
I20260710 11:07:50.359910  1473 raft_consensus.cc:697] T 464d1d11d5e744c2a6df1b9b2490f3d0 P 4f890a36e8a24dc6a8202f022f5f3005 [term 1 LEADER]: Becoming Leader. State: Replica: 4f890a36e8a24dc6a8202f022f5f3005, State: Running, Role: LEADER
I20260710 11:07:50.360908  1473 consensus_queue.cc:237] T 464d1d11d5e744c2a6df1b9b2490f3d0 P 4f890a36e8a24dc6a8202f022f5f3005 [LEADER]: Queue going to LEADER mode. State: All replicated index: 0, Majority replicated index: 0, Committed index: 0, Last appended: 0.0, Last appended by leader: 0, Current term: 1, Majority size: 2, State: 0, Mode: LEADER, active raft config: opid_index: -1 OBSOLETE_local: false peers { permanent_uuid: "4399739a1a4e4ec284df26430e04bbb0" member_type: VOTER last_known_addr { host: "127.0.157.129" port: 34053 } } peers { permanent_uuid: "5ddcddbc22c248eb8a4c4e327386ce27" member_type: VOTER last_known_addr { host: "127.0.157.130" port: 39373 } } peers { permanent_uuid: "4f890a36e8a24dc6a8202f022f5f3005" member_type: VOTER last_known_addr { host: "127.0.157.131" port: 39123 } }
I20260710 11:07:50.370149  1255 tablet_service.cc:1917] Received RequestConsensusVote() RPC: tablet_id: "70f7598ca0ee49e0b0af23bf6c95a685" candidate_uuid: "5ddcddbc22c248eb8a4c4e327386ce27" candidate_term: 1 candidate_status { last_received { term: 0 index: 0 } } ignore_live_leader: false dest_uuid: "4399739a1a4e4ec284df26430e04bbb0"
I20260710 11:07:50.371026  1255 raft_consensus.cc:3060] T 70f7598ca0ee49e0b0af23bf6c95a685 P 4399739a1a4e4ec284df26430e04bbb0 [term 0 FOLLOWER]: Advancing to term 1
I20260710 11:07:50.371403  1252 tablet_service.cc:1917] Received RequestConsensusVote() RPC: tablet_id: "3aabad6d074a4153b594f6252146ed75" candidate_uuid: "5ddcddbc22c248eb8a4c4e327386ce27" candidate_term: 1 candidate_status { last_received { term: 0 index: 0 } } ignore_live_leader: false dest_uuid: "4399739a1a4e4ec284df26430e04bbb0"
I20260710 11:07:50.372036  1252 raft_consensus.cc:3060] T 3aabad6d074a4153b594f6252146ed75 P 4399739a1a4e4ec284df26430e04bbb0 [term 0 FOLLOWER]: Advancing to term 1
I20260710 11:07:50.372805  1489 raft_consensus.cc:493] T 8ac425d5b3e54398a2c72d9f436ebeac P 5ddcddbc22c248eb8a4c4e327386ce27 [term 0 FOLLOWER]: Starting pre-election (no leader contacted us within the election timeout)
I20260710 11:07:50.373458  1489 raft_consensus.cc:515] T 8ac425d5b3e54398a2c72d9f436ebeac P 5ddcddbc22c248eb8a4c4e327386ce27 [term 0 FOLLOWER]: Starting pre-election with config: opid_index: -1 OBSOLETE_local: false peers { permanent_uuid: "4399739a1a4e4ec284df26430e04bbb0" member_type: VOTER last_known_addr { host: "127.0.157.129" port: 34053 } } peers { permanent_uuid: "5ddcddbc22c248eb8a4c4e327386ce27" member_type: VOTER last_known_addr { host: "127.0.157.130" port: 39373 } } peers { permanent_uuid: "4f890a36e8a24dc6a8202f022f5f3005" member_type: VOTER last_known_addr { host: "127.0.157.131" port: 39123 } }
I20260710 11:07:50.377022  1329 tablet_service.cc:1917] Received RequestConsensusVote() RPC: tablet_id: "d03c1b1280bb40b99b4f550dc51fe773" candidate_uuid: "4f890a36e8a24dc6a8202f022f5f3005" candidate_term: 1 candidate_status { last_received { term: 0 index: 0 } } ignore_live_leader: false dest_uuid: "5ddcddbc22c248eb8a4c4e327386ce27"
I20260710 11:07:50.378041  1329 raft_consensus.cc:3060] T d03c1b1280bb40b99b4f550dc51fe773 P 5ddcddbc22c248eb8a4c4e327386ce27 [term 0 FOLLOWER]: Advancing to term 1
I20260710 11:07:50.378185  1489 leader_election.cc:290] T 8ac425d5b3e54398a2c72d9f436ebeac P 5ddcddbc22c248eb8a4c4e327386ce27 [CANDIDATE]: Term 1 pre-election: Requested pre-vote from peers 4399739a1a4e4ec284df26430e04bbb0 (127.0.157.129:34053), 4f890a36e8a24dc6a8202f022f5f3005 (127.0.157.131:39123)
I20260710 11:07:50.382352  1402 tablet_service.cc:1917] Received RequestConsensusVote() RPC: tablet_id: "8ac425d5b3e54398a2c72d9f436ebeac" candidate_uuid: "5ddcddbc22c248eb8a4c4e327386ce27" candidate_term: 1 candidate_status { last_received { term: 0 index: 0 } } ignore_live_leader: false dest_uuid: "4f890a36e8a24dc6a8202f022f5f3005" is_pre_election: true
I20260710 11:07:50.383026  1402 raft_consensus.cc:2468] T 8ac425d5b3e54398a2c72d9f436ebeac P 4f890a36e8a24dc6a8202f022f5f3005 [term 0 FOLLOWER]: Leader pre-election vote request: Granting yes vote for candidate 5ddcddbc22c248eb8a4c4e327386ce27 in term 0.
I20260710 11:07:50.384182  1296 leader_election.cc:304] T 8ac425d5b3e54398a2c72d9f436ebeac P 5ddcddbc22c248eb8a4c4e327386ce27 [CANDIDATE]: Term 1 pre-election: Election decided. Result: candidate won. Election summary: received 2 responses out of 3 voters: 2 yes votes; 0 no votes. yes voters: 4f890a36e8a24dc6a8202f022f5f3005, 5ddcddbc22c248eb8a4c4e327386ce27; no voters: 
I20260710 11:07:50.388595  1329 raft_consensus.cc:2468] T d03c1b1280bb40b99b4f550dc51fe773 P 5ddcddbc22c248eb8a4c4e327386ce27 [term 1 FOLLOWER]: Leader election vote request: Granting yes vote for candidate 4f890a36e8a24dc6a8202f022f5f3005 in term 1.
I20260710 11:07:50.389621  1493 raft_consensus.cc:2804] T 8ac425d5b3e54398a2c72d9f436ebeac P 5ddcddbc22c248eb8a4c4e327386ce27 [term 0 FOLLOWER]: Leader pre-election won for term 1
I20260710 11:07:50.390044  1493 raft_consensus.cc:493] T 8ac425d5b3e54398a2c72d9f436ebeac P 5ddcddbc22c248eb8a4c4e327386ce27 [term 0 FOLLOWER]: Starting leader election (no leader contacted us within the election timeout)
I20260710 11:07:50.390381  1493 raft_consensus.cc:3060] T 8ac425d5b3e54398a2c72d9f436ebeac P 5ddcddbc22c248eb8a4c4e327386ce27 [term 0 FOLLOWER]: Advancing to term 1
I20260710 11:07:50.393355  1371 leader_election.cc:304] T d03c1b1280bb40b99b4f550dc51fe773 P 4f890a36e8a24dc6a8202f022f5f3005 [CANDIDATE]: Term 1 election: Election decided. Result: candidate won. Election summary: received 3 responses out of 3 voters: 2 yes votes; 1 no votes. yes voters: 4f890a36e8a24dc6a8202f022f5f3005, 5ddcddbc22c248eb8a4c4e327386ce27; no voters: 4399739a1a4e4ec284df26430e04bbb0
I20260710 11:07:50.395243  1473 raft_consensus.cc:2804] T d03c1b1280bb40b99b4f550dc51fe773 P 4f890a36e8a24dc6a8202f022f5f3005 [term 1 FOLLOWER]: Leader election won for term 1
I20260710 11:07:50.395748  1473 raft_consensus.cc:697] T d03c1b1280bb40b99b4f550dc51fe773 P 4f890a36e8a24dc6a8202f022f5f3005 [term 1 LEADER]: Becoming Leader. State: Replica: 4f890a36e8a24dc6a8202f022f5f3005, State: Running, Role: LEADER
I20260710 11:07:50.396623  1473 consensus_queue.cc:237] T d03c1b1280bb40b99b4f550dc51fe773 P 4f890a36e8a24dc6a8202f022f5f3005 [LEADER]: Queue going to LEADER mode. State: All replicated index: 0, Majority replicated index: 0, Committed index: 0, Last appended: 0.0, Last appended by leader: 0, Current term: 1, Majority size: 2, State: 0, Mode: LEADER, active raft config: opid_index: -1 OBSOLETE_local: false peers { permanent_uuid: "4399739a1a4e4ec284df26430e04bbb0" member_type: VOTER last_known_addr { host: "127.0.157.129" port: 34053 } } peers { permanent_uuid: "5ddcddbc22c248eb8a4c4e327386ce27" member_type: VOTER last_known_addr { host: "127.0.157.130" port: 39373 } } peers { permanent_uuid: "4f890a36e8a24dc6a8202f022f5f3005" member_type: VOTER last_known_addr { host: "127.0.157.131" port: 39123 } }
I20260710 11:07:50.399286  1254 tablet_service.cc:1917] Received RequestConsensusVote() RPC: tablet_id: "8ac425d5b3e54398a2c72d9f436ebeac" candidate_uuid: "5ddcddbc22c248eb8a4c4e327386ce27" candidate_term: 1 candidate_status { last_received { term: 0 index: 0 } } ignore_live_leader: false dest_uuid: "4399739a1a4e4ec284df26430e04bbb0" is_pre_election: true
I20260710 11:07:50.400323  1255 raft_consensus.cc:2468] T 70f7598ca0ee49e0b0af23bf6c95a685 P 4399739a1a4e4ec284df26430e04bbb0 [term 1 FOLLOWER]: Leader election vote request: Granting yes vote for candidate 5ddcddbc22c248eb8a4c4e327386ce27 in term 1.
W20260710 11:07:50.405987  1295 leader_election.cc:343] T 8ac425d5b3e54398a2c72d9f436ebeac P 5ddcddbc22c248eb8a4c4e327386ce27 [CANDIDATE]: Term 1 pre-election: Tablet error from VoteRequest() call to peer 4399739a1a4e4ec284df26430e04bbb0 (127.0.157.129:34053): Illegal state: must be running to vote when last-logged opid is not known
I20260710 11:07:50.412077  1252 raft_consensus.cc:2468] T 3aabad6d074a4153b594f6252146ed75 P 4399739a1a4e4ec284df26430e04bbb0 [term 1 FOLLOWER]: Leader election vote request: Granting yes vote for candidate 5ddcddbc22c248eb8a4c4e327386ce27 in term 1.
I20260710 11:07:50.411365  1151 catalog_manager.cc:5697] T 464d1d11d5e744c2a6df1b9b2490f3d0 P 4f890a36e8a24dc6a8202f022f5f3005 reported cstate change: term changed from 0 to 1, leader changed from <none> to 4f890a36e8a24dc6a8202f022f5f3005 (127.0.157.131). New cstate: current_term: 1 leader_uuid: "4f890a36e8a24dc6a8202f022f5f3005" committed_config { opid_index: -1 OBSOLETE_local: false peers { permanent_uuid: "4399739a1a4e4ec284df26430e04bbb0" member_type: VOTER last_known_addr { host: "127.0.157.129" port: 34053 } health_report { overall_health: UNKNOWN } } peers { permanent_uuid: "5ddcddbc22c248eb8a4c4e327386ce27" member_type: VOTER last_known_addr { host: "127.0.157.130" port: 39373 } health_report { overall_health: UNKNOWN } } peers { permanent_uuid: "4f890a36e8a24dc6a8202f022f5f3005" member_type: VOTER last_known_addr { host: "127.0.157.131" port: 39123 } health_report { overall_health: HEALTHY } } }
I20260710 11:07:50.414541  1446 tablet_bootstrap.cc:492] T 464d1d11d5e744c2a6df1b9b2490f3d0 P 4399739a1a4e4ec284df26430e04bbb0: No bootstrap required, opened a new log
I20260710 11:07:50.414304  1493 raft_consensus.cc:515] T 8ac425d5b3e54398a2c72d9f436ebeac P 5ddcddbc22c248eb8a4c4e327386ce27 [term 1 FOLLOWER]: Starting leader election with config: opid_index: -1 OBSOLETE_local: false peers { permanent_uuid: "4399739a1a4e4ec284df26430e04bbb0" member_type: VOTER last_known_addr { host: "127.0.157.129" port: 34053 } } peers { permanent_uuid: "5ddcddbc22c248eb8a4c4e327386ce27" member_type: VOTER last_known_addr { host: "127.0.157.130" port: 39373 } } peers { permanent_uuid: "4f890a36e8a24dc6a8202f022f5f3005" member_type: VOTER last_known_addr { host: "127.0.157.131" port: 39123 } }
I20260710 11:07:50.415009  1446 ts_tablet_manager.cc:1403] T 464d1d11d5e744c2a6df1b9b2490f3d0 P 4399739a1a4e4ec284df26430e04bbb0: Time spent bootstrapping tablet: real 0.100s	user 0.021s	sys 0.054s
I20260710 11:07:50.417652  1252 tablet_service.cc:1917] Received RequestConsensusVote() RPC: tablet_id: "8ac425d5b3e54398a2c72d9f436ebeac" candidate_uuid: "5ddcddbc22c248eb8a4c4e327386ce27" candidate_term: 1 candidate_status { last_received { term: 0 index: 0 } } ignore_live_leader: false dest_uuid: "4399739a1a4e4ec284df26430e04bbb0"
I20260710 11:07:50.417745  1446 raft_consensus.cc:359] T 464d1d11d5e744c2a6df1b9b2490f3d0 P 4399739a1a4e4ec284df26430e04bbb0 [term 0 FOLLOWER]: Replica starting. Triggering 0 pending ops. Active config: opid_index: -1 OBSOLETE_local: false peers { permanent_uuid: "4399739a1a4e4ec284df26430e04bbb0" member_type: VOTER last_known_addr { host: "127.0.157.129" port: 34053 } } peers { permanent_uuid: "5ddcddbc22c248eb8a4c4e327386ce27" member_type: VOTER last_known_addr { host: "127.0.157.130" port: 39373 } } peers { permanent_uuid: "4f890a36e8a24dc6a8202f022f5f3005" member_type: VOTER last_known_addr { host: "127.0.157.131" port: 39123 } }
I20260710 11:07:50.418496  1446 raft_consensus.cc:385] T 464d1d11d5e744c2a6df1b9b2490f3d0 P 4399739a1a4e4ec284df26430e04bbb0 [term 0 FOLLOWER]: Consensus starting up: Expiring failure detector timer to make a prompt election more likely
I20260710 11:07:50.418737  1446 raft_consensus.cc:740] T 464d1d11d5e744c2a6df1b9b2490f3d0 P 4399739a1a4e4ec284df26430e04bbb0 [term 0 FOLLOWER]: Becoming Follower/Learner. State: Replica: 4399739a1a4e4ec284df26430e04bbb0, State: Initialized, Role: FOLLOWER
I20260710 11:07:50.419061  1493 leader_election.cc:290] T 8ac425d5b3e54398a2c72d9f436ebeac P 5ddcddbc22c248eb8a4c4e327386ce27 [CANDIDATE]: Term 1 election: Requested vote from peers 4399739a1a4e4ec284df26430e04bbb0 (127.0.157.129:34053), 4f890a36e8a24dc6a8202f022f5f3005 (127.0.157.131:39123)
I20260710 11:07:50.419633  1446 consensus_queue.cc:260] T 464d1d11d5e744c2a6df1b9b2490f3d0 P 4399739a1a4e4ec284df26430e04bbb0 [NON_LEADER]: Queue going to NON_LEADER mode. State: All replicated index: 0, Majority replicated index: 0, Committed index: 0, Last appended: 0.0, Last appended by leader: 0, Current term: 0, Majority size: -1, State: 0, Mode: NON_LEADER, active raft config: opid_index: -1 OBSOLETE_local: false peers { permanent_uuid: "4399739a1a4e4ec284df26430e04bbb0" member_type: VOTER last_known_addr { host: "127.0.157.129" port: 34053 } } peers { permanent_uuid: "5ddcddbc22c248eb8a4c4e327386ce27" member_type: VOTER last_known_addr { host: "127.0.157.130" port: 39373 } } peers { permanent_uuid: "4f890a36e8a24dc6a8202f022f5f3005" member_type: VOTER last_known_addr { host: "127.0.157.131" port: 39123 } }
I20260710 11:07:50.421393  1446 ts_tablet_manager.cc:1434] T 464d1d11d5e744c2a6df1b9b2490f3d0 P 4399739a1a4e4ec284df26430e04bbb0: Time spent starting tablet: real 0.006s	user 0.007s	sys 0.001s
I20260710 11:07:50.422425  1446 tablet_bootstrap.cc:492] T 8ac425d5b3e54398a2c72d9f436ebeac P 4399739a1a4e4ec284df26430e04bbb0: Bootstrap starting.
I20260710 11:07:50.422009  1154 catalog_manager.cc:5697] T ef1fb9d667454b0bbf5c3233c513ab5c P 5ddcddbc22c248eb8a4c4e327386ce27 reported cstate change: term changed from 0 to 1, leader changed from <none> to 5ddcddbc22c248eb8a4c4e327386ce27 (127.0.157.130). New cstate: current_term: 1 leader_uuid: "5ddcddbc22c248eb8a4c4e327386ce27" committed_config { opid_index: -1 OBSOLETE_local: false peers { permanent_uuid: "4399739a1a4e4ec284df26430e04bbb0" member_type: VOTER last_known_addr { host: "127.0.157.129" port: 34053 } health_report { overall_health: UNKNOWN } } peers { permanent_uuid: "5ddcddbc22c248eb8a4c4e327386ce27" member_type: VOTER last_known_addr { host: "127.0.157.130" port: 39373 } health_report { overall_health: HEALTHY } } peers { permanent_uuid: "4f890a36e8a24dc6a8202f022f5f3005" member_type: VOTER last_known_addr { host: "127.0.157.131" port: 39123 } health_report { overall_health: UNKNOWN } } }
I20260710 11:07:50.423516  1154 catalog_manager.cc:5697] T 2d250344d925497a9322da47846476cb P 5ddcddbc22c248eb8a4c4e327386ce27 reported cstate change: term changed from 0 to 1, leader changed from <none> to 5ddcddbc22c248eb8a4c4e327386ce27 (127.0.157.130). New cstate: current_term: 1 leader_uuid: "5ddcddbc22c248eb8a4c4e327386ce27" committed_config { opid_index: -1 OBSOLETE_local: false peers { permanent_uuid: "4399739a1a4e4ec284df26430e04bbb0" member_type: VOTER last_known_addr { host: "127.0.157.129" port: 34053 } health_report { overall_health: UNKNOWN } } peers { permanent_uuid: "5ddcddbc22c248eb8a4c4e327386ce27" member_type: VOTER last_known_addr { host: "127.0.157.130" port: 39373 } health_report { overall_health: HEALTHY } } peers { permanent_uuid: "4f890a36e8a24dc6a8202f022f5f3005" member_type: VOTER last_known_addr { host: "127.0.157.131" port: 39123 } health_report { overall_health: UNKNOWN } } }
I20260710 11:07:50.418699  1402 tablet_service.cc:1917] Received RequestConsensusVote() RPC: tablet_id: "8ac425d5b3e54398a2c72d9f436ebeac" candidate_uuid: "5ddcddbc22c248eb8a4c4e327386ce27" candidate_term: 1 candidate_status { last_received { term: 0 index: 0 } } ignore_live_leader: false dest_uuid: "4f890a36e8a24dc6a8202f022f5f3005"
I20260710 11:07:50.426014  1402 raft_consensus.cc:3060] T 8ac425d5b3e54398a2c72d9f436ebeac P 4f890a36e8a24dc6a8202f022f5f3005 [term 0 FOLLOWER]: Advancing to term 1
I20260710 11:07:50.427980  1446 tablet_bootstrap.cc:654] T 8ac425d5b3e54398a2c72d9f436ebeac P 4399739a1a4e4ec284df26430e04bbb0: Neither blocks nor log segments found. Creating new log.
I20260710 11:07:50.424827  1154 catalog_manager.cc:5697] T 70f7598ca0ee49e0b0af23bf6c95a685 P 5ddcddbc22c248eb8a4c4e327386ce27 reported cstate change: term changed from 0 to 1, leader changed from <none> to 5ddcddbc22c248eb8a4c4e327386ce27 (127.0.157.130). New cstate: current_term: 1 leader_uuid: "5ddcddbc22c248eb8a4c4e327386ce27" committed_config { opid_index: -1 OBSOLETE_local: false peers { permanent_uuid: "4399739a1a4e4ec284df26430e04bbb0" member_type: VOTER last_known_addr { host: "127.0.157.129" port: 34053 } health_report { overall_health: UNKNOWN } } peers { permanent_uuid: "5ddcddbc22c248eb8a4c4e327386ce27" member_type: VOTER last_known_addr { host: "127.0.157.130" port: 39373 } health_report { overall_health: HEALTHY } } peers { permanent_uuid: "4f890a36e8a24dc6a8202f022f5f3005" member_type: VOTER last_known_addr { host: "127.0.157.131" port: 39123 } health_report { overall_health: UNKNOWN } } }
I20260710 11:07:50.436026  1152 catalog_manager.cc:5697] T d03c1b1280bb40b99b4f550dc51fe773 P 4f890a36e8a24dc6a8202f022f5f3005 reported cstate change: term changed from 0 to 1, leader changed from <none> to 4f890a36e8a24dc6a8202f022f5f3005 (127.0.157.131). New cstate: current_term: 1 leader_uuid: "4f890a36e8a24dc6a8202f022f5f3005" committed_config { opid_index: -1 OBSOLETE_local: false peers { permanent_uuid: "4399739a1a4e4ec284df26430e04bbb0" member_type: VOTER last_known_addr { host: "127.0.157.129" port: 34053 } health_report { overall_health: UNKNOWN } } peers { permanent_uuid: "5ddcddbc22c248eb8a4c4e327386ce27" member_type: VOTER last_known_addr { host: "127.0.157.130" port: 39373 } health_report { overall_health: UNKNOWN } } peers { permanent_uuid: "4f890a36e8a24dc6a8202f022f5f3005" member_type: VOTER last_known_addr { host: "127.0.157.131" port: 39123 } health_report { overall_health: HEALTHY } } }
W20260710 11:07:50.438576  1295 leader_election.cc:343] T 8ac425d5b3e54398a2c72d9f436ebeac P 5ddcddbc22c248eb8a4c4e327386ce27 [CANDIDATE]: Term 1 election: Tablet error from VoteRequest() call to peer 4399739a1a4e4ec284df26430e04bbb0 (127.0.157.129:34053): Illegal state: must be running to vote when last-logged opid is not known
I20260710 11:07:50.445387  1402 raft_consensus.cc:2468] T 8ac425d5b3e54398a2c72d9f436ebeac P 4f890a36e8a24dc6a8202f022f5f3005 [term 1 FOLLOWER]: Leader election vote request: Granting yes vote for candidate 5ddcddbc22c248eb8a4c4e327386ce27 in term 1.
I20260710 11:07:50.447152  1296 leader_election.cc:304] T 8ac425d5b3e54398a2c72d9f436ebeac P 5ddcddbc22c248eb8a4c4e327386ce27 [CANDIDATE]: Term 1 election: Election decided. Result: candidate won. Election summary: received 3 responses out of 3 voters: 2 yes votes; 1 no votes. yes voters: 4f890a36e8a24dc6a8202f022f5f3005, 5ddcddbc22c248eb8a4c4e327386ce27; no voters: 4399739a1a4e4ec284df26430e04bbb0
I20260710 11:07:50.448691  1493 raft_consensus.cc:2804] T 8ac425d5b3e54398a2c72d9f436ebeac P 5ddcddbc22c248eb8a4c4e327386ce27 [term 1 FOLLOWER]: Leader election won for term 1
I20260710 11:07:50.449214  1493 raft_consensus.cc:697] T 8ac425d5b3e54398a2c72d9f436ebeac P 5ddcddbc22c248eb8a4c4e327386ce27 [term 1 LEADER]: Becoming Leader. State: Replica: 5ddcddbc22c248eb8a4c4e327386ce27, State: Running, Role: LEADER
I20260710 11:07:50.449595  1446 tablet_bootstrap.cc:492] T 8ac425d5b3e54398a2c72d9f436ebeac P 4399739a1a4e4ec284df26430e04bbb0: No bootstrap required, opened a new log
I20260710 11:07:50.450004  1446 ts_tablet_manager.cc:1403] T 8ac425d5b3e54398a2c72d9f436ebeac P 4399739a1a4e4ec284df26430e04bbb0: Time spent bootstrapping tablet: real 0.028s	user 0.014s	sys 0.012s
I20260710 11:07:50.450037  1493 consensus_queue.cc:237] T 8ac425d5b3e54398a2c72d9f436ebeac P 5ddcddbc22c248eb8a4c4e327386ce27 [LEADER]: Queue going to LEADER mode. State: All replicated index: 0, Majority replicated index: 0, Committed index: 0, Last appended: 0.0, Last appended by leader: 0, Current term: 1, Majority size: 2, State: 0, Mode: LEADER, active raft config: opid_index: -1 OBSOLETE_local: false peers { permanent_uuid: "4399739a1a4e4ec284df26430e04bbb0" member_type: VOTER last_known_addr { host: "127.0.157.129" port: 34053 } } peers { permanent_uuid: "5ddcddbc22c248eb8a4c4e327386ce27" member_type: VOTER last_known_addr { host: "127.0.157.130" port: 39373 } } peers { permanent_uuid: "4f890a36e8a24dc6a8202f022f5f3005" member_type: VOTER last_known_addr { host: "127.0.157.131" port: 39123 } }
I20260710 11:07:50.452241  1446 raft_consensus.cc:359] T 8ac425d5b3e54398a2c72d9f436ebeac P 4399739a1a4e4ec284df26430e04bbb0 [term 0 FOLLOWER]: Replica starting. Triggering 0 pending ops. Active config: opid_index: -1 OBSOLETE_local: false peers { permanent_uuid: "4399739a1a4e4ec284df26430e04bbb0" member_type: VOTER last_known_addr { host: "127.0.157.129" port: 34053 } } peers { permanent_uuid: "5ddcddbc22c248eb8a4c4e327386ce27" member_type: VOTER last_known_addr { host: "127.0.157.130" port: 39373 } } peers { permanent_uuid: "4f890a36e8a24dc6a8202f022f5f3005" member_type: VOTER last_known_addr { host: "127.0.157.131" port: 39123 } }
I20260710 11:07:50.452858  1446 raft_consensus.cc:385] T 8ac425d5b3e54398a2c72d9f436ebeac P 4399739a1a4e4ec284df26430e04bbb0 [term 0 FOLLOWER]: Consensus starting up: Expiring failure detector timer to make a prompt election more likely
I20260710 11:07:50.453083  1446 raft_consensus.cc:740] T 8ac425d5b3e54398a2c72d9f436ebeac P 4399739a1a4e4ec284df26430e04bbb0 [term 0 FOLLOWER]: Becoming Follower/Learner. State: Replica: 4399739a1a4e4ec284df26430e04bbb0, State: Initialized, Role: FOLLOWER
I20260710 11:07:50.453760  1446 consensus_queue.cc:260] T 8ac425d5b3e54398a2c72d9f436ebeac P 4399739a1a4e4ec284df26430e04bbb0 [NON_LEADER]: Queue going to NON_LEADER mode. State: All replicated index: 0, Majority replicated index: 0, Committed index: 0, Last appended: 0.0, Last appended by leader: 0, Current term: 0, Majority size: -1, State: 0, Mode: NON_LEADER, active raft config: opid_index: -1 OBSOLETE_local: false peers { permanent_uuid: "4399739a1a4e4ec284df26430e04bbb0" member_type: VOTER last_known_addr { host: "127.0.157.129" port: 34053 } } peers { permanent_uuid: "5ddcddbc22c248eb8a4c4e327386ce27" member_type: VOTER last_known_addr { host: "127.0.157.130" port: 39373 } } peers { permanent_uuid: "4f890a36e8a24dc6a8202f022f5f3005" member_type: VOTER last_known_addr { host: "127.0.157.131" port: 39123 } }
I20260710 11:07:50.455852  1446 ts_tablet_manager.cc:1434] T 8ac425d5b3e54398a2c72d9f436ebeac P 4399739a1a4e4ec284df26430e04bbb0: Time spent starting tablet: real 0.006s	user 0.004s	sys 0.000s
I20260710 11:07:50.460146  1154 catalog_manager.cc:5697] T 3aabad6d074a4153b594f6252146ed75 P 5ddcddbc22c248eb8a4c4e327386ce27 reported cstate change: term changed from 0 to 1, leader changed from <none> to 5ddcddbc22c248eb8a4c4e327386ce27 (127.0.157.130). New cstate: current_term: 1 leader_uuid: "5ddcddbc22c248eb8a4c4e327386ce27" committed_config { opid_index: -1 OBSOLETE_local: false peers { permanent_uuid: "4399739a1a4e4ec284df26430e04bbb0" member_type: VOTER last_known_addr { host: "127.0.157.129" port: 34053 } health_report { overall_health: UNKNOWN } } peers { permanent_uuid: "5ddcddbc22c248eb8a4c4e327386ce27" member_type: VOTER last_known_addr { host: "127.0.157.130" port: 39373 } health_report { overall_health: HEALTHY } } peers { permanent_uuid: "4f890a36e8a24dc6a8202f022f5f3005" member_type: VOTER last_known_addr { host: "127.0.157.131" port: 39123 } health_report { overall_health: UNKNOWN } } }
I20260710 11:07:50.462139  1154 catalog_manager.cc:5697] T 8ac425d5b3e54398a2c72d9f436ebeac P 5ddcddbc22c248eb8a4c4e327386ce27 reported cstate change: term changed from 0 to 1, leader changed from <none> to 5ddcddbc22c248eb8a4c4e327386ce27 (127.0.157.130). New cstate: current_term: 1 leader_uuid: "5ddcddbc22c248eb8a4c4e327386ce27" committed_config { opid_index: -1 OBSOLETE_local: false peers { permanent_uuid: "4399739a1a4e4ec284df26430e04bbb0" member_type: VOTER last_known_addr { host: "127.0.157.129" port: 34053 } health_report { overall_health: UNKNOWN } } peers { permanent_uuid: "5ddcddbc22c248eb8a4c4e327386ce27" member_type: VOTER last_known_addr { host: "127.0.157.130" port: 39373 } health_report { overall_health: HEALTHY } } peers { permanent_uuid: "4f890a36e8a24dc6a8202f022f5f3005" member_type: VOTER last_known_addr { host: "127.0.157.131" port: 39123 } health_report { overall_health: UNKNOWN } } }
I20260710 11:07:50.523789  1453 raft_consensus.cc:493] T 464d1d11d5e744c2a6df1b9b2490f3d0 P 4399739a1a4e4ec284df26430e04bbb0 [term 0 FOLLOWER]: Starting pre-election (no leader contacted us within the election timeout)
I20260710 11:07:50.524372  1453 raft_consensus.cc:515] T 464d1d11d5e744c2a6df1b9b2490f3d0 P 4399739a1a4e4ec284df26430e04bbb0 [term 0 FOLLOWER]: Starting pre-election with config: opid_index: -1 OBSOLETE_local: false peers { permanent_uuid: "4399739a1a4e4ec284df26430e04bbb0" member_type: VOTER last_known_addr { host: "127.0.157.129" port: 34053 } } peers { permanent_uuid: "5ddcddbc22c248eb8a4c4e327386ce27" member_type: VOTER last_known_addr { host: "127.0.157.130" port: 39373 } } peers { permanent_uuid: "4f890a36e8a24dc6a8202f022f5f3005" member_type: VOTER last_known_addr { host: "127.0.157.131" port: 39123 } }
I20260710 11:07:50.526029  1453 leader_election.cc:290] T 464d1d11d5e744c2a6df1b9b2490f3d0 P 4399739a1a4e4ec284df26430e04bbb0 [CANDIDATE]: Term 1 pre-election: Requested pre-vote from peers 5ddcddbc22c248eb8a4c4e327386ce27 (127.0.157.130:39373), 4f890a36e8a24dc6a8202f022f5f3005 (127.0.157.131:39123)
I20260710 11:07:50.527149  1402 tablet_service.cc:1917] Received RequestConsensusVote() RPC: tablet_id: "464d1d11d5e744c2a6df1b9b2490f3d0" candidate_uuid: "4399739a1a4e4ec284df26430e04bbb0" candidate_term: 1 candidate_status { last_received { term: 0 index: 0 } } ignore_live_leader: false dest_uuid: "4f890a36e8a24dc6a8202f022f5f3005" is_pre_election: true
I20260710 11:07:50.527143  1329 tablet_service.cc:1917] Received RequestConsensusVote() RPC: tablet_id: "464d1d11d5e744c2a6df1b9b2490f3d0" candidate_uuid: "4399739a1a4e4ec284df26430e04bbb0" candidate_term: 1 candidate_status { last_received { term: 0 index: 0 } } ignore_live_leader: false dest_uuid: "5ddcddbc22c248eb8a4c4e327386ce27" is_pre_election: true
I20260710 11:07:50.528120  1329 raft_consensus.cc:2393] T 464d1d11d5e744c2a6df1b9b2490f3d0 P 5ddcddbc22c248eb8a4c4e327386ce27 [term 1 FOLLOWER]: Leader pre-election vote request: Denying vote to candidate 4399739a1a4e4ec284df26430e04bbb0 in current term 1: Already voted for candidate 4f890a36e8a24dc6a8202f022f5f3005 in this term.
I20260710 11:07:50.529085  1222 leader_election.cc:304] T 464d1d11d5e744c2a6df1b9b2490f3d0 P 4399739a1a4e4ec284df26430e04bbb0 [CANDIDATE]: Term 1 pre-election: Election decided. Result: candidate lost. Election summary: received 3 responses out of 3 voters: 1 yes votes; 2 no votes. yes voters: 4399739a1a4e4ec284df26430e04bbb0; no voters: 4f890a36e8a24dc6a8202f022f5f3005, 5ddcddbc22c248eb8a4c4e327386ce27
I20260710 11:07:50.529816  1453 raft_consensus.cc:3060] T 464d1d11d5e744c2a6df1b9b2490f3d0 P 4399739a1a4e4ec284df26430e04bbb0 [term 0 FOLLOWER]: Advancing to term 1
I20260710 11:07:50.534221  1473 consensus_queue.cc:1048] T f57503c7660c4783afacfd51fc8a0d38 P 4f890a36e8a24dc6a8202f022f5f3005 [LEADER]: Connected to new peer: Peer: permanent_uuid: "5ddcddbc22c248eb8a4c4e327386ce27" member_type: VOTER last_known_addr { host: "127.0.157.130" port: 39373 }, Status: LMP_MISMATCH, Last received: 0.0, Next index: 1, Last known committed idx: 0, Time since last communication: 0.000s
I20260710 11:07:50.534865  1453 raft_consensus.cc:2749] T 464d1d11d5e744c2a6df1b9b2490f3d0 P 4399739a1a4e4ec284df26430e04bbb0 [term 1 FOLLOWER]: Leader pre-election lost for term 1. Reason: could not achieve majority
I20260710 11:07:50.547802  1496 consensus_queue.cc:1048] T f57503c7660c4783afacfd51fc8a0d38 P 4f890a36e8a24dc6a8202f022f5f3005 [LEADER]: Connected to new peer: Peer: permanent_uuid: "4399739a1a4e4ec284df26430e04bbb0" member_type: VOTER last_known_addr { host: "127.0.157.129" port: 34053 }, Status: LMP_MISMATCH, Last received: 0.0, Next index: 1, Last known committed idx: 0, Time since last communication: 0.001s
I20260710 11:07:50.607971  1453 raft_consensus.cc:493] T ef1fb9d667454b0bbf5c3233c513ab5c P 4399739a1a4e4ec284df26430e04bbb0 [term 0 FOLLOWER]: Starting pre-election (no leader contacted us within the election timeout)
I20260710 11:07:50.608414  1453 raft_consensus.cc:515] T ef1fb9d667454b0bbf5c3233c513ab5c P 4399739a1a4e4ec284df26430e04bbb0 [term 0 FOLLOWER]: Starting pre-election with config: opid_index: -1 OBSOLETE_local: false peers { permanent_uuid: "4399739a1a4e4ec284df26430e04bbb0" member_type: VOTER last_known_addr { host: "127.0.157.129" port: 34053 } } peers { permanent_uuid: "5ddcddbc22c248eb8a4c4e327386ce27" member_type: VOTER last_known_addr { host: "127.0.157.130" port: 39373 } } peers { permanent_uuid: "4f890a36e8a24dc6a8202f022f5f3005" member_type: VOTER last_known_addr { host: "127.0.157.131" port: 39123 } }
I20260710 11:07:50.610008  1453 leader_election.cc:290] T ef1fb9d667454b0bbf5c3233c513ab5c P 4399739a1a4e4ec284df26430e04bbb0 [CANDIDATE]: Term 1 pre-election: Requested pre-vote from peers 5ddcddbc22c248eb8a4c4e327386ce27 (127.0.157.130:39373), 4f890a36e8a24dc6a8202f022f5f3005 (127.0.157.131:39123)
I20260710 11:07:50.610889  1329 tablet_service.cc:1917] Received RequestConsensusVote() RPC: tablet_id: "ef1fb9d667454b0bbf5c3233c513ab5c" candidate_uuid: "4399739a1a4e4ec284df26430e04bbb0" candidate_term: 1 candidate_status { last_received { term: 0 index: 0 } } ignore_live_leader: false dest_uuid: "5ddcddbc22c248eb8a4c4e327386ce27" is_pre_election: true
I20260710 11:07:50.611035  1402 tablet_service.cc:1917] Received RequestConsensusVote() RPC: tablet_id: "ef1fb9d667454b0bbf5c3233c513ab5c" candidate_uuid: "4399739a1a4e4ec284df26430e04bbb0" candidate_term: 1 candidate_status { last_received { term: 0 index: 0 } } ignore_live_leader: false dest_uuid: "4f890a36e8a24dc6a8202f022f5f3005" is_pre_election: true
I20260710 11:07:50.611694  1402 raft_consensus.cc:2393] T ef1fb9d667454b0bbf5c3233c513ab5c P 4f890a36e8a24dc6a8202f022f5f3005 [term 1 FOLLOWER]: Leader pre-election vote request: Denying vote to candidate 4399739a1a4e4ec284df26430e04bbb0 in current term 1: Already voted for candidate 5ddcddbc22c248eb8a4c4e327386ce27 in this term.
I20260710 11:07:50.612648  1221 leader_election.cc:304] T ef1fb9d667454b0bbf5c3233c513ab5c P 4399739a1a4e4ec284df26430e04bbb0 [CANDIDATE]: Term 1 pre-election: Election decided. Result: candidate lost. Election summary: received 3 responses out of 3 voters: 1 yes votes; 2 no votes. yes voters: 4399739a1a4e4ec284df26430e04bbb0; no voters: 4f890a36e8a24dc6a8202f022f5f3005, 5ddcddbc22c248eb8a4c4e327386ce27
I20260710 11:07:50.613325  1453 raft_consensus.cc:3060] T ef1fb9d667454b0bbf5c3233c513ab5c P 4399739a1a4e4ec284df26430e04bbb0 [term 0 FOLLOWER]: Advancing to term 1
I20260710 11:07:50.617962  1453 raft_consensus.cc:2749] T ef1fb9d667454b0bbf5c3233c513ab5c P 4399739a1a4e4ec284df26430e04bbb0 [term 1 FOLLOWER]: Leader pre-election lost for term 1. Reason: could not achieve majority
I20260710 11:07:50.646051  1453 raft_consensus.cc:493] T d03c1b1280bb40b99b4f550dc51fe773 P 4399739a1a4e4ec284df26430e04bbb0 [term 0 FOLLOWER]: Starting pre-election (no leader contacted us within the election timeout)
I20260710 11:07:50.646502  1453 raft_consensus.cc:515] T d03c1b1280bb40b99b4f550dc51fe773 P 4399739a1a4e4ec284df26430e04bbb0 [term 0 FOLLOWER]: Starting pre-election with config: opid_index: -1 OBSOLETE_local: false peers { permanent_uuid: "4399739a1a4e4ec284df26430e04bbb0" member_type: VOTER last_known_addr { host: "127.0.157.129" port: 34053 } } peers { permanent_uuid: "5ddcddbc22c248eb8a4c4e327386ce27" member_type: VOTER last_known_addr { host: "127.0.157.130" port: 39373 } } peers { permanent_uuid: "4f890a36e8a24dc6a8202f022f5f3005" member_type: VOTER last_known_addr { host: "127.0.157.131" port: 39123 } }
I20260710 11:07:50.648232  1453 leader_election.cc:290] T d03c1b1280bb40b99b4f550dc51fe773 P 4399739a1a4e4ec284df26430e04bbb0 [CANDIDATE]: Term 1 pre-election: Requested pre-vote from peers 5ddcddbc22c248eb8a4c4e327386ce27 (127.0.157.130:39373), 4f890a36e8a24dc6a8202f022f5f3005 (127.0.157.131:39123)
I20260710 11:07:50.649282  1329 tablet_service.cc:1917] Received RequestConsensusVote() RPC: tablet_id: "d03c1b1280bb40b99b4f550dc51fe773" candidate_uuid: "4399739a1a4e4ec284df26430e04bbb0" candidate_term: 1 candidate_status { last_received { term: 0 index: 0 } } ignore_live_leader: false dest_uuid: "5ddcddbc22c248eb8a4c4e327386ce27" is_pre_election: true
I20260710 11:07:50.649279  1402 tablet_service.cc:1917] Received RequestConsensusVote() RPC: tablet_id: "d03c1b1280bb40b99b4f550dc51fe773" candidate_uuid: "4399739a1a4e4ec284df26430e04bbb0" candidate_term: 1 candidate_status { last_received { term: 0 index: 0 } } ignore_live_leader: false dest_uuid: "4f890a36e8a24dc6a8202f022f5f3005" is_pre_election: true
I20260710 11:07:50.650218  1329 raft_consensus.cc:2393] T d03c1b1280bb40b99b4f550dc51fe773 P 5ddcddbc22c248eb8a4c4e327386ce27 [term 1 FOLLOWER]: Leader pre-election vote request: Denying vote to candidate 4399739a1a4e4ec284df26430e04bbb0 in current term 1: Already voted for candidate 4f890a36e8a24dc6a8202f022f5f3005 in this term.
I20260710 11:07:50.651255  1222 leader_election.cc:304] T d03c1b1280bb40b99b4f550dc51fe773 P 4399739a1a4e4ec284df26430e04bbb0 [CANDIDATE]: Term 1 pre-election: Election decided. Result: candidate lost. Election summary: received 3 responses out of 3 voters: 1 yes votes; 2 no votes. yes voters: 4399739a1a4e4ec284df26430e04bbb0; no voters: 4f890a36e8a24dc6a8202f022f5f3005, 5ddcddbc22c248eb8a4c4e327386ce27
I20260710 11:07:50.652031  1453 raft_consensus.cc:3060] T d03c1b1280bb40b99b4f550dc51fe773 P 4399739a1a4e4ec284df26430e04bbb0 [term 0 FOLLOWER]: Advancing to term 1
I20260710 11:07:50.656983  1453 raft_consensus.cc:2749] T d03c1b1280bb40b99b4f550dc51fe773 P 4399739a1a4e4ec284df26430e04bbb0 [term 1 FOLLOWER]: Leader pre-election lost for term 1. Reason: could not achieve majority
I20260710 11:07:50.669157  1402 tablet_service.cc:2072] Received LeaderStepDown RPC: tablet_id: "f57503c7660c4783afacfd51fc8a0d38"
dest_uuid: "4f890a36e8a24dc6a8202f022f5f3005"
mode: GRACEFUL
new_leader_uuid: "4399739a1a4e4ec284df26430e04bbb0"
 from {username='slave'} at 127.0.0.1:39352
I20260710 11:07:50.669751  1402 raft_consensus.cc:606] T f57503c7660c4783afacfd51fc8a0d38 P 4f890a36e8a24dc6a8202f022f5f3005 [term 1 LEADER]: Received request to transfer leadership to TS 4399739a1a4e4ec284df26430e04bbb0
I20260710 11:07:50.682103  1496 consensus_queue.cc:1048] T 5a2d5c2b3ef34804a3572256e5688936 P 4f890a36e8a24dc6a8202f022f5f3005 [LEADER]: Connected to new peer: Peer: permanent_uuid: "4399739a1a4e4ec284df26430e04bbb0" member_type: VOTER last_known_addr { host: "127.0.157.129" port: 34053 }, Status: LMP_MISMATCH, Last received: 0.0, Next index: 1, Last known committed idx: 0, Time since last communication: 0.000s
I20260710 11:07:50.683451  1331 tablet_service.cc:2072] Received LeaderStepDown RPC: tablet_id: "3ff6982dcdf744b5ba81e57a7beaa88a"
dest_uuid: "5ddcddbc22c248eb8a4c4e327386ce27"
mode: GRACEFUL
new_leader_uuid: "4399739a1a4e4ec284df26430e04bbb0"
 from {username='slave'} at 127.0.0.1:32830
I20260710 11:07:50.684075  1331 raft_consensus.cc:606] T 3ff6982dcdf744b5ba81e57a7beaa88a P 5ddcddbc22c248eb8a4c4e327386ce27 [term 1 LEADER]: Received request to transfer leadership to TS 4399739a1a4e4ec284df26430e04bbb0
I20260710 11:07:50.684888  1496 consensus_queue.cc:1048] T 5a2d5c2b3ef34804a3572256e5688936 P 4f890a36e8a24dc6a8202f022f5f3005 [LEADER]: Connected to new peer: Peer: permanent_uuid: "5ddcddbc22c248eb8a4c4e327386ce27" member_type: VOTER last_known_addr { host: "127.0.157.130" port: 39373 }, Status: LMP_MISMATCH, Last received: 0.0, Next index: 1, Last known committed idx: 0, Time since last communication: 0.000s
I20260710 11:07:50.690507  1329 tablet_service.cc:2072] Received LeaderStepDown RPC: tablet_id: "70f7598ca0ee49e0b0af23bf6c95a685"
dest_uuid: "5ddcddbc22c248eb8a4c4e327386ce27"
mode: GRACEFUL
new_leader_uuid: "4399739a1a4e4ec284df26430e04bbb0"
 from {username='slave'} at 127.0.0.1:32830
I20260710 11:07:50.691111  1329 raft_consensus.cc:606] T 70f7598ca0ee49e0b0af23bf6c95a685 P 5ddcddbc22c248eb8a4c4e327386ce27 [term 1 LEADER]: Received request to transfer leadership to TS 4399739a1a4e4ec284df26430e04bbb0
I20260710 11:07:50.698684  1329 tablet_service.cc:2072] Received LeaderStepDown RPC: tablet_id: "3aabad6d074a4153b594f6252146ed75"
dest_uuid: "5ddcddbc22c248eb8a4c4e327386ce27"
mode: GRACEFUL
new_leader_uuid: "4399739a1a4e4ec284df26430e04bbb0"
 from {username='slave'} at 127.0.0.1:32830
I20260710 11:07:50.699298  1329 raft_consensus.cc:606] T 3aabad6d074a4153b594f6252146ed75 P 5ddcddbc22c248eb8a4c4e327386ce27 [term 1 LEADER]: Received request to transfer leadership to TS 4399739a1a4e4ec284df26430e04bbb0
I20260710 11:07:50.706048  1402 tablet_service.cc:2072] Received LeaderStepDown RPC: tablet_id: "464d1d11d5e744c2a6df1b9b2490f3d0"
dest_uuid: "4f890a36e8a24dc6a8202f022f5f3005"
mode: GRACEFUL
new_leader_uuid: "4399739a1a4e4ec284df26430e04bbb0"
 from {username='slave'} at 127.0.0.1:39352
I20260710 11:07:50.706660  1402 raft_consensus.cc:606] T 464d1d11d5e744c2a6df1b9b2490f3d0 P 4f890a36e8a24dc6a8202f022f5f3005 [term 1 LEADER]: Received request to transfer leadership to TS 4399739a1a4e4ec284df26430e04bbb0
I20260710 11:07:50.711786  1402 tablet_service.cc:2072] Received LeaderStepDown RPC: tablet_id: "d03c1b1280bb40b99b4f550dc51fe773"
dest_uuid: "4f890a36e8a24dc6a8202f022f5f3005"
mode: GRACEFUL
new_leader_uuid: "5ddcddbc22c248eb8a4c4e327386ce27"
 from {username='slave'} at 127.0.0.1:39352
I20260710 11:07:50.712323  1402 raft_consensus.cc:606] T d03c1b1280bb40b99b4f550dc51fe773 P 4f890a36e8a24dc6a8202f022f5f3005 [term 1 LEADER]: Received request to transfer leadership to TS 5ddcddbc22c248eb8a4c4e327386ce27
I20260710 11:07:50.717689  1402 tablet_service.cc:2072] Received LeaderStepDown RPC: tablet_id: "5a2d5c2b3ef34804a3572256e5688936"
dest_uuid: "4f890a36e8a24dc6a8202f022f5f3005"
mode: GRACEFUL
new_leader_uuid: "5ddcddbc22c248eb8a4c4e327386ce27"
 from {username='slave'} at 127.0.0.1:39352
I20260710 11:07:50.718237  1402 raft_consensus.cc:606] T 5a2d5c2b3ef34804a3572256e5688936 P 4f890a36e8a24dc6a8202f022f5f3005 [term 1 LEADER]: Received request to transfer leadership to TS 5ddcddbc22c248eb8a4c4e327386ce27
I20260710 11:07:50.719184  1493 consensus_queue.cc:1048] T 3aabad6d074a4153b594f6252146ed75 P 5ddcddbc22c248eb8a4c4e327386ce27 [LEADER]: Connected to new peer: Peer: permanent_uuid: "4399739a1a4e4ec284df26430e04bbb0" member_type: VOTER last_known_addr { host: "127.0.157.129" port: 34053 }, Status: LMP_MISMATCH, Last received: 0.0, Next index: 1, Last known committed idx: 0, Time since last communication: 0.000s
I20260710 11:07:50.722451  1493 consensus_queue.cc:1048] T 2d250344d925497a9322da47846476cb P 5ddcddbc22c248eb8a4c4e327386ce27 [LEADER]: Connected to new peer: Peer: permanent_uuid: "4399739a1a4e4ec284df26430e04bbb0" member_type: VOTER last_known_addr { host: "127.0.157.129" port: 34053 }, Status: LMP_MISMATCH, Last received: 0.0, Next index: 1, Last known committed idx: 0, Time since last communication: 0.000s
I20260710 11:07:50.729574  1331 tablet_service.cc:2072] Received LeaderStepDown RPC: tablet_id: "2d250344d925497a9322da47846476cb"
dest_uuid: "5ddcddbc22c248eb8a4c4e327386ce27"
mode: GRACEFUL
new_leader_uuid: "4f890a36e8a24dc6a8202f022f5f3005"
 from {username='slave'} at 127.0.0.1:32830
I20260710 11:07:50.730008  1331 raft_consensus.cc:606] T 2d250344d925497a9322da47846476cb P 5ddcddbc22c248eb8a4c4e327386ce27 [term 1 LEADER]: Received request to transfer leadership to TS 4f890a36e8a24dc6a8202f022f5f3005
I20260710 11:07:50.738143  1493 raft_consensus.cc:993] T 3aabad6d074a4153b594f6252146ed75 P 5ddcddbc22c248eb8a4c4e327386ce27: : Instructing follower 4399739a1a4e4ec284df26430e04bbb0 to start an election
I20260710 11:07:50.738596  1489 raft_consensus.cc:1081] T 3aabad6d074a4153b594f6252146ed75 P 5ddcddbc22c248eb8a4c4e327386ce27 [term 1 LEADER]: Signalling peer 4399739a1a4e4ec284df26430e04bbb0 to start an election
I20260710 11:07:50.739884  1489 consensus_queue.cc:1048] T ef1fb9d667454b0bbf5c3233c513ab5c P 5ddcddbc22c248eb8a4c4e327386ce27 [LEADER]: Connected to new peer: Peer: permanent_uuid: "4f890a36e8a24dc6a8202f022f5f3005" member_type: VOTER last_known_addr { host: "127.0.157.131" port: 39123 }, Status: LMP_MISMATCH, Last received: 0.0, Next index: 1, Last known committed idx: 0, Time since last communication: 0.000s
I20260710 11:07:50.740437  1252 tablet_service.cc:2044] Received Run Leader Election RPC: tablet_id: "3aabad6d074a4153b594f6252146ed75"
dest_uuid: "4399739a1a4e4ec284df26430e04bbb0"
 from {username='slave'} at 127.0.0.1:42004
I20260710 11:07:50.741551  1252 raft_consensus.cc:493] T 3aabad6d074a4153b594f6252146ed75 P 4399739a1a4e4ec284df26430e04bbb0 [term 1 FOLLOWER]: Starting forced leader election (received explicit request)
I20260710 11:07:50.741957  1252 raft_consensus.cc:3060] T 3aabad6d074a4153b594f6252146ed75 P 4399739a1a4e4ec284df26430e04bbb0 [term 1 FOLLOWER]: Advancing to term 2
I20260710 11:07:50.748423  1489 consensus_queue.cc:1048] T 2d250344d925497a9322da47846476cb P 5ddcddbc22c248eb8a4c4e327386ce27 [LEADER]: Connected to new peer: Peer: permanent_uuid: "4f890a36e8a24dc6a8202f022f5f3005" member_type: VOTER last_known_addr { host: "127.0.157.131" port: 39123 }, Status: LMP_MISMATCH, Last received: 0.0, Next index: 1, Last known committed idx: 0, Time since last communication: 0.000s
I20260710 11:07:50.749424  1252 raft_consensus.cc:515] T 3aabad6d074a4153b594f6252146ed75 P 4399739a1a4e4ec284df26430e04bbb0 [term 2 FOLLOWER]: Starting forced leader election with config: opid_index: -1 OBSOLETE_local: false peers { permanent_uuid: "4399739a1a4e4ec284df26430e04bbb0" member_type: VOTER last_known_addr { host: "127.0.157.129" port: 34053 } } peers { permanent_uuid: "5ddcddbc22c248eb8a4c4e327386ce27" member_type: VOTER last_known_addr { host: "127.0.157.130" port: 39373 } } peers { permanent_uuid: "4f890a36e8a24dc6a8202f022f5f3005" member_type: VOTER last_known_addr { host: "127.0.157.131" port: 39123 } }
