I20260710 10:59:58.189109 19813 raft_consensus.cc:2468] T 64478f77bd204bca836292527688ea65 P c46acfd0bcbb42d5a3f2c6d5a0c398b1 [term 2 FOLLOWER]: Leader election vote request: Granting yes vote for candidate 2e23dc82967648e984f9e8d552ca03c1 in term 2.
I20260710 10:59:58.190073 19856 leader_election.cc:304] T 64478f77bd204bca836292527688ea65 P 2e23dc82967648e984f9e8d552ca03c1 [CANDIDATE]: Term 2 election: Election decided. Result: candidate won. Election summary: received 2 responses out of 3 voters: 2 yes votes; 0 no votes. yes voters: 2e23dc82967648e984f9e8d552ca03c1, c46acfd0bcbb42d5a3f2c6d5a0c398b1; no voters: 
I20260710 10:59:58.190663 20045 raft_consensus.cc:2804] T 64478f77bd204bca836292527688ea65 P 2e23dc82967648e984f9e8d552ca03c1 [term 2 FOLLOWER]: Leader election won for term 2
I20260710 10:59:58.190954 19962 raft_consensus.cc:2468] T 64478f77bd204bca836292527688ea65 P 4cd5e238cecb4ad18047a52316750acc [term 2 FOLLOWER]: Leader election vote request: Granting yes vote for candidate 2e23dc82967648e984f9e8d552ca03c1 in term 2.
I20260710 10:59:58.191107 20045 raft_consensus.cc:697] T 64478f77bd204bca836292527688ea65 P 2e23dc82967648e984f9e8d552ca03c1 [term 2 LEADER]: Becoming Leader. State: Replica: 2e23dc82967648e984f9e8d552ca03c1, State: Running, Role: LEADER
I20260710 10:59:58.191877 20045 consensus_queue.cc:237] T 64478f77bd204bca836292527688ea65 P 2e23dc82967648e984f9e8d552ca03c1 [LEADER]: Queue going to LEADER mode. State: All replicated index: 0, Majority replicated index: 1, Committed index: 1, Last appended: 1.1, Last appended by leader: 1, Current term: 2, Majority size: 2, State: 0, Mode: LEADER, active raft config: opid_index: -1 OBSOLETE_local: false peers { permanent_uuid: "c46acfd0bcbb42d5a3f2c6d5a0c398b1" member_type: VOTER last_known_addr { host: "127.18.190.65" port: 42993 } } peers { permanent_uuid: "2e23dc82967648e984f9e8d552ca03c1" member_type: VOTER last_known_addr { host: "127.18.190.66" port: 43539 } } peers { permanent_uuid: "4cd5e238cecb4ad18047a52316750acc" member_type: VOTER last_known_addr { host: "127.18.190.67" port: 39729 } }
I20260710 10:59:58.196768 20040 consensus_queue.cc:1048] T 66a5e4c32cff4d33aa0eeef16cfd526e P 4cd5e238cecb4ad18047a52316750acc [LEADER]: Connected to new peer: Peer: permanent_uuid: "2e23dc82967648e984f9e8d552ca03c1" member_type: VOTER last_known_addr { host: "127.18.190.66" port: 43539 }, Status: LMP_MISMATCH, Last received: 0.0, Next index: 1, Last known committed idx: 0, Time since last communication: 0.000s
I20260710 10:59:58.197824 19713 catalog_manager.cc:5697] T 64478f77bd204bca836292527688ea65 P 2e23dc82967648e984f9e8d552ca03c1 reported cstate change: term changed from 1 to 2, leader changed from 4cd5e238cecb4ad18047a52316750acc (127.18.190.67) to 2e23dc82967648e984f9e8d552ca03c1 (127.18.190.66). New cstate: current_term: 2 leader_uuid: "2e23dc82967648e984f9e8d552ca03c1" committed_config { opid_index: -1 OBSOLETE_local: false peers { permanent_uuid: "c46acfd0bcbb42d5a3f2c6d5a0c398b1" member_type: VOTER last_known_addr { host: "127.18.190.65" port: 42993 } health_report { overall_health: UNKNOWN } } peers { permanent_uuid: "2e23dc82967648e984f9e8d552ca03c1" member_type: VOTER last_known_addr { host: "127.18.190.66" port: 43539 } health_report { overall_health: HEALTHY } } peers { permanent_uuid: "4cd5e238cecb4ad18047a52316750acc" member_type: VOTER last_known_addr { host: "127.18.190.67" port: 39729 } health_report { overall_health: UNKNOWN } } }
I20260710 10:59:58.202167 20050 raft_consensus.cc:993] T 66a5e4c32cff4d33aa0eeef16cfd526e P 4cd5e238cecb4ad18047a52316750acc: : Instructing follower 2e23dc82967648e984f9e8d552ca03c1 to start an election
I20260710 10:59:58.202559 20044 raft_consensus.cc:1081] T 66a5e4c32cff4d33aa0eeef16cfd526e P 4cd5e238cecb4ad18047a52316750acc [term 1 LEADER]: Signalling peer 2e23dc82967648e984f9e8d552ca03c1 to start an election
I20260710 10:59:58.207108 19888 tablet_service.cc:2044] Received Run Leader Election RPC: tablet_id: "66a5e4c32cff4d33aa0eeef16cfd526e"
dest_uuid: "2e23dc82967648e984f9e8d552ca03c1"
 from {username='slave'} at 127.0.0.1:49578
I20260710 10:59:58.208532 19888 raft_consensus.cc:493] T 66a5e4c32cff4d33aa0eeef16cfd526e P 2e23dc82967648e984f9e8d552ca03c1 [term 1 FOLLOWER]: Starting forced leader election (received explicit request)
I20260710 10:59:58.208899 19888 raft_consensus.cc:3060] T 66a5e4c32cff4d33aa0eeef16cfd526e P 2e23dc82967648e984f9e8d552ca03c1 [term 1 FOLLOWER]: Advancing to term 2
I20260710 10:59:58.209335 20044 consensus_queue.cc:1048] T 66a5e4c32cff4d33aa0eeef16cfd526e P 4cd5e238cecb4ad18047a52316750acc [LEADER]: Connected to new peer: Peer: permanent_uuid: "c46acfd0bcbb42d5a3f2c6d5a0c398b1" member_type: VOTER last_known_addr { host: "127.18.190.65" port: 42993 }, Status: LMP_MISMATCH, Last received: 0.0, Next index: 1, Last known committed idx: 0, Time since last communication: 0.000s
I20260710 10:59:58.214993 19888 raft_consensus.cc:515] T 66a5e4c32cff4d33aa0eeef16cfd526e P 2e23dc82967648e984f9e8d552ca03c1 [term 2 FOLLOWER]: Starting forced leader election with config: opid_index: -1 OBSOLETE_local: false peers { permanent_uuid: "c46acfd0bcbb42d5a3f2c6d5a0c398b1" member_type: VOTER last_known_addr { host: "127.18.190.65" port: 42993 } } peers { permanent_uuid: "2e23dc82967648e984f9e8d552ca03c1" member_type: VOTER last_known_addr { host: "127.18.190.66" port: 43539 } } peers { permanent_uuid: "4cd5e238cecb4ad18047a52316750acc" member_type: VOTER last_known_addr { host: "127.18.190.67" port: 39729 } }
I20260710 10:59:58.219718 19962 tablet_service.cc:1917] Received RequestConsensusVote() RPC: tablet_id: "66a5e4c32cff4d33aa0eeef16cfd526e" candidate_uuid: "2e23dc82967648e984f9e8d552ca03c1" candidate_term: 2 candidate_status { last_received { term: 1 index: 1 } } ignore_live_leader: true dest_uuid: "4cd5e238cecb4ad18047a52316750acc"
I20260710 10:59:58.219762 19813 tablet_service.cc:1917] Received RequestConsensusVote() RPC: tablet_id: "66a5e4c32cff4d33aa0eeef16cfd526e" candidate_uuid: "2e23dc82967648e984f9e8d552ca03c1" candidate_term: 2 candidate_status { last_received { term: 1 index: 1 } } ignore_live_leader: true dest_uuid: "c46acfd0bcbb42d5a3f2c6d5a0c398b1"
I20260710 10:59:58.220425 19962 raft_consensus.cc:3055] T 66a5e4c32cff4d33aa0eeef16cfd526e P 4cd5e238cecb4ad18047a52316750acc [term 1 LEADER]: Stepping down as leader of term 1
I20260710 10:59:58.220530 19813 raft_consensus.cc:3060] T 66a5e4c32cff4d33aa0eeef16cfd526e P c46acfd0bcbb42d5a3f2c6d5a0c398b1 [term 1 FOLLOWER]: Advancing to term 2
I20260710 10:59:58.220947 19888 leader_election.cc:290] T 66a5e4c32cff4d33aa0eeef16cfd526e P 2e23dc82967648e984f9e8d552ca03c1 [CANDIDATE]: Term 2 election: Requested vote from peers c46acfd0bcbb42d5a3f2c6d5a0c398b1 (127.18.190.65:42993), 4cd5e238cecb4ad18047a52316750acc (127.18.190.67:39729)
I20260710 10:59:58.220781 19962 raft_consensus.cc:740] T 66a5e4c32cff4d33aa0eeef16cfd526e P 4cd5e238cecb4ad18047a52316750acc [term 1 LEADER]: Becoming Follower/Learner. State: Replica: 4cd5e238cecb4ad18047a52316750acc, State: Running, Role: LEADER
I20260710 10:59:58.223238 19962 consensus_queue.cc:260] T 66a5e4c32cff4d33aa0eeef16cfd526e P 4cd5e238cecb4ad18047a52316750acc [NON_LEADER]: Queue going to NON_LEADER mode. State: All replicated index: 0, Majority replicated index: 1, Committed index: 1, Last appended: 1.1, Last appended by leader: 1, Current term: 1, Majority size: -1, State: 0, Mode: NON_LEADER, active raft config: opid_index: -1 OBSOLETE_local: false peers { permanent_uuid: "c46acfd0bcbb42d5a3f2c6d5a0c398b1" member_type: VOTER last_known_addr { host: "127.18.190.65" port: 42993 } } peers { permanent_uuid: "2e23dc82967648e984f9e8d552ca03c1" member_type: VOTER last_known_addr { host: "127.18.190.66" port: 43539 } } peers { permanent_uuid: "4cd5e238cecb4ad18047a52316750acc" member_type: VOTER last_known_addr { host: "127.18.190.67" port: 39729 } }
I20260710 10:59:58.224435 19962 raft_consensus.cc:3060] T 66a5e4c32cff4d33aa0eeef16cfd526e P 4cd5e238cecb4ad18047a52316750acc [term 1 FOLLOWER]: Advancing to term 2
I20260710 10:59:58.227129 19813 raft_consensus.cc:2468] T 66a5e4c32cff4d33aa0eeef16cfd526e P c46acfd0bcbb42d5a3f2c6d5a0c398b1 [term 2 FOLLOWER]: Leader election vote request: Granting yes vote for candidate 2e23dc82967648e984f9e8d552ca03c1 in term 2.
I20260710 10:59:58.227945 19856 leader_election.cc:304] T 66a5e4c32cff4d33aa0eeef16cfd526e P 2e23dc82967648e984f9e8d552ca03c1 [CANDIDATE]: Term 2 election: Election decided. Result: candidate won. Election summary: received 2 responses out of 3 voters: 2 yes votes; 0 no votes. yes voters: 2e23dc82967648e984f9e8d552ca03c1, c46acfd0bcbb42d5a3f2c6d5a0c398b1; no voters: 
I20260710 10:59:58.228547 20045 raft_consensus.cc:2804] T 66a5e4c32cff4d33aa0eeef16cfd526e P 2e23dc82967648e984f9e8d552ca03c1 [term 2 FOLLOWER]: Leader election won for term 2
I20260710 10:59:58.228889 20045 raft_consensus.cc:697] T 66a5e4c32cff4d33aa0eeef16cfd526e P 2e23dc82967648e984f9e8d552ca03c1 [term 2 LEADER]: Becoming Leader. State: Replica: 2e23dc82967648e984f9e8d552ca03c1, State: Running, Role: LEADER
I20260710 10:59:58.228996 19962 raft_consensus.cc:2468] T 66a5e4c32cff4d33aa0eeef16cfd526e P 4cd5e238cecb4ad18047a52316750acc [term 2 FOLLOWER]: Leader election vote request: Granting yes vote for candidate 2e23dc82967648e984f9e8d552ca03c1 in term 2.
I20260710 10:59:58.229571 20045 consensus_queue.cc:237] T 66a5e4c32cff4d33aa0eeef16cfd526e P 2e23dc82967648e984f9e8d552ca03c1 [LEADER]: Queue going to LEADER mode. State: All replicated index: 0, Majority replicated index: 1, Committed index: 1, Last appended: 1.1, Last appended by leader: 1, Current term: 2, Majority size: 2, State: 0, Mode: LEADER, active raft config: opid_index: -1 OBSOLETE_local: false peers { permanent_uuid: "c46acfd0bcbb42d5a3f2c6d5a0c398b1" member_type: VOTER last_known_addr { host: "127.18.190.65" port: 42993 } } peers { permanent_uuid: "2e23dc82967648e984f9e8d552ca03c1" member_type: VOTER last_known_addr { host: "127.18.190.66" port: 43539 } } peers { permanent_uuid: "4cd5e238cecb4ad18047a52316750acc" member_type: VOTER last_known_addr { host: "127.18.190.67" port: 39729 } }
I20260710 10:59:58.234891 19713 catalog_manager.cc:5697] T 66a5e4c32cff4d33aa0eeef16cfd526e P 2e23dc82967648e984f9e8d552ca03c1 reported cstate change: term changed from 1 to 2, leader changed from 4cd5e238cecb4ad18047a52316750acc (127.18.190.67) to 2e23dc82967648e984f9e8d552ca03c1 (127.18.190.66). New cstate: current_term: 2 leader_uuid: "2e23dc82967648e984f9e8d552ca03c1" committed_config { opid_index: -1 OBSOLETE_local: false peers { permanent_uuid: "c46acfd0bcbb42d5a3f2c6d5a0c398b1" member_type: VOTER last_known_addr { host: "127.18.190.65" port: 42993 } health_report { overall_health: UNKNOWN } } peers { permanent_uuid: "2e23dc82967648e984f9e8d552ca03c1" member_type: VOTER last_known_addr { host: "127.18.190.66" port: 43539 } health_report { overall_health: HEALTHY } } peers { permanent_uuid: "4cd5e238cecb4ad18047a52316750acc" member_type: VOTER last_known_addr { host: "127.18.190.67" port: 39729 } health_report { overall_health: UNKNOWN } } }
I20260710 10:59:58.266682 20066 consensus_queue.cc:1048] T 396f8898faf349318e2af0af48a3acb0 P c46acfd0bcbb42d5a3f2c6d5a0c398b1 [LEADER]: Connected to new peer: Peer: permanent_uuid: "4cd5e238cecb4ad18047a52316750acc" member_type: VOTER last_known_addr { host: "127.18.190.67" port: 39729 }, Status: LMP_MISMATCH, Last received: 0.0, Next index: 1, Last known committed idx: 0, Time since last communication: 0.000s
I20260710 10:59:58.275285 20008 consensus_queue.cc:1048] T 396f8898faf349318e2af0af48a3acb0 P c46acfd0bcbb42d5a3f2c6d5a0c398b1 [LEADER]: Connected to new peer: Peer: permanent_uuid: "2e23dc82967648e984f9e8d552ca03c1" member_type: VOTER last_known_addr { host: "127.18.190.66" port: 43539 }, Status: LMP_MISMATCH, Last received: 0.0, Next index: 1, Last known committed idx: 0, Time since last communication: 0.000s
I20260710 10:59:58.280845 20008 consensus_queue.cc:1048] T d6a2aa2d6eaf4a67b3c5c110cfac63a3 P c46acfd0bcbb42d5a3f2c6d5a0c398b1 [LEADER]: Connected to new peer: Peer: permanent_uuid: "4cd5e238cecb4ad18047a52316750acc" member_type: VOTER last_known_addr { host: "127.18.190.67" port: 39729 }, Status: LMP_MISMATCH, Last received: 0.0, Next index: 1, Last known committed idx: 0, Time since last communication: 0.000s
I20260710 10:59:58.282903 20033 raft_consensus.cc:993] T 396f8898faf349318e2af0af48a3acb0 P c46acfd0bcbb42d5a3f2c6d5a0c398b1: : Instructing follower 2e23dc82967648e984f9e8d552ca03c1 to start an election
I20260710 10:59:58.283349 20033 raft_consensus.cc:1081] T 396f8898faf349318e2af0af48a3acb0 P c46acfd0bcbb42d5a3f2c6d5a0c398b1 [term 1 LEADER]: Signalling peer 2e23dc82967648e984f9e8d552ca03c1 to start an election
I20260710 10:59:58.284942 19888 tablet_service.cc:2044] Received Run Leader Election RPC: tablet_id: "396f8898faf349318e2af0af48a3acb0"
dest_uuid: "2e23dc82967648e984f9e8d552ca03c1"
 from {username='slave'} at 127.0.0.1:49574
I20260710 10:59:58.285485 19888 raft_consensus.cc:493] T 396f8898faf349318e2af0af48a3acb0 P 2e23dc82967648e984f9e8d552ca03c1 [term 1 FOLLOWER]: Starting forced leader election (received explicit request)
I20260710 10:59:58.285881 19888 raft_consensus.cc:3060] T 396f8898faf349318e2af0af48a3acb0 P 2e23dc82967648e984f9e8d552ca03c1 [term 1 FOLLOWER]: Advancing to term 2
I20260710 10:59:58.288599 20033 raft_consensus.cc:993] T d6a2aa2d6eaf4a67b3c5c110cfac63a3 P c46acfd0bcbb42d5a3f2c6d5a0c398b1: : Instructing follower 4cd5e238cecb4ad18047a52316750acc to start an election
I20260710 10:59:58.288993 20033 raft_consensus.cc:1081] T d6a2aa2d6eaf4a67b3c5c110cfac63a3 P c46acfd0bcbb42d5a3f2c6d5a0c398b1 [term 1 LEADER]: Signalling peer 4cd5e238cecb4ad18047a52316750acc to start an election
I20260710 10:59:58.292155 19963 tablet_service.cc:2044] Received Run Leader Election RPC: tablet_id: "d6a2aa2d6eaf4a67b3c5c110cfac63a3"
dest_uuid: "4cd5e238cecb4ad18047a52316750acc"
 from {username='slave'} at 127.0.0.1:54672
I20260710 10:59:58.293120 19963 raft_consensus.cc:493] T d6a2aa2d6eaf4a67b3c5c110cfac63a3 P 4cd5e238cecb4ad18047a52316750acc [term 1 FOLLOWER]: Starting forced leader election (received explicit request)
I20260710 10:59:58.293056 19888 raft_consensus.cc:515] T 396f8898faf349318e2af0af48a3acb0 P 2e23dc82967648e984f9e8d552ca03c1 [term 2 FOLLOWER]: Starting forced leader election with config: opid_index: -1 OBSOLETE_local: false peers { permanent_uuid: "c46acfd0bcbb42d5a3f2c6d5a0c398b1" member_type: VOTER last_known_addr { host: "127.18.190.65" port: 42993 } } peers { permanent_uuid: "2e23dc82967648e984f9e8d552ca03c1" member_type: VOTER last_known_addr { host: "127.18.190.66" port: 43539 } } peers { permanent_uuid: "4cd5e238cecb4ad18047a52316750acc" member_type: VOTER last_known_addr { host: "127.18.190.67" port: 39729 } }
I20260710 10:59:58.293594 19963 raft_consensus.cc:3060] T d6a2aa2d6eaf4a67b3c5c110cfac63a3 P 4cd5e238cecb4ad18047a52316750acc [term 1 FOLLOWER]: Advancing to term 2
I20260710 10:59:58.296212 20066 consensus_queue.cc:1048] T d6a2aa2d6eaf4a67b3c5c110cfac63a3 P c46acfd0bcbb42d5a3f2c6d5a0c398b1 [LEADER]: Connected to new peer: Peer: permanent_uuid: "2e23dc82967648e984f9e8d552ca03c1" member_type: VOTER last_known_addr { host: "127.18.190.66" port: 43539 }, Status: LMP_MISMATCH, Last received: 0.0, Next index: 1, Last known committed idx: 0, Time since last communication: 0.000s
I20260710 10:59:58.296417 19813 tablet_service.cc:1917] Received RequestConsensusVote() RPC: tablet_id: "396f8898faf349318e2af0af48a3acb0" candidate_uuid: "2e23dc82967648e984f9e8d552ca03c1" candidate_term: 2 candidate_status { last_received { term: 1 index: 1 } } ignore_live_leader: true dest_uuid: "c46acfd0bcbb42d5a3f2c6d5a0c398b1"
I20260710 10:59:58.296916 19813 raft_consensus.cc:3055] T 396f8898faf349318e2af0af48a3acb0 P c46acfd0bcbb42d5a3f2c6d5a0c398b1 [term 1 LEADER]: Stepping down as leader of term 1
I20260710 10:59:58.297236 19813 raft_consensus.cc:740] T 396f8898faf349318e2af0af48a3acb0 P c46acfd0bcbb42d5a3f2c6d5a0c398b1 [term 1 LEADER]: Becoming Follower/Learner. State: Replica: c46acfd0bcbb42d5a3f2c6d5a0c398b1, State: Running, Role: LEADER
I20260710 10:59:58.297757 19964 tablet_service.cc:1917] Received RequestConsensusVote() RPC: tablet_id: "396f8898faf349318e2af0af48a3acb0" candidate_uuid: "2e23dc82967648e984f9e8d552ca03c1" candidate_term: 2 candidate_status { last_received { term: 1 index: 1 } } ignore_live_leader: true dest_uuid: "4cd5e238cecb4ad18047a52316750acc"
I20260710 10:59:58.298276 19964 raft_consensus.cc:3060] T 396f8898faf349318e2af0af48a3acb0 P 4cd5e238cecb4ad18047a52316750acc [term 1 FOLLOWER]: Advancing to term 2
I20260710 10:59:58.297945 19813 consensus_queue.cc:260] T 396f8898faf349318e2af0af48a3acb0 P c46acfd0bcbb42d5a3f2c6d5a0c398b1 [NON_LEADER]: Queue going to NON_LEADER mode. State: All replicated index: 0, Majority replicated index: 1, Committed index: 1, Last appended: 1.1, Last appended by leader: 1, Current term: 1, Majority size: -1, State: 0, Mode: NON_LEADER, active raft config: opid_index: -1 OBSOLETE_local: false peers { permanent_uuid: "c46acfd0bcbb42d5a3f2c6d5a0c398b1" member_type: VOTER last_known_addr { host: "127.18.190.65" port: 42993 } } peers { permanent_uuid: "2e23dc82967648e984f9e8d552ca03c1" member_type: VOTER last_known_addr { host: "127.18.190.66" port: 43539 } } peers { permanent_uuid: "4cd5e238cecb4ad18047a52316750acc" member_type: VOTER last_known_addr { host: "127.18.190.67" port: 39729 } }
I20260710 10:59:58.298969 19813 raft_consensus.cc:3060] T 396f8898faf349318e2af0af48a3acb0 P c46acfd0bcbb42d5a3f2c6d5a0c398b1 [term 1 FOLLOWER]: Advancing to term 2
I20260710 10:59:58.307137 19888 leader_election.cc:290] T 396f8898faf349318e2af0af48a3acb0 P 2e23dc82967648e984f9e8d552ca03c1 [CANDIDATE]: Term 2 election: Requested vote from peers c46acfd0bcbb42d5a3f2c6d5a0c398b1 (127.18.190.65:42993), 4cd5e238cecb4ad18047a52316750acc (127.18.190.67:39729)
I20260710 10:59:58.307709 19964 raft_consensus.cc:2468] T 396f8898faf349318e2af0af48a3acb0 P 4cd5e238cecb4ad18047a52316750acc [term 2 FOLLOWER]: Leader election vote request: Granting yes vote for candidate 2e23dc82967648e984f9e8d552ca03c1 in term 2.
I20260710 10:59:58.308694 19853 leader_election.cc:304] T 396f8898faf349318e2af0af48a3acb0 P 2e23dc82967648e984f9e8d552ca03c1 [CANDIDATE]: Term 2 election: Election decided. Result: candidate won. Election summary: received 2 responses out of 3 voters: 2 yes votes; 0 no votes. yes voters: 2e23dc82967648e984f9e8d552ca03c1, 4cd5e238cecb4ad18047a52316750acc; no voters: 
I20260710 10:59:58.308109 19813 raft_consensus.cc:2468] T 396f8898faf349318e2af0af48a3acb0 P c46acfd0bcbb42d5a3f2c6d5a0c398b1 [term 2 FOLLOWER]: Leader election vote request: Granting yes vote for candidate 2e23dc82967648e984f9e8d552ca03c1 in term 2.
I20260710 10:59:58.309490 20045 raft_consensus.cc:2804] T 396f8898faf349318e2af0af48a3acb0 P 2e23dc82967648e984f9e8d552ca03c1 [term 2 FOLLOWER]: Leader election won for term 2
I20260710 10:59:58.309965 20045 raft_consensus.cc:697] T 396f8898faf349318e2af0af48a3acb0 P 2e23dc82967648e984f9e8d552ca03c1 [term 2 LEADER]: Becoming Leader. State: Replica: 2e23dc82967648e984f9e8d552ca03c1, State: Running, Role: LEADER
I20260710 10:59:58.310812 20045 consensus_queue.cc:237] T 396f8898faf349318e2af0af48a3acb0 P 2e23dc82967648e984f9e8d552ca03c1 [LEADER]: Queue going to LEADER mode. State: All replicated index: 0, Majority replicated index: 1, Committed index: 1, Last appended: 1.1, Last appended by leader: 1, Current term: 2, Majority size: 2, State: 0, Mode: LEADER, active raft config: opid_index: -1 OBSOLETE_local: false peers { permanent_uuid: "c46acfd0bcbb42d5a3f2c6d5a0c398b1" member_type: VOTER last_known_addr { host: "127.18.190.65" port: 42993 } } peers { permanent_uuid: "2e23dc82967648e984f9e8d552ca03c1" member_type: VOTER last_known_addr { host: "127.18.190.66" port: 43539 } } peers { permanent_uuid: "4cd5e238cecb4ad18047a52316750acc" member_type: VOTER last_known_addr { host: "127.18.190.67" port: 39729 } }
I20260710 10:59:58.314721 19963 raft_consensus.cc:515] T d6a2aa2d6eaf4a67b3c5c110cfac63a3 P 4cd5e238cecb4ad18047a52316750acc [term 2 FOLLOWER]: Starting forced leader election with config: opid_index: -1 OBSOLETE_local: false peers { permanent_uuid: "c46acfd0bcbb42d5a3f2c6d5a0c398b1" member_type: VOTER last_known_addr { host: "127.18.190.65" port: 42993 } } peers { permanent_uuid: "2e23dc82967648e984f9e8d552ca03c1" member_type: VOTER last_known_addr { host: "127.18.190.66" port: 43539 } } peers { permanent_uuid: "4cd5e238cecb4ad18047a52316750acc" member_type: VOTER last_known_addr { host: "127.18.190.67" port: 39729 } }
I20260710 10:59:58.316607 19963 leader_election.cc:290] T d6a2aa2d6eaf4a67b3c5c110cfac63a3 P 4cd5e238cecb4ad18047a52316750acc [CANDIDATE]: Term 2 election: Requested vote from peers c46acfd0bcbb42d5a3f2c6d5a0c398b1 (127.18.190.65:42993), 2e23dc82967648e984f9e8d552ca03c1 (127.18.190.66:43539)
I20260710 10:59:58.317541 19813 tablet_service.cc:1917] Received RequestConsensusVote() RPC: tablet_id: "d6a2aa2d6eaf4a67b3c5c110cfac63a3" candidate_uuid: "4cd5e238cecb4ad18047a52316750acc" candidate_term: 2 candidate_status { last_received { term: 1 index: 1 } } ignore_live_leader: true dest_uuid: "c46acfd0bcbb42d5a3f2c6d5a0c398b1"
I20260710 10:59:58.318109 19813 raft_consensus.cc:3055] T d6a2aa2d6eaf4a67b3c5c110cfac63a3 P c46acfd0bcbb42d5a3f2c6d5a0c398b1 [term 1 LEADER]: Stepping down as leader of term 1
I20260710 10:59:58.318238 19889 tablet_service.cc:1917] Received RequestConsensusVote() RPC: tablet_id: "d6a2aa2d6eaf4a67b3c5c110cfac63a3" candidate_uuid: "4cd5e238cecb4ad18047a52316750acc" candidate_term: 2 candidate_status { last_received { term: 1 index: 1 } } ignore_live_leader: true dest_uuid: "2e23dc82967648e984f9e8d552ca03c1"
I20260710 10:59:58.318439 19813 raft_consensus.cc:740] T d6a2aa2d6eaf4a67b3c5c110cfac63a3 P c46acfd0bcbb42d5a3f2c6d5a0c398b1 [term 1 LEADER]: Becoming Follower/Learner. State: Replica: c46acfd0bcbb42d5a3f2c6d5a0c398b1, State: Running, Role: LEADER
I20260710 10:59:58.318735 19889 raft_consensus.cc:3060] T d6a2aa2d6eaf4a67b3c5c110cfac63a3 P 2e23dc82967648e984f9e8d552ca03c1 [term 1 FOLLOWER]: Advancing to term 2
I20260710 10:59:58.319159 19813 consensus_queue.cc:260] T d6a2aa2d6eaf4a67b3c5c110cfac63a3 P c46acfd0bcbb42d5a3f2c6d5a0c398b1 [NON_LEADER]: Queue going to NON_LEADER mode. State: All replicated index: 0, Majority replicated index: 1, Committed index: 1, Last appended: 1.1, Last appended by leader: 1, Current term: 1, Majority size: -1, State: 0, Mode: NON_LEADER, active raft config: opid_index: -1 OBSOLETE_local: false peers { permanent_uuid: "c46acfd0bcbb42d5a3f2c6d5a0c398b1" member_type: VOTER last_known_addr { host: "127.18.190.65" port: 42993 } } peers { permanent_uuid: "2e23dc82967648e984f9e8d552ca03c1" member_type: VOTER last_known_addr { host: "127.18.190.66" port: 43539 } } peers { permanent_uuid: "4cd5e238cecb4ad18047a52316750acc" member_type: VOTER last_known_addr { host: "127.18.190.67" port: 39729 } }
I20260710 10:59:58.320152 19813 raft_consensus.cc:3060] T d6a2aa2d6eaf4a67b3c5c110cfac63a3 P c46acfd0bcbb42d5a3f2c6d5a0c398b1 [term 1 FOLLOWER]: Advancing to term 2
I20260710 10:59:58.321691 19712 catalog_manager.cc:5697] T 396f8898faf349318e2af0af48a3acb0 P 2e23dc82967648e984f9e8d552ca03c1 reported cstate change: term changed from 1 to 2, leader changed from c46acfd0bcbb42d5a3f2c6d5a0c398b1 (127.18.190.65) to 2e23dc82967648e984f9e8d552ca03c1 (127.18.190.66). New cstate: current_term: 2 leader_uuid: "2e23dc82967648e984f9e8d552ca03c1" committed_config { opid_index: -1 OBSOLETE_local: false peers { permanent_uuid: "c46acfd0bcbb42d5a3f2c6d5a0c398b1" member_type: VOTER last_known_addr { host: "127.18.190.65" port: 42993 } health_report { overall_health: UNKNOWN } } peers { permanent_uuid: "2e23dc82967648e984f9e8d552ca03c1" member_type: VOTER last_known_addr { host: "127.18.190.66" port: 43539 } health_report { overall_health: HEALTHY } } peers { permanent_uuid: "4cd5e238cecb4ad18047a52316750acc" member_type: VOTER last_known_addr { host: "127.18.190.67" port: 39729 } health_report { overall_health: UNKNOWN } } }
I20260710 10:59:58.324612 19813 raft_consensus.cc:2468] T d6a2aa2d6eaf4a67b3c5c110cfac63a3 P c46acfd0bcbb42d5a3f2c6d5a0c398b1 [term 2 FOLLOWER]: Leader election vote request: Granting yes vote for candidate 4cd5e238cecb4ad18047a52316750acc in term 2.
I20260710 10:59:58.324829 19889 raft_consensus.cc:2468] T d6a2aa2d6eaf4a67b3c5c110cfac63a3 P 2e23dc82967648e984f9e8d552ca03c1 [term 2 FOLLOWER]: Leader election vote request: Granting yes vote for candidate 4cd5e238cecb4ad18047a52316750acc in term 2.
I20260710 10:59:58.325809 19929 leader_election.cc:304] T d6a2aa2d6eaf4a67b3c5c110cfac63a3 P 4cd5e238cecb4ad18047a52316750acc [CANDIDATE]: Term 2 election: Election decided. Result: candidate won. Election summary: received 2 responses out of 3 voters: 2 yes votes; 0 no votes. yes voters: 2e23dc82967648e984f9e8d552ca03c1, 4cd5e238cecb4ad18047a52316750acc; no voters: 
I20260710 10:59:58.326738 20040 raft_consensus.cc:2804] T d6a2aa2d6eaf4a67b3c5c110cfac63a3 P 4cd5e238cecb4ad18047a52316750acc [term 2 FOLLOWER]: Leader election won for term 2
I20260710 10:59:58.327113 20040 raft_consensus.cc:697] T d6a2aa2d6eaf4a67b3c5c110cfac63a3 P 4cd5e238cecb4ad18047a52316750acc [term 2 LEADER]: Becoming Leader. State: Replica: 4cd5e238cecb4ad18047a52316750acc, State: Running, Role: LEADER
I20260710 10:59:58.327747 20040 consensus_queue.cc:237] T d6a2aa2d6eaf4a67b3c5c110cfac63a3 P 4cd5e238cecb4ad18047a52316750acc [LEADER]: Queue going to LEADER mode. State: All replicated index: 0, Majority replicated index: 1, Committed index: 1, Last appended: 1.1, Last appended by leader: 1, Current term: 2, Majority size: 2, State: 0, Mode: LEADER, active raft config: opid_index: -1 OBSOLETE_local: false peers { permanent_uuid: "c46acfd0bcbb42d5a3f2c6d5a0c398b1" member_type: VOTER last_known_addr { host: "127.18.190.65" port: 42993 } } peers { permanent_uuid: "2e23dc82967648e984f9e8d552ca03c1" member_type: VOTER last_known_addr { host: "127.18.190.66" port: 43539 } } peers { permanent_uuid: "4cd5e238cecb4ad18047a52316750acc" member_type: VOTER last_known_addr { host: "127.18.190.67" port: 39729 } }
I20260710 10:59:58.333276 19712 catalog_manager.cc:5697] T d6a2aa2d6eaf4a67b3c5c110cfac63a3 P 4cd5e238cecb4ad18047a52316750acc reported cstate change: term changed from 1 to 2, leader changed from c46acfd0bcbb42d5a3f2c6d5a0c398b1 (127.18.190.65) to 4cd5e238cecb4ad18047a52316750acc (127.18.190.67). New cstate: current_term: 2 leader_uuid: "4cd5e238cecb4ad18047a52316750acc" committed_config { opid_index: -1 OBSOLETE_local: false peers { permanent_uuid: "c46acfd0bcbb42d5a3f2c6d5a0c398b1" member_type: VOTER last_known_addr { host: "127.18.190.65" port: 42993 } health_report { overall_health: UNKNOWN } } peers { permanent_uuid: "2e23dc82967648e984f9e8d552ca03c1" member_type: VOTER last_known_addr { host: "127.18.190.66" port: 43539 } health_report { overall_health: UNKNOWN } } peers { permanent_uuid: "4cd5e238cecb4ad18047a52316750acc" member_type: VOTER last_known_addr { host: "127.18.190.67" port: 39729 } health_report { overall_health: HEALTHY } } }
I20260710 10:59:58.357735 19963 raft_consensus.cc:1275] T f9ef2c379e7242eba12f8f497310e56f P 4cd5e238cecb4ad18047a52316750acc [term 2 FOLLOWER]: Refusing update from remote peer c46acfd0bcbb42d5a3f2c6d5a0c398b1: Log matching property violated. Preceding OpId in replica: term: 1 index: 1. Preceding OpId from leader: term: 2 index: 2. (index mismatch)
I20260710 10:59:58.358837 20008 consensus_queue.cc:1048] T f9ef2c379e7242eba12f8f497310e56f P c46acfd0bcbb42d5a3f2c6d5a0c398b1 [LEADER]: Connected to new peer: Peer: permanent_uuid: "4cd5e238cecb4ad18047a52316750acc" member_type: VOTER last_known_addr { host: "127.18.190.67" port: 39729 }, Status: LMP_MISMATCH, Last received: 0.0, Next index: 2, Last known committed idx: 1, Time since last communication: 0.000s
I20260710 10:59:58.365659 19889 raft_consensus.cc:1275] T f9ef2c379e7242eba12f8f497310e56f P 2e23dc82967648e984f9e8d552ca03c1 [term 2 FOLLOWER]: Refusing update from remote peer c46acfd0bcbb42d5a3f2c6d5a0c398b1: Log matching property violated. Preceding OpId in replica: term: 1 index: 1. Preceding OpId from leader: term: 2 index: 2. (index mismatch)
I20260710 10:59:58.367000 20033 consensus_queue.cc:1048] T f9ef2c379e7242eba12f8f497310e56f P c46acfd0bcbb42d5a3f2c6d5a0c398b1 [LEADER]: Connected to new peer: Peer: permanent_uuid: "2e23dc82967648e984f9e8d552ca03c1" member_type: VOTER last_known_addr { host: "127.18.190.66" port: 43539 }, Status: LMP_MISMATCH, Last received: 0.0, Next index: 2, Last known committed idx: 1, Time since last communication: 0.000s
I20260710 10:59:58.522436 19963 raft_consensus.cc:1275] T f936286377ca4da59fb8915cf896e656 P 4cd5e238cecb4ad18047a52316750acc [term 2 FOLLOWER]: Refusing update from remote peer c46acfd0bcbb42d5a3f2c6d5a0c398b1: Log matching property violated. Preceding OpId in replica: term: 1 index: 1. Preceding OpId from leader: term: 2 index: 2. (index mismatch)
I20260710 10:59:58.523509 20033 consensus_queue.cc:1048] T f936286377ca4da59fb8915cf896e656 P c46acfd0bcbb42d5a3f2c6d5a0c398b1 [LEADER]: Connected to new peer: Peer: permanent_uuid: "4cd5e238cecb4ad18047a52316750acc" member_type: VOTER last_known_addr { host: "127.18.190.67" port: 39729 }, Status: LMP_MISMATCH, Last received: 0.0, Next index: 2, Last known committed idx: 1, Time since last communication: 0.000s
I20260710 10:59:58.530311 19889 raft_consensus.cc:1275] T f936286377ca4da59fb8915cf896e656 P 2e23dc82967648e984f9e8d552ca03c1 [term 2 FOLLOWER]: Refusing update from remote peer c46acfd0bcbb42d5a3f2c6d5a0c398b1: Log matching property violated. Preceding OpId in replica: term: 1 index: 1. Preceding OpId from leader: term: 2 index: 2. (index mismatch)
I20260710 10:59:58.531930 20066 consensus_queue.cc:1048] T f936286377ca4da59fb8915cf896e656 P c46acfd0bcbb42d5a3f2c6d5a0c398b1 [LEADER]: Connected to new peer: Peer: permanent_uuid: "2e23dc82967648e984f9e8d552ca03c1" member_type: VOTER last_known_addr { host: "127.18.190.66" port: 43539 }, Status: LMP_MISMATCH, Last received: 0.0, Next index: 2, Last known committed idx: 1, Time since last communication: 0.000s
I20260710 10:59:58.641280 19963 raft_consensus.cc:1275] T 64478f77bd204bca836292527688ea65 P 4cd5e238cecb4ad18047a52316750acc [term 2 FOLLOWER]: Refusing update from remote peer 2e23dc82967648e984f9e8d552ca03c1: Log matching property violated. Preceding OpId in replica: term: 1 index: 1. Preceding OpId from leader: term: 2 index: 2. (index mismatch)
I20260710 10:59:58.642411 20045 consensus_queue.cc:1048] T 64478f77bd204bca836292527688ea65 P 2e23dc82967648e984f9e8d552ca03c1 [LEADER]: Connected to new peer: Peer: permanent_uuid: "4cd5e238cecb4ad18047a52316750acc" member_type: VOTER last_known_addr { host: "127.18.190.67" port: 39729 }, Status: LMP_MISMATCH, Last received: 0.0, Next index: 2, Last known committed idx: 1, Time since last communication: 0.000s
I20260710 10:59:58.649968 19813 raft_consensus.cc:1275] T 64478f77bd204bca836292527688ea65 P c46acfd0bcbb42d5a3f2c6d5a0c398b1 [term 2 FOLLOWER]: Refusing update from remote peer 2e23dc82967648e984f9e8d552ca03c1: Log matching property violated. Preceding OpId in replica: term: 1 index: 1. Preceding OpId from leader: term: 2 index: 2. (index mismatch)
I20260710 10:59:58.651216 20081 consensus_queue.cc:1048] T 64478f77bd204bca836292527688ea65 P 2e23dc82967648e984f9e8d552ca03c1 [LEADER]: Connected to new peer: Peer: permanent_uuid: "c46acfd0bcbb42d5a3f2c6d5a0c398b1" member_type: VOTER last_known_addr { host: "127.18.190.65" port: 42993 }, Status: LMP_MISMATCH, Last received: 0.0, Next index: 2, Last known committed idx: 1, Time since last communication: 0.000s
I20260710 10:59:58.684759 19963 raft_consensus.cc:1275] T 47175e4b4b93468bb31ff4a3b1d66e76 P 4cd5e238cecb4ad18047a52316750acc [term 2 FOLLOWER]: Refusing update from remote peer 2e23dc82967648e984f9e8d552ca03c1: Log matching property violated. Preceding OpId in replica: term: 1 index: 1. Preceding OpId from leader: term: 2 index: 2. (index mismatch)
I20260710 10:59:58.685804 20081 consensus_queue.cc:1048] T 47175e4b4b93468bb31ff4a3b1d66e76 P 2e23dc82967648e984f9e8d552ca03c1 [LEADER]: Connected to new peer: Peer: permanent_uuid: "4cd5e238cecb4ad18047a52316750acc" member_type: VOTER last_known_addr { host: "127.18.190.67" port: 39729 }, Status: LMP_MISMATCH, Last received: 0.0, Next index: 2, Last known committed idx: 1, Time since last communication: 0.000s
I20260710 10:59:58.692153 19813 raft_consensus.cc:1275] T 47175e4b4b93468bb31ff4a3b1d66e76 P c46acfd0bcbb42d5a3f2c6d5a0c398b1 [term 2 FOLLOWER]: Refusing update from remote peer 2e23dc82967648e984f9e8d552ca03c1: Log matching property violated. Preceding OpId in replica: term: 1 index: 1. Preceding OpId from leader: term: 2 index: 2. (index mismatch)
I20260710 10:59:58.692430 19964 raft_consensus.cc:1275] T 396f8898faf349318e2af0af48a3acb0 P 4cd5e238cecb4ad18047a52316750acc [term 2 FOLLOWER]: Refusing update from remote peer 2e23dc82967648e984f9e8d552ca03c1: Log matching property violated. Preceding OpId in replica: term: 1 index: 1. Preceding OpId from leader: term: 2 index: 2. (index mismatch)
I20260710 10:59:58.694140 20013 consensus_queue.cc:1048] T 396f8898faf349318e2af0af48a3acb0 P 2e23dc82967648e984f9e8d552ca03c1 [LEADER]: Connected to new peer: Peer: permanent_uuid: "4cd5e238cecb4ad18047a52316750acc" member_type: VOTER last_known_addr { host: "127.18.190.67" port: 39729 }, Status: LMP_MISMATCH, Last received: 0.0, Next index: 2, Last known committed idx: 1, Time since last communication: 0.000s
I20260710 10:59:58.693682 20081 consensus_queue.cc:1048] T 47175e4b4b93468bb31ff4a3b1d66e76 P 2e23dc82967648e984f9e8d552ca03c1 [LEADER]: Connected to new peer: Peer: permanent_uuid: "c46acfd0bcbb42d5a3f2c6d5a0c398b1" member_type: VOTER last_known_addr { host: "127.18.190.65" port: 42993 }, Status: LMP_MISMATCH, Last received: 0.0, Next index: 2, Last known committed idx: 1, Time since last communication: 0.001s
I20260710 10:59:58.702646 19813 raft_consensus.cc:1275] T 396f8898faf349318e2af0af48a3acb0 P c46acfd0bcbb42d5a3f2c6d5a0c398b1 [term 2 FOLLOWER]: Refusing update from remote peer 2e23dc82967648e984f9e8d552ca03c1: Log matching property violated. Preceding OpId in replica: term: 1 index: 1. Preceding OpId from leader: term: 2 index: 2. (index mismatch)
I20260710 10:59:58.705098 20045 consensus_queue.cc:1048] T 396f8898faf349318e2af0af48a3acb0 P 2e23dc82967648e984f9e8d552ca03c1 [LEADER]: Connected to new peer: Peer: permanent_uuid: "c46acfd0bcbb42d5a3f2c6d5a0c398b1" member_type: VOTER last_known_addr { host: "127.18.190.65" port: 42993 }, Status: LMP_MISMATCH, Last received: 0.0, Next index: 2, Last known committed idx: 1, Time since last communication: 0.000s
I20260710 10:59:58.741895 19813 raft_consensus.cc:1275] T 66a5e4c32cff4d33aa0eeef16cfd526e P c46acfd0bcbb42d5a3f2c6d5a0c398b1 [term 2 FOLLOWER]: Refusing update from remote peer 2e23dc82967648e984f9e8d552ca03c1: Log matching property violated. Preceding OpId in replica: term: 1 index: 1. Preceding OpId from leader: term: 2 index: 2. (index mismatch)
I20260710 10:59:58.743011 20045 consensus_queue.cc:1048] T 66a5e4c32cff4d33aa0eeef16cfd526e P 2e23dc82967648e984f9e8d552ca03c1 [LEADER]: Connected to new peer: Peer: permanent_uuid: "c46acfd0bcbb42d5a3f2c6d5a0c398b1" member_type: VOTER last_known_addr { host: "127.18.190.65" port: 42993 }, Status: LMP_MISMATCH, Last received: 0.0, Next index: 2, Last known committed idx: 1, Time since last communication: 0.000s
I20260710 10:59:58.750154 19963 raft_consensus.cc:1275] T 66a5e4c32cff4d33aa0eeef16cfd526e P 4cd5e238cecb4ad18047a52316750acc [term 2 FOLLOWER]: Refusing update from remote peer 2e23dc82967648e984f9e8d552ca03c1: Log matching property violated. Preceding OpId in replica: term: 1 index: 1. Preceding OpId from leader: term: 2 index: 2. (index mismatch)
I20260710 10:59:58.751513 20045 consensus_queue.cc:1048] T 66a5e4c32cff4d33aa0eeef16cfd526e P 2e23dc82967648e984f9e8d552ca03c1 [LEADER]: Connected to new peer: Peer: permanent_uuid: "4cd5e238cecb4ad18047a52316750acc" member_type: VOTER last_known_addr { host: "127.18.190.67" port: 39729 }, Status: LMP_MISMATCH, Last received: 0.0, Next index: 2, Last known committed idx: 1, Time since last communication: 0.000s
I20260710 10:59:58.762485 19813 raft_consensus.cc:1275] T d6a2aa2d6eaf4a67b3c5c110cfac63a3 P c46acfd0bcbb42d5a3f2c6d5a0c398b1 [term 2 FOLLOWER]: Refusing update from remote peer 4cd5e238cecb4ad18047a52316750acc: Log matching property violated. Preceding OpId in replica: term: 1 index: 1. Preceding OpId from leader: term: 2 index: 2. (index mismatch)
I20260710 10:59:58.763566 20049 consensus_queue.cc:1048] T d6a2aa2d6eaf4a67b3c5c110cfac63a3 P 4cd5e238cecb4ad18047a52316750acc [LEADER]: Connected to new peer: Peer: permanent_uuid: "c46acfd0bcbb42d5a3f2c6d5a0c398b1" member_type: VOTER last_known_addr { host: "127.18.190.65" port: 42993 }, Status: LMP_MISMATCH, Last received: 0.0, Next index: 2, Last known committed idx: 1, Time since last communication: 0.000s
I20260710 10:59:58.769873 19889 raft_consensus.cc:1275] T d6a2aa2d6eaf4a67b3c5c110cfac63a3 P 2e23dc82967648e984f9e8d552ca03c1 [term 2 FOLLOWER]: Refusing update from remote peer 4cd5e238cecb4ad18047a52316750acc: Log matching property violated. Preceding OpId in replica: term: 1 index: 1. Preceding OpId from leader: term: 2 index: 2. (index mismatch)
I20260710 10:59:58.771216 20044 consensus_queue.cc:1048] T d6a2aa2d6eaf4a67b3c5c110cfac63a3 P 4cd5e238cecb4ad18047a52316750acc [LEADER]: Connected to new peer: Peer: permanent_uuid: "2e23dc82967648e984f9e8d552ca03c1" member_type: VOTER last_known_addr { host: "127.18.190.66" port: 43539 }, Status: LMP_MISMATCH, Last received: 0.0, Next index: 2, Last known committed idx: 1, Time since last communication: 0.000s
I20260710 10:59:58.774799 19888 raft_consensus.cc:3060] T 22ab402ca67f432384eb2dca211a7dec P 2e23dc82967648e984f9e8d552ca03c1 [term 1 FOLLOWER]: Advancing to term 2
I20260710 10:59:58.778120 19963 raft_consensus.cc:1275] T 22ab402ca67f432384eb2dca211a7dec P 4cd5e238cecb4ad18047a52316750acc [term 2 FOLLOWER]: Refusing update from remote peer c46acfd0bcbb42d5a3f2c6d5a0c398b1: Log matching property violated. Preceding OpId in replica: term: 1 index: 1. Preceding OpId from leader: term: 2 index: 2. (index mismatch)
I20260710 10:59:58.779150 20008 consensus_queue.cc:1048] T 22ab402ca67f432384eb2dca211a7dec P c46acfd0bcbb42d5a3f2c6d5a0c398b1 [LEADER]: Connected to new peer: Peer: permanent_uuid: "4cd5e238cecb4ad18047a52316750acc" member_type: VOTER last_known_addr { host: "127.18.190.67" port: 39729 }, Status: LMP_MISMATCH, Last received: 0.0, Next index: 2, Last known committed idx: 1, Time since last communication: 0.000s
I20260710 10:59:58.780849 19888 raft_consensus.cc:1275] T 22ab402ca67f432384eb2dca211a7dec P 2e23dc82967648e984f9e8d552ca03c1 [term 2 FOLLOWER]: Refusing update from remote peer c46acfd0bcbb42d5a3f2c6d5a0c398b1: Log matching property violated. Preceding OpId in replica: term: 1 index: 1. Preceding OpId from leader: term: 2 index: 2. (index mismatch)
I20260710 10:59:58.782207 20008 consensus_queue.cc:1048] T 22ab402ca67f432384eb2dca211a7dec P c46acfd0bcbb42d5a3f2c6d5a0c398b1 [LEADER]: Connected to new peer: Peer: permanent_uuid: "2e23dc82967648e984f9e8d552ca03c1" member_type: VOTER last_known_addr { host: "127.18.190.66" port: 43539 }, Status: LMP_MISMATCH, Last received: 0.0, Next index: 2, Last known committed idx: 1, Time since last communication: 0.000s
I20260710 11:00:01.031517 19193 auto_leader_rebalancer-test.cc:348] The leader distribution is 
I20260710 11:00:01.032198 19193 auto_leader_rebalancer.cc:141] leader rebalance for table test-workload
I20260710 11:00:01.046967 19814 tablet_service.cc:2072] Received LeaderStepDown RPC: tablet_id: "22ab402ca67f432384eb2dca211a7dec"
dest_uuid: "c46acfd0bcbb42d5a3f2c6d5a0c398b1"
mode: GRACEFUL
new_leader_uuid: "4cd5e238cecb4ad18047a52316750acc"
 from {username='slave'} at 127.0.0.1:38652
I20260710 11:00:01.047443 19814 raft_consensus.cc:606] T 22ab402ca67f432384eb2dca211a7dec P c46acfd0bcbb42d5a3f2c6d5a0c398b1 [term 2 LEADER]: Received request to transfer leadership to TS 4cd5e238cecb4ad18047a52316750acc
I20260710 11:00:01.049515 19814 tablet_service.cc:2072] Received LeaderStepDown RPC: tablet_id: "f936286377ca4da59fb8915cf896e656"
dest_uuid: "c46acfd0bcbb42d5a3f2c6d5a0c398b1"
mode: GRACEFUL
new_leader_uuid: "4cd5e238cecb4ad18047a52316750acc"
 from {username='slave'} at 127.0.0.1:38652
I20260710 11:00:01.049916 19814 raft_consensus.cc:606] T f936286377ca4da59fb8915cf896e656 P c46acfd0bcbb42d5a3f2c6d5a0c398b1 [term 2 LEADER]: Received request to transfer leadership to TS 4cd5e238cecb4ad18047a52316750acc
I20260710 11:00:01.050772 19193 auto_leader_rebalancer.cc:452] table: test-workload, leader rebalance finish, leader transfer count: 2
I20260710 11:00:01.051163 19193 auto_leader_rebalancer.cc:527] All tables' leader rebalancing finished this round
I20260710 11:00:01.155990 20033 raft_consensus.cc:993] T 22ab402ca67f432384eb2dca211a7dec P c46acfd0bcbb42d5a3f2c6d5a0c398b1: : Instructing follower 4cd5e238cecb4ad18047a52316750acc to start an election
I20260710 11:00:01.156446 20102 raft_consensus.cc:1081] T 22ab402ca67f432384eb2dca211a7dec P c46acfd0bcbb42d5a3f2c6d5a0c398b1 [term 2 LEADER]: Signalling peer 4cd5e238cecb4ad18047a52316750acc to start an election
I20260710 11:00:01.157821 19963 tablet_service.cc:2044] Received Run Leader Election RPC: tablet_id: "22ab402ca67f432384eb2dca211a7dec"
dest_uuid: "4cd5e238cecb4ad18047a52316750acc"
 from {username='slave'} at 127.0.0.1:54672
I20260710 11:00:01.158357 19963 raft_consensus.cc:493] T 22ab402ca67f432384eb2dca211a7dec P 4cd5e238cecb4ad18047a52316750acc [term 2 FOLLOWER]: Starting forced leader election (received explicit request)
I20260710 11:00:01.158731 19963 raft_consensus.cc:3060] T 22ab402ca67f432384eb2dca211a7dec P 4cd5e238cecb4ad18047a52316750acc [term 2 FOLLOWER]: Advancing to term 3
I20260710 11:00:01.163584 19963 raft_consensus.cc:515] T 22ab402ca67f432384eb2dca211a7dec P 4cd5e238cecb4ad18047a52316750acc [term 3 FOLLOWER]: Starting forced leader election with config: opid_index: -1 OBSOLETE_local: false peers { permanent_uuid: "c46acfd0bcbb42d5a3f2c6d5a0c398b1" member_type: VOTER last_known_addr { host: "127.18.190.65" port: 42993 } } peers { permanent_uuid: "2e23dc82967648e984f9e8d552ca03c1" member_type: VOTER last_known_addr { host: "127.18.190.66" port: 43539 } } peers { permanent_uuid: "4cd5e238cecb4ad18047a52316750acc" member_type: VOTER last_known_addr { host: "127.18.190.67" port: 39729 } }
I20260710 11:00:01.165051 19963 leader_election.cc:290] T 22ab402ca67f432384eb2dca211a7dec P 4cd5e238cecb4ad18047a52316750acc [CANDIDATE]: Term 3 election: Requested vote from peers c46acfd0bcbb42d5a3f2c6d5a0c398b1 (127.18.190.65:42993), 2e23dc82967648e984f9e8d552ca03c1 (127.18.190.66:43539)
I20260710 11:00:01.165794 19814 tablet_service.cc:1917] Received RequestConsensusVote() RPC: tablet_id: "22ab402ca67f432384eb2dca211a7dec" candidate_uuid: "4cd5e238cecb4ad18047a52316750acc" candidate_term: 3 candidate_status { last_received { term: 2 index: 2 } } ignore_live_leader: true dest_uuid: "c46acfd0bcbb42d5a3f2c6d5a0c398b1"
I20260710 11:00:01.166078 19888 tablet_service.cc:1917] Received RequestConsensusVote() RPC: tablet_id: "22ab402ca67f432384eb2dca211a7dec" candidate_uuid: "4cd5e238cecb4ad18047a52316750acc" candidate_term: 3 candidate_status { last_received { term: 2 index: 2 } } ignore_live_leader: true dest_uuid: "2e23dc82967648e984f9e8d552ca03c1"
I20260710 11:00:01.166404 19814 raft_consensus.cc:3055] T 22ab402ca67f432384eb2dca211a7dec P c46acfd0bcbb42d5a3f2c6d5a0c398b1 [term 2 LEADER]: Stepping down as leader of term 2
I20260710 11:00:01.166579 19888 raft_consensus.cc:3060] T 22ab402ca67f432384eb2dca211a7dec P 2e23dc82967648e984f9e8d552ca03c1 [term 2 FOLLOWER]: Advancing to term 3
I20260710 11:00:01.166740 19814 raft_consensus.cc:740] T 22ab402ca67f432384eb2dca211a7dec P c46acfd0bcbb42d5a3f2c6d5a0c398b1 [term 2 LEADER]: Becoming Follower/Learner. State: Replica: c46acfd0bcbb42d5a3f2c6d5a0c398b1, State: Running, Role: LEADER
I20260710 11:00:01.167547 19814 consensus_queue.cc:260] T 22ab402ca67f432384eb2dca211a7dec P c46acfd0bcbb42d5a3f2c6d5a0c398b1 [NON_LEADER]: Queue going to NON_LEADER mode. State: All replicated index: 0, Majority replicated index: 2, Committed index: 2, Last appended: 2.2, Last appended by leader: 2, Current term: 2, Majority size: -1, State: 0, Mode: NON_LEADER, active raft config: opid_index: -1 OBSOLETE_local: false peers { permanent_uuid: "c46acfd0bcbb42d5a3f2c6d5a0c398b1" member_type: VOTER last_known_addr { host: "127.18.190.65" port: 42993 } } peers { permanent_uuid: "2e23dc82967648e984f9e8d552ca03c1" member_type: VOTER last_known_addr { host: "127.18.190.66" port: 43539 } } peers { permanent_uuid: "4cd5e238cecb4ad18047a52316750acc" member_type: VOTER last_known_addr { host: "127.18.190.67" port: 39729 } }
I20260710 11:00:01.168735 19814 raft_consensus.cc:3060] T 22ab402ca67f432384eb2dca211a7dec P c46acfd0bcbb42d5a3f2c6d5a0c398b1 [term 2 FOLLOWER]: Advancing to term 3
I20260710 11:00:01.173002 19888 raft_consensus.cc:2468] T 22ab402ca67f432384eb2dca211a7dec P 2e23dc82967648e984f9e8d552ca03c1 [term 3 FOLLOWER]: Leader election vote request: Granting yes vote for candidate 4cd5e238cecb4ad18047a52316750acc in term 3.
I20260710 11:00:01.174170 19929 leader_election.cc:304] T 22ab402ca67f432384eb2dca211a7dec P 4cd5e238cecb4ad18047a52316750acc [CANDIDATE]: Term 3 election: Election decided. Result: candidate won. Election summary: received 2 responses out of 3 voters: 2 yes votes; 0 no votes. yes voters: 2e23dc82967648e984f9e8d552ca03c1, 4cd5e238cecb4ad18047a52316750acc; no voters: 
I20260710 11:00:01.174788 20099 raft_consensus.cc:2804] T 22ab402ca67f432384eb2dca211a7dec P 4cd5e238cecb4ad18047a52316750acc [term 3 FOLLOWER]: Leader election won for term 3
I20260710 11:00:01.174685 19814 raft_consensus.cc:2468] T 22ab402ca67f432384eb2dca211a7dec P c46acfd0bcbb42d5a3f2c6d5a0c398b1 [term 3 FOLLOWER]: Leader election vote request: Granting yes vote for candidate 4cd5e238cecb4ad18047a52316750acc in term 3.
I20260710 11:00:01.175841 20099 raft_consensus.cc:697] T 22ab402ca67f432384eb2dca211a7dec P 4cd5e238cecb4ad18047a52316750acc [term 3 LEADER]: Becoming Leader. State: Replica: 4cd5e238cecb4ad18047a52316750acc, State: Running, Role: LEADER
I20260710 11:00:01.176681 20099 consensus_queue.cc:237] T 22ab402ca67f432384eb2dca211a7dec P 4cd5e238cecb4ad18047a52316750acc [LEADER]: Queue going to LEADER mode. State: All replicated index: 0, Majority replicated index: 2, Committed index: 2, Last appended: 2.2, Last appended by leader: 2, Current term: 3, Majority size: 2, State: 0, Mode: LEADER, active raft config: opid_index: -1 OBSOLETE_local: false peers { permanent_uuid: "c46acfd0bcbb42d5a3f2c6d5a0c398b1" member_type: VOTER last_known_addr { host: "127.18.190.65" port: 42993 } } peers { permanent_uuid: "2e23dc82967648e984f9e8d552ca03c1" member_type: VOTER last_known_addr { host: "127.18.190.66" port: 43539 } } peers { permanent_uuid: "4cd5e238cecb4ad18047a52316750acc" member_type: VOTER last_known_addr { host: "127.18.190.67" port: 39729 } }
I20260710 11:00:01.183724 19713 catalog_manager.cc:5697] T 22ab402ca67f432384eb2dca211a7dec P 4cd5e238cecb4ad18047a52316750acc reported cstate change: term changed from 2 to 3, leader changed from c46acfd0bcbb42d5a3f2c6d5a0c398b1 (127.18.190.65) to 4cd5e238cecb4ad18047a52316750acc (127.18.190.67). New cstate: current_term: 3 leader_uuid: "4cd5e238cecb4ad18047a52316750acc" committed_config { opid_index: -1 OBSOLETE_local: false peers { permanent_uuid: "c46acfd0bcbb42d5a3f2c6d5a0c398b1" member_type: VOTER last_known_addr { host: "127.18.190.65" port: 42993 } health_report { overall_health: UNKNOWN } } peers { permanent_uuid: "2e23dc82967648e984f9e8d552ca03c1" member_type: VOTER last_known_addr { host: "127.18.190.66" port: 43539 } health_report { overall_health: UNKNOWN } } peers { permanent_uuid: "4cd5e238cecb4ad18047a52316750acc" member_type: VOTER last_known_addr { host: "127.18.190.67" port: 39729 } health_report { overall_health: HEALTHY } } }
I20260710 11:00:01.200919 20033 raft_consensus.cc:993] T f936286377ca4da59fb8915cf896e656 P c46acfd0bcbb42d5a3f2c6d5a0c398b1: : Instructing follower 4cd5e238cecb4ad18047a52316750acc to start an election
I20260710 11:00:01.201280 20102 raft_consensus.cc:1081] T f936286377ca4da59fb8915cf896e656 P c46acfd0bcbb42d5a3f2c6d5a0c398b1 [term 2 LEADER]: Signalling peer 4cd5e238cecb4ad18047a52316750acc to start an election
I20260710 11:00:01.202538 19963 tablet_service.cc:2044] Received Run Leader Election RPC: tablet_id: "f936286377ca4da59fb8915cf896e656"
dest_uuid: "4cd5e238cecb4ad18047a52316750acc"
 from {username='slave'} at 127.0.0.1:54672
I20260710 11:00:01.202981 19963 raft_consensus.cc:493] T f936286377ca4da59fb8915cf896e656 P 4cd5e238cecb4ad18047a52316750acc [term 2 FOLLOWER]: Starting forced leader election (received explicit request)
I20260710 11:00:01.203243 19963 raft_consensus.cc:3060] T f936286377ca4da59fb8915cf896e656 P 4cd5e238cecb4ad18047a52316750acc [term 2 FOLLOWER]: Advancing to term 3
