I20260710 11:07:44.351912 30750 raft_consensus.cc:1081] T 4a2891f0592d4dc895203b37e5b552af P 4a69911e733c464d9db2ccf4ab0ed45f [term 3 LEADER]: Signalling peer 1e7c5ee89f2d43868975b82acfe709c9 to start an election
I20260710 11:07:44.353659 30422 tablet_service.cc:2044] Received Run Leader Election RPC: tablet_id: "4a2891f0592d4dc895203b37e5b552af"
dest_uuid: "1e7c5ee89f2d43868975b82acfe709c9"
 from {username='slave'} at 127.0.0.1:39538
I20260710 11:07:44.354135 30422 raft_consensus.cc:493] T 4a2891f0592d4dc895203b37e5b552af P 1e7c5ee89f2d43868975b82acfe709c9 [term 3 FOLLOWER]: Starting forced leader election (received explicit request)
I20260710 11:07:44.354471 30422 raft_consensus.cc:3060] T 4a2891f0592d4dc895203b37e5b552af P 1e7c5ee89f2d43868975b82acfe709c9 [term 3 FOLLOWER]: Advancing to term 4
I20260710 11:07:44.359022 30422 raft_consensus.cc:515] T 4a2891f0592d4dc895203b37e5b552af P 1e7c5ee89f2d43868975b82acfe709c9 [term 4 FOLLOWER]: Starting forced leader election with config: opid_index: -1 OBSOLETE_local: false peers { permanent_uuid: "1e7c5ee89f2d43868975b82acfe709c9" member_type: VOTER last_known_addr { host: "127.29.148.65" port: 41249 } } peers { permanent_uuid: "4a69911e733c464d9db2ccf4ab0ed45f" member_type: VOTER last_known_addr { host: "127.29.148.66" port: 43851 } } peers { permanent_uuid: "d408ea10292e44e7bac8c99d994ac39a" member_type: VOTER last_known_addr { host: "127.29.148.67" port: 39613 } }
I20260710 11:07:44.360684 30422 leader_election.cc:290] T 4a2891f0592d4dc895203b37e5b552af P 1e7c5ee89f2d43868975b82acfe709c9 [CANDIDATE]: Term 4 election: Requested vote from peers 4a69911e733c464d9db2ccf4ab0ed45f (127.29.148.66:43851), d408ea10292e44e7bac8c99d994ac39a (127.29.148.67:39613)
I20260710 11:07:44.361496 30499 tablet_service.cc:1917] Received RequestConsensusVote() RPC: tablet_id: "4a2891f0592d4dc895203b37e5b552af" candidate_uuid: "1e7c5ee89f2d43868975b82acfe709c9" candidate_term: 4 candidate_status { last_received { term: 3 index: 3 } } ignore_live_leader: true dest_uuid: "4a69911e733c464d9db2ccf4ab0ed45f"
I20260710 11:07:44.362201 30499 raft_consensus.cc:3055] T 4a2891f0592d4dc895203b37e5b552af P 4a69911e733c464d9db2ccf4ab0ed45f [term 3 LEADER]: Stepping down as leader of term 3
I20260710 11:07:44.362521 30499 raft_consensus.cc:740] T 4a2891f0592d4dc895203b37e5b552af P 4a69911e733c464d9db2ccf4ab0ed45f [term 3 LEADER]: Becoming Follower/Learner. State: Replica: 4a69911e733c464d9db2ccf4ab0ed45f, State: Running, Role: LEADER
I20260710 11:07:44.362219 30570 tablet_service.cc:1917] Received RequestConsensusVote() RPC: tablet_id: "4a2891f0592d4dc895203b37e5b552af" candidate_uuid: "1e7c5ee89f2d43868975b82acfe709c9" candidate_term: 4 candidate_status { last_received { term: 3 index: 3 } } ignore_live_leader: true dest_uuid: "d408ea10292e44e7bac8c99d994ac39a"
I20260710 11:07:44.363080 30570 raft_consensus.cc:3060] T 4a2891f0592d4dc895203b37e5b552af P d408ea10292e44e7bac8c99d994ac39a [term 3 FOLLOWER]: Advancing to term 4
I20260710 11:07:44.363300 30499 consensus_queue.cc:260] T 4a2891f0592d4dc895203b37e5b552af P 4a69911e733c464d9db2ccf4ab0ed45f [NON_LEADER]: Queue going to NON_LEADER mode. State: All replicated index: 0, Majority replicated index: 3, Committed index: 3, Last appended: 3.3, Last appended by leader: 3, Current term: 3, Majority size: -1, State: 0, Mode: NON_LEADER, active raft config: opid_index: -1 OBSOLETE_local: false peers { permanent_uuid: "1e7c5ee89f2d43868975b82acfe709c9" member_type: VOTER last_known_addr { host: "127.29.148.65" port: 41249 } } peers { permanent_uuid: "4a69911e733c464d9db2ccf4ab0ed45f" member_type: VOTER last_known_addr { host: "127.29.148.66" port: 43851 } } peers { permanent_uuid: "d408ea10292e44e7bac8c99d994ac39a" member_type: VOTER last_known_addr { host: "127.29.148.67" port: 39613 } }
I20260710 11:07:44.364329 30499 raft_consensus.cc:3060] T 4a2891f0592d4dc895203b37e5b552af P 4a69911e733c464d9db2ccf4ab0ed45f [term 3 FOLLOWER]: Advancing to term 4
I20260710 11:07:44.368323 30499 raft_consensus.cc:2468] T 4a2891f0592d4dc895203b37e5b552af P 4a69911e733c464d9db2ccf4ab0ed45f [term 4 FOLLOWER]: Leader election vote request: Granting yes vote for candidate 1e7c5ee89f2d43868975b82acfe709c9 in term 4.
I20260710 11:07:44.369477 30388 leader_election.cc:304] T 4a2891f0592d4dc895203b37e5b552af P 1e7c5ee89f2d43868975b82acfe709c9 [CANDIDATE]: Term 4 election: Election decided. Result: candidate won. Election summary: received 2 responses out of 3 voters: 2 yes votes; 0 no votes. yes voters: 1e7c5ee89f2d43868975b82acfe709c9, 4a69911e733c464d9db2ccf4ab0ed45f; no voters: 
I20260710 11:07:44.371220 30775 raft_consensus.cc:2804] T 4a2891f0592d4dc895203b37e5b552af P 1e7c5ee89f2d43868975b82acfe709c9 [term 4 FOLLOWER]: Leader election won for term 4
I20260710 11:07:44.371923 30570 raft_consensus.cc:2468] T 4a2891f0592d4dc895203b37e5b552af P d408ea10292e44e7bac8c99d994ac39a [term 4 FOLLOWER]: Leader election vote request: Granting yes vote for candidate 1e7c5ee89f2d43868975b82acfe709c9 in term 4.
I20260710 11:07:44.372292 30775 raft_consensus.cc:697] T 4a2891f0592d4dc895203b37e5b552af P 1e7c5ee89f2d43868975b82acfe709c9 [term 4 LEADER]: Becoming Leader. State: Replica: 1e7c5ee89f2d43868975b82acfe709c9, State: Running, Role: LEADER
I20260710 11:07:44.373730 30775 consensus_queue.cc:237] T 4a2891f0592d4dc895203b37e5b552af P 1e7c5ee89f2d43868975b82acfe709c9 [LEADER]: Queue going to LEADER mode. State: All replicated index: 0, Majority replicated index: 3, Committed index: 3, Last appended: 3.3, Last appended by leader: 3, Current term: 4, Majority size: 2, State: 0, Mode: LEADER, active raft config: opid_index: -1 OBSOLETE_local: false peers { permanent_uuid: "1e7c5ee89f2d43868975b82acfe709c9" member_type: VOTER last_known_addr { host: "127.29.148.65" port: 41249 } } peers { permanent_uuid: "4a69911e733c464d9db2ccf4ab0ed45f" member_type: VOTER last_known_addr { host: "127.29.148.66" port: 43851 } } peers { permanent_uuid: "d408ea10292e44e7bac8c99d994ac39a" member_type: VOTER last_known_addr { host: "127.29.148.67" port: 39613 } }
I20260710 11:07:44.383404 30320 catalog_manager.cc:5697] T 4a2891f0592d4dc895203b37e5b552af P 1e7c5ee89f2d43868975b82acfe709c9 reported cstate change: term changed from 3 to 4, leader changed from 4a69911e733c464d9db2ccf4ab0ed45f (127.29.148.66) to 1e7c5ee89f2d43868975b82acfe709c9 (127.29.148.65). New cstate: current_term: 4 leader_uuid: "1e7c5ee89f2d43868975b82acfe709c9" committed_config { opid_index: -1 OBSOLETE_local: false peers { permanent_uuid: "1e7c5ee89f2d43868975b82acfe709c9" member_type: VOTER last_known_addr { host: "127.29.148.65" port: 41249 } health_report { overall_health: HEALTHY } } peers { permanent_uuid: "4a69911e733c464d9db2ccf4ab0ed45f" member_type: VOTER last_known_addr { host: "127.29.148.66" port: 43851 } health_report { overall_health: UNKNOWN } } peers { permanent_uuid: "d408ea10292e44e7bac8c99d994ac39a" member_type: VOTER last_known_addr { host: "127.29.148.67" port: 39613 } health_report { overall_health: UNKNOWN } } }
I20260710 11:07:44.408939 30774 raft_consensus.cc:993] T c0346352bead4c23bd1d905e0efd9ee9 P 4a69911e733c464d9db2ccf4ab0ed45f: : Instructing follower 1e7c5ee89f2d43868975b82acfe709c9 to start an election
I20260710 11:07:44.409420 30774 raft_consensus.cc:1081] T c0346352bead4c23bd1d905e0efd9ee9 P 4a69911e733c464d9db2ccf4ab0ed45f [term 2 LEADER]: Signalling peer 1e7c5ee89f2d43868975b82acfe709c9 to start an election
I20260710 11:07:44.411034 30422 tablet_service.cc:2044] Received Run Leader Election RPC: tablet_id: "c0346352bead4c23bd1d905e0efd9ee9"
dest_uuid: "1e7c5ee89f2d43868975b82acfe709c9"
 from {username='slave'} at 127.0.0.1:39538
I20260710 11:07:44.411454 30422 raft_consensus.cc:493] T c0346352bead4c23bd1d905e0efd9ee9 P 1e7c5ee89f2d43868975b82acfe709c9 [term 2 FOLLOWER]: Starting forced leader election (received explicit request)
I20260710 11:07:44.411755 30422 raft_consensus.cc:3060] T c0346352bead4c23bd1d905e0efd9ee9 P 1e7c5ee89f2d43868975b82acfe709c9 [term 2 FOLLOWER]: Advancing to term 3
I20260710 11:07:44.415481 30422 raft_consensus.cc:515] T c0346352bead4c23bd1d905e0efd9ee9 P 1e7c5ee89f2d43868975b82acfe709c9 [term 3 FOLLOWER]: Starting forced leader election with config: opid_index: -1 OBSOLETE_local: false peers { permanent_uuid: "1e7c5ee89f2d43868975b82acfe709c9" member_type: VOTER last_known_addr { host: "127.29.148.65" port: 41249 } } peers { permanent_uuid: "4a69911e733c464d9db2ccf4ab0ed45f" member_type: VOTER last_known_addr { host: "127.29.148.66" port: 43851 } } peers { permanent_uuid: "d408ea10292e44e7bac8c99d994ac39a" member_type: VOTER last_known_addr { host: "127.29.148.67" port: 39613 } }
I20260710 11:07:44.416779 30422 leader_election.cc:290] T c0346352bead4c23bd1d905e0efd9ee9 P 1e7c5ee89f2d43868975b82acfe709c9 [CANDIDATE]: Term 3 election: Requested vote from peers 4a69911e733c464d9db2ccf4ab0ed45f (127.29.148.66:43851), d408ea10292e44e7bac8c99d994ac39a (127.29.148.67:39613)
I20260710 11:07:44.417796 30499 tablet_service.cc:1917] Received RequestConsensusVote() RPC: tablet_id: "c0346352bead4c23bd1d905e0efd9ee9" candidate_uuid: "1e7c5ee89f2d43868975b82acfe709c9" candidate_term: 3 candidate_status { last_received { term: 2 index: 2 } } ignore_live_leader: true dest_uuid: "4a69911e733c464d9db2ccf4ab0ed45f"
I20260710 11:07:44.417778 30570 tablet_service.cc:1917] Received RequestConsensusVote() RPC: tablet_id: "c0346352bead4c23bd1d905e0efd9ee9" candidate_uuid: "1e7c5ee89f2d43868975b82acfe709c9" candidate_term: 3 candidate_status { last_received { term: 2 index: 2 } } ignore_live_leader: true dest_uuid: "d408ea10292e44e7bac8c99d994ac39a"
I20260710 11:07:44.418427 30499 raft_consensus.cc:3055] T c0346352bead4c23bd1d905e0efd9ee9 P 4a69911e733c464d9db2ccf4ab0ed45f [term 2 LEADER]: Stepping down as leader of term 2
I20260710 11:07:44.418506 30570 raft_consensus.cc:3060] T c0346352bead4c23bd1d905e0efd9ee9 P d408ea10292e44e7bac8c99d994ac39a [term 2 FOLLOWER]: Advancing to term 3
I20260710 11:07:44.418776 30499 raft_consensus.cc:740] T c0346352bead4c23bd1d905e0efd9ee9 P 4a69911e733c464d9db2ccf4ab0ed45f [term 2 LEADER]: Becoming Follower/Learner. State: Replica: 4a69911e733c464d9db2ccf4ab0ed45f, State: Running, Role: LEADER
I20260710 11:07:44.419517 30499 consensus_queue.cc:260] T c0346352bead4c23bd1d905e0efd9ee9 P 4a69911e733c464d9db2ccf4ab0ed45f [NON_LEADER]: Queue going to NON_LEADER mode. State: All replicated index: 0, Majority replicated index: 2, Committed index: 2, Last appended: 2.2, Last appended by leader: 2, Current term: 2, Majority size: -1, State: 0, Mode: NON_LEADER, active raft config: opid_index: -1 OBSOLETE_local: false peers { permanent_uuid: "1e7c5ee89f2d43868975b82acfe709c9" member_type: VOTER last_known_addr { host: "127.29.148.65" port: 41249 } } peers { permanent_uuid: "4a69911e733c464d9db2ccf4ab0ed45f" member_type: VOTER last_known_addr { host: "127.29.148.66" port: 43851 } } peers { permanent_uuid: "d408ea10292e44e7bac8c99d994ac39a" member_type: VOTER last_known_addr { host: "127.29.148.67" port: 39613 } }
I20260710 11:07:44.420586 30499 raft_consensus.cc:3060] T c0346352bead4c23bd1d905e0efd9ee9 P 4a69911e733c464d9db2ccf4ab0ed45f [term 2 FOLLOWER]: Advancing to term 3
I20260710 11:07:44.424829 30570 raft_consensus.cc:2468] T c0346352bead4c23bd1d905e0efd9ee9 P d408ea10292e44e7bac8c99d994ac39a [term 3 FOLLOWER]: Leader election vote request: Granting yes vote for candidate 1e7c5ee89f2d43868975b82acfe709c9 in term 3.
I20260710 11:07:44.426043 30390 leader_election.cc:304] T c0346352bead4c23bd1d905e0efd9ee9 P 1e7c5ee89f2d43868975b82acfe709c9 [CANDIDATE]: Term 3 election: Election decided. Result: candidate won. Election summary: received 2 responses out of 3 voters: 2 yes votes; 0 no votes. yes voters: 1e7c5ee89f2d43868975b82acfe709c9, d408ea10292e44e7bac8c99d994ac39a; no voters: 
I20260710 11:07:44.426714 30775 raft_consensus.cc:2804] T c0346352bead4c23bd1d905e0efd9ee9 P 1e7c5ee89f2d43868975b82acfe709c9 [term 3 FOLLOWER]: Leader election won for term 3
I20260710 11:07:44.427233 30499 raft_consensus.cc:2468] T c0346352bead4c23bd1d905e0efd9ee9 P 4a69911e733c464d9db2ccf4ab0ed45f [term 3 FOLLOWER]: Leader election vote request: Granting yes vote for candidate 1e7c5ee89f2d43868975b82acfe709c9 in term 3.
I20260710 11:07:44.427253 30775 raft_consensus.cc:697] T c0346352bead4c23bd1d905e0efd9ee9 P 1e7c5ee89f2d43868975b82acfe709c9 [term 3 LEADER]: Becoming Leader. State: Replica: 1e7c5ee89f2d43868975b82acfe709c9, State: Running, Role: LEADER
I20260710 11:07:44.428404 30775 consensus_queue.cc:237] T c0346352bead4c23bd1d905e0efd9ee9 P 1e7c5ee89f2d43868975b82acfe709c9 [LEADER]: Queue going to LEADER mode. State: All replicated index: 0, Majority replicated index: 2, Committed index: 2, Last appended: 2.2, Last appended by leader: 2, Current term: 3, Majority size: 2, State: 0, Mode: LEADER, active raft config: opid_index: -1 OBSOLETE_local: false peers { permanent_uuid: "1e7c5ee89f2d43868975b82acfe709c9" member_type: VOTER last_known_addr { host: "127.29.148.65" port: 41249 } } peers { permanent_uuid: "4a69911e733c464d9db2ccf4ab0ed45f" member_type: VOTER last_known_addr { host: "127.29.148.66" port: 43851 } } peers { permanent_uuid: "d408ea10292e44e7bac8c99d994ac39a" member_type: VOTER last_known_addr { host: "127.29.148.67" port: 39613 } }
I20260710 11:07:44.435021 30750 raft_consensus.cc:993] T 321d75446759428bbfeeede8655efbf8 P 4a69911e733c464d9db2ccf4ab0ed45f: : Instructing follower d408ea10292e44e7bac8c99d994ac39a to start an election
I20260710 11:07:44.435523 30750 raft_consensus.cc:1081] T 321d75446759428bbfeeede8655efbf8 P 4a69911e733c464d9db2ccf4ab0ed45f [term 4 LEADER]: Signalling peer d408ea10292e44e7bac8c99d994ac39a to start an election
I20260710 11:07:44.436830 30570 tablet_service.cc:2044] Received Run Leader Election RPC: tablet_id: "321d75446759428bbfeeede8655efbf8"
dest_uuid: "d408ea10292e44e7bac8c99d994ac39a"
 from {username='slave'} at 127.0.0.1:33978
I20260710 11:07:44.437299 30570 raft_consensus.cc:493] T 321d75446759428bbfeeede8655efbf8 P d408ea10292e44e7bac8c99d994ac39a [term 4 FOLLOWER]: Starting forced leader election (received explicit request)
I20260710 11:07:44.437646 30570 raft_consensus.cc:3060] T 321d75446759428bbfeeede8655efbf8 P d408ea10292e44e7bac8c99d994ac39a [term 4 FOLLOWER]: Advancing to term 5
I20260710 11:07:44.436930 30320 catalog_manager.cc:5697] T c0346352bead4c23bd1d905e0efd9ee9 P 1e7c5ee89f2d43868975b82acfe709c9 reported cstate change: term changed from 2 to 3, leader changed from 4a69911e733c464d9db2ccf4ab0ed45f (127.29.148.66) to 1e7c5ee89f2d43868975b82acfe709c9 (127.29.148.65). New cstate: current_term: 3 leader_uuid: "1e7c5ee89f2d43868975b82acfe709c9" committed_config { opid_index: -1 OBSOLETE_local: false peers { permanent_uuid: "1e7c5ee89f2d43868975b82acfe709c9" member_type: VOTER last_known_addr { host: "127.29.148.65" port: 41249 } health_report { overall_health: HEALTHY } } peers { permanent_uuid: "4a69911e733c464d9db2ccf4ab0ed45f" member_type: VOTER last_known_addr { host: "127.29.148.66" port: 43851 } health_report { overall_health: UNKNOWN } } peers { permanent_uuid: "d408ea10292e44e7bac8c99d994ac39a" member_type: VOTER last_known_addr { host: "127.29.148.67" port: 39613 } health_report { overall_health: UNKNOWN } } }
I20260710 11:07:44.443223 30570 raft_consensus.cc:515] T 321d75446759428bbfeeede8655efbf8 P d408ea10292e44e7bac8c99d994ac39a [term 5 FOLLOWER]: Starting forced leader election with config: opid_index: -1 OBSOLETE_local: false peers { permanent_uuid: "1e7c5ee89f2d43868975b82acfe709c9" member_type: VOTER last_known_addr { host: "127.29.148.65" port: 41249 } } peers { permanent_uuid: "4a69911e733c464d9db2ccf4ab0ed45f" member_type: VOTER last_known_addr { host: "127.29.148.66" port: 43851 } } peers { permanent_uuid: "d408ea10292e44e7bac8c99d994ac39a" member_type: VOTER last_known_addr { host: "127.29.148.67" port: 39613 } }
I20260710 11:07:44.445375 30570 leader_election.cc:290] T 321d75446759428bbfeeede8655efbf8 P d408ea10292e44e7bac8c99d994ac39a [CANDIDATE]: Term 5 election: Requested vote from peers 1e7c5ee89f2d43868975b82acfe709c9 (127.29.148.65:41249), 4a69911e733c464d9db2ccf4ab0ed45f (127.29.148.66:43851)
I20260710 11:07:44.446782 30499 tablet_service.cc:1917] Received RequestConsensusVote() RPC: tablet_id: "321d75446759428bbfeeede8655efbf8" candidate_uuid: "d408ea10292e44e7bac8c99d994ac39a" candidate_term: 5 candidate_status { last_received { term: 4 index: 4 } } ignore_live_leader: true dest_uuid: "4a69911e733c464d9db2ccf4ab0ed45f"
I20260710 11:07:44.447342 30499 raft_consensus.cc:3055] T 321d75446759428bbfeeede8655efbf8 P 4a69911e733c464d9db2ccf4ab0ed45f [term 4 LEADER]: Stepping down as leader of term 4
I20260710 11:07:44.447631 30499 raft_consensus.cc:740] T 321d75446759428bbfeeede8655efbf8 P 4a69911e733c464d9db2ccf4ab0ed45f [term 4 LEADER]: Becoming Follower/Learner. State: Replica: 4a69911e733c464d9db2ccf4ab0ed45f, State: Running, Role: LEADER
I20260710 11:07:44.448338 30499 consensus_queue.cc:260] T 321d75446759428bbfeeede8655efbf8 P 4a69911e733c464d9db2ccf4ab0ed45f [NON_LEADER]: Queue going to NON_LEADER mode. State: All replicated index: 0, Majority replicated index: 4, Committed index: 4, Last appended: 4.4, Last appended by leader: 4, Current term: 4, Majority size: -1, State: 0, Mode: NON_LEADER, active raft config: opid_index: -1 OBSOLETE_local: false peers { permanent_uuid: "1e7c5ee89f2d43868975b82acfe709c9" member_type: VOTER last_known_addr { host: "127.29.148.65" port: 41249 } } peers { permanent_uuid: "4a69911e733c464d9db2ccf4ab0ed45f" member_type: VOTER last_known_addr { host: "127.29.148.66" port: 43851 } } peers { permanent_uuid: "d408ea10292e44e7bac8c99d994ac39a" member_type: VOTER last_known_addr { host: "127.29.148.67" port: 39613 } }
I20260710 11:07:44.449389 30499 raft_consensus.cc:3060] T 321d75446759428bbfeeede8655efbf8 P 4a69911e733c464d9db2ccf4ab0ed45f [term 4 FOLLOWER]: Advancing to term 5
I20260710 11:07:44.452335 30422 tablet_service.cc:1917] Received RequestConsensusVote() RPC: tablet_id: "321d75446759428bbfeeede8655efbf8" candidate_uuid: "d408ea10292e44e7bac8c99d994ac39a" candidate_term: 5 candidate_status { last_received { term: 4 index: 4 } } ignore_live_leader: true dest_uuid: "1e7c5ee89f2d43868975b82acfe709c9"
I20260710 11:07:44.453969 30422 raft_consensus.cc:3060] T 321d75446759428bbfeeede8655efbf8 P 1e7c5ee89f2d43868975b82acfe709c9 [term 4 FOLLOWER]: Advancing to term 5
I20260710 11:07:44.458622 30499 raft_consensus.cc:2468] T 321d75446759428bbfeeede8655efbf8 P 4a69911e733c464d9db2ccf4ab0ed45f [term 5 FOLLOWER]: Leader election vote request: Granting yes vote for candidate d408ea10292e44e7bac8c99d994ac39a in term 5.
I20260710 11:07:44.458896 30422 raft_consensus.cc:2468] T 321d75446759428bbfeeede8655efbf8 P 1e7c5ee89f2d43868975b82acfe709c9 [term 5 FOLLOWER]: Leader election vote request: Granting yes vote for candidate d408ea10292e44e7bac8c99d994ac39a in term 5.
I20260710 11:07:44.459794 30537 leader_election.cc:304] T 321d75446759428bbfeeede8655efbf8 P d408ea10292e44e7bac8c99d994ac39a [CANDIDATE]: Term 5 election: Election decided. Result: candidate won. Election summary: received 2 responses out of 3 voters: 2 yes votes; 0 no votes. yes voters: 4a69911e733c464d9db2ccf4ab0ed45f, d408ea10292e44e7bac8c99d994ac39a; no voters: 
I20260710 11:07:44.460739 30755 raft_consensus.cc:2804] T 321d75446759428bbfeeede8655efbf8 P d408ea10292e44e7bac8c99d994ac39a [term 5 FOLLOWER]: Leader election won for term 5
I20260710 11:07:44.462059 30755 raft_consensus.cc:697] T 321d75446759428bbfeeede8655efbf8 P d408ea10292e44e7bac8c99d994ac39a [term 5 LEADER]: Becoming Leader. State: Replica: d408ea10292e44e7bac8c99d994ac39a, State: Running, Role: LEADER
I20260710 11:07:44.463009 30755 consensus_queue.cc:237] T 321d75446759428bbfeeede8655efbf8 P d408ea10292e44e7bac8c99d994ac39a [LEADER]: Queue going to LEADER mode. State: All replicated index: 0, Majority replicated index: 4, Committed index: 4, Last appended: 4.4, Last appended by leader: 4, Current term: 5, Majority size: 2, State: 0, Mode: LEADER, active raft config: opid_index: -1 OBSOLETE_local: false peers { permanent_uuid: "1e7c5ee89f2d43868975b82acfe709c9" member_type: VOTER last_known_addr { host: "127.29.148.65" port: 41249 } } peers { permanent_uuid: "4a69911e733c464d9db2ccf4ab0ed45f" member_type: VOTER last_known_addr { host: "127.29.148.66" port: 43851 } } peers { permanent_uuid: "d408ea10292e44e7bac8c99d994ac39a" member_type: VOTER last_known_addr { host: "127.29.148.67" port: 39613 } }
I20260710 11:07:44.470852 30320 catalog_manager.cc:5697] T 321d75446759428bbfeeede8655efbf8 P d408ea10292e44e7bac8c99d994ac39a reported cstate change: term changed from 4 to 5, leader changed from 4a69911e733c464d9db2ccf4ab0ed45f (127.29.148.66) to d408ea10292e44e7bac8c99d994ac39a (127.29.148.67). New cstate: current_term: 5 leader_uuid: "d408ea10292e44e7bac8c99d994ac39a" committed_config { opid_index: -1 OBSOLETE_local: false peers { permanent_uuid: "1e7c5ee89f2d43868975b82acfe709c9" member_type: VOTER last_known_addr { host: "127.29.148.65" port: 41249 } health_report { overall_health: UNKNOWN } } peers { permanent_uuid: "4a69911e733c464d9db2ccf4ab0ed45f" member_type: VOTER last_known_addr { host: "127.29.148.66" port: 43851 } health_report { overall_health: UNKNOWN } } peers { permanent_uuid: "d408ea10292e44e7bac8c99d994ac39a" member_type: VOTER last_known_addr { host: "127.29.148.67" port: 39613 } health_report { overall_health: HEALTHY } } }
I20260710 11:07:44.590507 30750 raft_consensus.cc:993] T 7c1f2b1255844a13848bf86a5e8c66b8 P 4a69911e733c464d9db2ccf4ab0ed45f: : Instructing follower d408ea10292e44e7bac8c99d994ac39a to start an election
I20260710 11:07:44.590951 30774 raft_consensus.cc:1081] T 7c1f2b1255844a13848bf86a5e8c66b8 P 4a69911e733c464d9db2ccf4ab0ed45f [term 2 LEADER]: Signalling peer d408ea10292e44e7bac8c99d994ac39a to start an election
I20260710 11:07:44.592466 30570 tablet_service.cc:2044] Received Run Leader Election RPC: tablet_id: "7c1f2b1255844a13848bf86a5e8c66b8"
dest_uuid: "d408ea10292e44e7bac8c99d994ac39a"
 from {username='slave'} at 127.0.0.1:33978
I20260710 11:07:44.592904 30570 raft_consensus.cc:493] T 7c1f2b1255844a13848bf86a5e8c66b8 P d408ea10292e44e7bac8c99d994ac39a [term 2 FOLLOWER]: Starting forced leader election (received explicit request)
I20260710 11:07:44.593190 30570 raft_consensus.cc:3060] T 7c1f2b1255844a13848bf86a5e8c66b8 P d408ea10292e44e7bac8c99d994ac39a [term 2 FOLLOWER]: Advancing to term 3
I20260710 11:07:44.597658 30570 raft_consensus.cc:515] T 7c1f2b1255844a13848bf86a5e8c66b8 P d408ea10292e44e7bac8c99d994ac39a [term 3 FOLLOWER]: Starting forced leader election with config: opid_index: -1 OBSOLETE_local: false peers { permanent_uuid: "1e7c5ee89f2d43868975b82acfe709c9" member_type: VOTER last_known_addr { host: "127.29.148.65" port: 41249 } } peers { permanent_uuid: "4a69911e733c464d9db2ccf4ab0ed45f" member_type: VOTER last_known_addr { host: "127.29.148.66" port: 43851 } } peers { permanent_uuid: "d408ea10292e44e7bac8c99d994ac39a" member_type: VOTER last_known_addr { host: "127.29.148.67" port: 39613 } }
I20260710 11:07:44.599985 30422 tablet_service.cc:1917] Received RequestConsensusVote() RPC: tablet_id: "7c1f2b1255844a13848bf86a5e8c66b8" candidate_uuid: "d408ea10292e44e7bac8c99d994ac39a" candidate_term: 3 candidate_status { last_received { term: 2 index: 2 } } ignore_live_leader: true dest_uuid: "1e7c5ee89f2d43868975b82acfe709c9"
I20260710 11:07:44.600294 30570 leader_election.cc:290] T 7c1f2b1255844a13848bf86a5e8c66b8 P d408ea10292e44e7bac8c99d994ac39a [CANDIDATE]: Term 3 election: Requested vote from peers 1e7c5ee89f2d43868975b82acfe709c9 (127.29.148.65:41249), 4a69911e733c464d9db2ccf4ab0ed45f (127.29.148.66:43851)
I20260710 11:07:44.600566 30422 raft_consensus.cc:3060] T 7c1f2b1255844a13848bf86a5e8c66b8 P 1e7c5ee89f2d43868975b82acfe709c9 [term 2 FOLLOWER]: Advancing to term 3
I20260710 11:07:44.600558 30499 tablet_service.cc:1917] Received RequestConsensusVote() RPC: tablet_id: "7c1f2b1255844a13848bf86a5e8c66b8" candidate_uuid: "d408ea10292e44e7bac8c99d994ac39a" candidate_term: 3 candidate_status { last_received { term: 2 index: 2 } } ignore_live_leader: true dest_uuid: "4a69911e733c464d9db2ccf4ab0ed45f"
I20260710 11:07:44.601367 30499 raft_consensus.cc:3055] T 7c1f2b1255844a13848bf86a5e8c66b8 P 4a69911e733c464d9db2ccf4ab0ed45f [term 2 LEADER]: Stepping down as leader of term 2
I20260710 11:07:44.601699 30499 raft_consensus.cc:740] T 7c1f2b1255844a13848bf86a5e8c66b8 P 4a69911e733c464d9db2ccf4ab0ed45f [term 2 LEADER]: Becoming Follower/Learner. State: Replica: 4a69911e733c464d9db2ccf4ab0ed45f, State: Running, Role: LEADER
I20260710 11:07:44.602603 30499 consensus_queue.cc:260] T 7c1f2b1255844a13848bf86a5e8c66b8 P 4a69911e733c464d9db2ccf4ab0ed45f [NON_LEADER]: Queue going to NON_LEADER mode. State: All replicated index: 0, Majority replicated index: 2, Committed index: 2, Last appended: 2.2, Last appended by leader: 2, Current term: 2, Majority size: -1, State: 0, Mode: NON_LEADER, active raft config: opid_index: -1 OBSOLETE_local: false peers { permanent_uuid: "1e7c5ee89f2d43868975b82acfe709c9" member_type: VOTER last_known_addr { host: "127.29.148.65" port: 41249 } } peers { permanent_uuid: "4a69911e733c464d9db2ccf4ab0ed45f" member_type: VOTER last_known_addr { host: "127.29.148.66" port: 43851 } } peers { permanent_uuid: "d408ea10292e44e7bac8c99d994ac39a" member_type: VOTER last_known_addr { host: "127.29.148.67" port: 39613 } }
I20260710 11:07:44.603878 30499 raft_consensus.cc:3060] T 7c1f2b1255844a13848bf86a5e8c66b8 P 4a69911e733c464d9db2ccf4ab0ed45f [term 2 FOLLOWER]: Advancing to term 3
I20260710 11:07:44.605044 30422 raft_consensus.cc:2468] T 7c1f2b1255844a13848bf86a5e8c66b8 P 1e7c5ee89f2d43868975b82acfe709c9 [term 3 FOLLOWER]: Leader election vote request: Granting yes vote for candidate d408ea10292e44e7bac8c99d994ac39a in term 3.
I20260710 11:07:44.605898 30537 leader_election.cc:304] T 7c1f2b1255844a13848bf86a5e8c66b8 P d408ea10292e44e7bac8c99d994ac39a [CANDIDATE]: Term 3 election: Election decided. Result: candidate won. Election summary: received 2 responses out of 3 voters: 2 yes votes; 0 no votes. yes voters: 1e7c5ee89f2d43868975b82acfe709c9, d408ea10292e44e7bac8c99d994ac39a; no voters: 
I20260710 11:07:44.606561 30755 raft_consensus.cc:2804] T 7c1f2b1255844a13848bf86a5e8c66b8 P d408ea10292e44e7bac8c99d994ac39a [term 3 FOLLOWER]: Leader election won for term 3
I20260710 11:07:44.606982 30755 raft_consensus.cc:697] T 7c1f2b1255844a13848bf86a5e8c66b8 P d408ea10292e44e7bac8c99d994ac39a [term 3 LEADER]: Becoming Leader. State: Replica: d408ea10292e44e7bac8c99d994ac39a, State: Running, Role: LEADER
I20260710 11:07:44.607892 30755 consensus_queue.cc:237] T 7c1f2b1255844a13848bf86a5e8c66b8 P d408ea10292e44e7bac8c99d994ac39a [LEADER]: Queue going to LEADER mode. State: All replicated index: 0, Majority replicated index: 2, Committed index: 2, Last appended: 2.2, Last appended by leader: 2, Current term: 3, Majority size: 2, State: 0, Mode: LEADER, active raft config: opid_index: -1 OBSOLETE_local: false peers { permanent_uuid: "1e7c5ee89f2d43868975b82acfe709c9" member_type: VOTER last_known_addr { host: "127.29.148.65" port: 41249 } } peers { permanent_uuid: "4a69911e733c464d9db2ccf4ab0ed45f" member_type: VOTER last_known_addr { host: "127.29.148.66" port: 43851 } } peers { permanent_uuid: "d408ea10292e44e7bac8c99d994ac39a" member_type: VOTER last_known_addr { host: "127.29.148.67" port: 39613 } }
I20260710 11:07:44.610071 30499 raft_consensus.cc:2468] T 7c1f2b1255844a13848bf86a5e8c66b8 P 4a69911e733c464d9db2ccf4ab0ed45f [term 3 FOLLOWER]: Leader election vote request: Granting yes vote for candidate d408ea10292e44e7bac8c99d994ac39a in term 3.
I20260710 11:07:44.614969 30320 catalog_manager.cc:5697] T 7c1f2b1255844a13848bf86a5e8c66b8 P d408ea10292e44e7bac8c99d994ac39a reported cstate change: term changed from 2 to 3, leader changed from 4a69911e733c464d9db2ccf4ab0ed45f (127.29.148.66) to d408ea10292e44e7bac8c99d994ac39a (127.29.148.67). New cstate: current_term: 3 leader_uuid: "d408ea10292e44e7bac8c99d994ac39a" committed_config { opid_index: -1 OBSOLETE_local: false peers { permanent_uuid: "1e7c5ee89f2d43868975b82acfe709c9" member_type: VOTER last_known_addr { host: "127.29.148.65" port: 41249 } health_report { overall_health: UNKNOWN } } peers { permanent_uuid: "4a69911e733c464d9db2ccf4ab0ed45f" member_type: VOTER last_known_addr { host: "127.29.148.66" port: 43851 } health_report { overall_health: UNKNOWN } } peers { permanent_uuid: "d408ea10292e44e7bac8c99d994ac39a" member_type: VOTER last_known_addr { host: "127.29.148.67" port: 39613 } health_report { overall_health: HEALTHY } } }
I20260710 11:07:44.732892 30750 raft_consensus.cc:993] T 6f82e4fe57bc4ef39b6bad599fe31264 P 4a69911e733c464d9db2ccf4ab0ed45f: : Instructing follower 1e7c5ee89f2d43868975b82acfe709c9 to start an election
I20260710 11:07:44.733309 30774 raft_consensus.cc:1081] T 6f82e4fe57bc4ef39b6bad599fe31264 P 4a69911e733c464d9db2ccf4ab0ed45f [term 4 LEADER]: Signalling peer 1e7c5ee89f2d43868975b82acfe709c9 to start an election
I20260710 11:07:44.734769 30422 tablet_service.cc:2044] Received Run Leader Election RPC: tablet_id: "6f82e4fe57bc4ef39b6bad599fe31264"
dest_uuid: "1e7c5ee89f2d43868975b82acfe709c9"
 from {username='slave'} at 127.0.0.1:39538
I20260710 11:07:44.735212 30422 raft_consensus.cc:493] T 6f82e4fe57bc4ef39b6bad599fe31264 P 1e7c5ee89f2d43868975b82acfe709c9 [term 4 FOLLOWER]: Starting forced leader election (received explicit request)
I20260710 11:07:44.735481 30422 raft_consensus.cc:3060] T 6f82e4fe57bc4ef39b6bad599fe31264 P 1e7c5ee89f2d43868975b82acfe709c9 [term 4 FOLLOWER]: Advancing to term 5
I20260710 11:07:44.739115 30422 raft_consensus.cc:515] T 6f82e4fe57bc4ef39b6bad599fe31264 P 1e7c5ee89f2d43868975b82acfe709c9 [term 5 FOLLOWER]: Starting forced leader election with config: opid_index: -1 OBSOLETE_local: false peers { permanent_uuid: "1e7c5ee89f2d43868975b82acfe709c9" member_type: VOTER last_known_addr { host: "127.29.148.65" port: 41249 } } peers { permanent_uuid: "4a69911e733c464d9db2ccf4ab0ed45f" member_type: VOTER last_known_addr { host: "127.29.148.66" port: 43851 } } peers { permanent_uuid: "d408ea10292e44e7bac8c99d994ac39a" member_type: VOTER last_known_addr { host: "127.29.148.67" port: 39613 } }
I20260710 11:07:44.740437 30422 leader_election.cc:290] T 6f82e4fe57bc4ef39b6bad599fe31264 P 1e7c5ee89f2d43868975b82acfe709c9 [CANDIDATE]: Term 5 election: Requested vote from peers 4a69911e733c464d9db2ccf4ab0ed45f (127.29.148.66:43851), d408ea10292e44e7bac8c99d994ac39a (127.29.148.67:39613)
I20260710 11:07:44.741199 30499 tablet_service.cc:1917] Received RequestConsensusVote() RPC: tablet_id: "6f82e4fe57bc4ef39b6bad599fe31264" candidate_uuid: "1e7c5ee89f2d43868975b82acfe709c9" candidate_term: 5 candidate_status { last_received { term: 4 index: 4 } } ignore_live_leader: true dest_uuid: "4a69911e733c464d9db2ccf4ab0ed45f"
I20260710 11:07:44.741544 30570 tablet_service.cc:1917] Received RequestConsensusVote() RPC: tablet_id: "6f82e4fe57bc4ef39b6bad599fe31264" candidate_uuid: "1e7c5ee89f2d43868975b82acfe709c9" candidate_term: 5 candidate_status { last_received { term: 4 index: 4 } } ignore_live_leader: true dest_uuid: "d408ea10292e44e7bac8c99d994ac39a"
I20260710 11:07:44.742048 30499 raft_consensus.cc:3055] T 6f82e4fe57bc4ef39b6bad599fe31264 P 4a69911e733c464d9db2ccf4ab0ed45f [term 4 LEADER]: Stepping down as leader of term 4
I20260710 11:07:44.742151 30570 raft_consensus.cc:3060] T 6f82e4fe57bc4ef39b6bad599fe31264 P d408ea10292e44e7bac8c99d994ac39a [term 4 FOLLOWER]: Advancing to term 5
I20260710 11:07:44.742339 30499 raft_consensus.cc:740] T 6f82e4fe57bc4ef39b6bad599fe31264 P 4a69911e733c464d9db2ccf4ab0ed45f [term 4 LEADER]: Becoming Follower/Learner. State: Replica: 4a69911e733c464d9db2ccf4ab0ed45f, State: Running, Role: LEADER
I20260710 11:07:44.743203 30499 consensus_queue.cc:260] T 6f82e4fe57bc4ef39b6bad599fe31264 P 4a69911e733c464d9db2ccf4ab0ed45f [NON_LEADER]: Queue going to NON_LEADER mode. State: All replicated index: 0, Majority replicated index: 4, Committed index: 4, Last appended: 4.4, Last appended by leader: 4, Current term: 4, Majority size: -1, State: 0, Mode: NON_LEADER, active raft config: opid_index: -1 OBSOLETE_local: false peers { permanent_uuid: "1e7c5ee89f2d43868975b82acfe709c9" member_type: VOTER last_known_addr { host: "127.29.148.65" port: 41249 } } peers { permanent_uuid: "4a69911e733c464d9db2ccf4ab0ed45f" member_type: VOTER last_known_addr { host: "127.29.148.66" port: 43851 } } peers { permanent_uuid: "d408ea10292e44e7bac8c99d994ac39a" member_type: VOTER last_known_addr { host: "127.29.148.67" port: 39613 } }
I20260710 11:07:44.743994 30499 raft_consensus.cc:3060] T 6f82e4fe57bc4ef39b6bad599fe31264 P 4a69911e733c464d9db2ccf4ab0ed45f [term 4 FOLLOWER]: Advancing to term 5
I20260710 11:07:44.747784 30499 raft_consensus.cc:2468] T 6f82e4fe57bc4ef39b6bad599fe31264 P 4a69911e733c464d9db2ccf4ab0ed45f [term 5 FOLLOWER]: Leader election vote request: Granting yes vote for candidate 1e7c5ee89f2d43868975b82acfe709c9 in term 5.
I20260710 11:07:44.748664 30388 leader_election.cc:304] T 6f82e4fe57bc4ef39b6bad599fe31264 P 1e7c5ee89f2d43868975b82acfe709c9 [CANDIDATE]: Term 5 election: Election decided. Result: candidate won. Election summary: received 2 responses out of 3 voters: 2 yes votes; 0 no votes. yes voters: 1e7c5ee89f2d43868975b82acfe709c9, 4a69911e733c464d9db2ccf4ab0ed45f; no voters: 
I20260710 11:07:44.749337 30775 raft_consensus.cc:2804] T 6f82e4fe57bc4ef39b6bad599fe31264 P 1e7c5ee89f2d43868975b82acfe709c9 [term 5 FOLLOWER]: Leader election won for term 5
I20260710 11:07:44.749277 30570 raft_consensus.cc:2468] T 6f82e4fe57bc4ef39b6bad599fe31264 P d408ea10292e44e7bac8c99d994ac39a [term 5 FOLLOWER]: Leader election vote request: Granting yes vote for candidate 1e7c5ee89f2d43868975b82acfe709c9 in term 5.
I20260710 11:07:44.749941 30775 raft_consensus.cc:697] T 6f82e4fe57bc4ef39b6bad599fe31264 P 1e7c5ee89f2d43868975b82acfe709c9 [term 5 LEADER]: Becoming Leader. State: Replica: 1e7c5ee89f2d43868975b82acfe709c9, State: Running, Role: LEADER
I20260710 11:07:44.750816 30775 consensus_queue.cc:237] T 6f82e4fe57bc4ef39b6bad599fe31264 P 1e7c5ee89f2d43868975b82acfe709c9 [LEADER]: Queue going to LEADER mode. State: All replicated index: 0, Majority replicated index: 4, Committed index: 4, Last appended: 4.4, Last appended by leader: 4, Current term: 5, Majority size: 2, State: 0, Mode: LEADER, active raft config: opid_index: -1 OBSOLETE_local: false peers { permanent_uuid: "1e7c5ee89f2d43868975b82acfe709c9" member_type: VOTER last_known_addr { host: "127.29.148.65" port: 41249 } } peers { permanent_uuid: "4a69911e733c464d9db2ccf4ab0ed45f" member_type: VOTER last_known_addr { host: "127.29.148.66" port: 43851 } } peers { permanent_uuid: "d408ea10292e44e7bac8c99d994ac39a" member_type: VOTER last_known_addr { host: "127.29.148.67" port: 39613 } }
I20260710 11:07:44.760546 30320 catalog_manager.cc:5697] T 6f82e4fe57bc4ef39b6bad599fe31264 P 1e7c5ee89f2d43868975b82acfe709c9 reported cstate change: term changed from 4 to 5, leader changed from 4a69911e733c464d9db2ccf4ab0ed45f (127.29.148.66) to 1e7c5ee89f2d43868975b82acfe709c9 (127.29.148.65). New cstate: current_term: 5 leader_uuid: "1e7c5ee89f2d43868975b82acfe709c9" committed_config { opid_index: -1 OBSOLETE_local: false peers { permanent_uuid: "1e7c5ee89f2d43868975b82acfe709c9" member_type: VOTER last_known_addr { host: "127.29.148.65" port: 41249 } health_report { overall_health: HEALTHY } } peers { permanent_uuid: "4a69911e733c464d9db2ccf4ab0ed45f" member_type: VOTER last_known_addr { host: "127.29.148.66" port: 43851 } health_report { overall_health: UNKNOWN } } peers { permanent_uuid: "d408ea10292e44e7bac8c99d994ac39a" member_type: VOTER last_known_addr { host: "127.29.148.67" port: 39613 } health_report { overall_health: UNKNOWN } } }
I20260710 11:07:44.798166 30499 raft_consensus.cc:1275] T 4a2891f0592d4dc895203b37e5b552af P 4a69911e733c464d9db2ccf4ab0ed45f [term 4 FOLLOWER]: Refusing update from remote peer 1e7c5ee89f2d43868975b82acfe709c9: Log matching property violated. Preceding OpId in replica: term: 3 index: 3. Preceding OpId from leader: term: 4 index: 4. (index mismatch)
I20260710 11:07:44.799571 30775 consensus_queue.cc:1048] T 4a2891f0592d4dc895203b37e5b552af P 1e7c5ee89f2d43868975b82acfe709c9 [LEADER]: Connected to new peer: Peer: permanent_uuid: "4a69911e733c464d9db2ccf4ab0ed45f" member_type: VOTER last_known_addr { host: "127.29.148.66" port: 43851 }, Status: LMP_MISMATCH, Last received: 0.0, Next index: 4, Last known committed idx: 3, Time since last communication: 0.000s
I20260710 11:07:44.813459 30570 raft_consensus.cc:1275] T 4a2891f0592d4dc895203b37e5b552af P d408ea10292e44e7bac8c99d994ac39a [term 4 FOLLOWER]: Refusing update from remote peer 1e7c5ee89f2d43868975b82acfe709c9: Log matching property violated. Preceding OpId in replica: term: 3 index: 3. Preceding OpId from leader: term: 4 index: 4. (index mismatch)
I20260710 11:07:44.814821 30775 consensus_queue.cc:1048] T 4a2891f0592d4dc895203b37e5b552af P 1e7c5ee89f2d43868975b82acfe709c9 [LEADER]: Connected to new peer: Peer: permanent_uuid: "d408ea10292e44e7bac8c99d994ac39a" member_type: VOTER last_known_addr { host: "127.29.148.67" port: 39613 }, Status: LMP_MISMATCH, Last received: 0.0, Next index: 4, Last known committed idx: 3, Time since last communication: 0.000s
I20260710 11:07:44.849421 30499 raft_consensus.cc:1275] T 321d75446759428bbfeeede8655efbf8 P 4a69911e733c464d9db2ccf4ab0ed45f [term 5 FOLLOWER]: Refusing update from remote peer d408ea10292e44e7bac8c99d994ac39a: Log matching property violated. Preceding OpId in replica: term: 4 index: 4. Preceding OpId from leader: term: 5 index: 5. (index mismatch)
I20260710 11:07:44.850652 30755 consensus_queue.cc:1048] T 321d75446759428bbfeeede8655efbf8 P d408ea10292e44e7bac8c99d994ac39a [LEADER]: Connected to new peer: Peer: permanent_uuid: "4a69911e733c464d9db2ccf4ab0ed45f" member_type: VOTER last_known_addr { host: "127.29.148.66" port: 43851 }, Status: LMP_MISMATCH, Last received: 0.0, Next index: 5, Last known committed idx: 4, Time since last communication: 0.000s
I20260710 11:07:44.859968 30422 raft_consensus.cc:1275] T 321d75446759428bbfeeede8655efbf8 P 1e7c5ee89f2d43868975b82acfe709c9 [term 5 FOLLOWER]: Refusing update from remote peer d408ea10292e44e7bac8c99d994ac39a: Log matching property violated. Preceding OpId in replica: term: 4 index: 4. Preceding OpId from leader: term: 5 index: 5. (index mismatch)
I20260710 11:07:44.861297 30755 consensus_queue.cc:1048] T 321d75446759428bbfeeede8655efbf8 P d408ea10292e44e7bac8c99d994ac39a [LEADER]: Connected to new peer: Peer: permanent_uuid: "1e7c5ee89f2d43868975b82acfe709c9" member_type: VOTER last_known_addr { host: "127.29.148.65" port: 41249 }, Status: LMP_MISMATCH, Last received: 0.0, Next index: 5, Last known committed idx: 4, Time since last communication: 0.000s
I20260710 11:07:44.872143 30570 raft_consensus.cc:1275] T c0346352bead4c23bd1d905e0efd9ee9 P d408ea10292e44e7bac8c99d994ac39a [term 3 FOLLOWER]: Refusing update from remote peer 1e7c5ee89f2d43868975b82acfe709c9: Log matching property violated. Preceding OpId in replica: term: 2 index: 2. Preceding OpId from leader: term: 3 index: 3. (index mismatch)
I20260710 11:07:44.873693 30776 consensus_queue.cc:1048] T c0346352bead4c23bd1d905e0efd9ee9 P 1e7c5ee89f2d43868975b82acfe709c9 [LEADER]: Connected to new peer: Peer: permanent_uuid: "d408ea10292e44e7bac8c99d994ac39a" member_type: VOTER last_known_addr { host: "127.29.148.67" port: 39613 }, Status: LMP_MISMATCH, Last received: 0.0, Next index: 3, Last known committed idx: 2, Time since last communication: 0.001s
I20260710 11:07:44.887378 30499 raft_consensus.cc:1275] T c0346352bead4c23bd1d905e0efd9ee9 P 4a69911e733c464d9db2ccf4ab0ed45f [term 3 FOLLOWER]: Refusing update from remote peer 1e7c5ee89f2d43868975b82acfe709c9: Log matching property violated. Preceding OpId in replica: term: 2 index: 2. Preceding OpId from leader: term: 3 index: 3. (index mismatch)
I20260710 11:07:44.888684 30776 consensus_queue.cc:1048] T c0346352bead4c23bd1d905e0efd9ee9 P 1e7c5ee89f2d43868975b82acfe709c9 [LEADER]: Connected to new peer: Peer: permanent_uuid: "4a69911e733c464d9db2ccf4ab0ed45f" member_type: VOTER last_known_addr { host: "127.29.148.66" port: 43851 }, Status: LMP_MISMATCH, Last received: 0.0, Next index: 3, Last known committed idx: 2, Time since last communication: 0.000s
I20260710 11:07:45.060778 30422 raft_consensus.cc:1275] T 7c1f2b1255844a13848bf86a5e8c66b8 P 1e7c5ee89f2d43868975b82acfe709c9 [term 3 FOLLOWER]: Refusing update from remote peer d408ea10292e44e7bac8c99d994ac39a: Log matching property violated. Preceding OpId in replica: term: 2 index: 2. Preceding OpId from leader: term: 3 index: 3. (index mismatch)
I20260710 11:07:45.062310 30793 consensus_queue.cc:1048] T 7c1f2b1255844a13848bf86a5e8c66b8 P d408ea10292e44e7bac8c99d994ac39a [LEADER]: Connected to new peer: Peer: permanent_uuid: "1e7c5ee89f2d43868975b82acfe709c9" member_type: VOTER last_known_addr { host: "127.29.148.65" port: 41249 }, Status: LMP_MISMATCH, Last received: 0.0, Next index: 3, Last known committed idx: 2, Time since last communication: 0.000s
I20260710 11:07:45.073038 30499 raft_consensus.cc:1275] T 7c1f2b1255844a13848bf86a5e8c66b8 P 4a69911e733c464d9db2ccf4ab0ed45f [term 3 FOLLOWER]: Refusing update from remote peer d408ea10292e44e7bac8c99d994ac39a: Log matching property violated. Preceding OpId in replica: term: 2 index: 2. Preceding OpId from leader: term: 3 index: 3. (index mismatch)
I20260710 11:07:45.074493 30793 consensus_queue.cc:1048] T 7c1f2b1255844a13848bf86a5e8c66b8 P d408ea10292e44e7bac8c99d994ac39a [LEADER]: Connected to new peer: Peer: permanent_uuid: "4a69911e733c464d9db2ccf4ab0ed45f" member_type: VOTER last_known_addr { host: "127.29.148.66" port: 43851 }, Status: LMP_MISMATCH, Last received: 0.0, Next index: 3, Last known committed idx: 2, Time since last communication: 0.000s
I20260710 11:07:45.141739 30570 raft_consensus.cc:1275] T 6f82e4fe57bc4ef39b6bad599fe31264 P d408ea10292e44e7bac8c99d994ac39a [term 5 FOLLOWER]: Refusing update from remote peer 1e7c5ee89f2d43868975b82acfe709c9: Log matching property violated. Preceding OpId in replica: term: 4 index: 4. Preceding OpId from leader: term: 5 index: 5. (index mismatch)
I20260710 11:07:45.142997 30796 consensus_queue.cc:1048] T 6f82e4fe57bc4ef39b6bad599fe31264 P 1e7c5ee89f2d43868975b82acfe709c9 [LEADER]: Connected to new peer: Peer: permanent_uuid: "d408ea10292e44e7bac8c99d994ac39a" member_type: VOTER last_known_addr { host: "127.29.148.67" port: 39613 }, Status: LMP_MISMATCH, Last received: 0.0, Next index: 5, Last known committed idx: 4, Time since last communication: 0.000s
I20260710 11:07:45.152763 30499 raft_consensus.cc:1275] T 6f82e4fe57bc4ef39b6bad599fe31264 P 4a69911e733c464d9db2ccf4ab0ed45f [term 5 FOLLOWER]: Refusing update from remote peer 1e7c5ee89f2d43868975b82acfe709c9: Log matching property violated. Preceding OpId in replica: term: 4 index: 4. Preceding OpId from leader: term: 5 index: 5. (index mismatch)
I20260710 11:07:45.154068 30776 consensus_queue.cc:1048] T 6f82e4fe57bc4ef39b6bad599fe31264 P 1e7c5ee89f2d43868975b82acfe709c9 [LEADER]: Connected to new peer: Peer: permanent_uuid: "4a69911e733c464d9db2ccf4ab0ed45f" member_type: VOTER last_known_addr { host: "127.29.148.66" port: 43851 }, Status: LMP_MISMATCH, Last received: 0.0, Next index: 5, Last known committed idx: 4, Time since last communication: 0.000s
I20260710 11:07:45.222663 30289 auto_leader_rebalancer.cc:141] leader rebalance for table test-workload
I20260710 11:07:45.231627 30289 tablet_server.cc:179] TabletServer@127.29.148.65:0 shutting down...
W20260710 11:07:45.247983 30537 proxy.cc:239] Call had error, refreshing address and retrying: Remote error: Service unavailable: service kudu.consensus.ConsensusService not registered on TabletServer
W20260710 11:07:45.251259 30537 consensus_peers.cc:597] T 99c6a66828674b149890ccc56003db74 P d408ea10292e44e7bac8c99d994ac39a -> Peer 1e7c5ee89f2d43868975b82acfe709c9 (127.29.148.65:41249): Couldn't send request to peer 1e7c5ee89f2d43868975b82acfe709c9. Status: Remote error: Service unavailable: service kudu.consensus.ConsensusService not registered on TabletServer. This is attempt 1: this message will repeat every 5th retry.
I20260710 11:07:45.286520 30289 ts_tablet_manager.cc:1507] Shutting down tablet manager...
I20260710 11:07:45.287343 30289 tablet_replica.cc:333] T c0346352bead4c23bd1d905e0efd9ee9 P 1e7c5ee89f2d43868975b82acfe709c9: stopping tablet replica
I20260710 11:07:45.288090 30289 raft_consensus.cc:2243] T c0346352bead4c23bd1d905e0efd9ee9 P 1e7c5ee89f2d43868975b82acfe709c9 [term 3 LEADER]: Raft consensus shutting down.
I20260710 11:07:45.288892 30289 raft_consensus.cc:2272] T c0346352bead4c23bd1d905e0efd9ee9 P 1e7c5ee89f2d43868975b82acfe709c9 [term 3 FOLLOWER]: Raft consensus is shut down!
I20260710 11:07:45.292021 30289 tablet_replica.cc:333] T 4ffdfa17ee044a6bafaf596fc2f7a91f P 1e7c5ee89f2d43868975b82acfe709c9: stopping tablet replica
I20260710 11:07:45.292568 30289 raft_consensus.cc:2243] T 4ffdfa17ee044a6bafaf596fc2f7a91f P 1e7c5ee89f2d43868975b82acfe709c9 [term 1 FOLLOWER]: Raft consensus shutting down.
I20260710 11:07:45.292980 30289 raft_consensus.cc:2272] T 4ffdfa17ee044a6bafaf596fc2f7a91f P 1e7c5ee89f2d43868975b82acfe709c9 [term 1 FOLLOWER]: Raft consensus is shut down!
I20260710 11:07:45.294610 30289 tablet_replica.cc:333] T 6f82e4fe57bc4ef39b6bad599fe31264 P 1e7c5ee89f2d43868975b82acfe709c9: stopping tablet replica
I20260710 11:07:45.295105 30289 raft_consensus.cc:2243] T 6f82e4fe57bc4ef39b6bad599fe31264 P 1e7c5ee89f2d43868975b82acfe709c9 [term 5 LEADER]: Raft consensus shutting down.
I20260710 11:07:45.295948 30289 raft_consensus.cc:2272] T 6f82e4fe57bc4ef39b6bad599fe31264 P 1e7c5ee89f2d43868975b82acfe709c9 [term 5 FOLLOWER]: Raft consensus is shut down!
I20260710 11:07:45.298205 30289 tablet_replica.cc:333] T fd224de943344455b53454db078dd941 P 1e7c5ee89f2d43868975b82acfe709c9: stopping tablet replica
I20260710 11:07:45.299028 30289 raft_consensus.cc:2243] T fd224de943344455b53454db078dd941 P 1e7c5ee89f2d43868975b82acfe709c9 [term 2 FOLLOWER]: Raft consensus shutting down.
I20260710 11:07:45.299642 30289 raft_consensus.cc:2272] T fd224de943344455b53454db078dd941 P 1e7c5ee89f2d43868975b82acfe709c9 [term 2 FOLLOWER]: Raft consensus is shut down!
I20260710 11:07:45.301502 30289 tablet_replica.cc:333] T 99c6a66828674b149890ccc56003db74 P 1e7c5ee89f2d43868975b82acfe709c9: stopping tablet replica
I20260710 11:07:45.301946 30289 raft_consensus.cc:2243] T 99c6a66828674b149890ccc56003db74 P 1e7c5ee89f2d43868975b82acfe709c9 [term 2 FOLLOWER]: Raft consensus shutting down.
I20260710 11:07:45.302361 30289 raft_consensus.cc:2272] T 99c6a66828674b149890ccc56003db74 P 1e7c5ee89f2d43868975b82acfe709c9 [term 2 FOLLOWER]: Raft consensus is shut down!
I20260710 11:07:45.303922 30289 tablet_replica.cc:333] T 4a2891f0592d4dc895203b37e5b552af P 1e7c5ee89f2d43868975b82acfe709c9: stopping tablet replica
I20260710 11:07:45.304360 30289 raft_consensus.cc:2243] T 4a2891f0592d4dc895203b37e5b552af P 1e7c5ee89f2d43868975b82acfe709c9 [term 4 LEADER]: Raft consensus shutting down.
I20260710 11:07:45.305055 30289 raft_consensus.cc:2272] T 4a2891f0592d4dc895203b37e5b552af P 1e7c5ee89f2d43868975b82acfe709c9 [term 4 FOLLOWER]: Raft consensus is shut down!
I20260710 11:07:45.306735 30289 tablet_replica.cc:333] T 321d75446759428bbfeeede8655efbf8 P 1e7c5ee89f2d43868975b82acfe709c9: stopping tablet replica
I20260710 11:07:45.307242 30289 raft_consensus.cc:2243] T 321d75446759428bbfeeede8655efbf8 P 1e7c5ee89f2d43868975b82acfe709c9 [term 5 FOLLOWER]: Raft consensus shutting down.
I20260710 11:07:45.307623 30289 raft_consensus.cc:2272] T 321d75446759428bbfeeede8655efbf8 P 1e7c5ee89f2d43868975b82acfe709c9 [term 5 FOLLOWER]: Raft consensus is shut down!
I20260710 11:07:45.309473 30289 tablet_replica.cc:333] T 7c1f2b1255844a13848bf86a5e8c66b8 P 1e7c5ee89f2d43868975b82acfe709c9: stopping tablet replica
I20260710 11:07:45.309902 30289 raft_consensus.cc:2243] T 7c1f2b1255844a13848bf86a5e8c66b8 P 1e7c5ee89f2d43868975b82acfe709c9 [term 3 FOLLOWER]: Raft consensus shutting down.
I20260710 11:07:45.310316 30289 raft_consensus.cc:2272] T 7c1f2b1255844a13848bf86a5e8c66b8 P 1e7c5ee89f2d43868975b82acfe709c9 [term 3 FOLLOWER]: Raft consensus is shut down!
I20260710 11:07:45.312287 30289 tablet_replica.cc:333] T d17bb5eadfad47c39ae678e06080ff0f P 1e7c5ee89f2d43868975b82acfe709c9: stopping tablet replica
I20260710 11:07:45.312692 30289 raft_consensus.cc:2243] T d17bb5eadfad47c39ae678e06080ff0f P 1e7c5ee89f2d43868975b82acfe709c9 [term 3 FOLLOWER]: Raft consensus shutting down.
I20260710 11:07:45.313095 30289 raft_consensus.cc:2272] T d17bb5eadfad47c39ae678e06080ff0f P 1e7c5ee89f2d43868975b82acfe709c9 [term 3 FOLLOWER]: Raft consensus is shut down!
W20260710 11:07:45.322341 30463 consensus_peers.cc:597] T d17bb5eadfad47c39ae678e06080ff0f P 4a69911e733c464d9db2ccf4ab0ed45f -> Peer 1e7c5ee89f2d43868975b82acfe709c9 (127.29.148.65:41249): Couldn't send request to peer 1e7c5ee89f2d43868975b82acfe709c9. Status: Remote error: Service unavailable: service kudu.consensus.ConsensusService not registered on TabletServer. This is attempt 1: this message will repeat every 5th retry.
I20260710 11:07:45.411338 30289 tablet_server.cc:196] TabletServer@127.29.148.65:0 shutdown complete.
I20260710 11:07:45.428726 30289 tablet_server.cc:179] TabletServer@127.29.148.66:0 shutting down...
I20260710 11:07:45.450001 30289 ts_tablet_manager.cc:1507] Shutting down tablet manager...
I20260710 11:07:45.450691 30289 tablet_replica.cc:333] T c0346352bead4c23bd1d905e0efd9ee9 P 4a69911e733c464d9db2ccf4ab0ed45f: stopping tablet replica
