I20260710 11:07:59.614679  1371 tablet_service.cc:1917] Received RequestConsensusVote() RPC: tablet_id: "f27a6d075cd74f27bbd3dbabb3fad38f" candidate_uuid: "259d7a7bdf3a408a8c93497e672971f4" candidate_term: 1 candidate_status { last_received { term: 0 index: 0 } } ignore_live_leader: false dest_uuid: "73520f4b9b6d41ed817423c1a42c192c" is_pre_election: true
I20260710 11:07:59.615285  1371 raft_consensus.cc:2468] T f27a6d075cd74f27bbd3dbabb3fad38f P 73520f4b9b6d41ed817423c1a42c192c [term 0 FOLLOWER]: Leader pre-election vote request: Granting yes vote for candidate 259d7a7bdf3a408a8c93497e672971f4 in term 0.
I20260710 11:07:59.614421  1515 consensus_queue.cc:1048] T ab1995cbc6d84342964fe0da2d4141b2 P 4f85acb302bb489482c8379592211952 [LEADER]: Connected to new peer: Peer: permanent_uuid: "73520f4b9b6d41ed817423c1a42c192c" member_type: VOTER last_known_addr { host: "127.31.203.131" port: 41787 }, Status: LMP_MISMATCH, Last received: 0.0, Next index: 1, Last known committed idx: 0, Time since last communication: 0.001s
I20260710 11:07:59.619891  1372 raft_consensus.cc:2468] T c7e1af6cd02247249490490fd8df7df4 P 73520f4b9b6d41ed817423c1a42c192c [term 2 FOLLOWER]: Leader election vote request: Granting yes vote for candidate 259d7a7bdf3a408a8c93497e672971f4 in term 2.
W20260710 11:07:59.620851  1169 auto_rebalancer.cc:288] Could not retrieve cluster info: Service unavailable: Tablet not running
I20260710 11:07:59.620983  1186 leader_election.cc:304] T c7e1af6cd02247249490490fd8df7df4 P 259d7a7bdf3a408a8c93497e672971f4 [CANDIDATE]: Term 2 election: Election decided. Result: candidate won. Election summary: received 3 responses out of 3 voters: 2 yes votes; 1 no votes. yes voters: 259d7a7bdf3a408a8c93497e672971f4, 73520f4b9b6d41ed817423c1a42c192c; no voters: 4f85acb302bb489482c8379592211952
I20260710 11:07:59.622001  1461 raft_consensus.cc:2804] T c7e1af6cd02247249490490fd8df7df4 P 259d7a7bdf3a408a8c93497e672971f4 [term 2 FOLLOWER]: Leader election won for term 2
I20260710 11:07:59.622469  1461 raft_consensus.cc:697] T c7e1af6cd02247249490490fd8df7df4 P 259d7a7bdf3a408a8c93497e672971f4 [term 2 LEADER]: Becoming Leader. State: Replica: 259d7a7bdf3a408a8c93497e672971f4, State: Running, Role: LEADER
I20260710 11:07:59.623301  1461 consensus_queue.cc:237] T c7e1af6cd02247249490490fd8df7df4 P 259d7a7bdf3a408a8c93497e672971f4 [LEADER]: Queue going to LEADER mode. State: All replicated index: 0, Majority replicated index: 0, Committed index: 0, Last appended: 0.0, Last appended by leader: 0, Current term: 2, Majority size: 2, State: 0, Mode: LEADER, active raft config: opid_index: -1 OBSOLETE_local: false peers { permanent_uuid: "259d7a7bdf3a408a8c93497e672971f4" member_type: VOTER last_known_addr { host: "127.31.203.129" port: 41123 } } peers { permanent_uuid: "4f85acb302bb489482c8379592211952" member_type: VOTER last_known_addr { host: "127.31.203.130" port: 43165 } } peers { permanent_uuid: "73520f4b9b6d41ed817423c1a42c192c" member_type: VOTER last_known_addr { host: "127.31.203.131" port: 41787 } }
I20260710 11:07:59.610446  1120 catalog_manager.cc:5697] T bd34a13bc9dd439bab0e762c340ef6fa P 4f85acb302bb489482c8379592211952 reported cstate change: term changed from 0 to 1, leader changed from <none> to 4f85acb302bb489482c8379592211952 (127.31.203.130). New cstate: current_term: 1 leader_uuid: "4f85acb302bb489482c8379592211952" committed_config { opid_index: -1 OBSOLETE_local: false peers { permanent_uuid: "259d7a7bdf3a408a8c93497e672971f4" member_type: VOTER last_known_addr { host: "127.31.203.129" port: 41123 } health_report { overall_health: UNKNOWN } } peers { permanent_uuid: "4f85acb302bb489482c8379592211952" member_type: VOTER last_known_addr { host: "127.31.203.130" port: 43165 } health_report { overall_health: HEALTHY } } peers { permanent_uuid: "73520f4b9b6d41ed817423c1a42c192c" member_type: VOTER last_known_addr { host: "127.31.203.131" port: 41787 } health_report { overall_health: UNKNOWN } } }
I20260710 11:07:59.624570  1462 raft_consensus.cc:515] T f27a6d075cd74f27bbd3dbabb3fad38f P 259d7a7bdf3a408a8c93497e672971f4 [term 1 FOLLOWER]: Starting leader election with config: opid_index: -1 OBSOLETE_local: false peers { permanent_uuid: "259d7a7bdf3a408a8c93497e672971f4" member_type: VOTER last_known_addr { host: "127.31.203.129" port: 41123 } } peers { permanent_uuid: "4f85acb302bb489482c8379592211952" member_type: VOTER last_known_addr { host: "127.31.203.130" port: 43165 } } peers { permanent_uuid: "73520f4b9b6d41ed817423c1a42c192c" member_type: VOTER last_known_addr { host: "127.31.203.131" port: 41787 } }
I20260710 11:07:59.625617  1120 catalog_manager.cc:5697] T c7e1af6cd02247249490490fd8df7df4 P 4f85acb302bb489482c8379592211952 reported cstate change: term changed from 0 to 1, leader changed from <none> to 4f85acb302bb489482c8379592211952 (127.31.203.130). New cstate: current_term: 1 leader_uuid: "4f85acb302bb489482c8379592211952" committed_config { opid_index: -1 OBSOLETE_local: false peers { permanent_uuid: "259d7a7bdf3a408a8c93497e672971f4" member_type: VOTER last_known_addr { host: "127.31.203.129" port: 41123 } health_report { overall_health: UNKNOWN } } peers { permanent_uuid: "4f85acb302bb489482c8379592211952" member_type: VOTER last_known_addr { host: "127.31.203.130" port: 43165 } health_report { overall_health: HEALTHY } } peers { permanent_uuid: "73520f4b9b6d41ed817423c1a42c192c" member_type: VOTER last_known_addr { host: "127.31.203.131" port: 41787 } health_report { overall_health: UNKNOWN } } }
I20260710 11:07:59.628007  1295 tablet_service.cc:1917] Received RequestConsensusVote() RPC: tablet_id: "f27a6d075cd74f27bbd3dbabb3fad38f" candidate_uuid: "259d7a7bdf3a408a8c93497e672971f4" candidate_term: 1 candidate_status { last_received { term: 0 index: 0 } } ignore_live_leader: false dest_uuid: "4f85acb302bb489482c8379592211952"
I20260710 11:07:59.628703  1295 raft_consensus.cc:3060] T f27a6d075cd74f27bbd3dbabb3fad38f P 4f85acb302bb489482c8379592211952 [term 0 FOLLOWER]: Advancing to term 1
I20260710 11:07:59.645511  1462 leader_election.cc:290] T f27a6d075cd74f27bbd3dbabb3fad38f P 259d7a7bdf3a408a8c93497e672971f4 [CANDIDATE]: Term 1 election: Requested vote from peers 4f85acb302bb489482c8379592211952 (127.31.203.130:43165), 73520f4b9b6d41ed817423c1a42c192c (127.31.203.131:41787)
I20260710 11:07:59.646900  1372 tablet_service.cc:1917] Received RequestConsensusVote() RPC: tablet_id: "f27a6d075cd74f27bbd3dbabb3fad38f" candidate_uuid: "259d7a7bdf3a408a8c93497e672971f4" candidate_term: 1 candidate_status { last_received { term: 0 index: 0 } } ignore_live_leader: false dest_uuid: "73520f4b9b6d41ed817423c1a42c192c"
I20260710 11:07:59.647265  1295 raft_consensus.cc:2468] T f27a6d075cd74f27bbd3dbabb3fad38f P 4f85acb302bb489482c8379592211952 [term 1 FOLLOWER]: Leader election vote request: Granting yes vote for candidate 259d7a7bdf3a408a8c93497e672971f4 in term 1.
I20260710 11:07:59.647603  1372 raft_consensus.cc:3060] T f27a6d075cd74f27bbd3dbabb3fad38f P 73520f4b9b6d41ed817423c1a42c192c [term 0 FOLLOWER]: Advancing to term 1
I20260710 11:07:59.648563  1189 leader_election.cc:304] T f27a6d075cd74f27bbd3dbabb3fad38f P 259d7a7bdf3a408a8c93497e672971f4 [CANDIDATE]: Term 1 election: Election decided. Result: candidate won. Election summary: received 2 responses out of 3 voters: 2 yes votes; 0 no votes. yes voters: 259d7a7bdf3a408a8c93497e672971f4, 4f85acb302bb489482c8379592211952; no voters: 
I20260710 11:07:59.649420  1462 raft_consensus.cc:2804] T f27a6d075cd74f27bbd3dbabb3fad38f P 259d7a7bdf3a408a8c93497e672971f4 [term 1 FOLLOWER]: Leader election won for term 1
I20260710 11:07:59.650054  1462 raft_consensus.cc:697] T f27a6d075cd74f27bbd3dbabb3fad38f P 259d7a7bdf3a408a8c93497e672971f4 [term 1 LEADER]: Becoming Leader. State: Replica: 259d7a7bdf3a408a8c93497e672971f4, State: Running, Role: LEADER
I20260710 11:07:59.650221  1119 catalog_manager.cc:5697] T c7e1af6cd02247249490490fd8df7df4 P 259d7a7bdf3a408a8c93497e672971f4 reported cstate change: term changed from 1 to 2, leader changed from 4f85acb302bb489482c8379592211952 (127.31.203.130) to 259d7a7bdf3a408a8c93497e672971f4 (127.31.203.129). New cstate: current_term: 2 leader_uuid: "259d7a7bdf3a408a8c93497e672971f4" committed_config { opid_index: -1 OBSOLETE_local: false peers { permanent_uuid: "259d7a7bdf3a408a8c93497e672971f4" member_type: VOTER last_known_addr { host: "127.31.203.129" port: 41123 } health_report { overall_health: HEALTHY } } peers { permanent_uuid: "4f85acb302bb489482c8379592211952" member_type: VOTER last_known_addr { host: "127.31.203.130" port: 43165 } health_report { overall_health: UNKNOWN } } peers { permanent_uuid: "73520f4b9b6d41ed817423c1a42c192c" member_type: VOTER last_known_addr { host: "127.31.203.131" port: 41787 } health_report { overall_health: UNKNOWN } } }
I20260710 11:07:59.650837  1462 consensus_queue.cc:237] T f27a6d075cd74f27bbd3dbabb3fad38f P 259d7a7bdf3a408a8c93497e672971f4 [LEADER]: Queue going to LEADER mode. State: All replicated index: 0, Majority replicated index: 0, Committed index: 0, Last appended: 0.0, Last appended by leader: 0, Current term: 1, Majority size: 2, State: 0, Mode: LEADER, active raft config: opid_index: -1 OBSOLETE_local: false peers { permanent_uuid: "259d7a7bdf3a408a8c93497e672971f4" member_type: VOTER last_known_addr { host: "127.31.203.129" port: 41123 } } peers { permanent_uuid: "4f85acb302bb489482c8379592211952" member_type: VOTER last_known_addr { host: "127.31.203.130" port: 43165 } } peers { permanent_uuid: "73520f4b9b6d41ed817423c1a42c192c" member_type: VOTER last_known_addr { host: "127.31.203.131" port: 41787 } }
I20260710 11:07:59.654425  1372 raft_consensus.cc:2468] T f27a6d075cd74f27bbd3dbabb3fad38f P 73520f4b9b6d41ed817423c1a42c192c [term 1 FOLLOWER]: Leader election vote request: Granting yes vote for candidate 259d7a7bdf3a408a8c93497e672971f4 in term 1.
I20260710 11:07:59.663122  1120 catalog_manager.cc:5697] T f27a6d075cd74f27bbd3dbabb3fad38f P 259d7a7bdf3a408a8c93497e672971f4 reported cstate change: term changed from 0 to 1, leader changed from <none> to 259d7a7bdf3a408a8c93497e672971f4 (127.31.203.129). New cstate: current_term: 1 leader_uuid: "259d7a7bdf3a408a8c93497e672971f4" committed_config { opid_index: -1 OBSOLETE_local: false peers { permanent_uuid: "259d7a7bdf3a408a8c93497e672971f4" member_type: VOTER last_known_addr { host: "127.31.203.129" port: 41123 } health_report { overall_health: HEALTHY } } peers { permanent_uuid: "4f85acb302bb489482c8379592211952" member_type: VOTER last_known_addr { host: "127.31.203.130" port: 43165 } health_report { overall_health: UNKNOWN } } peers { permanent_uuid: "73520f4b9b6d41ed817423c1a42c192c" member_type: VOTER last_known_addr { host: "127.31.203.131" port: 41787 } health_report { overall_health: UNKNOWN } } }
I20260710 11:07:59.696704  1221 raft_consensus.cc:3060] T 4e5704d10b8445c1849529ae58aae30b P 259d7a7bdf3a408a8c93497e672971f4 [term 0 FOLLOWER]: Advancing to term 1
I20260710 11:07:59.702497  1472 consensus_queue.cc:1048] T 4e5704d10b8445c1849529ae58aae30b P 73520f4b9b6d41ed817423c1a42c192c [LEADER]: Connected to new peer: Peer: permanent_uuid: "259d7a7bdf3a408a8c93497e672971f4" member_type: VOTER last_known_addr { host: "127.31.203.129" port: 41123 }, Status: LMP_MISMATCH, Last received: 0.0, Next index: 1, Last known committed idx: 0, Time since last communication: 0.000s
I20260710 11:07:59.712322  1428 consensus_queue.cc:1048] T 4e5704d10b8445c1849529ae58aae30b P 73520f4b9b6d41ed817423c1a42c192c [LEADER]: Connected to new peer: Peer: permanent_uuid: "4f85acb302bb489482c8379592211952" member_type: VOTER last_known_addr { host: "127.31.203.130" port: 43165 }, Status: LMP_MISMATCH, Last received: 0.0, Next index: 1, Last known committed idx: 0, Time since last communication: 0.000s
I20260710 11:07:59.790987 32558 file_cache.cc:504] Constructed file cache file cache with capacity 419430
W20260710 11:07:59.796232  1580 instance_detector.cc:116] could not retrieve AWS instance metadata: Network error: curl error: HTTP response code said error: The requested URL returned error: 404
W20260710 11:07:59.797204  1581 instance_detector.cc:116] could not retrieve Azure instance metadata: Network error: curl error: HTTP response code said error: The requested URL returned error: 404
I20260710 11:07:59.798223 32558 server_base.cc:1061] running on GCE node
W20260710 11:07:59.798434  1583 instance_detector.cc:116] could not retrieve OpenStack instance metadata: Network error: curl error: HTTP response code said error: The requested URL returned error: 404
I20260710 11:07:59.799475 32558 hybrid_clock.cc:584] initializing the hybrid clock with 'system_unsync' time source
W20260710 11:07:59.799659 32558 system_unsync_time.cc:38] NTP support is disabled. Clock error bounds will not be accurate. This configuration is not suitable for distributed clusters.
I20260710 11:07:59.799793 32558 hybrid_clock.cc:648] HybridClock initialized: now 1783681679799781 us; error 0 us; skew 500 ppm
I20260710 11:07:59.800225 32558 server_base.cc:861] Flag tcmalloc_max_total_thread_cache_bytes is not working since tcmalloc is not enabled.
I20260710 11:07:59.802515 32558 webserver.cc:533] Webserver started at http://127.31.203.132:37099/ using document root <none> and password file <none>
I20260710 11:07:59.803048 32558 fs_manager.cc:362] Metadata directory not provided
I20260710 11:07:59.803257 32558 fs_manager.cc:368] Using write-ahead log directory (fs_wal_dir) as metadata directory
I20260710 11:07:59.803524 32558 server_base.cc:909] This appears to be a new deployment of Kudu; creating new FS layout
I20260710 11:07:59.804523 32558 fs_manager.cc:1068] Generated new instance metadata in path /tmp/dist-test-taskumhdKZ/test-tmp/auto_leader_rebalancer-test.0.LeaderRebalancerTest.AddTserver.1783681651977995-32558-0/minicluster-data/ts-3-root/instance:
uuid: "031e8fd50e9c4be281e2ebc36ed693c7"
format_stamp: "Formatted at 2026-07-10 11:07:59 on dist-test-slave-l48v"
I20260710 11:07:59.808568  1515 consensus_queue.cc:1048] T a857c74ffa5e4fc5babdbe3115fe1cd8 P 4f85acb302bb489482c8379592211952 [LEADER]: Connected to new peer: Peer: permanent_uuid: "73520f4b9b6d41ed817423c1a42c192c" member_type: VOTER last_known_addr { host: "127.31.203.131" port: 41787 }, Status: LMP_MISMATCH, Last received: 0.0, Next index: 1, Last known committed idx: 0, Time since last communication: 0.000s
I20260710 11:07:59.809607 32558 fs_manager.cc:696] Time spent creating directory manager: real 0.005s	user 0.006s	sys 0.000s
I20260710 11:07:59.813611  1589 log_block_manager.cc:4127] Time spent loading block containers with low live blocks: real 0.000s	user 0.000s	sys 0.000s
I20260710 11:07:59.815009 32558 fs_manager.cc:730] Time spent opening block manager: real 0.003s	user 0.000s	sys 0.003s
I20260710 11:07:59.815342 32558 fs_manager.cc:647] Opened local filesystem: /tmp/dist-test-taskumhdKZ/test-tmp/auto_leader_rebalancer-test.0.LeaderRebalancerTest.AddTserver.1783681651977995-32558-0/minicluster-data/ts-3-root
uuid: "031e8fd50e9c4be281e2ebc36ed693c7"
format_stamp: "Formatted at 2026-07-10 11:07:59 on dist-test-slave-l48v"
I20260710 11:07:59.815680 32558 fs_report.cc:389] FS layout report
--------------------
wal directory: /tmp/dist-test-taskumhdKZ/test-tmp/auto_leader_rebalancer-test.0.LeaderRebalancerTest.AddTserver.1783681651977995-32558-0/minicluster-data/ts-3-root
metadata directory: /tmp/dist-test-taskumhdKZ/test-tmp/auto_leader_rebalancer-test.0.LeaderRebalancerTest.AddTserver.1783681651977995-32558-0/minicluster-data/ts-3-root
1 data directories: /tmp/dist-test-taskumhdKZ/test-tmp/auto_leader_rebalancer-test.0.LeaderRebalancerTest.AddTserver.1783681651977995-32558-0/minicluster-data/ts-3-root/data
Total live blocks: 0
Total live bytes: 0
Total live bytes (after alignment): 0
Total number of LBM containers: 0 (0 full)
Did not check for missing blocks
Did not check for orphaned blocks
Total full LBM containers with extra space: 0 (0 repaired)
Total full LBM container extra space in bytes: 0 (0 repaired)
Total incomplete LBM containers: 0 (0 repaired)
Total LBM partial records: 0 (0 repaired)
Total corrupted LBM metadata records in RocksDB: 0 (0 repaired)
I20260710 11:07:59.824252  1468 consensus_queue.cc:1048] T a857c74ffa5e4fc5babdbe3115fe1cd8 P 4f85acb302bb489482c8379592211952 [LEADER]: Connected to new peer: Peer: permanent_uuid: "259d7a7bdf3a408a8c93497e672971f4" member_type: VOTER last_known_addr { host: "127.31.203.129" port: 41123 }, Status: LMP_MISMATCH, Last received: 0.0, Next index: 1, Last known committed idx: 0, Time since last communication: 0.000s
I20260710 11:07:59.848951 32558 rpc_server.cc:225] running with OpenSSL 1.1.1  11 Sep 2018
I20260710 11:07:59.850293 32558 kserver.cc:163] Server-wide thread pool size limit: 3276
I20260710 11:07:59.851549 32558 txn_system_client.cc:432] TxnSystemClient initialization is disabled...
I20260710 11:07:59.853626 32558 ts_tablet_manager.cc:585] Loaded tablet metadata (0 total tablets, 0 live tablets)
I20260710 11:07:59.853880 32558 ts_tablet_manager.cc:531] Time spent load tablet metadata: real 0.000s	user 0.000s	sys 0.000s
I20260710 11:07:59.854120 32558 ts_tablet_manager.cc:616] Registered 0 tablets
I20260710 11:07:59.854291 32558 ts_tablet_manager.cc:595] Time spent register tablets: real 0.000s	user 0.000s	sys 0.000s
I20260710 11:07:59.882879  1462 raft_consensus.cc:493] T ac511ff705674b77acaea403218f2831 P 259d7a7bdf3a408a8c93497e672971f4 [term 0 FOLLOWER]: Starting pre-election (no leader contacted us within the election timeout)
I20260710 11:07:59.883436  1462 raft_consensus.cc:515] T ac511ff705674b77acaea403218f2831 P 259d7a7bdf3a408a8c93497e672971f4 [term 0 FOLLOWER]: Starting pre-election with config: opid_index: -1 OBSOLETE_local: false peers { permanent_uuid: "259d7a7bdf3a408a8c93497e672971f4" member_type: VOTER last_known_addr { host: "127.31.203.129" port: 41123 } } peers { permanent_uuid: "4f85acb302bb489482c8379592211952" member_type: VOTER last_known_addr { host: "127.31.203.130" port: 43165 } } peers { permanent_uuid: "73520f4b9b6d41ed817423c1a42c192c" member_type: VOTER last_known_addr { host: "127.31.203.131" port: 41787 } }
I20260710 11:07:59.885337  1462 leader_election.cc:290] T ac511ff705674b77acaea403218f2831 P 259d7a7bdf3a408a8c93497e672971f4 [CANDIDATE]: Term 1 pre-election: Requested pre-vote from peers 4f85acb302bb489482c8379592211952 (127.31.203.130:43165), 73520f4b9b6d41ed817423c1a42c192c (127.31.203.131:41787)
I20260710 11:07:59.886094  1295 tablet_service.cc:1917] Received RequestConsensusVote() RPC: tablet_id: "ac511ff705674b77acaea403218f2831" candidate_uuid: "259d7a7bdf3a408a8c93497e672971f4" candidate_term: 1 candidate_status { last_received { term: 0 index: 0 } } ignore_live_leader: false dest_uuid: "4f85acb302bb489482c8379592211952" is_pre_election: true
I20260710 11:07:59.886716  1372 tablet_service.cc:1917] Received RequestConsensusVote() RPC: tablet_id: "ac511ff705674b77acaea403218f2831" candidate_uuid: "259d7a7bdf3a408a8c93497e672971f4" candidate_term: 1 candidate_status { last_received { term: 0 index: 0 } } ignore_live_leader: false dest_uuid: "73520f4b9b6d41ed817423c1a42c192c" is_pre_election: true
I20260710 11:07:59.887605  1372 raft_consensus.cc:2393] T ac511ff705674b77acaea403218f2831 P 73520f4b9b6d41ed817423c1a42c192c [term 1 FOLLOWER]: Leader pre-election vote request: Denying vote to candidate 259d7a7bdf3a408a8c93497e672971f4 in current term 1: Already voted for candidate 4f85acb302bb489482c8379592211952 in this term.
I20260710 11:07:59.888741  1186 leader_election.cc:304] T ac511ff705674b77acaea403218f2831 P 259d7a7bdf3a408a8c93497e672971f4 [CANDIDATE]: Term 1 pre-election: Election decided. Result: candidate lost. Election summary: received 3 responses out of 3 voters: 1 yes votes; 2 no votes. yes voters: 259d7a7bdf3a408a8c93497e672971f4; no voters: 4f85acb302bb489482c8379592211952, 73520f4b9b6d41ed817423c1a42c192c
I20260710 11:07:59.889657  1462 raft_consensus.cc:3060] T ac511ff705674b77acaea403218f2831 P 259d7a7bdf3a408a8c93497e672971f4 [term 0 FOLLOWER]: Advancing to term 1
I20260710 11:07:59.902627  1462 raft_consensus.cc:2749] T ac511ff705674b77acaea403218f2831 P 259d7a7bdf3a408a8c93497e672971f4 [term 1 FOLLOWER]: Leader pre-election lost for term 1. Reason: could not achieve majority
I20260710 11:07:59.926056 32558 rpc_server.cc:307] RPC server started. Bound to: 127.31.203.132:36951
I20260710 11:07:59.926205  1652 acceptor_pool.cc:272] collecting diagnostics on the listening RPC socket 127.31.203.132:36951 every 8 connection(s)
I20260710 11:07:59.930569 32558 auto_leader_rebalancer-test.cc:388] add a tserver: 031e8fd50e9c4be281e2ebc36ed693c7
I20260710 11:07:59.944212  1515 consensus_queue.cc:1048] T ac511ff705674b77acaea403218f2831 P 4f85acb302bb489482c8379592211952 [LEADER]: Connected to new peer: Peer: permanent_uuid: "259d7a7bdf3a408a8c93497e672971f4" member_type: VOTER last_known_addr { host: "127.31.203.129" port: 41123 }, Status: LMP_MISMATCH, Last received: 0.0, Next index: 1, Last known committed idx: 0, Time since last communication: 0.000s
I20260710 11:07:59.944548  1653 heartbeater.cc:344] Connected to a master server at 127.31.203.190:43991
I20260710 11:07:59.945559  1653 heartbeater.cc:461] Registering TS with master...
I20260710 11:07:59.948041  1653 heartbeater.cc:507] Master 127.31.203.190:43991 requested a full tablet report, sending...
I20260710 11:07:59.948845  1567 consensus_queue.cc:1048] T ac511ff705674b77acaea403218f2831 P 4f85acb302bb489482c8379592211952 [LEADER]: Connected to new peer: Peer: permanent_uuid: "73520f4b9b6d41ed817423c1a42c192c" member_type: VOTER last_known_addr { host: "127.31.203.131" port: 41787 }, Status: LMP_MISMATCH, Last received: 0.0, Next index: 1, Last known committed idx: 0, Time since last communication: 0.000s
I20260710 11:07:59.950270  1119 ts_manager.cc:194] Registered new tserver with Master: 031e8fd50e9c4be281e2ebc36ed693c7 (127.31.203.132:36951)
I20260710 11:07:59.952040  1119 master_service.cc:502] Signed X509 certificate for tserver {username='slave'} at 127.0.0.1:58132
I20260710 11:07:59.977135  1220 raft_consensus.cc:1240] T c7e1af6cd02247249490490fd8df7df4 P 259d7a7bdf3a408a8c93497e672971f4 [term 2 LEADER]: Rejecting Update request from peer 4f85acb302bb489482c8379592211952 for earlier term 1. Current term is 2. Ops: []
I20260710 11:07:59.978214  1567 consensus_queue.cc:1059] T c7e1af6cd02247249490490fd8df7df4 P 4f85acb302bb489482c8379592211952 [LEADER]: Peer responded invalid term: Peer: permanent_uuid: "259d7a7bdf3a408a8c93497e672971f4" member_type: VOTER last_known_addr { host: "127.31.203.129" port: 41123 }, Status: INVALID_TERM, Last received: 0.0, Next index: 1, Last known committed idx: 0, Time since last communication: 0.000s
I20260710 11:07:59.978809  1567 consensus_queue.cc:1243] T c7e1af6cd02247249490490fd8df7df4 P 4f85acb302bb489482c8379592211952 [LEADER]: Peer 259d7a7bdf3a408a8c93497e672971f4 log is divergent from this leader: its last log entry 2.1 is not in this leader's log and it has not received anything from this leader yet. Falling back to committed index 0
I20260710 11:07:59.979204  1468 raft_consensus.cc:3055] T c7e1af6cd02247249490490fd8df7df4 P 4f85acb302bb489482c8379592211952 [term 1 LEADER]: Stepping down as leader of term 1
I20260710 11:07:59.979506  1468 raft_consensus.cc:740] T c7e1af6cd02247249490490fd8df7df4 P 4f85acb302bb489482c8379592211952 [term 1 LEADER]: Becoming Follower/Learner. State: Replica: 4f85acb302bb489482c8379592211952, State: Running, Role: LEADER
I20260710 11:07:59.980161  1468 consensus_queue.cc:260] T c7e1af6cd02247249490490fd8df7df4 P 4f85acb302bb489482c8379592211952 [NON_LEADER]: Queue going to NON_LEADER mode. State: All replicated index: 0, Majority replicated index: 0, Committed index: 0, Last appended: 1.1, Last appended by leader: 1, Current term: 1, Majority size: -1, State: 0, Mode: NON_LEADER, active raft config: opid_index: -1 OBSOLETE_local: false peers { permanent_uuid: "259d7a7bdf3a408a8c93497e672971f4" member_type: VOTER last_known_addr { host: "127.31.203.129" port: 41123 } } peers { permanent_uuid: "4f85acb302bb489482c8379592211952" member_type: VOTER last_known_addr { host: "127.31.203.130" port: 43165 } } peers { permanent_uuid: "73520f4b9b6d41ed817423c1a42c192c" member_type: VOTER last_known_addr { host: "127.31.203.131" port: 41787 } }
I20260710 11:07:59.980994  1468 raft_consensus.cc:3060] T c7e1af6cd02247249490490fd8df7df4 P 4f85acb302bb489482c8379592211952 [term 1 FOLLOWER]: Advancing to term 2
I20260710 11:08:00.007085  1462 consensus_queue.cc:1048] T fa53cee04bca460bb5e25e480d687fe3 P 259d7a7bdf3a408a8c93497e672971f4 [LEADER]: Connected to new peer: Peer: permanent_uuid: "4f85acb302bb489482c8379592211952" member_type: VOTER last_known_addr { host: "127.31.203.130" port: 43165 }, Status: LMP_MISMATCH, Last received: 0.0, Next index: 1, Last known committed idx: 0, Time since last communication: 0.000s
I20260710 11:08:00.014281  1468 consensus_queue.cc:1048] T bd34a13bc9dd439bab0e762c340ef6fa P 4f85acb302bb489482c8379592211952 [LEADER]: Connected to new peer: Peer: permanent_uuid: "259d7a7bdf3a408a8c93497e672971f4" member_type: VOTER last_known_addr { host: "127.31.203.129" port: 41123 }, Status: LMP_MISMATCH, Last received: 0.0, Next index: 1, Last known committed idx: 0, Time since last communication: 0.000s
I20260710 11:08:00.018128  1462 consensus_queue.cc:1048] T fa53cee04bca460bb5e25e480d687fe3 P 259d7a7bdf3a408a8c93497e672971f4 [LEADER]: Connected to new peer: Peer: permanent_uuid: "73520f4b9b6d41ed817423c1a42c192c" member_type: VOTER last_known_addr { host: "127.31.203.131" port: 41787 }, Status: LMP_MISMATCH, Last received: 0.0, Next index: 1, Last known committed idx: 0, Time since last communication: 0.000s
I20260710 11:08:00.032142  1468 consensus_queue.cc:1048] T bd34a13bc9dd439bab0e762c340ef6fa P 4f85acb302bb489482c8379592211952 [LEADER]: Connected to new peer: Peer: permanent_uuid: "73520f4b9b6d41ed817423c1a42c192c" member_type: VOTER last_known_addr { host: "127.31.203.131" port: 41787 }, Status: LMP_MISMATCH, Last received: 0.0, Next index: 1, Last known committed idx: 0, Time since last communication: 0.000s
I20260710 11:08:00.100827  1468 consensus_queue.cc:1048] T fc6c91c587814a7386f8e374424c521a P 4f85acb302bb489482c8379592211952 [LEADER]: Connected to new peer: Peer: permanent_uuid: "73520f4b9b6d41ed817423c1a42c192c" member_type: VOTER last_known_addr { host: "127.31.203.131" port: 41787 }, Status: LMP_MISMATCH, Last received: 0.0, Next index: 1, Last known committed idx: 0, Time since last communication: 0.000s
I20260710 11:08:00.103855  1468 consensus_queue.cc:1048] T fc6c91c587814a7386f8e374424c521a P 4f85acb302bb489482c8379592211952 [LEADER]: Connected to new peer: Peer: permanent_uuid: "259d7a7bdf3a408a8c93497e672971f4" member_type: VOTER last_known_addr { host: "127.31.203.129" port: 41123 }, Status: LMP_MISMATCH, Last received: 0.0, Next index: 1, Last known committed idx: 0, Time since last communication: 0.000s
I20260710 11:08:00.122601  1371 raft_consensus.cc:1275] T c7e1af6cd02247249490490fd8df7df4 P 73520f4b9b6d41ed817423c1a42c192c [term 2 FOLLOWER]: Refusing update from remote peer 259d7a7bdf3a408a8c93497e672971f4: Log matching property violated. Preceding OpId in replica: term: 0 index: 0. Preceding OpId from leader: term: 2 index: 1. (index mismatch)
I20260710 11:08:00.124455  1456 consensus_queue.cc:1048] T c7e1af6cd02247249490490fd8df7df4 P 259d7a7bdf3a408a8c93497e672971f4 [LEADER]: Connected to new peer: Peer: permanent_uuid: "73520f4b9b6d41ed817423c1a42c192c" member_type: VOTER last_known_addr { host: "127.31.203.131" port: 41787 }, Status: LMP_MISMATCH, Last received: 0.0, Next index: 1, Last known committed idx: 0, Time since last communication: 0.000s
I20260710 11:08:00.133455  1295 raft_consensus.cc:1275] T c7e1af6cd02247249490490fd8df7df4 P 4f85acb302bb489482c8379592211952 [term 2 FOLLOWER]: Refusing update from remote peer 259d7a7bdf3a408a8c93497e672971f4: Log matching property violated. Preceding OpId in replica: term: 1 index: 1. Preceding OpId from leader: term: 2 index: 1. (term mismatch)
I20260710 11:08:00.133828  1295 pending_rounds.cc:85] T c7e1af6cd02247249490490fd8df7df4 P 4f85acb302bb489482c8379592211952: Aborting all ops after (but not including) 0
I20260710 11:08:00.134065  1295 pending_rounds.cc:107] T c7e1af6cd02247249490490fd8df7df4 P 4f85acb302bb489482c8379592211952: Aborting uncommitted NO_OP operation due to leader change: 1.1
I20260710 11:08:00.134382  1295 raft_consensus.cc:2889] T c7e1af6cd02247249490490fd8df7df4 P 4f85acb302bb489482c8379592211952 [term 2 FOLLOWER]: NO_OP replication failed: Aborted: Op aborted by new leader
I20260710 11:08:00.137044  1461 consensus_queue.cc:1048] T c7e1af6cd02247249490490fd8df7df4 P 259d7a7bdf3a408a8c93497e672971f4 [LEADER]: Connected to new peer: Peer: permanent_uuid: "4f85acb302bb489482c8379592211952" member_type: VOTER last_known_addr { host: "127.31.203.130" port: 43165 }, Status: LMP_MISMATCH, Last received: 0.0, Next index: 1, Last known committed idx: 0, Time since last communication: 0.000s
I20260710 11:08:00.240433  1456 consensus_queue.cc:1048] T f27a6d075cd74f27bbd3dbabb3fad38f P 259d7a7bdf3a408a8c93497e672971f4 [LEADER]: Connected to new peer: Peer: permanent_uuid: "4f85acb302bb489482c8379592211952" member_type: VOTER last_known_addr { host: "127.31.203.130" port: 43165 }, Status: LMP_MISMATCH, Last received: 0.0, Next index: 1, Last known committed idx: 0, Time since last communication: 0.000s
I20260710 11:08:00.249928  1461 consensus_queue.cc:1048] T f27a6d075cd74f27bbd3dbabb3fad38f P 259d7a7bdf3a408a8c93497e672971f4 [LEADER]: Connected to new peer: Peer: permanent_uuid: "73520f4b9b6d41ed817423c1a42c192c" member_type: VOTER last_known_addr { host: "127.31.203.131" port: 41787 }, Status: LMP_MISMATCH, Last received: 0.0, Next index: 1, Last known committed idx: 0, Time since last communication: 0.000s
I20260710 11:08:00.684355  1298 consensus_queue.cc:237] T ab1995cbc6d84342964fe0da2d4141b2 P 4f85acb302bb489482c8379592211952 [LEADER]: Queue going to LEADER mode. State: All replicated index: 0, Majority replicated index: 1, Committed index: 1, Last appended: 1.1, Last appended by leader: 0, Current term: 1, Majority size: 2, State: 0, Mode: LEADER, active raft config: opid_index: 2 OBSOLETE_local: false peers { permanent_uuid: "259d7a7bdf3a408a8c93497e672971f4" member_type: VOTER last_known_addr { host: "127.31.203.129" port: 41123 } } peers { permanent_uuid: "4f85acb302bb489482c8379592211952" member_type: VOTER last_known_addr { host: "127.31.203.130" port: 43165 } } peers { permanent_uuid: "73520f4b9b6d41ed817423c1a42c192c" member_type: VOTER last_known_addr { host: "127.31.203.131" port: 41787 } attrs { replace: true } } peers { permanent_uuid: "031e8fd50e9c4be281e2ebc36ed693c7" member_type: NON_VOTER last_known_addr { host: "127.31.203.132" port: 36951 } attrs { promote: true } }
I20260710 11:08:00.691103  1372 raft_consensus.cc:1275] T ab1995cbc6d84342964fe0da2d4141b2 P 73520f4b9b6d41ed817423c1a42c192c [term 1 FOLLOWER]: Refusing update from remote peer 4f85acb302bb489482c8379592211952: Log matching property violated. Preceding OpId in replica: term: 1 index: 1. Preceding OpId from leader: term: 1 index: 2. (index mismatch)
I20260710 11:08:00.693033  1567 consensus_queue.cc:1048] T ab1995cbc6d84342964fe0da2d4141b2 P 4f85acb302bb489482c8379592211952 [LEADER]: Connected to new peer: Peer: permanent_uuid: "73520f4b9b6d41ed817423c1a42c192c" member_type: VOTER last_known_addr { host: "127.31.203.131" port: 41787 } attrs { replace: true }, Status: LMP_MISMATCH, Last received: 0.0, Next index: 2, Last known committed idx: 1, Time since last communication: 0.000s
I20260710 11:08:00.700026  1220 raft_consensus.cc:1275] T ab1995cbc6d84342964fe0da2d4141b2 P 259d7a7bdf3a408a8c93497e672971f4 [term 1 FOLLOWER]: Refusing update from remote peer 4f85acb302bb489482c8379592211952: Log matching property violated. Preceding OpId in replica: term: 1 index: 1. Preceding OpId from leader: term: 1 index: 2. (index mismatch)
I20260710 11:08:00.702697  1567 consensus_queue.cc:1048] T ab1995cbc6d84342964fe0da2d4141b2 P 4f85acb302bb489482c8379592211952 [LEADER]: Connected to new peer: Peer: permanent_uuid: "259d7a7bdf3a408a8c93497e672971f4" member_type: VOTER last_known_addr { host: "127.31.203.129" port: 41123 }, Status: LMP_MISMATCH, Last received: 0.0, Next index: 2, Last known committed idx: 1, Time since last communication: 0.000s
I20260710 11:08:00.706009  1567 raft_consensus.cc:2955] T ab1995cbc6d84342964fe0da2d4141b2 P 4f85acb302bb489482c8379592211952 [term 1 LEADER]: Committing config change with OpId 1.2: config changed from index -1 to 2, NON_VOTER 031e8fd50e9c4be281e2ebc36ed693c7 (127.31.203.132) added. New config: { opid_index: 2 OBSOLETE_local: false peers { permanent_uuid: "259d7a7bdf3a408a8c93497e672971f4" member_type: VOTER last_known_addr { host: "127.31.203.129" port: 41123 } } peers { permanent_uuid: "4f85acb302bb489482c8379592211952" member_type: VOTER last_known_addr { host: "127.31.203.130" port: 43165 } } peers { permanent_uuid: "73520f4b9b6d41ed817423c1a42c192c" member_type: VOTER last_known_addr { host: "127.31.203.131" port: 41787 } attrs { replace: true } } peers { permanent_uuid: "031e8fd50e9c4be281e2ebc36ed693c7" member_type: NON_VOTER last_known_addr { host: "127.31.203.132" port: 36951 } attrs { promote: true } } }
I20260710 11:08:00.710269  1371 raft_consensus.cc:2955] T ab1995cbc6d84342964fe0da2d4141b2 P 73520f4b9b6d41ed817423c1a42c192c [term 1 FOLLOWER]: Committing config change with OpId 1.2: config changed from index -1 to 2, NON_VOTER 031e8fd50e9c4be281e2ebc36ed693c7 (127.31.203.132) added. New config: { opid_index: 2 OBSOLETE_local: false peers { permanent_uuid: "259d7a7bdf3a408a8c93497e672971f4" member_type: VOTER last_known_addr { host: "127.31.203.129" port: 41123 } } peers { permanent_uuid: "4f85acb302bb489482c8379592211952" member_type: VOTER last_known_addr { host: "127.31.203.130" port: 43165 } } peers { permanent_uuid: "73520f4b9b6d41ed817423c1a42c192c" member_type: VOTER last_known_addr { host: "127.31.203.131" port: 41787 } attrs { replace: true } } peers { permanent_uuid: "031e8fd50e9c4be281e2ebc36ed693c7" member_type: NON_VOTER last_known_addr { host: "127.31.203.132" port: 36951 } attrs { promote: true } } }
W20260710 11:08:00.716490  1263 consensus_peers.cc:597] T ab1995cbc6d84342964fe0da2d4141b2 P 4f85acb302bb489482c8379592211952 -> Peer 031e8fd50e9c4be281e2ebc36ed693c7 (127.31.203.132:36951): Couldn't send request to peer 031e8fd50e9c4be281e2ebc36ed693c7. Error code: TABLET_NOT_FOUND (6). Status: Not found: Tablet not found: ab1995cbc6d84342964fe0da2d4141b2. This is attempt 1: this message will repeat every 5th retry.
I20260710 11:08:00.720739  1120 catalog_manager.cc:5697] T ab1995cbc6d84342964fe0da2d4141b2 P 4f85acb302bb489482c8379592211952 reported cstate change: config changed from index -1 to 2, NON_VOTER 031e8fd50e9c4be281e2ebc36ed693c7 (127.31.203.132) added. New cstate: current_term: 1 leader_uuid: "4f85acb302bb489482c8379592211952" committed_config { opid_index: 2 OBSOLETE_local: false peers { permanent_uuid: "259d7a7bdf3a408a8c93497e672971f4" member_type: VOTER last_known_addr { host: "127.31.203.129" port: 41123 } health_report { overall_health: UNKNOWN } } peers { permanent_uuid: "4f85acb302bb489482c8379592211952" member_type: VOTER last_known_addr { host: "127.31.203.130" port: 43165 } health_report { overall_health: HEALTHY } } peers { permanent_uuid: "73520f4b9b6d41ed817423c1a42c192c" member_type: VOTER last_known_addr { host: "127.31.203.131" port: 41787 } attrs { replace: true } health_report { overall_health: HEALTHY } } peers { permanent_uuid: "031e8fd50e9c4be281e2ebc36ed693c7" member_type: NON_VOTER last_known_addr { host: "127.31.203.132" port: 36951 } attrs { promote: true } health_report { overall_health: UNKNOWN } } }
I20260710 11:08:00.723670  1220 raft_consensus.cc:2955] T ab1995cbc6d84342964fe0da2d4141b2 P 259d7a7bdf3a408a8c93497e672971f4 [term 1 FOLLOWER]: Committing config change with OpId 1.2: config changed from index -1 to 2, NON_VOTER 031e8fd50e9c4be281e2ebc36ed693c7 (127.31.203.132) added. New config: { opid_index: 2 OBSOLETE_local: false peers { permanent_uuid: "259d7a7bdf3a408a8c93497e672971f4" member_type: VOTER last_known_addr { host: "127.31.203.129" port: 41123 } } peers { permanent_uuid: "4f85acb302bb489482c8379592211952" member_type: VOTER last_known_addr { host: "127.31.203.130" port: 43165 } } peers { permanent_uuid: "73520f4b9b6d41ed817423c1a42c192c" member_type: VOTER last_known_addr { host: "127.31.203.131" port: 41787 } attrs { replace: true } } peers { permanent_uuid: "031e8fd50e9c4be281e2ebc36ed693c7" member_type: NON_VOTER last_known_addr { host: "127.31.203.132" port: 36951 } attrs { promote: true } } }
I20260710 11:08:00.743078  1220 consensus_queue.cc:237] T c7e1af6cd02247249490490fd8df7df4 P 259d7a7bdf3a408a8c93497e672971f4 [LEADER]: Queue going to LEADER mode. State: All replicated index: 0, Majority replicated index: 1, Committed index: 1, Last appended: 2.1, Last appended by leader: 0, Current term: 2, Majority size: 2, State: 0, Mode: LEADER, active raft config: opid_index: 2 OBSOLETE_local: false peers { permanent_uuid: "259d7a7bdf3a408a8c93497e672971f4" member_type: VOTER last_known_addr { host: "127.31.203.129" port: 41123 } } peers { permanent_uuid: "4f85acb302bb489482c8379592211952" member_type: VOTER last_known_addr { host: "127.31.203.130" port: 43165 } attrs { replace: true } } peers { permanent_uuid: "73520f4b9b6d41ed817423c1a42c192c" member_type: VOTER last_known_addr { host: "127.31.203.131" port: 41787 } } peers { permanent_uuid: "031e8fd50e9c4be281e2ebc36ed693c7" member_type: NON_VOTER last_known_addr { host: "127.31.203.132" port: 36951 } attrs { promote: true } }
I20260710 11:08:00.750643  1371 raft_consensus.cc:1275] T c7e1af6cd02247249490490fd8df7df4 P 73520f4b9b6d41ed817423c1a42c192c [term 2 FOLLOWER]: Refusing update from remote peer 259d7a7bdf3a408a8c93497e672971f4: Log matching property violated. Preceding OpId in replica: term: 2 index: 1. Preceding OpId from leader: term: 2 index: 2. (index mismatch)
I20260710 11:08:00.753850  1295 raft_consensus.cc:1275] T c7e1af6cd02247249490490fd8df7df4 P 4f85acb302bb489482c8379592211952 [term 2 FOLLOWER]: Refusing update from remote peer 259d7a7bdf3a408a8c93497e672971f4: Log matching property violated. Preceding OpId in replica: term: 2 index: 1. Preceding OpId from leader: term: 2 index: 2. (index mismatch)
I20260710 11:08:00.756029  1456 consensus_queue.cc:1048] T c7e1af6cd02247249490490fd8df7df4 P 259d7a7bdf3a408a8c93497e672971f4 [LEADER]: Connected to new peer: Peer: permanent_uuid: "73520f4b9b6d41ed817423c1a42c192c" member_type: VOTER last_known_addr { host: "127.31.203.131" port: 41787 }, Status: LMP_MISMATCH, Last received: 0.0, Next index: 2, Last known committed idx: 1, Time since last communication: 0.000s
I20260710 11:08:00.758103  1456 consensus_queue.cc:1048] T c7e1af6cd02247249490490fd8df7df4 P 259d7a7bdf3a408a8c93497e672971f4 [LEADER]: Connected to new peer: Peer: permanent_uuid: "4f85acb302bb489482c8379592211952" member_type: VOTER last_known_addr { host: "127.31.203.130" port: 43165 } attrs { replace: true }, Status: LMP_MISMATCH, Last received: 0.0, Next index: 2, Last known committed idx: 1, Time since last communication: 0.000s
I20260710 11:08:00.766396  1462 raft_consensus.cc:2955] T c7e1af6cd02247249490490fd8df7df4 P 259d7a7bdf3a408a8c93497e672971f4 [term 2 LEADER]: Committing config change with OpId 2.2: config changed from index -1 to 2, NON_VOTER 031e8fd50e9c4be281e2ebc36ed693c7 (127.31.203.132) added. New config: { opid_index: 2 OBSOLETE_local: false peers { permanent_uuid: "259d7a7bdf3a408a8c93497e672971f4" member_type: VOTER last_known_addr { host: "127.31.203.129" port: 41123 } } peers { permanent_uuid: "4f85acb302bb489482c8379592211952" member_type: VOTER last_known_addr { host: "127.31.203.130" port: 43165 } attrs { replace: true } } peers { permanent_uuid: "73520f4b9b6d41ed817423c1a42c192c" member_type: VOTER last_known_addr { host: "127.31.203.131" port: 41787 } } peers { permanent_uuid: "031e8fd50e9c4be281e2ebc36ed693c7" member_type: NON_VOTER last_known_addr { host: "127.31.203.132" port: 36951 } attrs { promote: true } } }
I20260710 11:08:00.767550  1372 raft_consensus.cc:2955] T c7e1af6cd02247249490490fd8df7df4 P 73520f4b9b6d41ed817423c1a42c192c [term 2 FOLLOWER]: Committing config change with OpId 2.2: config changed from index -1 to 2, NON_VOTER 031e8fd50e9c4be281e2ebc36ed693c7 (127.31.203.132) added. New config: { opid_index: 2 OBSOLETE_local: false peers { permanent_uuid: "259d7a7bdf3a408a8c93497e672971f4" member_type: VOTER last_known_addr { host: "127.31.203.129" port: 41123 } } peers { permanent_uuid: "4f85acb302bb489482c8379592211952" member_type: VOTER last_known_addr { host: "127.31.203.130" port: 43165 } attrs { replace: true } } peers { permanent_uuid: "73520f4b9b6d41ed817423c1a42c192c" member_type: VOTER last_known_addr { host: "127.31.203.131" port: 41787 } } peers { permanent_uuid: "031e8fd50e9c4be281e2ebc36ed693c7" member_type: NON_VOTER last_known_addr { host: "127.31.203.132" port: 36951 } attrs { promote: true } } }
I20260710 11:08:00.770145  1295 raft_consensus.cc:2955] T c7e1af6cd02247249490490fd8df7df4 P 4f85acb302bb489482c8379592211952 [term 2 FOLLOWER]: Committing config change with OpId 2.2: config changed from index -1 to 2, NON_VOTER 031e8fd50e9c4be281e2ebc36ed693c7 (127.31.203.132) added. New config: { opid_index: 2 OBSOLETE_local: false peers { permanent_uuid: "259d7a7bdf3a408a8c93497e672971f4" member_type: VOTER last_known_addr { host: "127.31.203.129" port: 41123 } } peers { permanent_uuid: "4f85acb302bb489482c8379592211952" member_type: VOTER last_known_addr { host: "127.31.203.130" port: 43165 } attrs { replace: true } } peers { permanent_uuid: "73520f4b9b6d41ed817423c1a42c192c" member_type: VOTER last_known_addr { host: "127.31.203.131" port: 41787 } } peers { permanent_uuid: "031e8fd50e9c4be281e2ebc36ed693c7" member_type: NON_VOTER last_known_addr { host: "127.31.203.132" port: 36951 } attrs { promote: true } } }
W20260710 11:08:00.771332  1188 consensus_peers.cc:597] T c7e1af6cd02247249490490fd8df7df4 P 259d7a7bdf3a408a8c93497e672971f4 -> Peer 031e8fd50e9c4be281e2ebc36ed693c7 (127.31.203.132:36951): Couldn't send request to peer 031e8fd50e9c4be281e2ebc36ed693c7. Error code: TABLET_NOT_FOUND (6). Status: Not found: Tablet not found: c7e1af6cd02247249490490fd8df7df4. This is attempt 1: this message will repeat every 5th retry.
I20260710 11:08:00.780103  1121 catalog_manager.cc:5697] T c7e1af6cd02247249490490fd8df7df4 P 73520f4b9b6d41ed817423c1a42c192c reported cstate change: config changed from index -1 to 2, NON_VOTER 031e8fd50e9c4be281e2ebc36ed693c7 (127.31.203.132) added. New cstate: current_term: 2 leader_uuid: "259d7a7bdf3a408a8c93497e672971f4" committed_config { opid_index: 2 OBSOLETE_local: false peers { permanent_uuid: "259d7a7bdf3a408a8c93497e672971f4" member_type: VOTER last_known_addr { host: "127.31.203.129" port: 41123 } } peers { permanent_uuid: "4f85acb302bb489482c8379592211952" member_type: VOTER last_known_addr { host: "127.31.203.130" port: 43165 } attrs { replace: true } } peers { permanent_uuid: "73520f4b9b6d41ed817423c1a42c192c" member_type: VOTER last_known_addr { host: "127.31.203.131" port: 41787 } } peers { permanent_uuid: "031e8fd50e9c4be281e2ebc36ed693c7" member_type: NON_VOTER last_known_addr { host: "127.31.203.132" port: 36951 } attrs { promote: true } } }
I20260710 11:08:00.782413  1298 consensus_queue.cc:237] T bf372d44329f4632b6e35adf8bbb3ce0 P 4f85acb302bb489482c8379592211952 [LEADER]: Queue going to LEADER mode. State: All replicated index: 0, Majority replicated index: 1, Committed index: 1, Last appended: 1.1, Last appended by leader: 0, Current term: 1, Majority size: 2, State: 0, Mode: LEADER, active raft config: opid_index: 2 OBSOLETE_local: false peers { permanent_uuid: "259d7a7bdf3a408a8c93497e672971f4" member_type: VOTER last_known_addr { host: "127.31.203.129" port: 41123 } attrs { replace: true } } peers { permanent_uuid: "4f85acb302bb489482c8379592211952" member_type: VOTER last_known_addr { host: "127.31.203.130" port: 43165 } } peers { permanent_uuid: "73520f4b9b6d41ed817423c1a42c192c" member_type: VOTER last_known_addr { host: "127.31.203.131" port: 41787 } } peers { permanent_uuid: "031e8fd50e9c4be281e2ebc36ed693c7" member_type: NON_VOTER last_known_addr { host: "127.31.203.132" port: 36951 } attrs { promote: true } }
I20260710 11:08:00.790136  1372 raft_consensus.cc:1275] T bf372d44329f4632b6e35adf8bbb3ce0 P 73520f4b9b6d41ed817423c1a42c192c [term 1 FOLLOWER]: Refusing update from remote peer 4f85acb302bb489482c8379592211952: Log matching property violated. Preceding OpId in replica: term: 1 index: 1. Preceding OpId from leader: term: 1 index: 2. (index mismatch)
W20260710 11:08:00.791030  1263 consensus_peers.cc:597] T bf372d44329f4632b6e35adf8bbb3ce0 P 4f85acb302bb489482c8379592211952 -> Peer 031e8fd50e9c4be281e2ebc36ed693c7 (127.31.203.132:36951): Couldn't send request to peer 031e8fd50e9c4be281e2ebc36ed693c7. Error code: TABLET_NOT_FOUND (6). Status: Not found: Tablet not found: bf372d44329f4632b6e35adf8bbb3ce0. This is attempt 1: this message will repeat every 5th retry.
I20260710 11:08:00.792637  1220 raft_consensus.cc:1275] T bf372d44329f4632b6e35adf8bbb3ce0 P 259d7a7bdf3a408a8c93497e672971f4 [term 1 FOLLOWER]: Refusing update from remote peer 4f85acb302bb489482c8379592211952: Log matching property violated. Preceding OpId in replica: term: 1 index: 1. Preceding OpId from leader: term: 1 index: 2. (index mismatch)
I20260710 11:08:00.792876  1515 consensus_queue.cc:1048] T bf372d44329f4632b6e35adf8bbb3ce0 P 4f85acb302bb489482c8379592211952 [LEADER]: Connected to new peer: Peer: permanent_uuid: "73520f4b9b6d41ed817423c1a42c192c" member_type: VOTER last_known_addr { host: "127.31.203.131" port: 41787 }, Status: LMP_MISMATCH, Last received: 0.0, Next index: 2, Last known committed idx: 1, Time since last communication: 0.000s
I20260710 11:08:00.794059  1567 consensus_queue.cc:1048] T bf372d44329f4632b6e35adf8bbb3ce0 P 4f85acb302bb489482c8379592211952 [LEADER]: Connected to new peer: Peer: permanent_uuid: "259d7a7bdf3a408a8c93497e672971f4" member_type: VOTER last_known_addr { host: "127.31.203.129" port: 41123 } attrs { replace: true }, Status: LMP_MISMATCH, Last received: 0.0, Next index: 2, Last known committed idx: 1, Time since last communication: 0.000s
I20260710 11:08:00.800666  1515 raft_consensus.cc:2955] T bf372d44329f4632b6e35adf8bbb3ce0 P 4f85acb302bb489482c8379592211952 [term 1 LEADER]: Committing config change with OpId 1.2: config changed from index -1 to 2, NON_VOTER 031e8fd50e9c4be281e2ebc36ed693c7 (127.31.203.132) added. New config: { opid_index: 2 OBSOLETE_local: false peers { permanent_uuid: "259d7a7bdf3a408a8c93497e672971f4" member_type: VOTER last_known_addr { host: "127.31.203.129" port: 41123 } attrs { replace: true } } peers { permanent_uuid: "4f85acb302bb489482c8379592211952" member_type: VOTER last_known_addr { host: "127.31.203.130" port: 43165 } } peers { permanent_uuid: "73520f4b9b6d41ed817423c1a42c192c" member_type: VOTER last_known_addr { host: "127.31.203.131" port: 41787 } } peers { permanent_uuid: "031e8fd50e9c4be281e2ebc36ed693c7" member_type: NON_VOTER last_known_addr { host: "127.31.203.132" port: 36951 } attrs { promote: true } } }
I20260710 11:08:00.802256  1372 raft_consensus.cc:2955] T bf372d44329f4632b6e35adf8bbb3ce0 P 73520f4b9b6d41ed817423c1a42c192c [term 1 FOLLOWER]: Committing config change with OpId 1.2: config changed from index -1 to 2, NON_VOTER 031e8fd50e9c4be281e2ebc36ed693c7 (127.31.203.132) added. New config: { opid_index: 2 OBSOLETE_local: false peers { permanent_uuid: "259d7a7bdf3a408a8c93497e672971f4" member_type: VOTER last_known_addr { host: "127.31.203.129" port: 41123 } attrs { replace: true } } peers { permanent_uuid: "4f85acb302bb489482c8379592211952" member_type: VOTER last_known_addr { host: "127.31.203.130" port: 43165 } } peers { permanent_uuid: "73520f4b9b6d41ed817423c1a42c192c" member_type: VOTER last_known_addr { host: "127.31.203.131" port: 41787 } } peers { permanent_uuid: "031e8fd50e9c4be281e2ebc36ed693c7" member_type: NON_VOTER last_known_addr { host: "127.31.203.132" port: 36951 } attrs { promote: true } } }
I20260710 11:08:00.804042  1220 raft_consensus.cc:2955] T bf372d44329f4632b6e35adf8bbb3ce0 P 259d7a7bdf3a408a8c93497e672971f4 [term 1 FOLLOWER]: Committing config change with OpId 1.2: config changed from index -1 to 2, NON_VOTER 031e8fd50e9c4be281e2ebc36ed693c7 (127.31.203.132) added. New config: { opid_index: 2 OBSOLETE_local: false peers { permanent_uuid: "259d7a7bdf3a408a8c93497e672971f4" member_type: VOTER last_known_addr { host: "127.31.203.129" port: 41123 } attrs { replace: true } } peers { permanent_uuid: "4f85acb302bb489482c8379592211952" member_type: VOTER last_known_addr { host: "127.31.203.130" port: 43165 } } peers { permanent_uuid: "73520f4b9b6d41ed817423c1a42c192c" member_type: VOTER last_known_addr { host: "127.31.203.131" port: 41787 } } peers { permanent_uuid: "031e8fd50e9c4be281e2ebc36ed693c7" member_type: NON_VOTER last_known_addr { host: "127.31.203.132" port: 36951 } attrs { promote: true } } }
