I20260710 11:08:08.786816  1146 catalog_manager.cc:5697] T 203605200d5142f1b80268b192f2aa3b P f02528ebc36042559e8a61f4ee01f5f2 reported cstate change: config changed from index -1 to 2, NON_VOTER 291a433f443546b883f10bb222c04d14 (127.31.212.4) added. New cstate: current_term: 1 leader_uuid: "4ac98d55e82f4f558e73a637444f4724" committed_config { opid_index: 2 OBSOLETE_local: false peers { permanent_uuid: "9db1bf92282242e68455c364e72537a9" member_type: VOTER last_known_addr { host: "127.31.212.1" port: 38079 } attrs { replace: true } } peers { permanent_uuid: "f02528ebc36042559e8a61f4ee01f5f2" member_type: VOTER last_known_addr { host: "127.31.212.2" port: 46585 } } peers { permanent_uuid: "4ac98d55e82f4f558e73a637444f4724" member_type: VOTER last_known_addr { host: "127.31.212.3" port: 36709 } } peers { permanent_uuid: "291a433f443546b883f10bb222c04d14" member_type: NON_VOTER last_known_addr { host: "127.31.212.4" port: 37771 } attrs { promote: true } } }
I20260710 11:08:09.120777  1851 ts_tablet_manager.cc:933] T 5b77da1cc6d44de2aae64f562872a55d P 291a433f443546b883f10bb222c04d14: Initiating tablet copy from peer 4ac98d55e82f4f558e73a637444f4724 (127.31.212.3:36709)
I20260710 11:08:09.122383  1851 tablet_copy_client.cc:323] T 5b77da1cc6d44de2aae64f562872a55d P 291a433f443546b883f10bb222c04d14: tablet copy: Beginning tablet copy session from remote peer at address 127.31.212.3:36709
I20260710 11:08:09.123775  1411 tablet_copy_service.cc:140] P 4ac98d55e82f4f558e73a637444f4724: Received BeginTabletCopySession request for tablet 5b77da1cc6d44de2aae64f562872a55d from peer 291a433f443546b883f10bb222c04d14 ({username='slave'} at 127.0.0.1:60928)
I20260710 11:08:09.124208  1411 tablet_copy_service.cc:161] P 4ac98d55e82f4f558e73a637444f4724: Beginning new tablet copy session on tablet 5b77da1cc6d44de2aae64f562872a55d from peer 291a433f443546b883f10bb222c04d14 at {username='slave'} at 127.0.0.1:60928: session id = 291a433f443546b883f10bb222c04d14-5b77da1cc6d44de2aae64f562872a55d
I20260710 11:08:09.129051  1411 tablet_copy_source_session.cc:215] T 5b77da1cc6d44de2aae64f562872a55d P 4ac98d55e82f4f558e73a637444f4724: Tablet Copy: opened 0 blocks and 1 log segments
I20260710 11:08:09.131697  1851 data_dirs.cc:400] Could only allocate 1 dirs of requested 3 for tablet 5b77da1cc6d44de2aae64f562872a55d. 1 dirs total, 0 dirs full, 0 dirs failed
I20260710 11:08:09.142062  1851 tablet_copy_client.cc:806] T 5b77da1cc6d44de2aae64f562872a55d P 291a433f443546b883f10bb222c04d14: tablet copy: Starting download of 0 data blocks...
I20260710 11:08:09.142554  1851 tablet_copy_client.cc:670] T 5b77da1cc6d44de2aae64f562872a55d P 291a433f443546b883f10bb222c04d14: tablet copy: Starting download of 1 WAL segments...
I20260710 11:08:09.145789  1851 tablet_copy_client.cc:538] T 5b77da1cc6d44de2aae64f562872a55d P 291a433f443546b883f10bb222c04d14: tablet copy: Tablet Copy complete. Replacing tablet superblock.
I20260710 11:08:09.151400  1851 tablet_bootstrap.cc:492] T 5b77da1cc6d44de2aae64f562872a55d P 291a433f443546b883f10bb222c04d14: Bootstrap starting.
I20260710 11:08:09.168308  1851 tablet_bootstrap.cc:492] T 5b77da1cc6d44de2aae64f562872a55d P 291a433f443546b883f10bb222c04d14: Bootstrap replayed 1/1 log segments. Stats: ops{read=2 overwritten=0 applied=2 ignored=0} inserts{seen=0 ignored=0} mutations{seen=0 ignored=0} orphaned_commits=0. Pending: 0 replicates
I20260710 11:08:09.168920  1851 tablet_bootstrap.cc:492] T 5b77da1cc6d44de2aae64f562872a55d P 291a433f443546b883f10bb222c04d14: Bootstrap complete.
I20260710 11:08:09.169416  1851 ts_tablet_manager.cc:1403] T 5b77da1cc6d44de2aae64f562872a55d P 291a433f443546b883f10bb222c04d14: Time spent bootstrapping tablet: real 0.018s	user 0.009s	sys 0.006s
I20260710 11:08:09.171463  1851 raft_consensus.cc:359] T 5b77da1cc6d44de2aae64f562872a55d P 291a433f443546b883f10bb222c04d14 [term 1 LEARNER]: Replica starting. Triggering 0 pending ops. Active config: opid_index: 2 OBSOLETE_local: false peers { permanent_uuid: "9db1bf92282242e68455c364e72537a9" member_type: VOTER last_known_addr { host: "127.31.212.1" port: 38079 } attrs { replace: true } } peers { permanent_uuid: "f02528ebc36042559e8a61f4ee01f5f2" member_type: VOTER last_known_addr { host: "127.31.212.2" port: 46585 } } peers { permanent_uuid: "4ac98d55e82f4f558e73a637444f4724" member_type: VOTER last_known_addr { host: "127.31.212.3" port: 36709 } } peers { permanent_uuid: "291a433f443546b883f10bb222c04d14" member_type: NON_VOTER last_known_addr { host: "127.31.212.4" port: 37771 } attrs { promote: true } }
I20260710 11:08:09.172015  1851 raft_consensus.cc:740] T 5b77da1cc6d44de2aae64f562872a55d P 291a433f443546b883f10bb222c04d14 [term 1 LEARNER]: Becoming Follower/Learner. State: Replica: 291a433f443546b883f10bb222c04d14, State: Initialized, Role: LEARNER
I20260710 11:08:09.172498  1851 consensus_queue.cc:260] T 5b77da1cc6d44de2aae64f562872a55d P 291a433f443546b883f10bb222c04d14 [NON_LEADER]: Queue going to NON_LEADER mode. State: All replicated index: 0, Majority replicated index: 0, Committed index: 2, Last appended: 1.2, Last appended by leader: 2, Current term: 0, Majority size: -1, State: 0, Mode: NON_LEADER, active raft config: opid_index: 2 OBSOLETE_local: false peers { permanent_uuid: "9db1bf92282242e68455c364e72537a9" member_type: VOTER last_known_addr { host: "127.31.212.1" port: 38079 } attrs { replace: true } } peers { permanent_uuid: "f02528ebc36042559e8a61f4ee01f5f2" member_type: VOTER last_known_addr { host: "127.31.212.2" port: 46585 } } peers { permanent_uuid: "4ac98d55e82f4f558e73a637444f4724" member_type: VOTER last_known_addr { host: "127.31.212.3" port: 36709 } } peers { permanent_uuid: "291a433f443546b883f10bb222c04d14" member_type: NON_VOTER last_known_addr { host: "127.31.212.4" port: 37771 } attrs { promote: true } }
I20260710 11:08:09.175514  1851 ts_tablet_manager.cc:1434] T 5b77da1cc6d44de2aae64f562872a55d P 291a433f443546b883f10bb222c04d14: Time spent starting tablet: real 0.006s	user 0.004s	sys 0.000s
I20260710 11:08:09.177039  1411 tablet_copy_service.cc:342] P 4ac98d55e82f4f558e73a637444f4724: Request end of tablet copy session 291a433f443546b883f10bb222c04d14-5b77da1cc6d44de2aae64f562872a55d received from {username='slave'} at 127.0.0.1:60928
I20260710 11:08:09.177449  1411 tablet_copy_service.cc:434] P 4ac98d55e82f4f558e73a637444f4724: ending tablet copy session 291a433f443546b883f10bb222c04d14-5b77da1cc6d44de2aae64f562872a55d on tablet 5b77da1cc6d44de2aae64f562872a55d with peer 291a433f443546b883f10bb222c04d14
I20260710 11:08:09.194339  1851 ts_tablet_manager.cc:933] T 203605200d5142f1b80268b192f2aa3b P 291a433f443546b883f10bb222c04d14: Initiating tablet copy from peer 4ac98d55e82f4f558e73a637444f4724 (127.31.212.3:36709)
I20260710 11:08:09.195796  1851 tablet_copy_client.cc:323] T 203605200d5142f1b80268b192f2aa3b P 291a433f443546b883f10bb222c04d14: tablet copy: Beginning tablet copy session from remote peer at address 127.31.212.3:36709
I20260710 11:08:09.197239  1411 tablet_copy_service.cc:140] P 4ac98d55e82f4f558e73a637444f4724: Received BeginTabletCopySession request for tablet 203605200d5142f1b80268b192f2aa3b from peer 291a433f443546b883f10bb222c04d14 ({username='slave'} at 127.0.0.1:60928)
I20260710 11:08:09.197780  1411 tablet_copy_service.cc:161] P 4ac98d55e82f4f558e73a637444f4724: Beginning new tablet copy session on tablet 203605200d5142f1b80268b192f2aa3b from peer 291a433f443546b883f10bb222c04d14 at {username='slave'} at 127.0.0.1:60928: session id = 291a433f443546b883f10bb222c04d14-203605200d5142f1b80268b192f2aa3b
I20260710 11:08:09.204788  1411 tablet_copy_source_session.cc:215] T 203605200d5142f1b80268b192f2aa3b P 4ac98d55e82f4f558e73a637444f4724: Tablet Copy: opened 0 blocks and 1 log segments
I20260710 11:08:09.206328  1856 ts_tablet_manager.cc:933] T 12027d246199477c9936ee7f4d0f9ce9 P 291a433f443546b883f10bb222c04d14: Initiating tablet copy from peer 9db1bf92282242e68455c364e72537a9 (127.31.212.1:38079)
I20260710 11:08:09.207954  1856 tablet_copy_client.cc:323] T 12027d246199477c9936ee7f4d0f9ce9 P 291a433f443546b883f10bb222c04d14: tablet copy: Beginning tablet copy session from remote peer at address 127.31.212.1:38079
I20260710 11:08:09.208115  1851 data_dirs.cc:400] Could only allocate 1 dirs of requested 3 for tablet 203605200d5142f1b80268b192f2aa3b. 1 dirs total, 0 dirs full, 0 dirs failed
I20260710 11:08:09.209363  1262 tablet_copy_service.cc:140] P 9db1bf92282242e68455c364e72537a9: Received BeginTabletCopySession request for tablet 12027d246199477c9936ee7f4d0f9ce9 from peer 291a433f443546b883f10bb222c04d14 ({username='slave'} at 127.0.0.1:40688)
I20260710 11:08:09.209836  1262 tablet_copy_service.cc:161] P 9db1bf92282242e68455c364e72537a9: Beginning new tablet copy session on tablet 12027d246199477c9936ee7f4d0f9ce9 from peer 291a433f443546b883f10bb222c04d14 at {username='slave'} at 127.0.0.1:40688: session id = 291a433f443546b883f10bb222c04d14-12027d246199477c9936ee7f4d0f9ce9
I20260710 11:08:09.214589  1262 tablet_copy_source_session.cc:215] T 12027d246199477c9936ee7f4d0f9ce9 P 9db1bf92282242e68455c364e72537a9: Tablet Copy: opened 0 blocks and 1 log segments
I20260710 11:08:09.216981  1856 data_dirs.cc:400] Could only allocate 1 dirs of requested 3 for tablet 12027d246199477c9936ee7f4d0f9ce9. 1 dirs total, 0 dirs full, 0 dirs failed
I20260710 11:08:09.222968  1851 tablet_copy_client.cc:806] T 203605200d5142f1b80268b192f2aa3b P 291a433f443546b883f10bb222c04d14: tablet copy: Starting download of 0 data blocks...
I20260710 11:08:09.223585  1851 tablet_copy_client.cc:670] T 203605200d5142f1b80268b192f2aa3b P 291a433f443546b883f10bb222c04d14: tablet copy: Starting download of 1 WAL segments...
I20260710 11:08:09.227411  1851 tablet_copy_client.cc:538] T 203605200d5142f1b80268b192f2aa3b P 291a433f443546b883f10bb222c04d14: tablet copy: Tablet Copy complete. Replacing tablet superblock.
I20260710 11:08:09.231457  1856 tablet_copy_client.cc:806] T 12027d246199477c9936ee7f4d0f9ce9 P 291a433f443546b883f10bb222c04d14: tablet copy: Starting download of 0 data blocks...
I20260710 11:08:09.232033  1856 tablet_copy_client.cc:670] T 12027d246199477c9936ee7f4d0f9ce9 P 291a433f443546b883f10bb222c04d14: tablet copy: Starting download of 1 WAL segments...
I20260710 11:08:09.235707  1856 tablet_copy_client.cc:538] T 12027d246199477c9936ee7f4d0f9ce9 P 291a433f443546b883f10bb222c04d14: tablet copy: Tablet Copy complete. Replacing tablet superblock.
I20260710 11:08:09.235841  1851 tablet_bootstrap.cc:492] T 203605200d5142f1b80268b192f2aa3b P 291a433f443546b883f10bb222c04d14: Bootstrap starting.
I20260710 11:08:09.243184  1856 tablet_bootstrap.cc:492] T 12027d246199477c9936ee7f4d0f9ce9 P 291a433f443546b883f10bb222c04d14: Bootstrap starting.
I20260710 11:08:09.269402  1859 ts_tablet_manager.cc:933] T a3105aded35b42639d81c070685c8882 P 291a433f443546b883f10bb222c04d14: Initiating tablet copy from peer 4ac98d55e82f4f558e73a637444f4724 (127.31.212.3:36709)
I20260710 11:08:09.276604  1859 tablet_copy_client.cc:323] T a3105aded35b42639d81c070685c8882 P 291a433f443546b883f10bb222c04d14: tablet copy: Beginning tablet copy session from remote peer at address 127.31.212.3:36709
I20260710 11:08:09.278466  1411 tablet_copy_service.cc:140] P 4ac98d55e82f4f558e73a637444f4724: Received BeginTabletCopySession request for tablet a3105aded35b42639d81c070685c8882 from peer 291a433f443546b883f10bb222c04d14 ({username='slave'} at 127.0.0.1:60928)
I20260710 11:08:09.278995  1411 tablet_copy_service.cc:161] P 4ac98d55e82f4f558e73a637444f4724: Beginning new tablet copy session on tablet a3105aded35b42639d81c070685c8882 from peer 291a433f443546b883f10bb222c04d14 at {username='slave'} at 127.0.0.1:60928: session id = 291a433f443546b883f10bb222c04d14-a3105aded35b42639d81c070685c8882
I20260710 11:08:09.280025  1856 tablet_bootstrap.cc:492] T 12027d246199477c9936ee7f4d0f9ce9 P 291a433f443546b883f10bb222c04d14: Bootstrap replayed 1/1 log segments. Stats: ops{read=2 overwritten=0 applied=2 ignored=0} inserts{seen=0 ignored=0} mutations{seen=0 ignored=0} orphaned_commits=0. Pending: 0 replicates
I20260710 11:08:09.280370  1851 tablet_bootstrap.cc:492] T 203605200d5142f1b80268b192f2aa3b P 291a433f443546b883f10bb222c04d14: Bootstrap replayed 1/1 log segments. Stats: ops{read=2 overwritten=0 applied=2 ignored=0} inserts{seen=0 ignored=0} mutations{seen=0 ignored=0} orphaned_commits=0. Pending: 0 replicates
I20260710 11:08:09.281160  1851 tablet_bootstrap.cc:492] T 203605200d5142f1b80268b192f2aa3b P 291a433f443546b883f10bb222c04d14: Bootstrap complete.
I20260710 11:08:09.281809  1851 ts_tablet_manager.cc:1403] T 203605200d5142f1b80268b192f2aa3b P 291a433f443546b883f10bb222c04d14: Time spent bootstrapping tablet: real 0.046s	user 0.029s	sys 0.017s
I20260710 11:08:09.280871  1856 tablet_bootstrap.cc:492] T 12027d246199477c9936ee7f4d0f9ce9 P 291a433f443546b883f10bb222c04d14: Bootstrap complete.
I20260710 11:08:09.284538  1851 raft_consensus.cc:359] T 203605200d5142f1b80268b192f2aa3b P 291a433f443546b883f10bb222c04d14 [term 1 LEARNER]: Replica starting. Triggering 0 pending ops. Active config: opid_index: 2 OBSOLETE_local: false peers { permanent_uuid: "9db1bf92282242e68455c364e72537a9" member_type: VOTER last_known_addr { host: "127.31.212.1" port: 38079 } attrs { replace: true } } peers { permanent_uuid: "f02528ebc36042559e8a61f4ee01f5f2" member_type: VOTER last_known_addr { host: "127.31.212.2" port: 46585 } } peers { permanent_uuid: "4ac98d55e82f4f558e73a637444f4724" member_type: VOTER last_known_addr { host: "127.31.212.3" port: 36709 } } peers { permanent_uuid: "291a433f443546b883f10bb222c04d14" member_type: NON_VOTER last_known_addr { host: "127.31.212.4" port: 37771 } attrs { promote: true } }
I20260710 11:08:09.285481  1851 raft_consensus.cc:740] T 203605200d5142f1b80268b192f2aa3b P 291a433f443546b883f10bb222c04d14 [term 1 LEARNER]: Becoming Follower/Learner. State: Replica: 291a433f443546b883f10bb222c04d14, State: Initialized, Role: LEARNER
I20260710 11:08:09.285724  1856 ts_tablet_manager.cc:1403] T 12027d246199477c9936ee7f4d0f9ce9 P 291a433f443546b883f10bb222c04d14: Time spent bootstrapping tablet: real 0.043s	user 0.016s	sys 0.019s
I20260710 11:08:09.286124  1411 tablet_copy_source_session.cc:215] T a3105aded35b42639d81c070685c8882 P 4ac98d55e82f4f558e73a637444f4724: Tablet Copy: opened 0 blocks and 1 log segments
I20260710 11:08:09.286233  1851 consensus_queue.cc:260] T 203605200d5142f1b80268b192f2aa3b P 291a433f443546b883f10bb222c04d14 [NON_LEADER]: Queue going to NON_LEADER mode. State: All replicated index: 0, Majority replicated index: 0, Committed index: 2, Last appended: 1.2, Last appended by leader: 2, Current term: 0, Majority size: -1, State: 0, Mode: NON_LEADER, active raft config: opid_index: 2 OBSOLETE_local: false peers { permanent_uuid: "9db1bf92282242e68455c364e72537a9" member_type: VOTER last_known_addr { host: "127.31.212.1" port: 38079 } attrs { replace: true } } peers { permanent_uuid: "f02528ebc36042559e8a61f4ee01f5f2" member_type: VOTER last_known_addr { host: "127.31.212.2" port: 46585 } } peers { permanent_uuid: "4ac98d55e82f4f558e73a637444f4724" member_type: VOTER last_known_addr { host: "127.31.212.3" port: 36709 } } peers { permanent_uuid: "291a433f443546b883f10bb222c04d14" member_type: NON_VOTER last_known_addr { host: "127.31.212.4" port: 37771 } attrs { promote: true } }
I20260710 11:08:09.288848  1851 ts_tablet_manager.cc:1434] T 203605200d5142f1b80268b192f2aa3b P 291a433f443546b883f10bb222c04d14: Time spent starting tablet: real 0.007s	user 0.005s	sys 0.000s
I20260710 11:08:09.289072  1856 raft_consensus.cc:359] T 12027d246199477c9936ee7f4d0f9ce9 P 291a433f443546b883f10bb222c04d14 [term 1 LEARNER]: Replica starting. Triggering 0 pending ops. Active config: opid_index: 2 OBSOLETE_local: false peers { permanent_uuid: "9db1bf92282242e68455c364e72537a9" member_type: VOTER last_known_addr { host: "127.31.212.1" port: 38079 } } peers { permanent_uuid: "f02528ebc36042559e8a61f4ee01f5f2" member_type: VOTER last_known_addr { host: "127.31.212.2" port: 46585 } } peers { permanent_uuid: "4ac98d55e82f4f558e73a637444f4724" member_type: VOTER last_known_addr { host: "127.31.212.3" port: 36709 } attrs { replace: true } } peers { permanent_uuid: "291a433f443546b883f10bb222c04d14" member_type: NON_VOTER last_known_addr { host: "127.31.212.4" port: 37771 } attrs { promote: true } }
I20260710 11:08:09.289922  1856 raft_consensus.cc:740] T 12027d246199477c9936ee7f4d0f9ce9 P 291a433f443546b883f10bb222c04d14 [term 1 LEARNER]: Becoming Follower/Learner. State: Replica: 291a433f443546b883f10bb222c04d14, State: Initialized, Role: LEARNER
I20260710 11:08:09.290413  1859 data_dirs.cc:400] Could only allocate 1 dirs of requested 3 for tablet a3105aded35b42639d81c070685c8882. 1 dirs total, 0 dirs full, 0 dirs failed
I20260710 11:08:09.290537  1856 consensus_queue.cc:260] T 12027d246199477c9936ee7f4d0f9ce9 P 291a433f443546b883f10bb222c04d14 [NON_LEADER]: Queue going to NON_LEADER mode. State: All replicated index: 0, Majority replicated index: 0, Committed index: 2, Last appended: 1.2, Last appended by leader: 2, Current term: 0, Majority size: -1, State: 0, Mode: NON_LEADER, active raft config: opid_index: 2 OBSOLETE_local: false peers { permanent_uuid: "9db1bf92282242e68455c364e72537a9" member_type: VOTER last_known_addr { host: "127.31.212.1" port: 38079 } } peers { permanent_uuid: "f02528ebc36042559e8a61f4ee01f5f2" member_type: VOTER last_known_addr { host: "127.31.212.2" port: 46585 } } peers { permanent_uuid: "4ac98d55e82f4f558e73a637444f4724" member_type: VOTER last_known_addr { host: "127.31.212.3" port: 36709 } attrs { replace: true } } peers { permanent_uuid: "291a433f443546b883f10bb222c04d14" member_type: NON_VOTER last_known_addr { host: "127.31.212.4" port: 37771 } attrs { promote: true } }
I20260710 11:08:09.293224  1856 ts_tablet_manager.cc:1434] T 12027d246199477c9936ee7f4d0f9ce9 P 291a433f443546b883f10bb222c04d14: Time spent starting tablet: real 0.007s	user 0.005s	sys 0.001s
I20260710 11:08:09.301844  1411 tablet_copy_service.cc:342] P 4ac98d55e82f4f558e73a637444f4724: Request end of tablet copy session 291a433f443546b883f10bb222c04d14-203605200d5142f1b80268b192f2aa3b received from {username='slave'} at 127.0.0.1:60928
I20260710 11:08:09.302371  1411 tablet_copy_service.cc:434] P 4ac98d55e82f4f558e73a637444f4724: ending tablet copy session 291a433f443546b883f10bb222c04d14-203605200d5142f1b80268b192f2aa3b on tablet 203605200d5142f1b80268b192f2aa3b with peer 291a433f443546b883f10bb222c04d14
I20260710 11:08:09.304447  1859 tablet_copy_client.cc:806] T a3105aded35b42639d81c070685c8882 P 291a433f443546b883f10bb222c04d14: tablet copy: Starting download of 0 data blocks...
I20260710 11:08:09.302136  1262 tablet_copy_service.cc:342] P 9db1bf92282242e68455c364e72537a9: Request end of tablet copy session 291a433f443546b883f10bb222c04d14-12027d246199477c9936ee7f4d0f9ce9 received from {username='slave'} at 127.0.0.1:40688
I20260710 11:08:09.306955  1262 tablet_copy_service.cc:434] P 9db1bf92282242e68455c364e72537a9: ending tablet copy session 291a433f443546b883f10bb222c04d14-12027d246199477c9936ee7f4d0f9ce9 on tablet 12027d246199477c9936ee7f4d0f9ce9 with peer 291a433f443546b883f10bb222c04d14
I20260710 11:08:09.308163  1859 tablet_copy_client.cc:670] T a3105aded35b42639d81c070685c8882 P 291a433f443546b883f10bb222c04d14: tablet copy: Starting download of 1 WAL segments...
I20260710 11:08:09.317776  1859 tablet_copy_client.cc:538] T a3105aded35b42639d81c070685c8882 P 291a433f443546b883f10bb222c04d14: tablet copy: Tablet Copy complete. Replacing tablet superblock.
I20260710 11:08:09.325178  1859 tablet_bootstrap.cc:492] T a3105aded35b42639d81c070685c8882 P 291a433f443546b883f10bb222c04d14: Bootstrap starting.
I20260710 11:08:09.341609  1859 tablet_bootstrap.cc:492] T a3105aded35b42639d81c070685c8882 P 291a433f443546b883f10bb222c04d14: Bootstrap replayed 1/1 log segments. Stats: ops{read=2 overwritten=0 applied=2 ignored=0} inserts{seen=0 ignored=0} mutations{seen=0 ignored=0} orphaned_commits=0. Pending: 0 replicates
I20260710 11:08:09.342502  1859 tablet_bootstrap.cc:492] T a3105aded35b42639d81c070685c8882 P 291a433f443546b883f10bb222c04d14: Bootstrap complete.
I20260710 11:08:09.343189  1859 ts_tablet_manager.cc:1403] T a3105aded35b42639d81c070685c8882 P 291a433f443546b883f10bb222c04d14: Time spent bootstrapping tablet: real 0.018s	user 0.008s	sys 0.012s
I20260710 11:08:09.346068  1859 raft_consensus.cc:359] T a3105aded35b42639d81c070685c8882 P 291a433f443546b883f10bb222c04d14 [term 1 LEARNER]: Replica starting. Triggering 0 pending ops. Active config: opid_index: 2 OBSOLETE_local: false peers { permanent_uuid: "9db1bf92282242e68455c364e72537a9" member_type: VOTER last_known_addr { host: "127.31.212.1" port: 38079 } } peers { permanent_uuid: "f02528ebc36042559e8a61f4ee01f5f2" member_type: VOTER last_known_addr { host: "127.31.212.2" port: 46585 } attrs { replace: true } } peers { permanent_uuid: "4ac98d55e82f4f558e73a637444f4724" member_type: VOTER last_known_addr { host: "127.31.212.3" port: 36709 } } peers { permanent_uuid: "291a433f443546b883f10bb222c04d14" member_type: NON_VOTER last_known_addr { host: "127.31.212.4" port: 37771 } attrs { promote: true } }
I20260710 11:08:09.346881  1859 raft_consensus.cc:740] T a3105aded35b42639d81c070685c8882 P 291a433f443546b883f10bb222c04d14 [term 1 LEARNER]: Becoming Follower/Learner. State: Replica: 291a433f443546b883f10bb222c04d14, State: Initialized, Role: LEARNER
I20260710 11:08:09.347507  1859 consensus_queue.cc:260] T a3105aded35b42639d81c070685c8882 P 291a433f443546b883f10bb222c04d14 [NON_LEADER]: Queue going to NON_LEADER mode. State: All replicated index: 0, Majority replicated index: 0, Committed index: 2, Last appended: 1.2, Last appended by leader: 2, Current term: 0, Majority size: -1, State: 0, Mode: NON_LEADER, active raft config: opid_index: 2 OBSOLETE_local: false peers { permanent_uuid: "9db1bf92282242e68455c364e72537a9" member_type: VOTER last_known_addr { host: "127.31.212.1" port: 38079 } } peers { permanent_uuid: "f02528ebc36042559e8a61f4ee01f5f2" member_type: VOTER last_known_addr { host: "127.31.212.2" port: 46585 } attrs { replace: true } } peers { permanent_uuid: "4ac98d55e82f4f558e73a637444f4724" member_type: VOTER last_known_addr { host: "127.31.212.3" port: 36709 } } peers { permanent_uuid: "291a433f443546b883f10bb222c04d14" member_type: NON_VOTER last_known_addr { host: "127.31.212.4" port: 37771 } attrs { promote: true } }
I20260710 11:08:09.349804  1859 ts_tablet_manager.cc:1434] T a3105aded35b42639d81c070685c8882 P 291a433f443546b883f10bb222c04d14: Time spent starting tablet: real 0.006s	user 0.003s	sys 0.004s
I20260710 11:08:09.351893  1411 tablet_copy_service.cc:342] P 4ac98d55e82f4f558e73a637444f4724: Request end of tablet copy session 291a433f443546b883f10bb222c04d14-a3105aded35b42639d81c070685c8882 received from {username='slave'} at 127.0.0.1:60928
I20260710 11:08:09.352227  1411 tablet_copy_service.cc:434] P 4ac98d55e82f4f558e73a637444f4724: ending tablet copy session 291a433f443546b883f10bb222c04d14-a3105aded35b42639d81c070685c8882 on tablet a3105aded35b42639d81c070685c8882 with peer 291a433f443546b883f10bb222c04d14
I20260710 11:08:09.631771  1658 raft_consensus.cc:1217] T 5b77da1cc6d44de2aae64f562872a55d P 291a433f443546b883f10bb222c04d14 [term 1 LEARNER]: Deduplicated request from leader. Original: 1.1->[1.2-1.2]   Dedup: 1.2->[]
I20260710 11:08:09.640144  1658 raft_consensus.cc:1217] T 12027d246199477c9936ee7f4d0f9ce9 P 291a433f443546b883f10bb222c04d14 [term 1 LEARNER]: Deduplicated request from leader. Original: 1.1->[1.2-1.2]   Dedup: 1.2->[]
I20260710 11:08:09.697156  1658 raft_consensus.cc:1217] T 203605200d5142f1b80268b192f2aa3b P 291a433f443546b883f10bb222c04d14 [term 1 LEARNER]: Deduplicated request from leader. Original: 1.1->[1.2-1.2]   Dedup: 1.2->[]
I20260710 11:08:09.709481  1658 raft_consensus.cc:1217] T a3105aded35b42639d81c070685c8882 P 291a433f443546b883f10bb222c04d14 [term 1 LEARNER]: Deduplicated request from leader. Original: 1.1->[1.2-1.2]   Dedup: 1.2->[]
I20260710 11:08:10.012643  1866 raft_consensus.cc:1064] T 5b77da1cc6d44de2aae64f562872a55d P 4ac98d55e82f4f558e73a637444f4724: attempting to promote NON_VOTER 291a433f443546b883f10bb222c04d14 to VOTER
I20260710 11:08:10.016023  1866 consensus_queue.cc:237] T 5b77da1cc6d44de2aae64f562872a55d P 4ac98d55e82f4f558e73a637444f4724 [LEADER]: Queue going to LEADER mode. State: All replicated index: 0, Majority replicated index: 2, Committed index: 2, Last appended: 1.2, Last appended by leader: 0, Current term: 1, Majority size: 3, State: 0, Mode: LEADER, active raft config: opid_index: 3 OBSOLETE_local: false peers { permanent_uuid: "9db1bf92282242e68455c364e72537a9" member_type: VOTER last_known_addr { host: "127.31.212.1" port: 38079 } attrs { replace: true } } peers { permanent_uuid: "f02528ebc36042559e8a61f4ee01f5f2" member_type: VOTER last_known_addr { host: "127.31.212.2" port: 46585 } } peers { permanent_uuid: "4ac98d55e82f4f558e73a637444f4724" member_type: VOTER last_known_addr { host: "127.31.212.3" port: 36709 } } peers { permanent_uuid: "291a433f443546b883f10bb222c04d14" member_type: VOTER last_known_addr { host: "127.31.212.4" port: 37771 } attrs { promote: false } }
I20260710 11:08:10.022264  1658 raft_consensus.cc:1275] T 5b77da1cc6d44de2aae64f562872a55d P 291a433f443546b883f10bb222c04d14 [term 1 LEARNER]: Refusing update from remote peer 4ac98d55e82f4f558e73a637444f4724: Log matching property violated. Preceding OpId in replica: term: 1 index: 2. Preceding OpId from leader: term: 1 index: 3. (index mismatch)
I20260710 11:08:10.022325  1327 raft_consensus.cc:1275] T 5b77da1cc6d44de2aae64f562872a55d P f02528ebc36042559e8a61f4ee01f5f2 [term 1 FOLLOWER]: Refusing update from remote peer 4ac98d55e82f4f558e73a637444f4724: Log matching property violated. Preceding OpId in replica: term: 1 index: 2. Preceding OpId from leader: term: 1 index: 3. (index mismatch)
I20260710 11:08:10.023746  1866 consensus_queue.cc:1048] T 5b77da1cc6d44de2aae64f562872a55d P 4ac98d55e82f4f558e73a637444f4724 [LEADER]: Connected to new peer: Peer: permanent_uuid: "f02528ebc36042559e8a61f4ee01f5f2" member_type: VOTER last_known_addr { host: "127.31.212.2" port: 46585 }, Status: LMP_MISMATCH, Last received: 0.0, Next index: 3, Last known committed idx: 2, Time since last communication: 0.000s
I20260710 11:08:10.024333  1250 raft_consensus.cc:1275] T 5b77da1cc6d44de2aae64f562872a55d P 9db1bf92282242e68455c364e72537a9 [term 1 FOLLOWER]: Refusing update from remote peer 4ac98d55e82f4f558e73a637444f4724: Log matching property violated. Preceding OpId in replica: term: 1 index: 2. Preceding OpId from leader: term: 1 index: 3. (index mismatch)
I20260710 11:08:10.025521  1864 consensus_queue.cc:1048] T 5b77da1cc6d44de2aae64f562872a55d P 4ac98d55e82f4f558e73a637444f4724 [LEADER]: Connected to new peer: Peer: permanent_uuid: "9db1bf92282242e68455c364e72537a9" member_type: VOTER last_known_addr { host: "127.31.212.1" port: 38079 } attrs { replace: true }, Status: LMP_MISMATCH, Last received: 0.0, Next index: 3, Last known committed idx: 2, Time since last communication: 0.000s
I20260710 11:08:10.026924  1833 consensus_queue.cc:1048] T 5b77da1cc6d44de2aae64f562872a55d P 4ac98d55e82f4f558e73a637444f4724 [LEADER]: Connected to new peer: Peer: permanent_uuid: "291a433f443546b883f10bb222c04d14" member_type: VOTER last_known_addr { host: "127.31.212.4" port: 37771 } attrs { promote: false }, Status: LMP_MISMATCH, Last received: 0.0, Next index: 3, Last known committed idx: 2, Time since last communication: 0.000s
I20260710 11:08:10.041878  1833 raft_consensus.cc:2955] T 5b77da1cc6d44de2aae64f562872a55d P 4ac98d55e82f4f558e73a637444f4724 [term 1 LEADER]: Committing config change with OpId 1.3: config changed from index 2 to 3, 291a433f443546b883f10bb222c04d14 (127.31.212.4) changed from NON_VOTER to VOTER. New config: { opid_index: 3 OBSOLETE_local: false peers { permanent_uuid: "9db1bf92282242e68455c364e72537a9" member_type: VOTER last_known_addr { host: "127.31.212.1" port: 38079 } attrs { replace: true } } peers { permanent_uuid: "f02528ebc36042559e8a61f4ee01f5f2" member_type: VOTER last_known_addr { host: "127.31.212.2" port: 46585 } } peers { permanent_uuid: "4ac98d55e82f4f558e73a637444f4724" member_type: VOTER last_known_addr { host: "127.31.212.3" port: 36709 } } peers { permanent_uuid: "291a433f443546b883f10bb222c04d14" member_type: VOTER last_known_addr { host: "127.31.212.4" port: 37771 } attrs { promote: false } } }
I20260710 11:08:10.044538  1327 raft_consensus.cc:2955] T 5b77da1cc6d44de2aae64f562872a55d P f02528ebc36042559e8a61f4ee01f5f2 [term 1 FOLLOWER]: Committing config change with OpId 1.3: config changed from index 2 to 3, 291a433f443546b883f10bb222c04d14 (127.31.212.4) changed from NON_VOTER to VOTER. New config: { opid_index: 3 OBSOLETE_local: false peers { permanent_uuid: "9db1bf92282242e68455c364e72537a9" member_type: VOTER last_known_addr { host: "127.31.212.1" port: 38079 } attrs { replace: true } } peers { permanent_uuid: "f02528ebc36042559e8a61f4ee01f5f2" member_type: VOTER last_known_addr { host: "127.31.212.2" port: 46585 } } peers { permanent_uuid: "4ac98d55e82f4f558e73a637444f4724" member_type: VOTER last_known_addr { host: "127.31.212.3" port: 36709 } } peers { permanent_uuid: "291a433f443546b883f10bb222c04d14" member_type: VOTER last_known_addr { host: "127.31.212.4" port: 37771 } attrs { promote: false } } }
I20260710 11:08:10.049803  1658 raft_consensus.cc:2955] T 5b77da1cc6d44de2aae64f562872a55d P 291a433f443546b883f10bb222c04d14 [term 1 FOLLOWER]: Committing config change with OpId 1.3: config changed from index 2 to 3, 291a433f443546b883f10bb222c04d14 (127.31.212.4) changed from NON_VOTER to VOTER. New config: { opid_index: 3 OBSOLETE_local: false peers { permanent_uuid: "9db1bf92282242e68455c364e72537a9" member_type: VOTER last_known_addr { host: "127.31.212.1" port: 38079 } attrs { replace: true } } peers { permanent_uuid: "f02528ebc36042559e8a61f4ee01f5f2" member_type: VOTER last_known_addr { host: "127.31.212.2" port: 46585 } } peers { permanent_uuid: "4ac98d55e82f4f558e73a637444f4724" member_type: VOTER last_known_addr { host: "127.31.212.3" port: 36709 } } peers { permanent_uuid: "291a433f443546b883f10bb222c04d14" member_type: VOTER last_known_addr { host: "127.31.212.4" port: 37771 } attrs { promote: false } } }
I20260710 11:08:10.052289  1250 raft_consensus.cc:2955] T 5b77da1cc6d44de2aae64f562872a55d P 9db1bf92282242e68455c364e72537a9 [term 1 FOLLOWER]: Committing config change with OpId 1.3: config changed from index 2 to 3, 291a433f443546b883f10bb222c04d14 (127.31.212.4) changed from NON_VOTER to VOTER. New config: { opid_index: 3 OBSOLETE_local: false peers { permanent_uuid: "9db1bf92282242e68455c364e72537a9" member_type: VOTER last_known_addr { host: "127.31.212.1" port: 38079 } attrs { replace: true } } peers { permanent_uuid: "f02528ebc36042559e8a61f4ee01f5f2" member_type: VOTER last_known_addr { host: "127.31.212.2" port: 46585 } } peers { permanent_uuid: "4ac98d55e82f4f558e73a637444f4724" member_type: VOTER last_known_addr { host: "127.31.212.3" port: 36709 } } peers { permanent_uuid: "291a433f443546b883f10bb222c04d14" member_type: VOTER last_known_addr { host: "127.31.212.4" port: 37771 } attrs { promote: false } } }
I20260710 11:08:10.056334  1150 catalog_manager.cc:5697] T 5b77da1cc6d44de2aae64f562872a55d P 4ac98d55e82f4f558e73a637444f4724 reported cstate change: config changed from index 2 to 3, 291a433f443546b883f10bb222c04d14 (127.31.212.4) changed from NON_VOTER to VOTER. New cstate: current_term: 1 leader_uuid: "4ac98d55e82f4f558e73a637444f4724" committed_config { opid_index: 3 OBSOLETE_local: false peers { permanent_uuid: "9db1bf92282242e68455c364e72537a9" member_type: VOTER last_known_addr { host: "127.31.212.1" port: 38079 } attrs { replace: true } health_report { overall_health: HEALTHY } } peers { permanent_uuid: "f02528ebc36042559e8a61f4ee01f5f2" member_type: VOTER last_known_addr { host: "127.31.212.2" port: 46585 } health_report { overall_health: HEALTHY } } peers { permanent_uuid: "4ac98d55e82f4f558e73a637444f4724" member_type: VOTER last_known_addr { host: "127.31.212.3" port: 36709 } health_report { overall_health: HEALTHY } } peers { permanent_uuid: "291a433f443546b883f10bb222c04d14" member_type: VOTER last_known_addr { host: "127.31.212.4" port: 37771 } attrs { promote: false } health_report { overall_health: HEALTHY } } }
I20260710 11:08:10.085297  1401 consensus_queue.cc:237] T 5b77da1cc6d44de2aae64f562872a55d P 4ac98d55e82f4f558e73a637444f4724 [LEADER]: Queue going to LEADER mode. State: All replicated index: 0, Majority replicated index: 3, Committed index: 3, Last appended: 1.3, Last appended by leader: 0, Current term: 1, Majority size: 2, State: 0, Mode: LEADER, active raft config: opid_index: 4 OBSOLETE_local: false peers { permanent_uuid: "f02528ebc36042559e8a61f4ee01f5f2" member_type: VOTER last_known_addr { host: "127.31.212.2" port: 46585 } } peers { permanent_uuid: "4ac98d55e82f4f558e73a637444f4724" member_type: VOTER last_known_addr { host: "127.31.212.3" port: 36709 } } peers { permanent_uuid: "291a433f443546b883f10bb222c04d14" member_type: VOTER last_known_addr { host: "127.31.212.4" port: 37771 } attrs { promote: false } }
I20260710 11:08:10.091089  1658 raft_consensus.cc:1275] T 5b77da1cc6d44de2aae64f562872a55d P 291a433f443546b883f10bb222c04d14 [term 1 FOLLOWER]: Refusing update from remote peer 4ac98d55e82f4f558e73a637444f4724: Log matching property violated. Preceding OpId in replica: term: 1 index: 3. Preceding OpId from leader: term: 1 index: 4. (index mismatch)
I20260710 11:08:10.091702  1327 raft_consensus.cc:1275] T 5b77da1cc6d44de2aae64f562872a55d P f02528ebc36042559e8a61f4ee01f5f2 [term 1 FOLLOWER]: Refusing update from remote peer 4ac98d55e82f4f558e73a637444f4724: Log matching property violated. Preceding OpId in replica: term: 1 index: 3. Preceding OpId from leader: term: 1 index: 4. (index mismatch)
I20260710 11:08:10.092980  1833 consensus_queue.cc:1048] T 5b77da1cc6d44de2aae64f562872a55d P 4ac98d55e82f4f558e73a637444f4724 [LEADER]: Connected to new peer: Peer: permanent_uuid: "291a433f443546b883f10bb222c04d14" member_type: VOTER last_known_addr { host: "127.31.212.4" port: 37771 } attrs { promote: false }, Status: LMP_MISMATCH, Last received: 0.0, Next index: 4, Last known committed idx: 3, Time since last communication: 0.000s
I20260710 11:08:10.093719  1866 consensus_queue.cc:1048] T 5b77da1cc6d44de2aae64f562872a55d P 4ac98d55e82f4f558e73a637444f4724 [LEADER]: Connected to new peer: Peer: permanent_uuid: "f02528ebc36042559e8a61f4ee01f5f2" member_type: VOTER last_known_addr { host: "127.31.212.2" port: 46585 }, Status: LMP_MISMATCH, Last received: 0.0, Next index: 4, Last known committed idx: 3, Time since last communication: 0.000s
I20260710 11:08:10.099851  1833 raft_consensus.cc:2955] T 5b77da1cc6d44de2aae64f562872a55d P 4ac98d55e82f4f558e73a637444f4724 [term 1 LEADER]: Committing config change with OpId 1.4: config changed from index 3 to 4, VOTER 9db1bf92282242e68455c364e72537a9 (127.31.212.1) evicted. New config: { opid_index: 4 OBSOLETE_local: false peers { permanent_uuid: "f02528ebc36042559e8a61f4ee01f5f2" member_type: VOTER last_known_addr { host: "127.31.212.2" port: 46585 } } peers { permanent_uuid: "4ac98d55e82f4f558e73a637444f4724" member_type: VOTER last_known_addr { host: "127.31.212.3" port: 36709 } } peers { permanent_uuid: "291a433f443546b883f10bb222c04d14" member_type: VOTER last_known_addr { host: "127.31.212.4" port: 37771 } attrs { promote: false } } }
I20260710 11:08:10.102095  1327 raft_consensus.cc:2955] T 5b77da1cc6d44de2aae64f562872a55d P f02528ebc36042559e8a61f4ee01f5f2 [term 1 FOLLOWER]: Committing config change with OpId 1.4: config changed from index 3 to 4, VOTER 9db1bf92282242e68455c364e72537a9 (127.31.212.1) evicted. New config: { opid_index: 4 OBSOLETE_local: false peers { permanent_uuid: "f02528ebc36042559e8a61f4ee01f5f2" member_type: VOTER last_known_addr { host: "127.31.212.2" port: 46585 } } peers { permanent_uuid: "4ac98d55e82f4f558e73a637444f4724" member_type: VOTER last_known_addr { host: "127.31.212.3" port: 36709 } } peers { permanent_uuid: "291a433f443546b883f10bb222c04d14" member_type: VOTER last_known_addr { host: "127.31.212.4" port: 37771 } attrs { promote: false } } }
I20260710 11:08:10.107262  1658 raft_consensus.cc:2955] T 5b77da1cc6d44de2aae64f562872a55d P 291a433f443546b883f10bb222c04d14 [term 1 FOLLOWER]: Committing config change with OpId 1.4: config changed from index 3 to 4, VOTER 9db1bf92282242e68455c364e72537a9 (127.31.212.1) evicted. New config: { opid_index: 4 OBSOLETE_local: false peers { permanent_uuid: "f02528ebc36042559e8a61f4ee01f5f2" member_type: VOTER last_known_addr { host: "127.31.212.2" port: 46585 } } peers { permanent_uuid: "4ac98d55e82f4f558e73a637444f4724" member_type: VOTER last_known_addr { host: "127.31.212.3" port: 36709 } } peers { permanent_uuid: "291a433f443546b883f10bb222c04d14" member_type: VOTER last_known_addr { host: "127.31.212.4" port: 37771 } attrs { promote: false } } }
I20260710 11:08:10.115805  1137 catalog_manager.cc:5210] ChangeConfig:REMOVE_PEER RPC for tablet 5b77da1cc6d44de2aae64f562872a55d with cas_config_opid_index 3: ChangeConfig:REMOVE_PEER succeeded (attempt 1)
I20260710 11:08:10.117519  1146 catalog_manager.cc:5697] T 5b77da1cc6d44de2aae64f562872a55d P f02528ebc36042559e8a61f4ee01f5f2 reported cstate change: config changed from index 3 to 4, VOTER 9db1bf92282242e68455c364e72537a9 (127.31.212.1) evicted. New cstate: current_term: 1 leader_uuid: "4ac98d55e82f4f558e73a637444f4724" committed_config { opid_index: 4 OBSOLETE_local: false peers { permanent_uuid: "f02528ebc36042559e8a61f4ee01f5f2" member_type: VOTER last_known_addr { host: "127.31.212.2" port: 46585 } } peers { permanent_uuid: "4ac98d55e82f4f558e73a637444f4724" member_type: VOTER last_known_addr { host: "127.31.212.3" port: 36709 } } peers { permanent_uuid: "291a433f443546b883f10bb222c04d14" member_type: VOTER last_known_addr { host: "127.31.212.4" port: 37771 } attrs { promote: false } } }
I20260710 11:08:10.129061  1237 tablet_service.cc:1558] Processing DeleteTablet for tablet 5b77da1cc6d44de2aae64f562872a55d with delete_type TABLET_DATA_TOMBSTONED (TS 9db1bf92282242e68455c364e72537a9 not found in new config with opid_index 4) from {username='slave'} at 127.0.0.1:54036
I20260710 11:08:10.130795  1877 tablet_replica.cc:333] T 5b77da1cc6d44de2aae64f562872a55d P 9db1bf92282242e68455c364e72537a9: stopping tablet replica
I20260710 11:08:10.131471  1877 raft_consensus.cc:2243] T 5b77da1cc6d44de2aae64f562872a55d P 9db1bf92282242e68455c364e72537a9 [term 1 FOLLOWER]: Raft consensus shutting down.
I20260710 11:08:10.132014  1877 raft_consensus.cc:2272] T 5b77da1cc6d44de2aae64f562872a55d P 9db1bf92282242e68455c364e72537a9 [term 1 FOLLOWER]: Raft consensus is shut down!
I20260710 11:08:10.134310  1877 ts_tablet_manager.cc:1916] T 5b77da1cc6d44de2aae64f562872a55d P 9db1bf92282242e68455c364e72537a9: Deleting tablet data with delete state TABLET_DATA_TOMBSTONED
I20260710 11:08:10.144155  1877 ts_tablet_manager.cc:1929] T 5b77da1cc6d44de2aae64f562872a55d P 9db1bf92282242e68455c364e72537a9: tablet deleted with delete type TABLET_DATA_TOMBSTONED: last-logged OpId 1.3
I20260710 11:08:10.144428  1877 log.cc:1199] T 5b77da1cc6d44de2aae64f562872a55d P 9db1bf92282242e68455c364e72537a9: Deleting WAL directory at /tmp/dist-test-taskBuWtJs/test-tmp/auto_leader_rebalancer-test.0.LeaderRebalancerTest.AddTserver.1783681651912008-32592-0/minicluster-data/ts-0-root/wals/5b77da1cc6d44de2aae64f562872a55d
I20260710 11:08:10.145726  1134 catalog_manager.cc:5028] TS 9db1bf92282242e68455c364e72537a9 (127.31.212.1:38079): tablet 5b77da1cc6d44de2aae64f562872a55d (table test-workload [id=dfd4179c0b324e8487ecff1e63d71ea2]) successfully deleted
I20260710 11:08:10.232836  1833 raft_consensus.cc:1064] T 203605200d5142f1b80268b192f2aa3b P 4ac98d55e82f4f558e73a637444f4724: attempting to promote NON_VOTER 291a433f443546b883f10bb222c04d14 to VOTER
I20260710 11:08:10.234933  1833 consensus_queue.cc:237] T 203605200d5142f1b80268b192f2aa3b P 4ac98d55e82f4f558e73a637444f4724 [LEADER]: Queue going to LEADER mode. State: All replicated index: 0, Majority replicated index: 2, Committed index: 2, Last appended: 1.2, Last appended by leader: 0, Current term: 1, Majority size: 3, State: 0, Mode: LEADER, active raft config: opid_index: 3 OBSOLETE_local: false peers { permanent_uuid: "9db1bf92282242e68455c364e72537a9" member_type: VOTER last_known_addr { host: "127.31.212.1" port: 38079 } attrs { replace: true } } peers { permanent_uuid: "f02528ebc36042559e8a61f4ee01f5f2" member_type: VOTER last_known_addr { host: "127.31.212.2" port: 46585 } } peers { permanent_uuid: "4ac98d55e82f4f558e73a637444f4724" member_type: VOTER last_known_addr { host: "127.31.212.3" port: 36709 } } peers { permanent_uuid: "291a433f443546b883f10bb222c04d14" member_type: VOTER last_known_addr { host: "127.31.212.4" port: 37771 } attrs { promote: false } }
I20260710 11:08:10.240895  1657 raft_consensus.cc:1275] T 203605200d5142f1b80268b192f2aa3b P 291a433f443546b883f10bb222c04d14 [term 1 LEARNER]: Refusing update from remote peer 4ac98d55e82f4f558e73a637444f4724: Log matching property violated. Preceding OpId in replica: term: 1 index: 2. Preceding OpId from leader: term: 1 index: 3. (index mismatch)
I20260710 11:08:10.240962  1327 raft_consensus.cc:1275] T 203605200d5142f1b80268b192f2aa3b P f02528ebc36042559e8a61f4ee01f5f2 [term 1 FOLLOWER]: Refusing update from remote peer 4ac98d55e82f4f558e73a637444f4724: Log matching property violated. Preceding OpId in replica: term: 1 index: 2. Preceding OpId from leader: term: 1 index: 3. (index mismatch)
I20260710 11:08:10.242250  1250 raft_consensus.cc:1275] T 203605200d5142f1b80268b192f2aa3b P 9db1bf92282242e68455c364e72537a9 [term 1 FOLLOWER]: Refusing update from remote peer 4ac98d55e82f4f558e73a637444f4724: Log matching property violated. Preceding OpId in replica: term: 1 index: 2. Preceding OpId from leader: term: 1 index: 3. (index mismatch)
I20260710 11:08:10.242328  1833 consensus_queue.cc:1048] T 203605200d5142f1b80268b192f2aa3b P 4ac98d55e82f4f558e73a637444f4724 [LEADER]: Connected to new peer: Peer: permanent_uuid: "291a433f443546b883f10bb222c04d14" member_type: VOTER last_known_addr { host: "127.31.212.4" port: 37771 } attrs { promote: false }, Status: LMP_MISMATCH, Last received: 0.0, Next index: 3, Last known committed idx: 2, Time since last communication: 0.000s
I20260710 11:08:10.243829  1864 consensus_queue.cc:1048] T 203605200d5142f1b80268b192f2aa3b P 4ac98d55e82f4f558e73a637444f4724 [LEADER]: Connected to new peer: Peer: permanent_uuid: "f02528ebc36042559e8a61f4ee01f5f2" member_type: VOTER last_known_addr { host: "127.31.212.2" port: 46585 }, Status: LMP_MISMATCH, Last received: 0.0, Next index: 3, Last known committed idx: 2, Time since last communication: 0.000s
I20260710 11:08:10.245486  1833 consensus_queue.cc:1048] T 203605200d5142f1b80268b192f2aa3b P 4ac98d55e82f4f558e73a637444f4724 [LEADER]: Connected to new peer: Peer: permanent_uuid: "9db1bf92282242e68455c364e72537a9" member_type: VOTER last_known_addr { host: "127.31.212.1" port: 38079 } attrs { replace: true }, Status: LMP_MISMATCH, Last received: 0.0, Next index: 3, Last known committed idx: 2, Time since last communication: 0.000s
I20260710 11:08:10.246390  1866 raft_consensus.cc:1064] T a3105aded35b42639d81c070685c8882 P 4ac98d55e82f4f558e73a637444f4724: attempting to promote NON_VOTER 291a433f443546b883f10bb222c04d14 to VOTER
I20260710 11:08:10.262926  1865 raft_consensus.cc:1064] T 12027d246199477c9936ee7f4d0f9ce9 P 9db1bf92282242e68455c364e72537a9: attempting to promote NON_VOTER 291a433f443546b883f10bb222c04d14 to VOTER
I20260710 11:08:10.265980  1865 consensus_queue.cc:237] T 12027d246199477c9936ee7f4d0f9ce9 P 9db1bf92282242e68455c364e72537a9 [LEADER]: Queue going to LEADER mode. State: All replicated index: 0, Majority replicated index: 2, Committed index: 2, Last appended: 1.2, Last appended by leader: 0, Current term: 1, Majority size: 3, State: 0, Mode: LEADER, active raft config: opid_index: 3 OBSOLETE_local: false peers { permanent_uuid: "9db1bf92282242e68455c364e72537a9" member_type: VOTER last_known_addr { host: "127.31.212.1" port: 38079 } } peers { permanent_uuid: "f02528ebc36042559e8a61f4ee01f5f2" member_type: VOTER last_known_addr { host: "127.31.212.2" port: 46585 } } peers { permanent_uuid: "4ac98d55e82f4f558e73a637444f4724" member_type: VOTER last_known_addr { host: "127.31.212.3" port: 36709 } attrs { replace: true } } peers { permanent_uuid: "291a433f443546b883f10bb222c04d14" member_type: VOTER last_known_addr { host: "127.31.212.4" port: 37771 } attrs { promote: false } }
I20260710 11:08:10.273090  1866 consensus_queue.cc:237] T a3105aded35b42639d81c070685c8882 P 4ac98d55e82f4f558e73a637444f4724 [LEADER]: Queue going to LEADER mode. State: All replicated index: 0, Majority replicated index: 2, Committed index: 2, Last appended: 1.2, Last appended by leader: 0, Current term: 1, Majority size: 3, State: 0, Mode: LEADER, active raft config: opid_index: 3 OBSOLETE_local: false peers { permanent_uuid: "9db1bf92282242e68455c364e72537a9" member_type: VOTER last_known_addr { host: "127.31.212.1" port: 38079 } } peers { permanent_uuid: "f02528ebc36042559e8a61f4ee01f5f2" member_type: VOTER last_known_addr { host: "127.31.212.2" port: 46585 } attrs { replace: true } } peers { permanent_uuid: "4ac98d55e82f4f558e73a637444f4724" member_type: VOTER last_known_addr { host: "127.31.212.3" port: 36709 } } peers { permanent_uuid: "291a433f443546b883f10bb222c04d14" member_type: VOTER last_known_addr { host: "127.31.212.4" port: 37771 } attrs { promote: false } }
I20260710 11:08:10.276432  1864 raft_consensus.cc:2955] T 203605200d5142f1b80268b192f2aa3b P 4ac98d55e82f4f558e73a637444f4724 [term 1 LEADER]: Committing config change with OpId 1.3: config changed from index 2 to 3, 291a433f443546b883f10bb222c04d14 (127.31.212.4) changed from NON_VOTER to VOTER. New config: { opid_index: 3 OBSOLETE_local: false peers { permanent_uuid: "9db1bf92282242e68455c364e72537a9" member_type: VOTER last_known_addr { host: "127.31.212.1" port: 38079 } attrs { replace: true } } peers { permanent_uuid: "f02528ebc36042559e8a61f4ee01f5f2" member_type: VOTER last_known_addr { host: "127.31.212.2" port: 46585 } } peers { permanent_uuid: "4ac98d55e82f4f558e73a637444f4724" member_type: VOTER last_known_addr { host: "127.31.212.3" port: 36709 } } peers { permanent_uuid: "291a433f443546b883f10bb222c04d14" member_type: VOTER last_known_addr { host: "127.31.212.4" port: 37771 } attrs { promote: false } } }
I20260710 11:08:10.278110  1250 raft_consensus.cc:2955] T 203605200d5142f1b80268b192f2aa3b P 9db1bf92282242e68455c364e72537a9 [term 1 FOLLOWER]: Committing config change with OpId 1.3: config changed from index 2 to 3, 291a433f443546b883f10bb222c04d14 (127.31.212.4) changed from NON_VOTER to VOTER. New config: { opid_index: 3 OBSOLETE_local: false peers { permanent_uuid: "9db1bf92282242e68455c364e72537a9" member_type: VOTER last_known_addr { host: "127.31.212.1" port: 38079 } attrs { replace: true } } peers { permanent_uuid: "f02528ebc36042559e8a61f4ee01f5f2" member_type: VOTER last_known_addr { host: "127.31.212.2" port: 46585 } } peers { permanent_uuid: "4ac98d55e82f4f558e73a637444f4724" member_type: VOTER last_known_addr { host: "127.31.212.3" port: 36709 } } peers { permanent_uuid: "291a433f443546b883f10bb222c04d14" member_type: VOTER last_known_addr { host: "127.31.212.4" port: 37771 } attrs { promote: false } } }
I20260710 11:08:10.291368  1327 raft_consensus.cc:2955] T 203605200d5142f1b80268b192f2aa3b P f02528ebc36042559e8a61f4ee01f5f2 [term 1 FOLLOWER]: Committing config change with OpId 1.3: config changed from index 2 to 3, 291a433f443546b883f10bb222c04d14 (127.31.212.4) changed from NON_VOTER to VOTER. New config: { opid_index: 3 OBSOLETE_local: false peers { permanent_uuid: "9db1bf92282242e68455c364e72537a9" member_type: VOTER last_known_addr { host: "127.31.212.1" port: 38079 } attrs { replace: true } } peers { permanent_uuid: "f02528ebc36042559e8a61f4ee01f5f2" member_type: VOTER last_known_addr { host: "127.31.212.2" port: 46585 } } peers { permanent_uuid: "4ac98d55e82f4f558e73a637444f4724" member_type: VOTER last_known_addr { host: "127.31.212.3" port: 36709 } } peers { permanent_uuid: "291a433f443546b883f10bb222c04d14" member_type: VOTER last_known_addr { host: "127.31.212.4" port: 37771 } attrs { promote: false } } }
I20260710 11:08:10.298009  1326 raft_consensus.cc:1275] T a3105aded35b42639d81c070685c8882 P f02528ebc36042559e8a61f4ee01f5f2 [term 1 FOLLOWER]: Refusing update from remote peer 4ac98d55e82f4f558e73a637444f4724: Log matching property violated. Preceding OpId in replica: term: 1 index: 2. Preceding OpId from leader: term: 1 index: 3. (index mismatch)
I20260710 11:08:10.298198  1657 raft_consensus.cc:1275] T a3105aded35b42639d81c070685c8882 P 291a433f443546b883f10bb222c04d14 [term 1 LEARNER]: Refusing update from remote peer 4ac98d55e82f4f558e73a637444f4724: Log matching property violated. Preceding OpId in replica: term: 1 index: 2. Preceding OpId from leader: term: 1 index: 3. (index mismatch)
I20260710 11:08:10.298286  1250 raft_consensus.cc:1275] T a3105aded35b42639d81c070685c8882 P 9db1bf92282242e68455c364e72537a9 [term 1 FOLLOWER]: Refusing update from remote peer 4ac98d55e82f4f558e73a637444f4724: Log matching property violated. Preceding OpId in replica: term: 1 index: 2. Preceding OpId from leader: term: 1 index: 3. (index mismatch)
