I20260710 11:00:11.239104 20215 leader_election.cc:290] T 8acde87f67c74516b7e34280f95d835f P b8e5fce5fe234929acdf996119122a90 [CANDIDATE]: Term 1 pre-election: Requested pre-vote from peers 881623187e824a3988282299e176b2db (127.18.99.65:46807), 8725b74c8a274551be021530be90c73e (127.18.99.66:35225)
I20260710 11:00:11.239755 20226 leader_election.cc:290] T 4594721b81f54ece8871f5cda00c6a87 P b8e5fce5fe234929acdf996119122a90 [CANDIDATE]: Term 1 pre-election: Requested pre-vote from peers 881623187e824a3988282299e176b2db (127.18.99.65:46807), 8725b74c8a274551be021530be90c73e (127.18.99.66:35225)
I20260710 11:00:11.235159 20148 tablet_bootstrap.cc:654] T a076b025931f4fe3aa365bd6fb34ba81 P 881623187e824a3988282299e176b2db: Neither blocks nor log segments found. Creating new log.
I20260710 11:00:11.241559 19955 tablet_service.cc:1917] Received RequestConsensusVote() RPC: tablet_id: "4594721b81f54ece8871f5cda00c6a87" candidate_uuid: "b8e5fce5fe234929acdf996119122a90" candidate_term: 1 candidate_status { last_received { term: 0 index: 0 } } ignore_live_leader: false dest_uuid: "881623187e824a3988282299e176b2db" is_pre_election: true
W20260710 11:00:11.243928 20072 leader_election.cc:343] T 4594721b81f54ece8871f5cda00c6a87 P b8e5fce5fe234929acdf996119122a90 [CANDIDATE]: Term 1 pre-election: Tablet error from VoteRequest() call to peer 881623187e824a3988282299e176b2db (127.18.99.65:46807): Illegal state: must be running to vote when last-logged opid is not known
I20260710 11:00:11.246435 20032 tablet_service.cc:1917] Received RequestConsensusVote() RPC: tablet_id: "8acde87f67c74516b7e34280f95d835f" candidate_uuid: "b8e5fce5fe234929acdf996119122a90" candidate_term: 1 candidate_status { last_received { term: 0 index: 0 } } ignore_live_leader: false dest_uuid: "8725b74c8a274551be021530be90c73e" is_pre_election: true
I20260710 11:00:11.248036 20033 tablet_service.cc:1917] Received RequestConsensusVote() RPC: tablet_id: "4594721b81f54ece8871f5cda00c6a87" candidate_uuid: "b8e5fce5fe234929acdf996119122a90" candidate_term: 1 candidate_status { last_received { term: 0 index: 0 } } ignore_live_leader: false dest_uuid: "8725b74c8a274551be021530be90c73e" is_pre_election: true
I20260710 11:00:11.248756 20149 tablet_bootstrap.cc:492] T ce2f5e86af334a04a75404a3795d7b23 P b8e5fce5fe234929acdf996119122a90: No bootstrap required, opened a new log
I20260710 11:00:11.249235 20149 ts_tablet_manager.cc:1403] T ce2f5e86af334a04a75404a3795d7b23 P b8e5fce5fe234929acdf996119122a90: Time spent bootstrapping tablet: real 0.141s	user 0.006s	sys 0.010s
W20260710 11:00:11.250367 20071 leader_election.cc:343] T 8acde87f67c74516b7e34280f95d835f P b8e5fce5fe234929acdf996119122a90 [CANDIDATE]: Term 1 pre-election: Tablet error from VoteRequest() call to peer 8725b74c8a274551be021530be90c73e (127.18.99.66:35225): Illegal state: must be running to vote when last-logged opid is not known
W20260710 11:00:11.251386 20071 leader_election.cc:343] T 4594721b81f54ece8871f5cda00c6a87 P b8e5fce5fe234929acdf996119122a90 [CANDIDATE]: Term 1 pre-election: Tablet error from VoteRequest() call to peer 8725b74c8a274551be021530be90c73e (127.18.99.66:35225): Illegal state: must be running to vote when last-logged opid is not known
I20260710 11:00:11.251914 20071 leader_election.cc:304] T 4594721b81f54ece8871f5cda00c6a87 P b8e5fce5fe234929acdf996119122a90 [CANDIDATE]: Term 1 pre-election: Election decided. Result: candidate lost. Election summary: received 3 responses out of 3 voters: 1 yes votes; 2 no votes. yes voters: b8e5fce5fe234929acdf996119122a90; no voters: 8725b74c8a274551be021530be90c73e, 881623187e824a3988282299e176b2db
I20260710 11:00:11.252722 20226 raft_consensus.cc:2749] T 4594721b81f54ece8871f5cda00c6a87 P b8e5fce5fe234929acdf996119122a90 [term 0 FOLLOWER]: Leader pre-election lost for term 1. Reason: could not achieve majority
I20260710 11:00:11.254354 20148 tablet_bootstrap.cc:492] T a076b025931f4fe3aa365bd6fb34ba81 P 881623187e824a3988282299e176b2db: No bootstrap required, opened a new log
I20260710 11:00:11.254832 20148 ts_tablet_manager.cc:1403] T a076b025931f4fe3aa365bd6fb34ba81 P 881623187e824a3988282299e176b2db: Time spent bootstrapping tablet: real 0.031s	user 0.008s	sys 0.010s
I20260710 11:00:11.257635 20148 raft_consensus.cc:359] T a076b025931f4fe3aa365bd6fb34ba81 P 881623187e824a3988282299e176b2db [term 0 FOLLOWER]: Replica starting. Triggering 0 pending ops. Active config: opid_index: -1 OBSOLETE_local: false peers { permanent_uuid: "881623187e824a3988282299e176b2db" member_type: VOTER last_known_addr { host: "127.18.99.65" port: 46807 } } peers { permanent_uuid: "8725b74c8a274551be021530be90c73e" member_type: VOTER last_known_addr { host: "127.18.99.66" port: 35225 } } peers { permanent_uuid: "b8e5fce5fe234929acdf996119122a90" member_type: VOTER last_known_addr { host: "127.18.99.67" port: 40275 } }
I20260710 11:00:11.258378 20148 raft_consensus.cc:385] T a076b025931f4fe3aa365bd6fb34ba81 P 881623187e824a3988282299e176b2db [term 0 FOLLOWER]: Consensus starting up: Expiring failure detector timer to make a prompt election more likely
I20260710 11:00:11.259140 20148 raft_consensus.cc:740] T a076b025931f4fe3aa365bd6fb34ba81 P 881623187e824a3988282299e176b2db [term 0 FOLLOWER]: Becoming Follower/Learner. State: Replica: 881623187e824a3988282299e176b2db, State: Initialized, Role: FOLLOWER
I20260710 11:00:11.257650 19958 tablet_service.cc:1917] Received RequestConsensusVote() RPC: tablet_id: "8acde87f67c74516b7e34280f95d835f" candidate_uuid: "b8e5fce5fe234929acdf996119122a90" candidate_term: 1 candidate_status { last_received { term: 0 index: 0 } } ignore_live_leader: false dest_uuid: "881623187e824a3988282299e176b2db" is_pre_election: true
I20260710 11:00:11.259984 20148 consensus_queue.cc:260] T a076b025931f4fe3aa365bd6fb34ba81 P 881623187e824a3988282299e176b2db [NON_LEADER]: Queue going to NON_LEADER mode. State: All replicated index: 0, Majority replicated index: 0, Committed index: 0, Last appended: 0.0, Last appended by leader: 0, Current term: 0, Majority size: -1, State: 0, Mode: NON_LEADER, active raft config: opid_index: -1 OBSOLETE_local: false peers { permanent_uuid: "881623187e824a3988282299e176b2db" member_type: VOTER last_known_addr { host: "127.18.99.65" port: 46807 } } peers { permanent_uuid: "8725b74c8a274551be021530be90c73e" member_type: VOTER last_known_addr { host: "127.18.99.66" port: 35225 } } peers { permanent_uuid: "b8e5fce5fe234929acdf996119122a90" member_type: VOTER last_known_addr { host: "127.18.99.67" port: 40275 } }
W20260710 11:00:11.261538 20072 leader_election.cc:343] T 8acde87f67c74516b7e34280f95d835f P b8e5fce5fe234929acdf996119122a90 [CANDIDATE]: Term 1 pre-election: Tablet error from VoteRequest() call to peer 881623187e824a3988282299e176b2db (127.18.99.65:46807): Illegal state: must be running to vote when last-logged opid is not known
I20260710 11:00:11.262040 20072 leader_election.cc:304] T 8acde87f67c74516b7e34280f95d835f P b8e5fce5fe234929acdf996119122a90 [CANDIDATE]: Term 1 pre-election: Election decided. Result: candidate lost. Election summary: received 3 responses out of 3 voters: 1 yes votes; 2 no votes. yes voters: b8e5fce5fe234929acdf996119122a90; no voters: 8725b74c8a274551be021530be90c73e, 881623187e824a3988282299e176b2db
I20260710 11:00:11.262279 20148 ts_tablet_manager.cc:1434] T a076b025931f4fe3aa365bd6fb34ba81 P 881623187e824a3988282299e176b2db: Time spent starting tablet: real 0.007s	user 0.008s	sys 0.000s
I20260710 11:00:11.262853 20226 raft_consensus.cc:2749] T 8acde87f67c74516b7e34280f95d835f P b8e5fce5fe234929acdf996119122a90 [term 0 FOLLOWER]: Leader pre-election lost for term 1. Reason: could not achieve majority
I20260710 11:00:11.263234 20148 tablet_bootstrap.cc:492] T 0da0d41970bd4d49882334dd3fdc4fc1 P 881623187e824a3988282299e176b2db: Bootstrap starting.
I20260710 11:00:11.264096 20149 raft_consensus.cc:359] T ce2f5e86af334a04a75404a3795d7b23 P b8e5fce5fe234929acdf996119122a90 [term 0 FOLLOWER]: Replica starting. Triggering 0 pending ops. Active config: opid_index: -1 OBSOLETE_local: false peers { permanent_uuid: "881623187e824a3988282299e176b2db" member_type: VOTER last_known_addr { host: "127.18.99.65" port: 46807 } } peers { permanent_uuid: "8725b74c8a274551be021530be90c73e" member_type: VOTER last_known_addr { host: "127.18.99.66" port: 35225 } } peers { permanent_uuid: "b8e5fce5fe234929acdf996119122a90" member_type: VOTER last_known_addr { host: "127.18.99.67" port: 40275 } }
I20260710 11:00:11.265650 20149 raft_consensus.cc:385] T ce2f5e86af334a04a75404a3795d7b23 P b8e5fce5fe234929acdf996119122a90 [term 0 FOLLOWER]: Consensus starting up: Expiring failure detector timer to make a prompt election more likely
I20260710 11:00:11.265933 20149 raft_consensus.cc:740] T ce2f5e86af334a04a75404a3795d7b23 P b8e5fce5fe234929acdf996119122a90 [term 0 FOLLOWER]: Becoming Follower/Learner. State: Replica: b8e5fce5fe234929acdf996119122a90, State: Initialized, Role: FOLLOWER
I20260710 11:00:11.267042 20149 consensus_queue.cc:260] T ce2f5e86af334a04a75404a3795d7b23 P b8e5fce5fe234929acdf996119122a90 [NON_LEADER]: Queue going to NON_LEADER mode. State: All replicated index: 0, Majority replicated index: 0, Committed index: 0, Last appended: 0.0, Last appended by leader: 0, Current term: 0, Majority size: -1, State: 0, Mode: NON_LEADER, active raft config: opid_index: -1 OBSOLETE_local: false peers { permanent_uuid: "881623187e824a3988282299e176b2db" member_type: VOTER last_known_addr { host: "127.18.99.65" port: 46807 } } peers { permanent_uuid: "8725b74c8a274551be021530be90c73e" member_type: VOTER last_known_addr { host: "127.18.99.66" port: 35225 } } peers { permanent_uuid: "b8e5fce5fe234929acdf996119122a90" member_type: VOTER last_known_addr { host: "127.18.99.67" port: 40275 } }
I20260710 11:00:11.270623 20148 tablet_bootstrap.cc:654] T 0da0d41970bd4d49882334dd3fdc4fc1 P 881623187e824a3988282299e176b2db: Neither blocks nor log segments found. Creating new log.
I20260710 11:00:11.272105 20149 ts_tablet_manager.cc:1434] T ce2f5e86af334a04a75404a3795d7b23 P b8e5fce5fe234929acdf996119122a90: Time spent starting tablet: real 0.023s	user 0.007s	sys 0.000s
I20260710 11:00:11.278640 20149 tablet_bootstrap.cc:492] T 6cf826afa34d4d06ac4006471b616761 P b8e5fce5fe234929acdf996119122a90: Bootstrap starting.
I20260710 11:00:11.292948 20148 tablet_bootstrap.cc:492] T 0da0d41970bd4d49882334dd3fdc4fc1 P 881623187e824a3988282299e176b2db: No bootstrap required, opened a new log
I20260710 11:00:11.293450 20148 ts_tablet_manager.cc:1403] T 0da0d41970bd4d49882334dd3fdc4fc1 P 881623187e824a3988282299e176b2db: Time spent bootstrapping tablet: real 0.030s	user 0.009s	sys 0.020s
I20260710 11:00:11.294700 20150 tablet_bootstrap.cc:492] T 8f284a7411984c4a85c4853544103684 P 8725b74c8a274551be021530be90c73e: No bootstrap required, opened a new log
I20260710 11:00:11.295212 20150 ts_tablet_manager.cc:1403] T 8f284a7411984c4a85c4853544103684 P 8725b74c8a274551be021530be90c73e: Time spent bootstrapping tablet: real 0.115s	user 0.014s	sys 0.039s
I20260710 11:00:11.296134 20148 raft_consensus.cc:359] T 0da0d41970bd4d49882334dd3fdc4fc1 P 881623187e824a3988282299e176b2db [term 0 FOLLOWER]: Replica starting. Triggering 0 pending ops. Active config: opid_index: -1 OBSOLETE_local: false peers { permanent_uuid: "881623187e824a3988282299e176b2db" member_type: VOTER last_known_addr { host: "127.18.99.65" port: 46807 } } peers { permanent_uuid: "8725b74c8a274551be021530be90c73e" member_type: VOTER last_known_addr { host: "127.18.99.66" port: 35225 } } peers { permanent_uuid: "b8e5fce5fe234929acdf996119122a90" member_type: VOTER last_known_addr { host: "127.18.99.67" port: 40275 } }
I20260710 11:00:11.296829 20148 raft_consensus.cc:385] T 0da0d41970bd4d49882334dd3fdc4fc1 P 881623187e824a3988282299e176b2db [term 0 FOLLOWER]: Consensus starting up: Expiring failure detector timer to make a prompt election more likely
I20260710 11:00:11.297092 20148 raft_consensus.cc:740] T 0da0d41970bd4d49882334dd3fdc4fc1 P 881623187e824a3988282299e176b2db [term 0 FOLLOWER]: Becoming Follower/Learner. State: Replica: 881623187e824a3988282299e176b2db, State: Initialized, Role: FOLLOWER
I20260710 11:00:11.298157 20149 tablet_bootstrap.cc:654] T 6cf826afa34d4d06ac4006471b616761 P b8e5fce5fe234929acdf996119122a90: Neither blocks nor log segments found. Creating new log.
I20260710 11:00:11.298277 20148 consensus_queue.cc:260] T 0da0d41970bd4d49882334dd3fdc4fc1 P 881623187e824a3988282299e176b2db [NON_LEADER]: Queue going to NON_LEADER mode. State: All replicated index: 0, Majority replicated index: 0, Committed index: 0, Last appended: 0.0, Last appended by leader: 0, Current term: 0, Majority size: -1, State: 0, Mode: NON_LEADER, active raft config: opid_index: -1 OBSOLETE_local: false peers { permanent_uuid: "881623187e824a3988282299e176b2db" member_type: VOTER last_known_addr { host: "127.18.99.65" port: 46807 } } peers { permanent_uuid: "8725b74c8a274551be021530be90c73e" member_type: VOTER last_known_addr { host: "127.18.99.66" port: 35225 } } peers { permanent_uuid: "b8e5fce5fe234929acdf996119122a90" member_type: VOTER last_known_addr { host: "127.18.99.67" port: 40275 } }
I20260710 11:00:11.301232 20148 ts_tablet_manager.cc:1434] T 0da0d41970bd4d49882334dd3fdc4fc1 P 881623187e824a3988282299e176b2db: Time spent starting tablet: real 0.007s	user 0.007s	sys 0.000s
I20260710 11:00:11.295487 19857 catalog_manager.cc:5697] T 68261dbd14704555a1d41b2f518ed8e4 P 8725b74c8a274551be021530be90c73e reported cstate change: term changed from 0 to 1, leader changed from <none> to 8725b74c8a274551be021530be90c73e (127.18.99.66). New cstate: current_term: 1 leader_uuid: "8725b74c8a274551be021530be90c73e" committed_config { opid_index: -1 OBSOLETE_local: false peers { permanent_uuid: "881623187e824a3988282299e176b2db" member_type: VOTER last_known_addr { host: "127.18.99.65" port: 46807 } health_report { overall_health: UNKNOWN } } peers { permanent_uuid: "8725b74c8a274551be021530be90c73e" member_type: VOTER last_known_addr { host: "127.18.99.66" port: 35225 } health_report { overall_health: HEALTHY } } peers { permanent_uuid: "b8e5fce5fe234929acdf996119122a90" member_type: VOTER last_known_addr { host: "127.18.99.67" port: 40275 } health_report { overall_health: UNKNOWN } } }
I20260710 11:00:11.302160 20148 tablet_bootstrap.cc:492] T 8acde87f67c74516b7e34280f95d835f P 881623187e824a3988282299e176b2db: Bootstrap starting.
I20260710 11:00:11.303236 20226 consensus_queue.cc:1048] T f665087acec844db863e33706b841f3a P b8e5fce5fe234929acdf996119122a90 [LEADER]: Connected to new peer: Peer: permanent_uuid: "8725b74c8a274551be021530be90c73e" member_type: VOTER last_known_addr { host: "127.18.99.66" port: 35225 }, Status: LMP_MISMATCH, Last received: 0.0, Next index: 1, Last known committed idx: 0, Time since last communication: 0.000s
I20260710 11:00:11.299233 20150 raft_consensus.cc:359] T 8f284a7411984c4a85c4853544103684 P 8725b74c8a274551be021530be90c73e [term 0 FOLLOWER]: Replica starting. Triggering 0 pending ops. Active config: opid_index: -1 OBSOLETE_local: false peers { permanent_uuid: "881623187e824a3988282299e176b2db" member_type: VOTER last_known_addr { host: "127.18.99.65" port: 46807 } } peers { permanent_uuid: "8725b74c8a274551be021530be90c73e" member_type: VOTER last_known_addr { host: "127.18.99.66" port: 35225 } } peers { permanent_uuid: "b8e5fce5fe234929acdf996119122a90" member_type: VOTER last_known_addr { host: "127.18.99.67" port: 40275 } }
I20260710 11:00:11.307721 20150 raft_consensus.cc:385] T 8f284a7411984c4a85c4853544103684 P 8725b74c8a274551be021530be90c73e [term 0 FOLLOWER]: Consensus starting up: Expiring failure detector timer to make a prompt election more likely
I20260710 11:00:11.308117 20150 raft_consensus.cc:740] T 8f284a7411984c4a85c4853544103684 P 8725b74c8a274551be021530be90c73e [term 0 FOLLOWER]: Becoming Follower/Learner. State: Replica: 8725b74c8a274551be021530be90c73e, State: Initialized, Role: FOLLOWER
I20260710 11:00:11.308952 20150 consensus_queue.cc:260] T 8f284a7411984c4a85c4853544103684 P 8725b74c8a274551be021530be90c73e [NON_LEADER]: Queue going to NON_LEADER mode. State: All replicated index: 0, Majority replicated index: 0, Committed index: 0, Last appended: 0.0, Last appended by leader: 0, Current term: 0, Majority size: -1, State: 0, Mode: NON_LEADER, active raft config: opid_index: -1 OBSOLETE_local: false peers { permanent_uuid: "881623187e824a3988282299e176b2db" member_type: VOTER last_known_addr { host: "127.18.99.65" port: 46807 } } peers { permanent_uuid: "8725b74c8a274551be021530be90c73e" member_type: VOTER last_known_addr { host: "127.18.99.66" port: 35225 } } peers { permanent_uuid: "b8e5fce5fe234929acdf996119122a90" member_type: VOTER last_known_addr { host: "127.18.99.67" port: 40275 } }
I20260710 11:00:11.311645 20150 ts_tablet_manager.cc:1434] T 8f284a7411984c4a85c4853544103684 P 8725b74c8a274551be021530be90c73e: Time spent starting tablet: real 0.016s	user 0.003s	sys 0.000s
I20260710 11:00:11.312999 20150 tablet_bootstrap.cc:492] T a076b025931f4fe3aa365bd6fb34ba81 P 8725b74c8a274551be021530be90c73e: Bootstrap starting.
I20260710 11:00:11.321059 20150 tablet_bootstrap.cc:654] T a076b025931f4fe3aa365bd6fb34ba81 P 8725b74c8a274551be021530be90c73e: Neither blocks nor log segments found. Creating new log.
I20260710 11:00:11.322288 20148 tablet_bootstrap.cc:654] T 8acde87f67c74516b7e34280f95d835f P 881623187e824a3988282299e176b2db: Neither blocks nor log segments found. Creating new log.
I20260710 11:00:11.332500 20148 tablet_bootstrap.cc:492] T 8acde87f67c74516b7e34280f95d835f P 881623187e824a3988282299e176b2db: No bootstrap required, opened a new log
I20260710 11:00:11.332942 20148 ts_tablet_manager.cc:1403] T 8acde87f67c74516b7e34280f95d835f P 881623187e824a3988282299e176b2db: Time spent bootstrapping tablet: real 0.031s	user 0.013s	sys 0.000s
I20260710 11:00:11.333446 20149 tablet_bootstrap.cc:492] T 6cf826afa34d4d06ac4006471b616761 P b8e5fce5fe234929acdf996119122a90: No bootstrap required, opened a new log
I20260710 11:00:11.333976 20149 ts_tablet_manager.cc:1403] T 6cf826afa34d4d06ac4006471b616761 P b8e5fce5fe234929acdf996119122a90: Time spent bootstrapping tablet: real 0.056s	user 0.027s	sys 0.010s
I20260710 11:00:11.335551 20148 raft_consensus.cc:359] T 8acde87f67c74516b7e34280f95d835f P 881623187e824a3988282299e176b2db [term 0 FOLLOWER]: Replica starting. Triggering 0 pending ops. Active config: opid_index: -1 OBSOLETE_local: false peers { permanent_uuid: "881623187e824a3988282299e176b2db" member_type: VOTER last_known_addr { host: "127.18.99.65" port: 46807 } } peers { permanent_uuid: "8725b74c8a274551be021530be90c73e" member_type: VOTER last_known_addr { host: "127.18.99.66" port: 35225 } } peers { permanent_uuid: "b8e5fce5fe234929acdf996119122a90" member_type: VOTER last_known_addr { host: "127.18.99.67" port: 40275 } }
I20260710 11:00:11.336284 20148 raft_consensus.cc:385] T 8acde87f67c74516b7e34280f95d835f P 881623187e824a3988282299e176b2db [term 0 FOLLOWER]: Consensus starting up: Expiring failure detector timer to make a prompt election more likely
I20260710 11:00:11.336580 20148 raft_consensus.cc:740] T 8acde87f67c74516b7e34280f95d835f P 881623187e824a3988282299e176b2db [term 0 FOLLOWER]: Becoming Follower/Learner. State: Replica: 881623187e824a3988282299e176b2db, State: Initialized, Role: FOLLOWER
I20260710 11:00:11.337616 20149 raft_consensus.cc:359] T 6cf826afa34d4d06ac4006471b616761 P b8e5fce5fe234929acdf996119122a90 [term 0 FOLLOWER]: Replica starting. Triggering 0 pending ops. Active config: opid_index: -1 OBSOLETE_local: false peers { permanent_uuid: "881623187e824a3988282299e176b2db" member_type: VOTER last_known_addr { host: "127.18.99.65" port: 46807 } } peers { permanent_uuid: "8725b74c8a274551be021530be90c73e" member_type: VOTER last_known_addr { host: "127.18.99.66" port: 35225 } } peers { permanent_uuid: "b8e5fce5fe234929acdf996119122a90" member_type: VOTER last_known_addr { host: "127.18.99.67" port: 40275 } }
I20260710 11:00:11.340034 20149 raft_consensus.cc:385] T 6cf826afa34d4d06ac4006471b616761 P b8e5fce5fe234929acdf996119122a90 [term 0 FOLLOWER]: Consensus starting up: Expiring failure detector timer to make a prompt election more likely
I20260710 11:00:11.340392 20149 raft_consensus.cc:740] T 6cf826afa34d4d06ac4006471b616761 P b8e5fce5fe234929acdf996119122a90 [term 0 FOLLOWER]: Becoming Follower/Learner. State: Replica: b8e5fce5fe234929acdf996119122a90, State: Initialized, Role: FOLLOWER
I20260710 11:00:11.341758 20219 consensus_queue.cc:1048] T f665087acec844db863e33706b841f3a P b8e5fce5fe234929acdf996119122a90 [LEADER]: Connected to new peer: Peer: permanent_uuid: "881623187e824a3988282299e176b2db" member_type: VOTER last_known_addr { host: "127.18.99.65" port: 46807 }, Status: LMP_MISMATCH, Last received: 0.0, Next index: 1, Last known committed idx: 0, Time since last communication: 0.000s
I20260710 11:00:11.341540 20149 consensus_queue.cc:260] T 6cf826afa34d4d06ac4006471b616761 P b8e5fce5fe234929acdf996119122a90 [NON_LEADER]: Queue going to NON_LEADER mode. State: All replicated index: 0, Majority replicated index: 0, Committed index: 0, Last appended: 0.0, Last appended by leader: 0, Current term: 0, Majority size: -1, State: 0, Mode: NON_LEADER, active raft config: opid_index: -1 OBSOLETE_local: false peers { permanent_uuid: "881623187e824a3988282299e176b2db" member_type: VOTER last_known_addr { host: "127.18.99.65" port: 46807 } } peers { permanent_uuid: "8725b74c8a274551be021530be90c73e" member_type: VOTER last_known_addr { host: "127.18.99.66" port: 35225 } } peers { permanent_uuid: "b8e5fce5fe234929acdf996119122a90" member_type: VOTER last_known_addr { host: "127.18.99.67" port: 40275 } }
I20260710 11:00:11.343942 20149 ts_tablet_manager.cc:1434] T 6cf826afa34d4d06ac4006471b616761 P b8e5fce5fe234929acdf996119122a90: Time spent starting tablet: real 0.010s	user 0.006s	sys 0.000s
I20260710 11:00:11.337831 20148 consensus_queue.cc:260] T 8acde87f67c74516b7e34280f95d835f P 881623187e824a3988282299e176b2db [NON_LEADER]: Queue going to NON_LEADER mode. State: All replicated index: 0, Majority replicated index: 0, Committed index: 0, Last appended: 0.0, Last appended by leader: 0, Current term: 0, Majority size: -1, State: 0, Mode: NON_LEADER, active raft config: opid_index: -1 OBSOLETE_local: false peers { permanent_uuid: "881623187e824a3988282299e176b2db" member_type: VOTER last_known_addr { host: "127.18.99.65" port: 46807 } } peers { permanent_uuid: "8725b74c8a274551be021530be90c73e" member_type: VOTER last_known_addr { host: "127.18.99.66" port: 35225 } } peers { permanent_uuid: "b8e5fce5fe234929acdf996119122a90" member_type: VOTER last_known_addr { host: "127.18.99.67" port: 40275 } }
I20260710 11:00:11.339656 20150 tablet_bootstrap.cc:492] T a076b025931f4fe3aa365bd6fb34ba81 P 8725b74c8a274551be021530be90c73e: No bootstrap required, opened a new log
I20260710 11:00:11.349535 20211 raft_consensus.cc:493] T 6cf826afa34d4d06ac4006471b616761 P 8725b74c8a274551be021530be90c73e [term 0 FOLLOWER]: Starting pre-election (no leader contacted us within the election timeout)
I20260710 11:00:11.352697 20211 raft_consensus.cc:515] T 6cf826afa34d4d06ac4006471b616761 P 8725b74c8a274551be021530be90c73e [term 0 FOLLOWER]: Starting pre-election with config: opid_index: -1 OBSOLETE_local: false peers { permanent_uuid: "881623187e824a3988282299e176b2db" member_type: VOTER last_known_addr { host: "127.18.99.65" port: 46807 } } peers { permanent_uuid: "8725b74c8a274551be021530be90c73e" member_type: VOTER last_known_addr { host: "127.18.99.66" port: 35225 } } peers { permanent_uuid: "b8e5fce5fe234929acdf996119122a90" member_type: VOTER last_known_addr { host: "127.18.99.67" port: 40275 } }
I20260710 11:00:11.353245 20148 ts_tablet_manager.cc:1434] T 8acde87f67c74516b7e34280f95d835f P 881623187e824a3988282299e176b2db: Time spent starting tablet: real 0.020s	user 0.007s	sys 0.000s
I20260710 11:00:11.350000 20150 ts_tablet_manager.cc:1403] T a076b025931f4fe3aa365bd6fb34ba81 P 8725b74c8a274551be021530be90c73e: Time spent bootstrapping tablet: real 0.037s	user 0.013s	sys 0.007s
I20260710 11:00:11.354192 20148 tablet_bootstrap.cc:492] T 8f284a7411984c4a85c4853544103684 P 881623187e824a3988282299e176b2db: Bootstrap starting.
I20260710 11:00:11.356384 20108 tablet_service.cc:1917] Received RequestConsensusVote() RPC: tablet_id: "6cf826afa34d4d06ac4006471b616761" candidate_uuid: "8725b74c8a274551be021530be90c73e" candidate_term: 1 candidate_status { last_received { term: 0 index: 0 } } ignore_live_leader: false dest_uuid: "b8e5fce5fe234929acdf996119122a90" is_pre_election: true
I20260710 11:00:11.357004 20108 raft_consensus.cc:2468] T 6cf826afa34d4d06ac4006471b616761 P b8e5fce5fe234929acdf996119122a90 [term 0 FOLLOWER]: Leader pre-election vote request: Granting yes vote for candidate 8725b74c8a274551be021530be90c73e in term 0.
I20260710 11:00:11.356982 20150 raft_consensus.cc:359] T a076b025931f4fe3aa365bd6fb34ba81 P 8725b74c8a274551be021530be90c73e [term 0 FOLLOWER]: Replica starting. Triggering 0 pending ops. Active config: opid_index: -1 OBSOLETE_local: false peers { permanent_uuid: "881623187e824a3988282299e176b2db" member_type: VOTER last_known_addr { host: "127.18.99.65" port: 46807 } } peers { permanent_uuid: "8725b74c8a274551be021530be90c73e" member_type: VOTER last_known_addr { host: "127.18.99.66" port: 35225 } } peers { permanent_uuid: "b8e5fce5fe234929acdf996119122a90" member_type: VOTER last_known_addr { host: "127.18.99.67" port: 40275 } }
I20260710 11:00:11.357877 20150 raft_consensus.cc:385] T a076b025931f4fe3aa365bd6fb34ba81 P 8725b74c8a274551be021530be90c73e [term 0 FOLLOWER]: Consensus starting up: Expiring failure detector timer to make a prompt election more likely
I20260710 11:00:11.358197 20150 raft_consensus.cc:740] T a076b025931f4fe3aa365bd6fb34ba81 P 8725b74c8a274551be021530be90c73e [term 0 FOLLOWER]: Becoming Follower/Learner. State: Replica: 8725b74c8a274551be021530be90c73e, State: Initialized, Role: FOLLOWER
I20260710 11:00:11.358477 20000 leader_election.cc:304] T 6cf826afa34d4d06ac4006471b616761 P 8725b74c8a274551be021530be90c73e [CANDIDATE]: Term 1 pre-election: Election decided. Result: candidate won. Election summary: received 2 responses out of 3 voters: 2 yes votes; 0 no votes. yes voters: 8725b74c8a274551be021530be90c73e, b8e5fce5fe234929acdf996119122a90; no voters: 
I20260710 11:00:11.358968 20150 consensus_queue.cc:260] T a076b025931f4fe3aa365bd6fb34ba81 P 8725b74c8a274551be021530be90c73e [NON_LEADER]: Queue going to NON_LEADER mode. State: All replicated index: 0, Majority replicated index: 0, Committed index: 0, Last appended: 0.0, Last appended by leader: 0, Current term: 0, Majority size: -1, State: 0, Mode: NON_LEADER, active raft config: opid_index: -1 OBSOLETE_local: false peers { permanent_uuid: "881623187e824a3988282299e176b2db" member_type: VOTER last_known_addr { host: "127.18.99.65" port: 46807 } } peers { permanent_uuid: "8725b74c8a274551be021530be90c73e" member_type: VOTER last_known_addr { host: "127.18.99.66" port: 35225 } } peers { permanent_uuid: "b8e5fce5fe234929acdf996119122a90" member_type: VOTER last_known_addr { host: "127.18.99.67" port: 40275 } }
I20260710 11:00:11.360150 20183 raft_consensus.cc:2804] T 6cf826afa34d4d06ac4006471b616761 P 8725b74c8a274551be021530be90c73e [term 0 FOLLOWER]: Leader pre-election won for term 1
I20260710 11:00:11.360605 20183 raft_consensus.cc:493] T 6cf826afa34d4d06ac4006471b616761 P 8725b74c8a274551be021530be90c73e [term 0 FOLLOWER]: Starting leader election (no leader contacted us within the election timeout)
I20260710 11:00:11.360416 19958 tablet_service.cc:1917] Received RequestConsensusVote() RPC: tablet_id: "6cf826afa34d4d06ac4006471b616761" candidate_uuid: "8725b74c8a274551be021530be90c73e" candidate_term: 1 candidate_status { last_received { term: 0 index: 0 } } ignore_live_leader: false dest_uuid: "881623187e824a3988282299e176b2db" is_pre_election: true
I20260710 11:00:11.361065 20183 raft_consensus.cc:3060] T 6cf826afa34d4d06ac4006471b616761 P 8725b74c8a274551be021530be90c73e [term 0 FOLLOWER]: Advancing to term 1
I20260710 11:00:11.361342 19958 raft_consensus.cc:2468] T 6cf826afa34d4d06ac4006471b616761 P 881623187e824a3988282299e176b2db [term 0 FOLLOWER]: Leader pre-election vote request: Granting yes vote for candidate 8725b74c8a274551be021530be90c73e in term 0.
I20260710 11:00:11.355780 20211 leader_election.cc:290] T 6cf826afa34d4d06ac4006471b616761 P 8725b74c8a274551be021530be90c73e [CANDIDATE]: Term 1 pre-election: Requested pre-vote from peers 881623187e824a3988282299e176b2db (127.18.99.65:46807), b8e5fce5fe234929acdf996119122a90 (127.18.99.67:40275)
I20260710 11:00:11.344923 20149 tablet_bootstrap.cc:492] T 8cc65001c1c9476699ab13af4bb7866c P b8e5fce5fe234929acdf996119122a90: Bootstrap starting.
I20260710 11:00:11.367771 20150 ts_tablet_manager.cc:1434] T a076b025931f4fe3aa365bd6fb34ba81 P 8725b74c8a274551be021530be90c73e: Time spent starting tablet: real 0.013s	user 0.006s	sys 0.001s
I20260710 11:00:11.371362 20150 tablet_bootstrap.cc:492] T ce2f5e86af334a04a75404a3795d7b23 P 8725b74c8a274551be021530be90c73e: Bootstrap starting.
I20260710 11:00:11.375025 20219 consensus_queue.cc:1048] T cb9b85c1ea674a4fa627163202f1641c P b8e5fce5fe234929acdf996119122a90 [LEADER]: Connected to new peer: Peer: permanent_uuid: "881623187e824a3988282299e176b2db" member_type: VOTER last_known_addr { host: "127.18.99.65" port: 46807 }, Status: LMP_MISMATCH, Last received: 0.0, Next index: 1, Last known committed idx: 0, Time since last communication: 0.000s
I20260710 11:00:11.372318 20183 raft_consensus.cc:515] T 6cf826afa34d4d06ac4006471b616761 P 8725b74c8a274551be021530be90c73e [term 1 FOLLOWER]: Starting leader election with config: opid_index: -1 OBSOLETE_local: false peers { permanent_uuid: "881623187e824a3988282299e176b2db" member_type: VOTER last_known_addr { host: "127.18.99.65" port: 46807 } } peers { permanent_uuid: "8725b74c8a274551be021530be90c73e" member_type: VOTER last_known_addr { host: "127.18.99.66" port: 35225 } } peers { permanent_uuid: "b8e5fce5fe234929acdf996119122a90" member_type: VOTER last_known_addr { host: "127.18.99.67" port: 40275 } }
I20260710 11:00:11.379801 19955 tablet_service.cc:1917] Received RequestConsensusVote() RPC: tablet_id: "6cf826afa34d4d06ac4006471b616761" candidate_uuid: "8725b74c8a274551be021530be90c73e" candidate_term: 1 candidate_status { last_received { term: 0 index: 0 } } ignore_live_leader: false dest_uuid: "881623187e824a3988282299e176b2db"
I20260710 11:00:11.380426 19955 raft_consensus.cc:3060] T 6cf826afa34d4d06ac4006471b616761 P 881623187e824a3988282299e176b2db [term 0 FOLLOWER]: Advancing to term 1
I20260710 11:00:11.380739 20108 tablet_service.cc:1917] Received RequestConsensusVote() RPC: tablet_id: "6cf826afa34d4d06ac4006471b616761" candidate_uuid: "8725b74c8a274551be021530be90c73e" candidate_term: 1 candidate_status { last_received { term: 0 index: 0 } } ignore_live_leader: false dest_uuid: "b8e5fce5fe234929acdf996119122a90"
I20260710 11:00:11.381347 20108 raft_consensus.cc:3060] T 6cf826afa34d4d06ac4006471b616761 P b8e5fce5fe234929acdf996119122a90 [term 0 FOLLOWER]: Advancing to term 1
I20260710 11:00:11.387209 20211 raft_consensus.cc:493] T 21af9cee2e8d49f095807f8e159a217f P 8725b74c8a274551be021530be90c73e [term 0 FOLLOWER]: Starting pre-election (no leader contacted us within the election timeout)
I20260710 11:00:11.387724 20211 raft_consensus.cc:515] T 21af9cee2e8d49f095807f8e159a217f P 8725b74c8a274551be021530be90c73e [term 0 FOLLOWER]: Starting pre-election with config: opid_index: -1 OBSOLETE_local: false peers { permanent_uuid: "881623187e824a3988282299e176b2db" member_type: VOTER last_known_addr { host: "127.18.99.65" port: 46807 } } peers { permanent_uuid: "8725b74c8a274551be021530be90c73e" member_type: VOTER last_known_addr { host: "127.18.99.66" port: 35225 } } peers { permanent_uuid: "b8e5fce5fe234929acdf996119122a90" member_type: VOTER last_known_addr { host: "127.18.99.67" port: 40275 } }
I20260710 11:00:11.386093 20183 leader_election.cc:290] T 6cf826afa34d4d06ac4006471b616761 P 8725b74c8a274551be021530be90c73e [CANDIDATE]: Term 1 election: Requested vote from peers 881623187e824a3988282299e176b2db (127.18.99.65:46807), b8e5fce5fe234929acdf996119122a90 (127.18.99.67:40275)
I20260710 11:00:11.396860 20107 tablet_service.cc:1917] Received RequestConsensusVote() RPC: tablet_id: "21af9cee2e8d49f095807f8e159a217f" candidate_uuid: "8725b74c8a274551be021530be90c73e" candidate_term: 1 candidate_status { last_received { term: 0 index: 0 } } ignore_live_leader: false dest_uuid: "b8e5fce5fe234929acdf996119122a90" is_pre_election: true
I20260710 11:00:11.397576 20148 tablet_bootstrap.cc:654] T 8f284a7411984c4a85c4853544103684 P 881623187e824a3988282299e176b2db: Neither blocks nor log segments found. Creating new log.
I20260710 11:00:11.398207 20211 leader_election.cc:290] T 21af9cee2e8d49f095807f8e159a217f P 8725b74c8a274551be021530be90c73e [CANDIDATE]: Term 1 pre-election: Requested pre-vote from peers 881623187e824a3988282299e176b2db (127.18.99.65:46807), b8e5fce5fe234929acdf996119122a90 (127.18.99.67:40275)
I20260710 11:00:11.398113 20107 raft_consensus.cc:2468] T 21af9cee2e8d49f095807f8e159a217f P b8e5fce5fe234929acdf996119122a90 [term 0 FOLLOWER]: Leader pre-election vote request: Granting yes vote for candidate 8725b74c8a274551be021530be90c73e in term 0.
I20260710 11:00:11.401180 20149 tablet_bootstrap.cc:654] T 8cc65001c1c9476699ab13af4bb7866c P b8e5fce5fe234929acdf996119122a90: Neither blocks nor log segments found. Creating new log.
I20260710 11:00:11.399820 20108 raft_consensus.cc:2468] T 6cf826afa34d4d06ac4006471b616761 P b8e5fce5fe234929acdf996119122a90 [term 1 FOLLOWER]: Leader election vote request: Granting yes vote for candidate 8725b74c8a274551be021530be90c73e in term 1.
I20260710 11:00:11.401639 20000 leader_election.cc:304] T 21af9cee2e8d49f095807f8e159a217f P 8725b74c8a274551be021530be90c73e [CANDIDATE]: Term 1 pre-election: Election decided. Result: candidate won. Election summary: received 2 responses out of 3 voters: 2 yes votes; 0 no votes. yes voters: 8725b74c8a274551be021530be90c73e, b8e5fce5fe234929acdf996119122a90; no voters: 
I20260710 11:00:11.407598 20219 raft_consensus.cc:493] T ce2f5e86af334a04a75404a3795d7b23 P b8e5fce5fe234929acdf996119122a90 [term 0 FOLLOWER]: Starting pre-election (no leader contacted us within the election timeout)
I20260710 11:00:11.407827 20000 leader_election.cc:304] T 6cf826afa34d4d06ac4006471b616761 P 8725b74c8a274551be021530be90c73e [CANDIDATE]: Term 1 election: Election decided. Result: candidate won. Election summary: received 2 responses out of 3 voters: 2 yes votes; 0 no votes. yes voters: 8725b74c8a274551be021530be90c73e, b8e5fce5fe234929acdf996119122a90; no voters: 
I20260710 11:00:11.408110 20219 raft_consensus.cc:515] T ce2f5e86af334a04a75404a3795d7b23 P b8e5fce5fe234929acdf996119122a90 [term 0 FOLLOWER]: Starting pre-election with config: opid_index: -1 OBSOLETE_local: false peers { permanent_uuid: "881623187e824a3988282299e176b2db" member_type: VOTER last_known_addr { host: "127.18.99.65" port: 46807 } } peers { permanent_uuid: "8725b74c8a274551be021530be90c73e" member_type: VOTER last_known_addr { host: "127.18.99.66" port: 35225 } } peers { permanent_uuid: "b8e5fce5fe234929acdf996119122a90" member_type: VOTER last_known_addr { host: "127.18.99.67" port: 40275 } }
I20260710 11:00:11.408720 20183 raft_consensus.cc:2804] T 21af9cee2e8d49f095807f8e159a217f P 8725b74c8a274551be021530be90c73e [term 0 FOLLOWER]: Leader pre-election won for term 1
I20260710 11:00:11.409090 20183 raft_consensus.cc:493] T 21af9cee2e8d49f095807f8e159a217f P 8725b74c8a274551be021530be90c73e [term 0 FOLLOWER]: Starting leader election (no leader contacted us within the election timeout)
I20260710 11:00:11.409433 20183 raft_consensus.cc:3060] T 21af9cee2e8d49f095807f8e159a217f P 8725b74c8a274551be021530be90c73e [term 0 FOLLOWER]: Advancing to term 1
I20260710 11:00:11.413538 20211 raft_consensus.cc:2804] T 6cf826afa34d4d06ac4006471b616761 P 8725b74c8a274551be021530be90c73e [term 1 FOLLOWER]: Leader election won for term 1
I20260710 11:00:11.414916 20148 tablet_bootstrap.cc:492] T 8f284a7411984c4a85c4853544103684 P 881623187e824a3988282299e176b2db: No bootstrap required, opened a new log
I20260710 11:00:11.415493 20148 ts_tablet_manager.cc:1403] T 8f284a7411984c4a85c4853544103684 P 881623187e824a3988282299e176b2db: Time spent bootstrapping tablet: real 0.062s	user 0.017s	sys 0.014s
I20260710 11:00:11.417559 20148 raft_consensus.cc:359] T 8f284a7411984c4a85c4853544103684 P 881623187e824a3988282299e176b2db [term 0 FOLLOWER]: Replica starting. Triggering 0 pending ops. Active config: opid_index: -1 OBSOLETE_local: false peers { permanent_uuid: "881623187e824a3988282299e176b2db" member_type: VOTER last_known_addr { host: "127.18.99.65" port: 46807 } } peers { permanent_uuid: "8725b74c8a274551be021530be90c73e" member_type: VOTER last_known_addr { host: "127.18.99.66" port: 35225 } } peers { permanent_uuid: "b8e5fce5fe234929acdf996119122a90" member_type: VOTER last_known_addr { host: "127.18.99.67" port: 40275 } }
I20260710 11:00:11.418121 20148 raft_consensus.cc:385] T 8f284a7411984c4a85c4853544103684 P 881623187e824a3988282299e176b2db [term 0 FOLLOWER]: Consensus starting up: Expiring failure detector timer to make a prompt election more likely
I20260710 11:00:11.418358 20148 raft_consensus.cc:740] T 8f284a7411984c4a85c4853544103684 P 881623187e824a3988282299e176b2db [term 0 FOLLOWER]: Becoming Follower/Learner. State: Replica: 881623187e824a3988282299e176b2db, State: Initialized, Role: FOLLOWER
I20260710 11:00:11.419514 20033 tablet_service.cc:1917] Received RequestConsensusVote() RPC: tablet_id: "ce2f5e86af334a04a75404a3795d7b23" candidate_uuid: "b8e5fce5fe234929acdf996119122a90" candidate_term: 1 candidate_status { last_received { term: 0 index: 0 } } ignore_live_leader: false dest_uuid: "8725b74c8a274551be021530be90c73e" is_pre_election: true
W20260710 11:00:11.421636 20071 leader_election.cc:343] T ce2f5e86af334a04a75404a3795d7b23 P b8e5fce5fe234929acdf996119122a90 [CANDIDATE]: Term 1 pre-election: Tablet error from VoteRequest() call to peer 8725b74c8a274551be021530be90c73e (127.18.99.66:35225): Illegal state: must be running to vote when last-logged opid is not known
I20260710 11:00:11.422279 19958 tablet_service.cc:1917] Received RequestConsensusVote() RPC: tablet_id: "ce2f5e86af334a04a75404a3795d7b23" candidate_uuid: "b8e5fce5fe234929acdf996119122a90" candidate_term: 1 candidate_status { last_received { term: 0 index: 0 } } ignore_live_leader: false dest_uuid: "881623187e824a3988282299e176b2db" is_pre_election: true
I20260710 11:00:11.422730 20211 raft_consensus.cc:697] T 6cf826afa34d4d06ac4006471b616761 P 8725b74c8a274551be021530be90c73e [term 1 LEADER]: Becoming Leader. State: Replica: 8725b74c8a274551be021530be90c73e, State: Running, Role: LEADER
I20260710 11:00:11.424054 20211 consensus_queue.cc:237] T 6cf826afa34d4d06ac4006471b616761 P 8725b74c8a274551be021530be90c73e [LEADER]: Queue going to LEADER mode. State: All replicated index: 0, Majority replicated index: 0, Committed index: 0, Last appended: 0.0, Last appended by leader: 0, Current term: 1, Majority size: 2, State: 0, Mode: LEADER, active raft config: opid_index: -1 OBSOLETE_local: false peers { permanent_uuid: "881623187e824a3988282299e176b2db" member_type: VOTER last_known_addr { host: "127.18.99.65" port: 46807 } } peers { permanent_uuid: "8725b74c8a274551be021530be90c73e" member_type: VOTER last_known_addr { host: "127.18.99.66" port: 35225 } } peers { permanent_uuid: "b8e5fce5fe234929acdf996119122a90" member_type: VOTER last_known_addr { host: "127.18.99.67" port: 40275 } }
W20260710 11:00:11.424495 20072 leader_election.cc:343] T ce2f5e86af334a04a75404a3795d7b23 P b8e5fce5fe234929acdf996119122a90 [CANDIDATE]: Term 1 pre-election: Tablet error from VoteRequest() call to peer 881623187e824a3988282299e176b2db (127.18.99.65:46807): Illegal state: must be running to vote when last-logged opid is not known
I20260710 11:00:11.424454 20226 consensus_queue.cc:1048] T cb9b85c1ea674a4fa627163202f1641c P b8e5fce5fe234929acdf996119122a90 [LEADER]: Connected to new peer: Peer: permanent_uuid: "8725b74c8a274551be021530be90c73e" member_type: VOTER last_known_addr { host: "127.18.99.66" port: 35225 }, Status: LMP_MISMATCH, Last received: 0.0, Next index: 1, Last known committed idx: 0, Time since last communication: 0.001s
I20260710 11:00:11.425078 20072 leader_election.cc:304] T ce2f5e86af334a04a75404a3795d7b23 P b8e5fce5fe234929acdf996119122a90 [CANDIDATE]: Term 1 pre-election: Election decided. Result: candidate lost. Election summary: received 3 responses out of 3 voters: 1 yes votes; 2 no votes. yes voters: b8e5fce5fe234929acdf996119122a90; no voters: 8725b74c8a274551be021530be90c73e, 881623187e824a3988282299e176b2db
I20260710 11:00:11.402431 20150 tablet_bootstrap.cc:654] T ce2f5e86af334a04a75404a3795d7b23 P 8725b74c8a274551be021530be90c73e: Neither blocks nor log segments found. Creating new log.
I20260710 11:00:11.425997 20226 raft_consensus.cc:2749] T ce2f5e86af334a04a75404a3795d7b23 P b8e5fce5fe234929acdf996119122a90 [term 0 FOLLOWER]: Leader pre-election lost for term 1. Reason: could not achieve majority
I20260710 11:00:11.402979 19955 raft_consensus.cc:2468] T 6cf826afa34d4d06ac4006471b616761 P 881623187e824a3988282299e176b2db [term 1 FOLLOWER]: Leader election vote request: Granting yes vote for candidate 8725b74c8a274551be021530be90c73e in term 1.
I20260710 11:00:11.397883 19954 tablet_service.cc:1917] Received RequestConsensusVote() RPC: tablet_id: "21af9cee2e8d49f095807f8e159a217f" candidate_uuid: "8725b74c8a274551be021530be90c73e" candidate_term: 1 candidate_status { last_received { term: 0 index: 0 } } ignore_live_leader: false dest_uuid: "881623187e824a3988282299e176b2db" is_pre_election: true
I20260710 11:00:11.424891 20183 raft_consensus.cc:515] T 21af9cee2e8d49f095807f8e159a217f P 8725b74c8a274551be021530be90c73e [term 1 FOLLOWER]: Starting leader election with config: opid_index: -1 OBSOLETE_local: false peers { permanent_uuid: "881623187e824a3988282299e176b2db" member_type: VOTER last_known_addr { host: "127.18.99.65" port: 46807 } } peers { permanent_uuid: "8725b74c8a274551be021530be90c73e" member_type: VOTER last_known_addr { host: "127.18.99.66" port: 35225 } } peers { permanent_uuid: "b8e5fce5fe234929acdf996119122a90" member_type: VOTER last_known_addr { host: "127.18.99.67" port: 40275 } }
I20260710 11:00:11.428105 20219 leader_election.cc:290] T ce2f5e86af334a04a75404a3795d7b23 P b8e5fce5fe234929acdf996119122a90 [CANDIDATE]: Term 1 pre-election: Requested pre-vote from peers 881623187e824a3988282299e176b2db (127.18.99.65:46807), 8725b74c8a274551be021530be90c73e (127.18.99.66:35225)
I20260710 11:00:11.454516 20219 raft_consensus.cc:493] T a076b025931f4fe3aa365bd6fb34ba81 P b8e5fce5fe234929acdf996119122a90 [term 0 FOLLOWER]: Starting pre-election (no leader contacted us within the election timeout)
I20260710 11:00:11.418985 20148 consensus_queue.cc:260] T 8f284a7411984c4a85c4853544103684 P 881623187e824a3988282299e176b2db [NON_LEADER]: Queue going to NON_LEADER mode. State: All replicated index: 0, Majority replicated index: 0, Committed index: 0, Last appended: 0.0, Last appended by leader: 0, Current term: 0, Majority size: -1, State: 0, Mode: NON_LEADER, active raft config: opid_index: -1 OBSOLETE_local: false peers { permanent_uuid: "881623187e824a3988282299e176b2db" member_type: VOTER last_known_addr { host: "127.18.99.65" port: 46807 } } peers { permanent_uuid: "8725b74c8a274551be021530be90c73e" member_type: VOTER last_known_addr { host: "127.18.99.66" port: 35225 } } peers { permanent_uuid: "b8e5fce5fe234929acdf996119122a90" member_type: VOTER last_known_addr { host: "127.18.99.67" port: 40275 } }
I20260710 11:00:11.455070 20219 raft_consensus.cc:515] T a076b025931f4fe3aa365bd6fb34ba81 P b8e5fce5fe234929acdf996119122a90 [term 0 FOLLOWER]: Starting pre-election with config: opid_index: -1 OBSOLETE_local: false peers { permanent_uuid: "881623187e824a3988282299e176b2db" member_type: VOTER last_known_addr { host: "127.18.99.65" port: 46807 } } peers { permanent_uuid: "8725b74c8a274551be021530be90c73e" member_type: VOTER last_known_addr { host: "127.18.99.66" port: 35225 } } peers { permanent_uuid: "b8e5fce5fe234929acdf996119122a90" member_type: VOTER last_known_addr { host: "127.18.99.67" port: 40275 } }
I20260710 11:00:11.457013 20220 raft_consensus.cc:493] T 0da0d41970bd4d49882334dd3fdc4fc1 P 881623187e824a3988282299e176b2db [term 0 FOLLOWER]: Starting pre-election (no leader contacted us within the election timeout)
I20260710 11:00:11.457693 20148 ts_tablet_manager.cc:1434] T 8f284a7411984c4a85c4853544103684 P 881623187e824a3988282299e176b2db: Time spent starting tablet: real 0.042s	user 0.004s	sys 0.000s
I20260710 11:00:11.457458 20220 raft_consensus.cc:515] T 0da0d41970bd4d49882334dd3fdc4fc1 P 881623187e824a3988282299e176b2db [term 0 FOLLOWER]: Starting pre-election with config: opid_index: -1 OBSOLETE_local: false peers { permanent_uuid: "881623187e824a3988282299e176b2db" member_type: VOTER last_known_addr { host: "127.18.99.65" port: 46807 } } peers { permanent_uuid: "8725b74c8a274551be021530be90c73e" member_type: VOTER last_known_addr { host: "127.18.99.66" port: 35225 } } peers { permanent_uuid: "b8e5fce5fe234929acdf996119122a90" member_type: VOTER last_known_addr { host: "127.18.99.67" port: 40275 } }
I20260710 11:00:11.458600 20148 tablet_bootstrap.cc:492] T ce2f5e86af334a04a75404a3795d7b23 P 881623187e824a3988282299e176b2db: Bootstrap starting.
I20260710 11:00:11.458725 20150 tablet_bootstrap.cc:492] T ce2f5e86af334a04a75404a3795d7b23 P 8725b74c8a274551be021530be90c73e: No bootstrap required, opened a new log
I20260710 11:00:11.459228 20150 ts_tablet_manager.cc:1403] T ce2f5e86af334a04a75404a3795d7b23 P 8725b74c8a274551be021530be90c73e: Time spent bootstrapping tablet: real 0.088s	user 0.009s	sys 0.002s
I20260710 11:00:11.459467 20220 leader_election.cc:290] T 0da0d41970bd4d49882334dd3fdc4fc1 P 881623187e824a3988282299e176b2db [CANDIDATE]: Term 1 pre-election: Requested pre-vote from peers 8725b74c8a274551be021530be90c73e (127.18.99.66:35225), b8e5fce5fe234929acdf996119122a90 (127.18.99.67:40275)
I20260710 11:00:11.460628 20034 tablet_service.cc:1917] Received RequestConsensusVote() RPC: tablet_id: "0da0d41970bd4d49882334dd3fdc4fc1" candidate_uuid: "881623187e824a3988282299e176b2db" candidate_term: 1 candidate_status { last_received { term: 0 index: 0 } } ignore_live_leader: false dest_uuid: "8725b74c8a274551be021530be90c73e" is_pre_election: true
I20260710 11:00:11.462041 20219 leader_election.cc:290] T a076b025931f4fe3aa365bd6fb34ba81 P b8e5fce5fe234929acdf996119122a90 [CANDIDATE]: Term 1 pre-election: Requested pre-vote from peers 881623187e824a3988282299e176b2db (127.18.99.65:46807), 8725b74c8a274551be021530be90c73e (127.18.99.66:35225)
I20260710 11:00:11.461918 20150 raft_consensus.cc:359] T ce2f5e86af334a04a75404a3795d7b23 P 8725b74c8a274551be021530be90c73e [term 0 FOLLOWER]: Replica starting. Triggering 0 pending ops. Active config: opid_index: -1 OBSOLETE_local: false peers { permanent_uuid: "881623187e824a3988282299e176b2db" member_type: VOTER last_known_addr { host: "127.18.99.65" port: 46807 } } peers { permanent_uuid: "8725b74c8a274551be021530be90c73e" member_type: VOTER last_known_addr { host: "127.18.99.66" port: 35225 } } peers { permanent_uuid: "b8e5fce5fe234929acdf996119122a90" member_type: VOTER last_known_addr { host: "127.18.99.67" port: 40275 } }
I20260710 11:00:11.462674 20150 raft_consensus.cc:385] T ce2f5e86af334a04a75404a3795d7b23 P 8725b74c8a274551be021530be90c73e [term 0 FOLLOWER]: Consensus starting up: Expiring failure detector timer to make a prompt election more likely
W20260710 11:00:11.462738 19998 leader_election.cc:343] T 21af9cee2e8d49f095807f8e159a217f P 8725b74c8a274551be021530be90c73e [CANDIDATE]: Term 1 pre-election: Tablet error from VoteRequest() call to peer 881623187e824a3988282299e176b2db (127.18.99.65:46807): Illegal state: must be running to vote when last-logged opid is not known
I20260710 11:00:11.463004 20150 raft_consensus.cc:740] T ce2f5e86af334a04a75404a3795d7b23 P 8725b74c8a274551be021530be90c73e [term 0 FOLLOWER]: Becoming Follower/Learner. State: Replica: 8725b74c8a274551be021530be90c73e, State: Initialized, Role: FOLLOWER
I20260710 11:00:11.464083 20183 leader_election.cc:290] T 21af9cee2e8d49f095807f8e159a217f P 8725b74c8a274551be021530be90c73e [CANDIDATE]: Term 1 election: Requested vote from peers 881623187e824a3988282299e176b2db (127.18.99.65:46807), b8e5fce5fe234929acdf996119122a90 (127.18.99.67:40275)
I20260710 11:00:11.464958 19958 tablet_service.cc:1917] Received RequestConsensusVote() RPC: tablet_id: "21af9cee2e8d49f095807f8e159a217f" candidate_uuid: "8725b74c8a274551be021530be90c73e" candidate_term: 1 candidate_status { last_received { term: 0 index: 0 } } ignore_live_leader: false dest_uuid: "881623187e824a3988282299e176b2db"
I20260710 11:00:11.463779 20107 tablet_service.cc:1917] Received RequestConsensusVote() RPC: tablet_id: "0da0d41970bd4d49882334dd3fdc4fc1" candidate_uuid: "881623187e824a3988282299e176b2db" candidate_term: 1 candidate_status { last_received { term: 0 index: 0 } } ignore_live_leader: false dest_uuid: "b8e5fce5fe234929acdf996119122a90" is_pre_election: true
I20260710 11:00:11.466055 20107 raft_consensus.cc:2468] T 0da0d41970bd4d49882334dd3fdc4fc1 P b8e5fce5fe234929acdf996119122a90 [term 0 FOLLOWER]: Leader pre-election vote request: Granting yes vote for candidate 881623187e824a3988282299e176b2db in term 0.
