I20260710 11:07:42.856602 24661 tablet_service.cc:1917] Received RequestConsensusVote() RPC: tablet_id: "45e0b8b26ab44ff7afdea22093b0ee48" candidate_uuid: "7eee261dabad4c5b8ceaf477cd396b4c" candidate_term: 1 candidate_status { last_received { term: 0 index: 0 } } ignore_live_leader: false dest_uuid: "2ca84acc36bf4a489b1884480b770e08" is_pre_election: true
I20260710 11:07:42.856923 24701 raft_consensus.cc:359] T 06b2a79c6312451388c5ed3baefde9ff P 7bc434cba8fc458494fd8a0139284907 [term 0 FOLLOWER]: Replica starting. Triggering 0 pending ops. Active config: opid_index: -1 OBSOLETE_local: false peers { permanent_uuid: "7bc434cba8fc458494fd8a0139284907" member_type: VOTER last_known_addr { host: "127.23.85.65" port: 44423 } } peers { permanent_uuid: "7eee261dabad4c5b8ceaf477cd396b4c" member_type: VOTER last_known_addr { host: "127.23.85.66" port: 36109 } } peers { permanent_uuid: "2ca84acc36bf4a489b1884480b770e08" member_type: VOTER last_known_addr { host: "127.23.85.67" port: 37515 } }
I20260710 11:07:42.857496 24701 raft_consensus.cc:385] T 06b2a79c6312451388c5ed3baefde9ff P 7bc434cba8fc458494fd8a0139284907 [term 0 FOLLOWER]: Consensus starting up: Expiring failure detector timer to make a prompt election more likely
I20260710 11:07:42.857724 24701 raft_consensus.cc:740] T 06b2a79c6312451388c5ed3baefde9ff P 7bc434cba8fc458494fd8a0139284907 [term 0 FOLLOWER]: Becoming Follower/Learner. State: Replica: 7bc434cba8fc458494fd8a0139284907, State: Initialized, Role: FOLLOWER
W20260710 11:07:42.857720 24551 leader_election.cc:343] T 45e0b8b26ab44ff7afdea22093b0ee48 P 7eee261dabad4c5b8ceaf477cd396b4c [CANDIDATE]: Term 1 pre-election: Tablet error from VoteRequest() call to peer 2ca84acc36bf4a489b1884480b770e08 (127.23.85.67:37515): Illegal state: must be running to vote when last-logged opid is not known
I20260710 11:07:42.857985 24705 raft_consensus.cc:359] T 45e0b8b26ab44ff7afdea22093b0ee48 P 2ca84acc36bf4a489b1884480b770e08 [term 0 FOLLOWER]: Replica starting. Triggering 0 pending ops. Active config: opid_index: -1 OBSOLETE_local: false peers { permanent_uuid: "7bc434cba8fc458494fd8a0139284907" member_type: VOTER last_known_addr { host: "127.23.85.65" port: 44423 } } peers { permanent_uuid: "7eee261dabad4c5b8ceaf477cd396b4c" member_type: VOTER last_known_addr { host: "127.23.85.66" port: 36109 } } peers { permanent_uuid: "2ca84acc36bf4a489b1884480b770e08" member_type: VOTER last_known_addr { host: "127.23.85.67" port: 37515 } }
I20260710 11:07:42.858263 24551 leader_election.cc:304] T 45e0b8b26ab44ff7afdea22093b0ee48 P 7eee261dabad4c5b8ceaf477cd396b4c [CANDIDATE]: Term 1 pre-election: Election decided. Result: candidate lost. Election summary: received 3 responses out of 3 voters: 1 yes votes; 2 no votes. yes voters: 7eee261dabad4c5b8ceaf477cd396b4c; no voters: 2ca84acc36bf4a489b1884480b770e08, 7bc434cba8fc458494fd8a0139284907
I20260710 11:07:42.858623 24705 raft_consensus.cc:385] T 45e0b8b26ab44ff7afdea22093b0ee48 P 2ca84acc36bf4a489b1884480b770e08 [term 0 FOLLOWER]: Consensus starting up: Expiring failure detector timer to make a prompt election more likely
I20260710 11:07:42.858481 24701 consensus_queue.cc:260] T 06b2a79c6312451388c5ed3baefde9ff P 7bc434cba8fc458494fd8a0139284907 [NON_LEADER]: Queue going to NON_LEADER mode. State: All replicated index: 0, Majority replicated index: 0, Committed index: 0, Last appended: 0.0, Last appended by leader: 0, Current term: 0, Majority size: -1, State: 0, Mode: NON_LEADER, active raft config: opid_index: -1 OBSOLETE_local: false peers { permanent_uuid: "7bc434cba8fc458494fd8a0139284907" member_type: VOTER last_known_addr { host: "127.23.85.65" port: 44423 } } peers { permanent_uuid: "7eee261dabad4c5b8ceaf477cd396b4c" member_type: VOTER last_known_addr { host: "127.23.85.66" port: 36109 } } peers { permanent_uuid: "2ca84acc36bf4a489b1884480b770e08" member_type: VOTER last_known_addr { host: "127.23.85.67" port: 37515 } }
I20260710 11:07:42.858919 24705 raft_consensus.cc:740] T 45e0b8b26ab44ff7afdea22093b0ee48 P 2ca84acc36bf4a489b1884480b770e08 [term 0 FOLLOWER]: Becoming Follower/Learner. State: Replica: 2ca84acc36bf4a489b1884480b770e08, State: Initialized, Role: FOLLOWER
I20260710 11:07:42.859215 24734 raft_consensus.cc:2749] T 45e0b8b26ab44ff7afdea22093b0ee48 P 7eee261dabad4c5b8ceaf477cd396b4c [term 0 FOLLOWER]: Leader pre-election lost for term 1. Reason: could not achieve majority
I20260710 11:07:42.837738 24476 leader_election.cc:304] T f5e32ea9d7644858a1ccd03abd6e44a7 P 7bc434cba8fc458494fd8a0139284907 [CANDIDATE]: Term 1 election: Election decided. Result: candidate won. Election summary: received 2 responses out of 3 voters: 2 yes votes; 0 no votes. yes voters: 2ca84acc36bf4a489b1884480b770e08, 7bc434cba8fc458494fd8a0139284907; no voters: 
I20260710 11:07:42.860268 24736 raft_consensus.cc:2804] T f5e32ea9d7644858a1ccd03abd6e44a7 P 7bc434cba8fc458494fd8a0139284907 [term 1 FOLLOWER]: Leader election won for term 1
I20260710 11:07:42.860378 24701 ts_tablet_manager.cc:1434] T 06b2a79c6312451388c5ed3baefde9ff P 7bc434cba8fc458494fd8a0139284907: Time spent starting tablet: real 0.005s	user 0.005s	sys 0.000s
W20260710 11:07:42.860658 24476 leader_election.cc:343] T 65f6a0cf2e724607bb6a18f4e0d7ef70 P 7bc434cba8fc458494fd8a0139284907 [CANDIDATE]: Term 1 election: Tablet error from VoteRequest() call to peer 7eee261dabad4c5b8ceaf477cd396b4c (127.23.85.66:36109): Illegal state: must be running to vote when last-logged opid is not known
I20260710 11:07:42.860749 24736 raft_consensus.cc:697] T f5e32ea9d7644858a1ccd03abd6e44a7 P 7bc434cba8fc458494fd8a0139284907 [term 1 LEADER]: Becoming Leader. State: Replica: 7bc434cba8fc458494fd8a0139284907, State: Running, Role: LEADER
I20260710 11:07:42.861178 24701 tablet_bootstrap.cc:492] T 45e0b8b26ab44ff7afdea22093b0ee48 P 7bc434cba8fc458494fd8a0139284907: Bootstrap starting.
I20260710 11:07:42.861801 24476 leader_election.cc:304] T 754dafd56dc1408bb7bacc7da9c64562 P 7bc434cba8fc458494fd8a0139284907 [CANDIDATE]: Term 1 election: Election decided. Result: candidate won. Election summary: received 2 responses out of 3 voters: 2 yes votes; 0 no votes. yes voters: 7bc434cba8fc458494fd8a0139284907, 7eee261dabad4c5b8ceaf477cd396b4c; no voters: 
I20260710 11:07:42.861560 24736 consensus_queue.cc:237] T f5e32ea9d7644858a1ccd03abd6e44a7 P 7bc434cba8fc458494fd8a0139284907 [LEADER]: Queue going to LEADER mode. State: All replicated index: 0, Majority replicated index: 0, Committed index: 0, Last appended: 0.0, Last appended by leader: 0, Current term: 1, Majority size: 2, State: 0, Mode: LEADER, active raft config: opid_index: -1 OBSOLETE_local: false peers { permanent_uuid: "7bc434cba8fc458494fd8a0139284907" member_type: VOTER last_known_addr { host: "127.23.85.65" port: 44423 } } peers { permanent_uuid: "7eee261dabad4c5b8ceaf477cd396b4c" member_type: VOTER last_known_addr { host: "127.23.85.66" port: 36109 } } peers { permanent_uuid: "2ca84acc36bf4a489b1884480b770e08" member_type: VOTER last_known_addr { host: "127.23.85.67" port: 37515 } }
I20260710 11:07:42.862442 24710 raft_consensus.cc:2804] T 754dafd56dc1408bb7bacc7da9c64562 P 7bc434cba8fc458494fd8a0139284907 [term 1 FOLLOWER]: Leader election won for term 1
I20260710 11:07:42.862896 24710 raft_consensus.cc:697] T 754dafd56dc1408bb7bacc7da9c64562 P 7bc434cba8fc458494fd8a0139284907 [term 1 LEADER]: Becoming Leader. State: Replica: 7bc434cba8fc458494fd8a0139284907, State: Running, Role: LEADER
I20260710 11:07:42.863842 24710 consensus_queue.cc:237] T 754dafd56dc1408bb7bacc7da9c64562 P 7bc434cba8fc458494fd8a0139284907 [LEADER]: Queue going to LEADER mode. State: All replicated index: 0, Majority replicated index: 0, Committed index: 0, Last appended: 0.0, Last appended by leader: 0, Current term: 1, Majority size: 2, State: 0, Mode: LEADER, active raft config: opid_index: -1 OBSOLETE_local: false peers { permanent_uuid: "7bc434cba8fc458494fd8a0139284907" member_type: VOTER last_known_addr { host: "127.23.85.65" port: 44423 } } peers { permanent_uuid: "7eee261dabad4c5b8ceaf477cd396b4c" member_type: VOTER last_known_addr { host: "127.23.85.66" port: 36109 } } peers { permanent_uuid: "2ca84acc36bf4a489b1884480b770e08" member_type: VOTER last_known_addr { host: "127.23.85.67" port: 37515 } }
I20260710 11:07:42.868053 24701 tablet_bootstrap.cc:654] T 45e0b8b26ab44ff7afdea22093b0ee48 P 7bc434cba8fc458494fd8a0139284907: Neither blocks nor log segments found. Creating new log.
I20260710 11:07:42.875981 24705 consensus_queue.cc:260] T 45e0b8b26ab44ff7afdea22093b0ee48 P 2ca84acc36bf4a489b1884480b770e08 [NON_LEADER]: Queue going to NON_LEADER mode. State: All replicated index: 0, Majority replicated index: 0, Committed index: 0, Last appended: 0.0, Last appended by leader: 0, Current term: 0, Majority size: -1, State: 0, Mode: NON_LEADER, active raft config: opid_index: -1 OBSOLETE_local: false peers { permanent_uuid: "7bc434cba8fc458494fd8a0139284907" member_type: VOTER last_known_addr { host: "127.23.85.65" port: 44423 } } peers { permanent_uuid: "7eee261dabad4c5b8ceaf477cd396b4c" member_type: VOTER last_known_addr { host: "127.23.85.66" port: 36109 } } peers { permanent_uuid: "2ca84acc36bf4a489b1884480b770e08" member_type: VOTER last_known_addr { host: "127.23.85.67" port: 37515 } }
I20260710 11:07:42.878542 24705 ts_tablet_manager.cc:1434] T 45e0b8b26ab44ff7afdea22093b0ee48 P 2ca84acc36bf4a489b1884480b770e08: Time spent starting tablet: real 0.023s	user 0.003s	sys 0.001s
I20260710 11:07:42.879631 24705 tablet_bootstrap.cc:492] T 8e19dcaf04e446368a6cd56dbad26d6a P 2ca84acc36bf4a489b1884480b770e08: Bootstrap starting.
I20260710 11:07:42.894006 24705 tablet_bootstrap.cc:654] T 8e19dcaf04e446368a6cd56dbad26d6a P 2ca84acc36bf4a489b1884480b770e08: Neither blocks nor log segments found. Creating new log.
I20260710 11:07:42.894855 24411 catalog_manager.cc:5697] T 8e19dcaf04e446368a6cd56dbad26d6a P 7eee261dabad4c5b8ceaf477cd396b4c reported cstate change: term changed from 0 to 1, leader changed from <none> to 7eee261dabad4c5b8ceaf477cd396b4c (127.23.85.66). New cstate: current_term: 1 leader_uuid: "7eee261dabad4c5b8ceaf477cd396b4c" committed_config { opid_index: -1 OBSOLETE_local: false peers { permanent_uuid: "7bc434cba8fc458494fd8a0139284907" member_type: VOTER last_known_addr { host: "127.23.85.65" port: 44423 } health_report { overall_health: UNKNOWN } } peers { permanent_uuid: "2ca84acc36bf4a489b1884480b770e08" member_type: VOTER last_known_addr { host: "127.23.85.67" port: 37515 } health_report { overall_health: UNKNOWN } } peers { permanent_uuid: "7eee261dabad4c5b8ceaf477cd396b4c" member_type: VOTER last_known_addr { host: "127.23.85.66" port: 36109 } health_report { overall_health: HEALTHY } } }
I20260710 11:07:42.899147 24705 tablet_bootstrap.cc:492] T 8e19dcaf04e446368a6cd56dbad26d6a P 2ca84acc36bf4a489b1884480b770e08: No bootstrap required, opened a new log
I20260710 11:07:42.899325 24701 tablet_bootstrap.cc:492] T 45e0b8b26ab44ff7afdea22093b0ee48 P 7bc434cba8fc458494fd8a0139284907: No bootstrap required, opened a new log
I20260710 11:07:42.899560 24705 ts_tablet_manager.cc:1403] T 8e19dcaf04e446368a6cd56dbad26d6a P 2ca84acc36bf4a489b1884480b770e08: Time spent bootstrapping tablet: real 0.020s	user 0.011s	sys 0.000s
I20260710 11:07:42.899802 24701 ts_tablet_manager.cc:1403] T 45e0b8b26ab44ff7afdea22093b0ee48 P 7bc434cba8fc458494fd8a0139284907: Time spent bootstrapping tablet: real 0.039s	user 0.029s	sys 0.005s
I20260710 11:07:42.902061 24705 raft_consensus.cc:359] T 8e19dcaf04e446368a6cd56dbad26d6a P 2ca84acc36bf4a489b1884480b770e08 [term 0 FOLLOWER]: Replica starting. Triggering 0 pending ops. Active config: opid_index: -1 OBSOLETE_local: false peers { permanent_uuid: "7bc434cba8fc458494fd8a0139284907" member_type: VOTER last_known_addr { host: "127.23.85.65" port: 44423 } } peers { permanent_uuid: "2ca84acc36bf4a489b1884480b770e08" member_type: VOTER last_known_addr { host: "127.23.85.67" port: 37515 } } peers { permanent_uuid: "7eee261dabad4c5b8ceaf477cd396b4c" member_type: VOTER last_known_addr { host: "127.23.85.66" port: 36109 } }
I20260710 11:07:42.902690 24705 raft_consensus.cc:385] T 8e19dcaf04e446368a6cd56dbad26d6a P 2ca84acc36bf4a489b1884480b770e08 [term 0 FOLLOWER]: Consensus starting up: Expiring failure detector timer to make a prompt election more likely
I20260710 11:07:42.902441 24701 raft_consensus.cc:359] T 45e0b8b26ab44ff7afdea22093b0ee48 P 7bc434cba8fc458494fd8a0139284907 [term 0 FOLLOWER]: Replica starting. Triggering 0 pending ops. Active config: opid_index: -1 OBSOLETE_local: false peers { permanent_uuid: "7bc434cba8fc458494fd8a0139284907" member_type: VOTER last_known_addr { host: "127.23.85.65" port: 44423 } } peers { permanent_uuid: "7eee261dabad4c5b8ceaf477cd396b4c" member_type: VOTER last_known_addr { host: "127.23.85.66" port: 36109 } } peers { permanent_uuid: "2ca84acc36bf4a489b1884480b770e08" member_type: VOTER last_known_addr { host: "127.23.85.67" port: 37515 } }
I20260710 11:07:42.902987 24705 raft_consensus.cc:740] T 8e19dcaf04e446368a6cd56dbad26d6a P 2ca84acc36bf4a489b1884480b770e08 [term 0 FOLLOWER]: Becoming Follower/Learner. State: Replica: 2ca84acc36bf4a489b1884480b770e08, State: Initialized, Role: FOLLOWER
I20260710 11:07:42.903437 24701 raft_consensus.cc:385] T 45e0b8b26ab44ff7afdea22093b0ee48 P 7bc434cba8fc458494fd8a0139284907 [term 0 FOLLOWER]: Consensus starting up: Expiring failure detector timer to make a prompt election more likely
I20260710 11:07:42.903802 24701 raft_consensus.cc:740] T 45e0b8b26ab44ff7afdea22093b0ee48 P 7bc434cba8fc458494fd8a0139284907 [term 0 FOLLOWER]: Becoming Follower/Learner. State: Replica: 7bc434cba8fc458494fd8a0139284907, State: Initialized, Role: FOLLOWER
I20260710 11:07:42.903795 24705 consensus_queue.cc:260] T 8e19dcaf04e446368a6cd56dbad26d6a P 2ca84acc36bf4a489b1884480b770e08 [NON_LEADER]: Queue going to NON_LEADER mode. State: All replicated index: 0, Majority replicated index: 0, Committed index: 0, Last appended: 0.0, Last appended by leader: 0, Current term: 0, Majority size: -1, State: 0, Mode: NON_LEADER, active raft config: opid_index: -1 OBSOLETE_local: false peers { permanent_uuid: "7bc434cba8fc458494fd8a0139284907" member_type: VOTER last_known_addr { host: "127.23.85.65" port: 44423 } } peers { permanent_uuid: "2ca84acc36bf4a489b1884480b770e08" member_type: VOTER last_known_addr { host: "127.23.85.67" port: 37515 } } peers { permanent_uuid: "7eee261dabad4c5b8ceaf477cd396b4c" member_type: VOTER last_known_addr { host: "127.23.85.66" port: 36109 } }
I20260710 11:07:42.904604 24701 consensus_queue.cc:260] T 45e0b8b26ab44ff7afdea22093b0ee48 P 7bc434cba8fc458494fd8a0139284907 [NON_LEADER]: Queue going to NON_LEADER mode. State: All replicated index: 0, Majority replicated index: 0, Committed index: 0, Last appended: 0.0, Last appended by leader: 0, Current term: 0, Majority size: -1, State: 0, Mode: NON_LEADER, active raft config: opid_index: -1 OBSOLETE_local: false peers { permanent_uuid: "7bc434cba8fc458494fd8a0139284907" member_type: VOTER last_known_addr { host: "127.23.85.65" port: 44423 } } peers { permanent_uuid: "7eee261dabad4c5b8ceaf477cd396b4c" member_type: VOTER last_known_addr { host: "127.23.85.66" port: 36109 } } peers { permanent_uuid: "2ca84acc36bf4a489b1884480b770e08" member_type: VOTER last_known_addr { host: "127.23.85.67" port: 37515 } }
I20260710 11:07:42.906478 24705 ts_tablet_manager.cc:1434] T 8e19dcaf04e446368a6cd56dbad26d6a P 2ca84acc36bf4a489b1884480b770e08: Time spent starting tablet: real 0.007s	user 0.005s	sys 0.000s
I20260710 11:07:42.906581 24701 ts_tablet_manager.cc:1434] T 45e0b8b26ab44ff7afdea22093b0ee48 P 7bc434cba8fc458494fd8a0139284907: Time spent starting tablet: real 0.006s	user 0.005s	sys 0.000s
I20260710 11:07:42.907730 24705 tablet_bootstrap.cc:492] T 9eb1afba82ee4916a1755700ae01dd5b P 2ca84acc36bf4a489b1884480b770e08: Bootstrap starting.
I20260710 11:07:42.906996 24408 catalog_manager.cc:5697] T 65f6a0cf2e724607bb6a18f4e0d7ef70 P 7bc434cba8fc458494fd8a0139284907 reported cstate change: term changed from 0 to 1, leader changed from <none> to 7bc434cba8fc458494fd8a0139284907 (127.23.85.65). New cstate: current_term: 1 leader_uuid: "7bc434cba8fc458494fd8a0139284907" committed_config { opid_index: -1 OBSOLETE_local: false peers { permanent_uuid: "7bc434cba8fc458494fd8a0139284907" member_type: VOTER last_known_addr { host: "127.23.85.65" port: 44423 } health_report { overall_health: HEALTHY } } peers { permanent_uuid: "7eee261dabad4c5b8ceaf477cd396b4c" member_type: VOTER last_known_addr { host: "127.23.85.66" port: 36109 } health_report { overall_health: UNKNOWN } } peers { permanent_uuid: "2ca84acc36bf4a489b1884480b770e08" member_type: VOTER last_known_addr { host: "127.23.85.67" port: 37515 } health_report { overall_health: UNKNOWN } } }
I20260710 11:07:42.909238 24408 catalog_manager.cc:5697] T f5e32ea9d7644858a1ccd03abd6e44a7 P 7bc434cba8fc458494fd8a0139284907 reported cstate change: term changed from 0 to 1, leader changed from <none> to 7bc434cba8fc458494fd8a0139284907 (127.23.85.65). New cstate: current_term: 1 leader_uuid: "7bc434cba8fc458494fd8a0139284907" committed_config { opid_index: -1 OBSOLETE_local: false peers { permanent_uuid: "7bc434cba8fc458494fd8a0139284907" member_type: VOTER last_known_addr { host: "127.23.85.65" port: 44423 } health_report { overall_health: HEALTHY } } peers { permanent_uuid: "7eee261dabad4c5b8ceaf477cd396b4c" member_type: VOTER last_known_addr { host: "127.23.85.66" port: 36109 } health_report { overall_health: UNKNOWN } } peers { permanent_uuid: "2ca84acc36bf4a489b1884480b770e08" member_type: VOTER last_known_addr { host: "127.23.85.67" port: 37515 } health_report { overall_health: UNKNOWN } } }
I20260710 11:07:42.911013 24408 catalog_manager.cc:5697] T 754dafd56dc1408bb7bacc7da9c64562 P 7bc434cba8fc458494fd8a0139284907 reported cstate change: term changed from 0 to 1, leader changed from <none> to 7bc434cba8fc458494fd8a0139284907 (127.23.85.65). New cstate: current_term: 1 leader_uuid: "7bc434cba8fc458494fd8a0139284907" committed_config { opid_index: -1 OBSOLETE_local: false peers { permanent_uuid: "7bc434cba8fc458494fd8a0139284907" member_type: VOTER last_known_addr { host: "127.23.85.65" port: 44423 } health_report { overall_health: HEALTHY } } peers { permanent_uuid: "7eee261dabad4c5b8ceaf477cd396b4c" member_type: VOTER last_known_addr { host: "127.23.85.66" port: 36109 } health_report { overall_health: UNKNOWN } } peers { permanent_uuid: "2ca84acc36bf4a489b1884480b770e08" member_type: VOTER last_known_addr { host: "127.23.85.67" port: 37515 } health_report { overall_health: UNKNOWN } } }
I20260710 11:07:42.913710 24705 tablet_bootstrap.cc:654] T 9eb1afba82ee4916a1755700ae01dd5b P 2ca84acc36bf4a489b1884480b770e08: Neither blocks nor log segments found. Creating new log.
I20260710 11:07:42.918532 24705 tablet_bootstrap.cc:492] T 9eb1afba82ee4916a1755700ae01dd5b P 2ca84acc36bf4a489b1884480b770e08: No bootstrap required, opened a new log
I20260710 11:07:42.918920 24705 ts_tablet_manager.cc:1403] T 9eb1afba82ee4916a1755700ae01dd5b P 2ca84acc36bf4a489b1884480b770e08: Time spent bootstrapping tablet: real 0.011s	user 0.009s	sys 0.000s
I20260710 11:07:42.921056 24705 raft_consensus.cc:359] T 9eb1afba82ee4916a1755700ae01dd5b P 2ca84acc36bf4a489b1884480b770e08 [term 0 FOLLOWER]: Replica starting. Triggering 0 pending ops. Active config: opid_index: -1 OBSOLETE_local: false peers { permanent_uuid: "7bc434cba8fc458494fd8a0139284907" member_type: VOTER last_known_addr { host: "127.23.85.65" port: 44423 } } peers { permanent_uuid: "7eee261dabad4c5b8ceaf477cd396b4c" member_type: VOTER last_known_addr { host: "127.23.85.66" port: 36109 } } peers { permanent_uuid: "2ca84acc36bf4a489b1884480b770e08" member_type: VOTER last_known_addr { host: "127.23.85.67" port: 37515 } }
I20260710 11:07:42.921506 24705 raft_consensus.cc:385] T 9eb1afba82ee4916a1755700ae01dd5b P 2ca84acc36bf4a489b1884480b770e08 [term 0 FOLLOWER]: Consensus starting up: Expiring failure detector timer to make a prompt election more likely
I20260710 11:07:42.921717 24705 raft_consensus.cc:740] T 9eb1afba82ee4916a1755700ae01dd5b P 2ca84acc36bf4a489b1884480b770e08 [term 0 FOLLOWER]: Becoming Follower/Learner. State: Replica: 2ca84acc36bf4a489b1884480b770e08, State: Initialized, Role: FOLLOWER
I20260710 11:07:42.923822 24705 consensus_queue.cc:260] T 9eb1afba82ee4916a1755700ae01dd5b P 2ca84acc36bf4a489b1884480b770e08 [NON_LEADER]: Queue going to NON_LEADER mode. State: All replicated index: 0, Majority replicated index: 0, Committed index: 0, Last appended: 0.0, Last appended by leader: 0, Current term: 0, Majority size: -1, State: 0, Mode: NON_LEADER, active raft config: opid_index: -1 OBSOLETE_local: false peers { permanent_uuid: "7bc434cba8fc458494fd8a0139284907" member_type: VOTER last_known_addr { host: "127.23.85.65" port: 44423 } } peers { permanent_uuid: "7eee261dabad4c5b8ceaf477cd396b4c" member_type: VOTER last_known_addr { host: "127.23.85.66" port: 36109 } } peers { permanent_uuid: "2ca84acc36bf4a489b1884480b770e08" member_type: VOTER last_known_addr { host: "127.23.85.67" port: 37515 } }
I20260710 11:07:42.925575 24705 ts_tablet_manager.cc:1434] T 9eb1afba82ee4916a1755700ae01dd5b P 2ca84acc36bf4a489b1884480b770e08: Time spent starting tablet: real 0.006s	user 0.005s	sys 0.000s
I20260710 11:07:42.973053 24734 raft_consensus.cc:493] T 65f6a0cf2e724607bb6a18f4e0d7ef70 P 7eee261dabad4c5b8ceaf477cd396b4c [term 0 FOLLOWER]: Starting pre-election (no leader contacted us within the election timeout)
I20260710 11:07:42.973580 24734 raft_consensus.cc:515] T 65f6a0cf2e724607bb6a18f4e0d7ef70 P 7eee261dabad4c5b8ceaf477cd396b4c [term 0 FOLLOWER]: Starting pre-election with config: opid_index: -1 OBSOLETE_local: false peers { permanent_uuid: "7bc434cba8fc458494fd8a0139284907" member_type: VOTER last_known_addr { host: "127.23.85.65" port: 44423 } } peers { permanent_uuid: "7eee261dabad4c5b8ceaf477cd396b4c" member_type: VOTER last_known_addr { host: "127.23.85.66" port: 36109 } } peers { permanent_uuid: "2ca84acc36bf4a489b1884480b770e08" member_type: VOTER last_known_addr { host: "127.23.85.67" port: 37515 } }
I20260710 11:07:42.975267 24734 leader_election.cc:290] T 65f6a0cf2e724607bb6a18f4e0d7ef70 P 7eee261dabad4c5b8ceaf477cd396b4c [CANDIDATE]: Term 1 pre-election: Requested pre-vote from peers 7bc434cba8fc458494fd8a0139284907 (127.23.85.65:44423), 2ca84acc36bf4a489b1884480b770e08 (127.23.85.67:37515)
I20260710 11:07:42.976089 24512 tablet_service.cc:1917] Received RequestConsensusVote() RPC: tablet_id: "65f6a0cf2e724607bb6a18f4e0d7ef70" candidate_uuid: "7eee261dabad4c5b8ceaf477cd396b4c" candidate_term: 1 candidate_status { last_received { term: 0 index: 0 } } ignore_live_leader: false dest_uuid: "7bc434cba8fc458494fd8a0139284907" is_pre_election: true
I20260710 11:07:42.976270 24661 tablet_service.cc:1917] Received RequestConsensusVote() RPC: tablet_id: "65f6a0cf2e724607bb6a18f4e0d7ef70" candidate_uuid: "7eee261dabad4c5b8ceaf477cd396b4c" candidate_term: 1 candidate_status { last_received { term: 0 index: 0 } } ignore_live_leader: false dest_uuid: "2ca84acc36bf4a489b1884480b770e08" is_pre_election: true
I20260710 11:07:42.976919 24661 raft_consensus.cc:2393] T 65f6a0cf2e724607bb6a18f4e0d7ef70 P 2ca84acc36bf4a489b1884480b770e08 [term 1 FOLLOWER]: Leader pre-election vote request: Denying vote to candidate 7eee261dabad4c5b8ceaf477cd396b4c in current term 1: Already voted for candidate 7bc434cba8fc458494fd8a0139284907 in this term.
I20260710 11:07:42.977841 24551 leader_election.cc:304] T 65f6a0cf2e724607bb6a18f4e0d7ef70 P 7eee261dabad4c5b8ceaf477cd396b4c [CANDIDATE]: Term 1 pre-election: Election decided. Result: candidate lost. Election summary: received 3 responses out of 3 voters: 1 yes votes; 2 no votes. yes voters: 7eee261dabad4c5b8ceaf477cd396b4c; no voters: 2ca84acc36bf4a489b1884480b770e08, 7bc434cba8fc458494fd8a0139284907
I20260710 11:07:42.978370 24734 raft_consensus.cc:3060] T 65f6a0cf2e724607bb6a18f4e0d7ef70 P 7eee261dabad4c5b8ceaf477cd396b4c [term 0 FOLLOWER]: Advancing to term 1
I20260710 11:07:42.983953 24734 raft_consensus.cc:2749] T 65f6a0cf2e724607bb6a18f4e0d7ef70 P 7eee261dabad4c5b8ceaf477cd396b4c [term 1 FOLLOWER]: Leader pre-election lost for term 1. Reason: could not achieve majority
I20260710 11:07:43.000082 24722 raft_consensus.cc:493] T 8e19dcaf04e446368a6cd56dbad26d6a P 2ca84acc36bf4a489b1884480b770e08 [term 0 FOLLOWER]: Starting pre-election (no leader contacted us within the election timeout)
I20260710 11:07:43.000463 24722 raft_consensus.cc:515] T 8e19dcaf04e446368a6cd56dbad26d6a P 2ca84acc36bf4a489b1884480b770e08 [term 0 FOLLOWER]: Starting pre-election with config: opid_index: -1 OBSOLETE_local: false peers { permanent_uuid: "7bc434cba8fc458494fd8a0139284907" member_type: VOTER last_known_addr { host: "127.23.85.65" port: 44423 } } peers { permanent_uuid: "2ca84acc36bf4a489b1884480b770e08" member_type: VOTER last_known_addr { host: "127.23.85.67" port: 37515 } } peers { permanent_uuid: "7eee261dabad4c5b8ceaf477cd396b4c" member_type: VOTER last_known_addr { host: "127.23.85.66" port: 36109 } }
I20260710 11:07:43.002144 24722 leader_election.cc:290] T 8e19dcaf04e446368a6cd56dbad26d6a P 2ca84acc36bf4a489b1884480b770e08 [CANDIDATE]: Term 1 pre-election: Requested pre-vote from peers 7bc434cba8fc458494fd8a0139284907 (127.23.85.65:44423), 7eee261dabad4c5b8ceaf477cd396b4c (127.23.85.66:36109)
I20260710 11:07:43.002785 24512 tablet_service.cc:1917] Received RequestConsensusVote() RPC: tablet_id: "8e19dcaf04e446368a6cd56dbad26d6a" candidate_uuid: "2ca84acc36bf4a489b1884480b770e08" candidate_term: 1 candidate_status { last_received { term: 0 index: 0 } } ignore_live_leader: false dest_uuid: "7bc434cba8fc458494fd8a0139284907" is_pre_election: true
I20260710 11:07:43.003072 24588 tablet_service.cc:1917] Received RequestConsensusVote() RPC: tablet_id: "8e19dcaf04e446368a6cd56dbad26d6a" candidate_uuid: "2ca84acc36bf4a489b1884480b770e08" candidate_term: 1 candidate_status { last_received { term: 0 index: 0 } } ignore_live_leader: false dest_uuid: "7eee261dabad4c5b8ceaf477cd396b4c" is_pre_election: true
I20260710 11:07:43.003396 24512 raft_consensus.cc:2393] T 8e19dcaf04e446368a6cd56dbad26d6a P 7bc434cba8fc458494fd8a0139284907 [term 1 FOLLOWER]: Leader pre-election vote request: Denying vote to candidate 2ca84acc36bf4a489b1884480b770e08 in current term 1: Already voted for candidate 7eee261dabad4c5b8ceaf477cd396b4c in this term.
I20260710 11:07:43.004381 24625 leader_election.cc:304] T 8e19dcaf04e446368a6cd56dbad26d6a P 2ca84acc36bf4a489b1884480b770e08 [CANDIDATE]: Term 1 pre-election: Election decided. Result: candidate lost. Election summary: received 3 responses out of 3 voters: 1 yes votes; 2 no votes. yes voters: 2ca84acc36bf4a489b1884480b770e08; no voters: 7bc434cba8fc458494fd8a0139284907, 7eee261dabad4c5b8ceaf477cd396b4c
I20260710 11:07:43.005057 24722 raft_consensus.cc:3060] T 8e19dcaf04e446368a6cd56dbad26d6a P 2ca84acc36bf4a489b1884480b770e08 [term 0 FOLLOWER]: Advancing to term 1
I20260710 11:07:43.009459 24722 raft_consensus.cc:2749] T 8e19dcaf04e446368a6cd56dbad26d6a P 2ca84acc36bf4a489b1884480b770e08 [term 1 FOLLOWER]: Leader pre-election lost for term 1. Reason: could not achieve majority
I20260710 11:07:43.023564 24710 raft_consensus.cc:493] T b20d3e4a6c61466babe160aba20860ad P 7bc434cba8fc458494fd8a0139284907 [term 0 FOLLOWER]: Starting pre-election (no leader contacted us within the election timeout)
I20260710 11:07:43.023975 24710 raft_consensus.cc:515] T b20d3e4a6c61466babe160aba20860ad P 7bc434cba8fc458494fd8a0139284907 [term 0 FOLLOWER]: Starting pre-election with config: opid_index: -1 OBSOLETE_local: false peers { permanent_uuid: "7bc434cba8fc458494fd8a0139284907" member_type: VOTER last_known_addr { host: "127.23.85.65" port: 44423 } } peers { permanent_uuid: "7eee261dabad4c5b8ceaf477cd396b4c" member_type: VOTER last_known_addr { host: "127.23.85.66" port: 36109 } } peers { permanent_uuid: "2ca84acc36bf4a489b1884480b770e08" member_type: VOTER last_known_addr { host: "127.23.85.67" port: 37515 } }
I20260710 11:07:43.025353 24710 leader_election.cc:290] T b20d3e4a6c61466babe160aba20860ad P 7bc434cba8fc458494fd8a0139284907 [CANDIDATE]: Term 1 pre-election: Requested pre-vote from peers 7eee261dabad4c5b8ceaf477cd396b4c (127.23.85.66:36109), 2ca84acc36bf4a489b1884480b770e08 (127.23.85.67:37515)
I20260710 11:07:43.026087 24588 tablet_service.cc:1917] Received RequestConsensusVote() RPC: tablet_id: "b20d3e4a6c61466babe160aba20860ad" candidate_uuid: "7bc434cba8fc458494fd8a0139284907" candidate_term: 1 candidate_status { last_received { term: 0 index: 0 } } ignore_live_leader: false dest_uuid: "7eee261dabad4c5b8ceaf477cd396b4c" is_pre_election: true
I20260710 11:07:43.026592 24588 raft_consensus.cc:2468] T b20d3e4a6c61466babe160aba20860ad P 7eee261dabad4c5b8ceaf477cd396b4c [term 0 FOLLOWER]: Leader pre-election vote request: Granting yes vote for candidate 7bc434cba8fc458494fd8a0139284907 in term 0.
I20260710 11:07:43.026542 24661 tablet_service.cc:1917] Received RequestConsensusVote() RPC: tablet_id: "b20d3e4a6c61466babe160aba20860ad" candidate_uuid: "7bc434cba8fc458494fd8a0139284907" candidate_term: 1 candidate_status { last_received { term: 0 index: 0 } } ignore_live_leader: false dest_uuid: "2ca84acc36bf4a489b1884480b770e08" is_pre_election: true
I20260710 11:07:43.027367 24661 raft_consensus.cc:2468] T b20d3e4a6c61466babe160aba20860ad P 2ca84acc36bf4a489b1884480b770e08 [term 0 FOLLOWER]: Leader pre-election vote request: Granting yes vote for candidate 7bc434cba8fc458494fd8a0139284907 in term 0.
I20260710 11:07:43.027851 24476 leader_election.cc:304] T b20d3e4a6c61466babe160aba20860ad P 7bc434cba8fc458494fd8a0139284907 [CANDIDATE]: Term 1 pre-election: Election decided. Result: candidate won. Election summary: received 2 responses out of 3 voters: 2 yes votes; 0 no votes. yes voters: 7bc434cba8fc458494fd8a0139284907, 7eee261dabad4c5b8ceaf477cd396b4c; no voters: 
I20260710 11:07:43.028551 24710 raft_consensus.cc:2804] T b20d3e4a6c61466babe160aba20860ad P 7bc434cba8fc458494fd8a0139284907 [term 0 FOLLOWER]: Leader pre-election won for term 1
I20260710 11:07:43.028847 24710 raft_consensus.cc:493] T b20d3e4a6c61466babe160aba20860ad P 7bc434cba8fc458494fd8a0139284907 [term 0 FOLLOWER]: Starting leader election (no leader contacted us within the election timeout)
I20260710 11:07:43.029112 24710 raft_consensus.cc:3060] T b20d3e4a6c61466babe160aba20860ad P 7bc434cba8fc458494fd8a0139284907 [term 0 FOLLOWER]: Advancing to term 1
I20260710 11:07:43.033299 24710 raft_consensus.cc:515] T b20d3e4a6c61466babe160aba20860ad P 7bc434cba8fc458494fd8a0139284907 [term 1 FOLLOWER]: Starting leader election with config: opid_index: -1 OBSOLETE_local: false peers { permanent_uuid: "7bc434cba8fc458494fd8a0139284907" member_type: VOTER last_known_addr { host: "127.23.85.65" port: 44423 } } peers { permanent_uuid: "7eee261dabad4c5b8ceaf477cd396b4c" member_type: VOTER last_known_addr { host: "127.23.85.66" port: 36109 } } peers { permanent_uuid: "2ca84acc36bf4a489b1884480b770e08" member_type: VOTER last_known_addr { host: "127.23.85.67" port: 37515 } }
I20260710 11:07:43.034636 24710 leader_election.cc:290] T b20d3e4a6c61466babe160aba20860ad P 7bc434cba8fc458494fd8a0139284907 [CANDIDATE]: Term 1 election: Requested vote from peers 7eee261dabad4c5b8ceaf477cd396b4c (127.23.85.66:36109), 2ca84acc36bf4a489b1884480b770e08 (127.23.85.67:37515)
I20260710 11:07:43.035352 24588 tablet_service.cc:1917] Received RequestConsensusVote() RPC: tablet_id: "b20d3e4a6c61466babe160aba20860ad" candidate_uuid: "7bc434cba8fc458494fd8a0139284907" candidate_term: 1 candidate_status { last_received { term: 0 index: 0 } } ignore_live_leader: false dest_uuid: "7eee261dabad4c5b8ceaf477cd396b4c"
I20260710 11:07:43.035741 24661 tablet_service.cc:1917] Received RequestConsensusVote() RPC: tablet_id: "b20d3e4a6c61466babe160aba20860ad" candidate_uuid: "7bc434cba8fc458494fd8a0139284907" candidate_term: 1 candidate_status { last_received { term: 0 index: 0 } } ignore_live_leader: false dest_uuid: "2ca84acc36bf4a489b1884480b770e08"
I20260710 11:07:43.035871 24588 raft_consensus.cc:3060] T b20d3e4a6c61466babe160aba20860ad P 7eee261dabad4c5b8ceaf477cd396b4c [term 0 FOLLOWER]: Advancing to term 1
I20260710 11:07:43.036228 24661 raft_consensus.cc:3060] T b20d3e4a6c61466babe160aba20860ad P 2ca84acc36bf4a489b1884480b770e08 [term 0 FOLLOWER]: Advancing to term 1
I20260710 11:07:43.040006 24588 raft_consensus.cc:2468] T b20d3e4a6c61466babe160aba20860ad P 7eee261dabad4c5b8ceaf477cd396b4c [term 1 FOLLOWER]: Leader election vote request: Granting yes vote for candidate 7bc434cba8fc458494fd8a0139284907 in term 1.
I20260710 11:07:43.040560 24661 raft_consensus.cc:2468] T b20d3e4a6c61466babe160aba20860ad P 2ca84acc36bf4a489b1884480b770e08 [term 1 FOLLOWER]: Leader election vote request: Granting yes vote for candidate 7bc434cba8fc458494fd8a0139284907 in term 1.
I20260710 11:07:43.040868 24476 leader_election.cc:304] T b20d3e4a6c61466babe160aba20860ad P 7bc434cba8fc458494fd8a0139284907 [CANDIDATE]: Term 1 election: Election decided. Result: candidate won. Election summary: received 2 responses out of 3 voters: 2 yes votes; 0 no votes. yes voters: 7bc434cba8fc458494fd8a0139284907, 7eee261dabad4c5b8ceaf477cd396b4c; no voters: 
I20260710 11:07:43.041783 24710 raft_consensus.cc:2804] T b20d3e4a6c61466babe160aba20860ad P 7bc434cba8fc458494fd8a0139284907 [term 1 FOLLOWER]: Leader election won for term 1
I20260710 11:07:43.042065 24736 raft_consensus.cc:493] T 06b2a79c6312451388c5ed3baefde9ff P 7bc434cba8fc458494fd8a0139284907 [term 0 FOLLOWER]: Starting pre-election (no leader contacted us within the election timeout)
I20260710 11:07:43.042292 24710 raft_consensus.cc:697] T b20d3e4a6c61466babe160aba20860ad P 7bc434cba8fc458494fd8a0139284907 [term 1 LEADER]: Becoming Leader. State: Replica: 7bc434cba8fc458494fd8a0139284907, State: Running, Role: LEADER
I20260710 11:07:43.042490 24736 raft_consensus.cc:515] T 06b2a79c6312451388c5ed3baefde9ff P 7bc434cba8fc458494fd8a0139284907 [term 0 FOLLOWER]: Starting pre-election with config: opid_index: -1 OBSOLETE_local: false peers { permanent_uuid: "7bc434cba8fc458494fd8a0139284907" member_type: VOTER last_known_addr { host: "127.23.85.65" port: 44423 } } peers { permanent_uuid: "7eee261dabad4c5b8ceaf477cd396b4c" member_type: VOTER last_known_addr { host: "127.23.85.66" port: 36109 } } peers { permanent_uuid: "2ca84acc36bf4a489b1884480b770e08" member_type: VOTER last_known_addr { host: "127.23.85.67" port: 37515 } }
I20260710 11:07:43.043109 24710 consensus_queue.cc:237] T b20d3e4a6c61466babe160aba20860ad P 7bc434cba8fc458494fd8a0139284907 [LEADER]: Queue going to LEADER mode. State: All replicated index: 0, Majority replicated index: 0, Committed index: 0, Last appended: 0.0, Last appended by leader: 0, Current term: 1, Majority size: 2, State: 0, Mode: LEADER, active raft config: opid_index: -1 OBSOLETE_local: false peers { permanent_uuid: "7bc434cba8fc458494fd8a0139284907" member_type: VOTER last_known_addr { host: "127.23.85.65" port: 44423 } } peers { permanent_uuid: "7eee261dabad4c5b8ceaf477cd396b4c" member_type: VOTER last_known_addr { host: "127.23.85.66" port: 36109 } } peers { permanent_uuid: "2ca84acc36bf4a489b1884480b770e08" member_type: VOTER last_known_addr { host: "127.23.85.67" port: 37515 } }
I20260710 11:07:43.044211 24736 leader_election.cc:290] T 06b2a79c6312451388c5ed3baefde9ff P 7bc434cba8fc458494fd8a0139284907 [CANDIDATE]: Term 1 pre-election: Requested pre-vote from peers 7eee261dabad4c5b8ceaf477cd396b4c (127.23.85.66:36109), 2ca84acc36bf4a489b1884480b770e08 (127.23.85.67:37515)
I20260710 11:07:43.045074 24588 tablet_service.cc:1917] Received RequestConsensusVote() RPC: tablet_id: "06b2a79c6312451388c5ed3baefde9ff" candidate_uuid: "7bc434cba8fc458494fd8a0139284907" candidate_term: 1 candidate_status { last_received { term: 0 index: 0 } } ignore_live_leader: false dest_uuid: "7eee261dabad4c5b8ceaf477cd396b4c" is_pre_election: true
I20260710 11:07:43.045576 24661 tablet_service.cc:1917] Received RequestConsensusVote() RPC: tablet_id: "06b2a79c6312451388c5ed3baefde9ff" candidate_uuid: "7bc434cba8fc458494fd8a0139284907" candidate_term: 1 candidate_status { last_received { term: 0 index: 0 } } ignore_live_leader: false dest_uuid: "2ca84acc36bf4a489b1884480b770e08" is_pre_election: true
I20260710 11:07:43.046207 24661 raft_consensus.cc:2393] T 06b2a79c6312451388c5ed3baefde9ff P 2ca84acc36bf4a489b1884480b770e08 [term 1 FOLLOWER]: Leader pre-election vote request: Denying vote to candidate 7bc434cba8fc458494fd8a0139284907 in current term 1: Already voted for candidate 7eee261dabad4c5b8ceaf477cd396b4c in this term.
I20260710 11:07:43.047236 24476 leader_election.cc:304] T 06b2a79c6312451388c5ed3baefde9ff P 7bc434cba8fc458494fd8a0139284907 [CANDIDATE]: Term 1 pre-election: Election decided. Result: candidate lost. Election summary: received 3 responses out of 3 voters: 1 yes votes; 2 no votes. yes voters: 7bc434cba8fc458494fd8a0139284907; no voters: 2ca84acc36bf4a489b1884480b770e08, 7eee261dabad4c5b8ceaf477cd396b4c
I20260710 11:07:43.048044 24710 raft_consensus.cc:3060] T 06b2a79c6312451388c5ed3baefde9ff P 7bc434cba8fc458494fd8a0139284907 [term 0 FOLLOWER]: Advancing to term 1
I20260710 11:07:43.051736 24411 catalog_manager.cc:5697] T b20d3e4a6c61466babe160aba20860ad P 7bc434cba8fc458494fd8a0139284907 reported cstate change: term changed from 0 to 1, leader changed from <none> to 7bc434cba8fc458494fd8a0139284907 (127.23.85.65). New cstate: current_term: 1 leader_uuid: "7bc434cba8fc458494fd8a0139284907" committed_config { opid_index: -1 OBSOLETE_local: false peers { permanent_uuid: "7bc434cba8fc458494fd8a0139284907" member_type: VOTER last_known_addr { host: "127.23.85.65" port: 44423 } health_report { overall_health: HEALTHY } } peers { permanent_uuid: "7eee261dabad4c5b8ceaf477cd396b4c" member_type: VOTER last_known_addr { host: "127.23.85.66" port: 36109 } health_report { overall_health: UNKNOWN } } peers { permanent_uuid: "2ca84acc36bf4a489b1884480b770e08" member_type: VOTER last_known_addr { host: "127.23.85.67" port: 37515 } health_report { overall_health: UNKNOWN } } }
I20260710 11:07:43.053864 24710 raft_consensus.cc:2749] T 06b2a79c6312451388c5ed3baefde9ff P 7bc434cba8fc458494fd8a0139284907 [term 1 FOLLOWER]: Leader pre-election lost for term 1. Reason: could not achieve majority
I20260710 11:07:43.077016 24710 raft_consensus.cc:493] T 45e0b8b26ab44ff7afdea22093b0ee48 P 7bc434cba8fc458494fd8a0139284907 [term 0 FOLLOWER]: Starting pre-election (no leader contacted us within the election timeout)
I20260710 11:07:43.077351 24710 raft_consensus.cc:515] T 45e0b8b26ab44ff7afdea22093b0ee48 P 7bc434cba8fc458494fd8a0139284907 [term 0 FOLLOWER]: Starting pre-election with config: opid_index: -1 OBSOLETE_local: false peers { permanent_uuid: "7bc434cba8fc458494fd8a0139284907" member_type: VOTER last_known_addr { host: "127.23.85.65" port: 44423 } } peers { permanent_uuid: "7eee261dabad4c5b8ceaf477cd396b4c" member_type: VOTER last_known_addr { host: "127.23.85.66" port: 36109 } } peers { permanent_uuid: "2ca84acc36bf4a489b1884480b770e08" member_type: VOTER last_known_addr { host: "127.23.85.67" port: 37515 } }
I20260710 11:07:43.078696 24710 leader_election.cc:290] T 45e0b8b26ab44ff7afdea22093b0ee48 P 7bc434cba8fc458494fd8a0139284907 [CANDIDATE]: Term 1 pre-election: Requested pre-vote from peers 7eee261dabad4c5b8ceaf477cd396b4c (127.23.85.66:36109), 2ca84acc36bf4a489b1884480b770e08 (127.23.85.67:37515)
I20260710 11:07:43.079324 24588 tablet_service.cc:1917] Received RequestConsensusVote() RPC: tablet_id: "45e0b8b26ab44ff7afdea22093b0ee48" candidate_uuid: "7bc434cba8fc458494fd8a0139284907" candidate_term: 1 candidate_status { last_received { term: 0 index: 0 } } ignore_live_leader: false dest_uuid: "7eee261dabad4c5b8ceaf477cd396b4c" is_pre_election: true
I20260710 11:07:43.079537 24661 tablet_service.cc:1917] Received RequestConsensusVote() RPC: tablet_id: "45e0b8b26ab44ff7afdea22093b0ee48" candidate_uuid: "7bc434cba8fc458494fd8a0139284907" candidate_term: 1 candidate_status { last_received { term: 0 index: 0 } } ignore_live_leader: false dest_uuid: "2ca84acc36bf4a489b1884480b770e08" is_pre_election: true
I20260710 11:07:43.079824 24588 raft_consensus.cc:2468] T 45e0b8b26ab44ff7afdea22093b0ee48 P 7eee261dabad4c5b8ceaf477cd396b4c [term 0 FOLLOWER]: Leader pre-election vote request: Granting yes vote for candidate 7bc434cba8fc458494fd8a0139284907 in term 0.
I20260710 11:07:43.080088 24661 raft_consensus.cc:2468] T 45e0b8b26ab44ff7afdea22093b0ee48 P 2ca84acc36bf4a489b1884480b770e08 [term 0 FOLLOWER]: Leader pre-election vote request: Granting yes vote for candidate 7bc434cba8fc458494fd8a0139284907 in term 0.
I20260710 11:07:43.080703 24476 leader_election.cc:304] T 45e0b8b26ab44ff7afdea22093b0ee48 P 7bc434cba8fc458494fd8a0139284907 [CANDIDATE]: Term 1 pre-election: Election decided. Result: candidate won. Election summary: received 2 responses out of 3 voters: 2 yes votes; 0 no votes. yes voters: 7bc434cba8fc458494fd8a0139284907, 7eee261dabad4c5b8ceaf477cd396b4c; no voters: 
I20260710 11:07:43.081251 24710 raft_consensus.cc:2804] T 45e0b8b26ab44ff7afdea22093b0ee48 P 7bc434cba8fc458494fd8a0139284907 [term 0 FOLLOWER]: Leader pre-election won for term 1
I20260710 11:07:43.081511 24710 raft_consensus.cc:493] T 45e0b8b26ab44ff7afdea22093b0ee48 P 7bc434cba8fc458494fd8a0139284907 [term 0 FOLLOWER]: Starting leader election (no leader contacted us within the election timeout)
I20260710 11:07:43.081776 24710 raft_consensus.cc:3060] T 45e0b8b26ab44ff7afdea22093b0ee48 P 7bc434cba8fc458494fd8a0139284907 [term 0 FOLLOWER]: Advancing to term 1
I20260710 11:07:43.085667 24710 raft_consensus.cc:515] T 45e0b8b26ab44ff7afdea22093b0ee48 P 7bc434cba8fc458494fd8a0139284907 [term 1 FOLLOWER]: Starting leader election with config: opid_index: -1 OBSOLETE_local: false peers { permanent_uuid: "7bc434cba8fc458494fd8a0139284907" member_type: VOTER last_known_addr { host: "127.23.85.65" port: 44423 } } peers { permanent_uuid: "7eee261dabad4c5b8ceaf477cd396b4c" member_type: VOTER last_known_addr { host: "127.23.85.66" port: 36109 } } peers { permanent_uuid: "2ca84acc36bf4a489b1884480b770e08" member_type: VOTER last_known_addr { host: "127.23.85.67" port: 37515 } }
I20260710 11:07:43.087015 24710 leader_election.cc:290] T 45e0b8b26ab44ff7afdea22093b0ee48 P 7bc434cba8fc458494fd8a0139284907 [CANDIDATE]: Term 1 election: Requested vote from peers 7eee261dabad4c5b8ceaf477cd396b4c (127.23.85.66:36109), 2ca84acc36bf4a489b1884480b770e08 (127.23.85.67:37515)
I20260710 11:07:43.087690 24588 tablet_service.cc:1917] Received RequestConsensusVote() RPC: tablet_id: "45e0b8b26ab44ff7afdea22093b0ee48" candidate_uuid: "7bc434cba8fc458494fd8a0139284907" candidate_term: 1 candidate_status { last_received { term: 0 index: 0 } } ignore_live_leader: false dest_uuid: "7eee261dabad4c5b8ceaf477cd396b4c"
I20260710 11:07:43.087962 24661 tablet_service.cc:1917] Received RequestConsensusVote() RPC: tablet_id: "45e0b8b26ab44ff7afdea22093b0ee48" candidate_uuid: "7bc434cba8fc458494fd8a0139284907" candidate_term: 1 candidate_status { last_received { term: 0 index: 0 } } ignore_live_leader: false dest_uuid: "2ca84acc36bf4a489b1884480b770e08"
I20260710 11:07:43.088099 24588 raft_consensus.cc:3060] T 45e0b8b26ab44ff7afdea22093b0ee48 P 7eee261dabad4c5b8ceaf477cd396b4c [term 0 FOLLOWER]: Advancing to term 1
I20260710 11:07:43.088449 24661 raft_consensus.cc:3060] T 45e0b8b26ab44ff7afdea22093b0ee48 P 2ca84acc36bf4a489b1884480b770e08 [term 0 FOLLOWER]: Advancing to term 1
I20260710 11:07:43.092125 24588 raft_consensus.cc:2468] T 45e0b8b26ab44ff7afdea22093b0ee48 P 7eee261dabad4c5b8ceaf477cd396b4c [term 1 FOLLOWER]: Leader election vote request: Granting yes vote for candidate 7bc434cba8fc458494fd8a0139284907 in term 1.
I20260710 11:07:43.092613 24661 raft_consensus.cc:2468] T 45e0b8b26ab44ff7afdea22093b0ee48 P 2ca84acc36bf4a489b1884480b770e08 [term 1 FOLLOWER]: Leader election vote request: Granting yes vote for candidate 7bc434cba8fc458494fd8a0139284907 in term 1.
I20260710 11:07:43.093006 24476 leader_election.cc:304] T 45e0b8b26ab44ff7afdea22093b0ee48 P 7bc434cba8fc458494fd8a0139284907 [CANDIDATE]: Term 1 election: Election decided. Result: candidate won. Election summary: received 2 responses out of 3 voters: 2 yes votes; 0 no votes. yes voters: 7bc434cba8fc458494fd8a0139284907, 7eee261dabad4c5b8ceaf477cd396b4c; no voters: 
I20260710 11:07:43.093676 24710 raft_consensus.cc:2804] T 45e0b8b26ab44ff7afdea22093b0ee48 P 7bc434cba8fc458494fd8a0139284907 [term 1 FOLLOWER]: Leader election won for term 1
I20260710 11:07:43.094084 24710 raft_consensus.cc:697] T 45e0b8b26ab44ff7afdea22093b0ee48 P 7bc434cba8fc458494fd8a0139284907 [term 1 LEADER]: Becoming Leader. State: Replica: 7bc434cba8fc458494fd8a0139284907, State: Running, Role: LEADER
I20260710 11:07:43.094645 24710 consensus_queue.cc:237] T 45e0b8b26ab44ff7afdea22093b0ee48 P 7bc434cba8fc458494fd8a0139284907 [LEADER]: Queue going to LEADER mode. State: All replicated index: 0, Majority replicated index: 0, Committed index: 0, Last appended: 0.0, Last appended by leader: 0, Current term: 1, Majority size: 2, State: 0, Mode: LEADER, active raft config: opid_index: -1 OBSOLETE_local: false peers { permanent_uuid: "7bc434cba8fc458494fd8a0139284907" member_type: VOTER last_known_addr { host: "127.23.85.65" port: 44423 } } peers { permanent_uuid: "7eee261dabad4c5b8ceaf477cd396b4c" member_type: VOTER last_known_addr { host: "127.23.85.66" port: 36109 } } peers { permanent_uuid: "2ca84acc36bf4a489b1884480b770e08" member_type: VOTER last_known_addr { host: "127.23.85.67" port: 37515 } }
I20260710 11:07:43.101689 24411 catalog_manager.cc:5697] T 45e0b8b26ab44ff7afdea22093b0ee48 P 7bc434cba8fc458494fd8a0139284907 reported cstate change: term changed from 0 to 1, leader changed from <none> to 7bc434cba8fc458494fd8a0139284907 (127.23.85.65). New cstate: current_term: 1 leader_uuid: "7bc434cba8fc458494fd8a0139284907" committed_config { opid_index: -1 OBSOLETE_local: false peers { permanent_uuid: "7bc434cba8fc458494fd8a0139284907" member_type: VOTER last_known_addr { host: "127.23.85.65" port: 44423 } health_report { overall_health: HEALTHY } } peers { permanent_uuid: "7eee261dabad4c5b8ceaf477cd396b4c" member_type: VOTER last_known_addr { host: "127.23.85.66" port: 36109 } health_report { overall_health: UNKNOWN } } peers { permanent_uuid: "2ca84acc36bf4a489b1884480b770e08" member_type: VOTER last_known_addr { host: "127.23.85.67" port: 37515 } health_report { overall_health: UNKNOWN } } }
I20260710 11:07:43.151093 24710 consensus_queue.cc:1048] T 52faac4d4fa34e7696b7d7579e051e5e P 7bc434cba8fc458494fd8a0139284907 [LEADER]: Connected to new peer: Peer: permanent_uuid: "7eee261dabad4c5b8ceaf477cd396b4c" member_type: VOTER last_known_addr { host: "127.23.85.66" port: 36109 }, Status: LMP_MISMATCH, Last received: 0.0, Next index: 1, Last known committed idx: 0, Time since last communication: 0.000s
I20260710 11:07:43.161973 24744 consensus_queue.cc:1048] T 52faac4d4fa34e7696b7d7579e051e5e P 7bc434cba8fc458494fd8a0139284907 [LEADER]: Connected to new peer: Peer: permanent_uuid: "2ca84acc36bf4a489b1884480b770e08" member_type: VOTER last_known_addr { host: "127.23.85.67" port: 37515 }, Status: LMP_MISMATCH, Last received: 0.0, Next index: 1, Last known committed idx: 0, Time since last communication: 0.000s
I20260710 11:07:43.192981 24734 consensus_queue.cc:1048] T 06b2a79c6312451388c5ed3baefde9ff P 7eee261dabad4c5b8ceaf477cd396b4c [LEADER]: Connected to new peer: Peer: permanent_uuid: "2ca84acc36bf4a489b1884480b770e08" member_type: VOTER last_known_addr { host: "127.23.85.67" port: 37515 }, Status: LMP_MISMATCH, Last received: 0.0, Next index: 1, Last known committed idx: 0, Time since last communication: 0.000s
I20260710 11:07:43.203018 24706 consensus_queue.cc:1048] T 06b2a79c6312451388c5ed3baefde9ff P 7eee261dabad4c5b8ceaf477cd396b4c [LEADER]: Connected to new peer: Peer: permanent_uuid: "7bc434cba8fc458494fd8a0139284907" member_type: VOTER last_known_addr { host: "127.23.85.65" port: 44423 }, Status: LMP_MISMATCH, Last received: 0.0, Next index: 1, Last known committed idx: 0, Time since last communication: 0.000s
I20260710 11:07:43.208472 24722 consensus_queue.cc:1048] T c3776cb89a0943ce8737883a2c6fe88f P 2ca84acc36bf4a489b1884480b770e08 [LEADER]: Connected to new peer: Peer: permanent_uuid: "7bc434cba8fc458494fd8a0139284907" member_type: VOTER last_known_addr { host: "127.23.85.65" port: 44423 }, Status: LMP_MISMATCH, Last received: 0.0, Next index: 1, Last known committed idx: 0, Time since last communication: 0.000s
I20260710 11:07:43.221006 24769 consensus_queue.cc:1048] T c3776cb89a0943ce8737883a2c6fe88f P 2ca84acc36bf4a489b1884480b770e08 [LEADER]: Connected to new peer: Peer: permanent_uuid: "7eee261dabad4c5b8ceaf477cd396b4c" member_type: VOTER last_known_addr { host: "127.23.85.66" port: 36109 }, Status: LMP_MISMATCH, Last received: 0.0, Next index: 1, Last known committed idx: 0, Time since last communication: 0.001s
I20260710 11:07:43.228451 24744 raft_consensus.cc:493] T 9eb1afba82ee4916a1755700ae01dd5b P 7bc434cba8fc458494fd8a0139284907 [term 0 FOLLOWER]: Starting pre-election (no leader contacted us within the election timeout)
I20260710 11:07:43.228976 24744 raft_consensus.cc:515] T 9eb1afba82ee4916a1755700ae01dd5b P 7bc434cba8fc458494fd8a0139284907 [term 0 FOLLOWER]: Starting pre-election with config: opid_index: -1 OBSOLETE_local: false peers { permanent_uuid: "7bc434cba8fc458494fd8a0139284907" member_type: VOTER last_known_addr { host: "127.23.85.65" port: 44423 } } peers { permanent_uuid: "7eee261dabad4c5b8ceaf477cd396b4c" member_type: VOTER last_known_addr { host: "127.23.85.66" port: 36109 } } peers { permanent_uuid: "2ca84acc36bf4a489b1884480b770e08" member_type: VOTER last_known_addr { host: "127.23.85.67" port: 37515 } }
