I20260710 11:08:17.967049 21298 raft_consensus.cc:493] T f3477906cac0454389b18f79e77edb9b P 8024631bddba4f8a8ee99edb89cc4699 [term 1 FOLLOWER]: Starting forced leader election (received explicit request)
I20260710 11:08:17.967438 21298 raft_consensus.cc:3060] T f3477906cac0454389b18f79e77edb9b P 8024631bddba4f8a8ee99edb89cc4699 [term 1 FOLLOWER]: Advancing to term 2
I20260710 11:08:17.971983 21298 raft_consensus.cc:515] T f3477906cac0454389b18f79e77edb9b P 8024631bddba4f8a8ee99edb89cc4699 [term 2 FOLLOWER]: Starting forced leader election with config: opid_index: 4 OBSOLETE_local: false peers { permanent_uuid: "f483ffb68d8b4e43930d45b8e0f2137d" member_type: VOTER last_known_addr { host: "127.19.71.194" port: 46041 } } peers { permanent_uuid: "35c6adbc8e5447fc85acbb38bd90501c" member_type: VOTER last_known_addr { host: "127.19.71.195" port: 38689 } } peers { permanent_uuid: "8024631bddba4f8a8ee99edb89cc4699" member_type: VOTER last_known_addr { host: "127.19.71.196" port: 45121 } attrs { promote: false } }
I20260710 11:08:17.973857 21298 leader_election.cc:290] T f3477906cac0454389b18f79e77edb9b P 8024631bddba4f8a8ee99edb89cc4699 [CANDIDATE]: Term 2 election: Requested vote from peers f483ffb68d8b4e43930d45b8e0f2137d (127.19.71.194:46041), 35c6adbc8e5447fc85acbb38bd90501c (127.19.71.195:38689)
I20260710 11:08:17.974655 20960 tablet_service.cc:1917] Received RequestConsensusVote() RPC: tablet_id: "f3477906cac0454389b18f79e77edb9b" candidate_uuid: "8024631bddba4f8a8ee99edb89cc4699" candidate_term: 2 candidate_status { last_received { term: 1 index: 4 } } ignore_live_leader: true dest_uuid: "f483ffb68d8b4e43930d45b8e0f2137d"
I20260710 11:08:17.975183 21031 tablet_service.cc:1917] Received RequestConsensusVote() RPC: tablet_id: "f3477906cac0454389b18f79e77edb9b" candidate_uuid: "8024631bddba4f8a8ee99edb89cc4699" candidate_term: 2 candidate_status { last_received { term: 1 index: 4 } } ignore_live_leader: true dest_uuid: "35c6adbc8e5447fc85acbb38bd90501c"
I20260710 11:08:17.975775 21031 raft_consensus.cc:3055] T f3477906cac0454389b18f79e77edb9b P 35c6adbc8e5447fc85acbb38bd90501c [term 1 LEADER]: Stepping down as leader of term 1
I20260710 11:08:17.975317 20960 raft_consensus.cc:3060] T f3477906cac0454389b18f79e77edb9b P f483ffb68d8b4e43930d45b8e0f2137d [term 1 FOLLOWER]: Advancing to term 2
I20260710 11:08:17.976045 21031 raft_consensus.cc:740] T f3477906cac0454389b18f79e77edb9b P 35c6adbc8e5447fc85acbb38bd90501c [term 1 LEADER]: Becoming Follower/Learner. State: Replica: 35c6adbc8e5447fc85acbb38bd90501c, State: Running, Role: LEADER
I20260710 11:08:17.977275 21031 consensus_queue.cc:260] T f3477906cac0454389b18f79e77edb9b P 35c6adbc8e5447fc85acbb38bd90501c [NON_LEADER]: Queue going to NON_LEADER mode. State: All replicated index: 0, Majority replicated index: 4, Committed index: 4, Last appended: 1.4, Last appended by leader: 4, Current term: 1, Majority size: -1, State: 0, Mode: NON_LEADER, active raft config: opid_index: 4 OBSOLETE_local: false peers { permanent_uuid: "f483ffb68d8b4e43930d45b8e0f2137d" member_type: VOTER last_known_addr { host: "127.19.71.194" port: 46041 } } peers { permanent_uuid: "35c6adbc8e5447fc85acbb38bd90501c" member_type: VOTER last_known_addr { host: "127.19.71.195" port: 38689 } } peers { permanent_uuid: "8024631bddba4f8a8ee99edb89cc4699" member_type: VOTER last_known_addr { host: "127.19.71.196" port: 45121 } attrs { promote: false } }
I20260710 11:08:17.977698 21656 raft_consensus.cc:993] T 6eb7635074f84744ac4a25e2b4b9b386 P 35c6adbc8e5447fc85acbb38bd90501c: : Instructing follower 8024631bddba4f8a8ee99edb89cc4699 to start an election
I20260710 11:08:17.978384 21656 raft_consensus.cc:1081] T 6eb7635074f84744ac4a25e2b4b9b386 P 35c6adbc8e5447fc85acbb38bd90501c [term 1 LEADER]: Signalling peer 8024631bddba4f8a8ee99edb89cc4699 to start an election
I20260710 11:08:17.979343 21031 raft_consensus.cc:3060] T f3477906cac0454389b18f79e77edb9b P 35c6adbc8e5447fc85acbb38bd90501c [term 1 FOLLOWER]: Advancing to term 2
I20260710 11:08:17.980149 21298 tablet_service.cc:2044] Received Run Leader Election RPC: tablet_id: "6eb7635074f84744ac4a25e2b4b9b386"
dest_uuid: "8024631bddba4f8a8ee99edb89cc4699"
 from {username='slave'} at 127.0.0.1:58958
I20260710 11:08:17.980639 21298 raft_consensus.cc:493] T 6eb7635074f84744ac4a25e2b4b9b386 P 8024631bddba4f8a8ee99edb89cc4699 [term 1 FOLLOWER]: Starting forced leader election (received explicit request)
I20260710 11:08:17.981038 21298 raft_consensus.cc:3060] T 6eb7635074f84744ac4a25e2b4b9b386 P 8024631bddba4f8a8ee99edb89cc4699 [term 1 FOLLOWER]: Advancing to term 2
I20260710 11:08:17.982656 20960 raft_consensus.cc:2468] T f3477906cac0454389b18f79e77edb9b P f483ffb68d8b4e43930d45b8e0f2137d [term 2 FOLLOWER]: Leader election vote request: Granting yes vote for candidate 8024631bddba4f8a8ee99edb89cc4699 in term 2.
I20260710 11:08:17.983839 21264 leader_election.cc:304] T f3477906cac0454389b18f79e77edb9b P 8024631bddba4f8a8ee99edb89cc4699 [CANDIDATE]: Term 2 election: Election decided. Result: candidate won. Election summary: received 2 responses out of 3 voters: 2 yes votes; 0 no votes. yes voters: 8024631bddba4f8a8ee99edb89cc4699, f483ffb68d8b4e43930d45b8e0f2137d; no voters: 
I20260710 11:08:17.985200 21031 raft_consensus.cc:2468] T f3477906cac0454389b18f79e77edb9b P 35c6adbc8e5447fc85acbb38bd90501c [term 2 FOLLOWER]: Leader election vote request: Granting yes vote for candidate 8024631bddba4f8a8ee99edb89cc4699 in term 2.
I20260710 11:08:17.986258 21664 raft_consensus.cc:2804] T f3477906cac0454389b18f79e77edb9b P 8024631bddba4f8a8ee99edb89cc4699 [term 2 FOLLOWER]: Leader election won for term 2
I20260710 11:08:17.987404 21664 raft_consensus.cc:697] T f3477906cac0454389b18f79e77edb9b P 8024631bddba4f8a8ee99edb89cc4699 [term 2 LEADER]: Becoming Leader. State: Replica: 8024631bddba4f8a8ee99edb89cc4699, State: Running, Role: LEADER
I20260710 11:08:17.987865 21298 raft_consensus.cc:515] T 6eb7635074f84744ac4a25e2b4b9b386 P 8024631bddba4f8a8ee99edb89cc4699 [term 2 FOLLOWER]: Starting forced leader election with config: opid_index: 4 OBSOLETE_local: false peers { permanent_uuid: "f483ffb68d8b4e43930d45b8e0f2137d" member_type: VOTER last_known_addr { host: "127.19.71.194" port: 46041 } } peers { permanent_uuid: "35c6adbc8e5447fc85acbb38bd90501c" member_type: VOTER last_known_addr { host: "127.19.71.195" port: 38689 } } peers { permanent_uuid: "8024631bddba4f8a8ee99edb89cc4699" member_type: VOTER last_known_addr { host: "127.19.71.196" port: 45121 } attrs { promote: false } }
I20260710 11:08:17.988211 21664 consensus_queue.cc:237] T f3477906cac0454389b18f79e77edb9b P 8024631bddba4f8a8ee99edb89cc4699 [LEADER]: Queue going to LEADER mode. State: All replicated index: 0, Majority replicated index: 4, Committed index: 4, Last appended: 1.4, Last appended by leader: 4, Current term: 2, Majority size: 2, State: 0, Mode: LEADER, active raft config: opid_index: 4 OBSOLETE_local: false peers { permanent_uuid: "f483ffb68d8b4e43930d45b8e0f2137d" member_type: VOTER last_known_addr { host: "127.19.71.194" port: 46041 } } peers { permanent_uuid: "35c6adbc8e5447fc85acbb38bd90501c" member_type: VOTER last_known_addr { host: "127.19.71.195" port: 38689 } } peers { permanent_uuid: "8024631bddba4f8a8ee99edb89cc4699" member_type: VOTER last_known_addr { host: "127.19.71.196" port: 45121 } attrs { promote: false } }
I20260710 11:08:17.989425 21298 leader_election.cc:290] T 6eb7635074f84744ac4a25e2b4b9b386 P 8024631bddba4f8a8ee99edb89cc4699 [CANDIDATE]: Term 2 election: Requested vote from peers f483ffb68d8b4e43930d45b8e0f2137d (127.19.71.194:46041), 35c6adbc8e5447fc85acbb38bd90501c (127.19.71.195:38689)
I20260710 11:08:17.990056 20960 tablet_service.cc:1917] Received RequestConsensusVote() RPC: tablet_id: "6eb7635074f84744ac4a25e2b4b9b386" candidate_uuid: "8024631bddba4f8a8ee99edb89cc4699" candidate_term: 2 candidate_status { last_received { term: 1 index: 4 } } ignore_live_leader: true dest_uuid: "f483ffb68d8b4e43930d45b8e0f2137d"
I20260710 11:08:17.990528 21031 tablet_service.cc:1917] Received RequestConsensusVote() RPC: tablet_id: "6eb7635074f84744ac4a25e2b4b9b386" candidate_uuid: "8024631bddba4f8a8ee99edb89cc4699" candidate_term: 2 candidate_status { last_received { term: 1 index: 4 } } ignore_live_leader: true dest_uuid: "35c6adbc8e5447fc85acbb38bd90501c"
I20260710 11:08:17.990588 20960 raft_consensus.cc:3060] T 6eb7635074f84744ac4a25e2b4b9b386 P f483ffb68d8b4e43930d45b8e0f2137d [term 1 FOLLOWER]: Advancing to term 2
I20260710 11:08:17.991165 21031 raft_consensus.cc:3055] T 6eb7635074f84744ac4a25e2b4b9b386 P 35c6adbc8e5447fc85acbb38bd90501c [term 1 LEADER]: Stepping down as leader of term 1
I20260710 11:08:17.991437 21031 raft_consensus.cc:740] T 6eb7635074f84744ac4a25e2b4b9b386 P 35c6adbc8e5447fc85acbb38bd90501c [term 1 LEADER]: Becoming Follower/Learner. State: Replica: 35c6adbc8e5447fc85acbb38bd90501c, State: Running, Role: LEADER
I20260710 11:08:17.992048 21031 consensus_queue.cc:260] T 6eb7635074f84744ac4a25e2b4b9b386 P 35c6adbc8e5447fc85acbb38bd90501c [NON_LEADER]: Queue going to NON_LEADER mode. State: All replicated index: 0, Majority replicated index: 4, Committed index: 4, Last appended: 1.4, Last appended by leader: 4, Current term: 1, Majority size: -1, State: 0, Mode: NON_LEADER, active raft config: opid_index: 4 OBSOLETE_local: false peers { permanent_uuid: "f483ffb68d8b4e43930d45b8e0f2137d" member_type: VOTER last_known_addr { host: "127.19.71.194" port: 46041 } } peers { permanent_uuid: "35c6adbc8e5447fc85acbb38bd90501c" member_type: VOTER last_known_addr { host: "127.19.71.195" port: 38689 } } peers { permanent_uuid: "8024631bddba4f8a8ee99edb89cc4699" member_type: VOTER last_known_addr { host: "127.19.71.196" port: 45121 } attrs { promote: false } }
I20260710 11:08:17.992906 21031 raft_consensus.cc:3060] T 6eb7635074f84744ac4a25e2b4b9b386 P 35c6adbc8e5447fc85acbb38bd90501c [term 1 FOLLOWER]: Advancing to term 2
I20260710 11:08:17.998157 21031 raft_consensus.cc:2468] T 6eb7635074f84744ac4a25e2b4b9b386 P 35c6adbc8e5447fc85acbb38bd90501c [term 2 FOLLOWER]: Leader election vote request: Granting yes vote for candidate 8024631bddba4f8a8ee99edb89cc4699 in term 2.
I20260710 11:08:18.000315 20960 raft_consensus.cc:2468] T 6eb7635074f84744ac4a25e2b4b9b386 P f483ffb68d8b4e43930d45b8e0f2137d [term 2 FOLLOWER]: Leader election vote request: Granting yes vote for candidate 8024631bddba4f8a8ee99edb89cc4699 in term 2.
I20260710 11:08:18.000368 21264 leader_election.cc:304] T 6eb7635074f84744ac4a25e2b4b9b386 P 8024631bddba4f8a8ee99edb89cc4699 [CANDIDATE]: Term 2 election: Election decided. Result: candidate won. Election summary: received 2 responses out of 3 voters: 2 yes votes; 0 no votes. yes voters: 35c6adbc8e5447fc85acbb38bd90501c, 8024631bddba4f8a8ee99edb89cc4699; no voters: 
I20260710 11:08:18.001995 21664 raft_consensus.cc:2804] T 6eb7635074f84744ac4a25e2b4b9b386 P 8024631bddba4f8a8ee99edb89cc4699 [term 2 FOLLOWER]: Leader election won for term 2
I20260710 11:08:18.002612 21664 raft_consensus.cc:697] T 6eb7635074f84744ac4a25e2b4b9b386 P 8024631bddba4f8a8ee99edb89cc4699 [term 2 LEADER]: Becoming Leader. State: Replica: 8024631bddba4f8a8ee99edb89cc4699, State: Running, Role: LEADER
I20260710 11:08:18.003496 21664 consensus_queue.cc:237] T 6eb7635074f84744ac4a25e2b4b9b386 P 8024631bddba4f8a8ee99edb89cc4699 [LEADER]: Queue going to LEADER mode. State: All replicated index: 0, Majority replicated index: 4, Committed index: 4, Last appended: 1.4, Last appended by leader: 4, Current term: 2, Majority size: 2, State: 0, Mode: LEADER, active raft config: opid_index: 4 OBSOLETE_local: false peers { permanent_uuid: "f483ffb68d8b4e43930d45b8e0f2137d" member_type: VOTER last_known_addr { host: "127.19.71.194" port: 46041 } } peers { permanent_uuid: "35c6adbc8e5447fc85acbb38bd90501c" member_type: VOTER last_known_addr { host: "127.19.71.195" port: 38689 } } peers { permanent_uuid: "8024631bddba4f8a8ee99edb89cc4699" member_type: VOTER last_known_addr { host: "127.19.71.196" port: 45121 } attrs { promote: false } }
I20260710 11:08:18.005411 20781 catalog_manager.cc:5697] T f3477906cac0454389b18f79e77edb9b P 8024631bddba4f8a8ee99edb89cc4699 reported cstate change: term changed from 1 to 2, leader changed from 35c6adbc8e5447fc85acbb38bd90501c (127.19.71.195) to 8024631bddba4f8a8ee99edb89cc4699 (127.19.71.196). New cstate: current_term: 2 leader_uuid: "8024631bddba4f8a8ee99edb89cc4699" committed_config { opid_index: 4 OBSOLETE_local: false peers { permanent_uuid: "f483ffb68d8b4e43930d45b8e0f2137d" member_type: VOTER last_known_addr { host: "127.19.71.194" port: 46041 } health_report { overall_health: UNKNOWN } } peers { permanent_uuid: "35c6adbc8e5447fc85acbb38bd90501c" member_type: VOTER last_known_addr { host: "127.19.71.195" port: 38689 } health_report { overall_health: UNKNOWN } } peers { permanent_uuid: "8024631bddba4f8a8ee99edb89cc4699" member_type: VOTER last_known_addr { host: "127.19.71.196" port: 45121 } attrs { promote: false } health_report { overall_health: HEALTHY } } }
I20260710 11:08:18.023955 20781 catalog_manager.cc:5697] T 6eb7635074f84744ac4a25e2b4b9b386 P 8024631bddba4f8a8ee99edb89cc4699 reported cstate change: term changed from 1 to 2, leader changed from 35c6adbc8e5447fc85acbb38bd90501c (127.19.71.195) to 8024631bddba4f8a8ee99edb89cc4699 (127.19.71.196). New cstate: current_term: 2 leader_uuid: "8024631bddba4f8a8ee99edb89cc4699" committed_config { opid_index: 4 OBSOLETE_local: false peers { permanent_uuid: "f483ffb68d8b4e43930d45b8e0f2137d" member_type: VOTER last_known_addr { host: "127.19.71.194" port: 46041 } health_report { overall_health: UNKNOWN } } peers { permanent_uuid: "35c6adbc8e5447fc85acbb38bd90501c" member_type: VOTER last_known_addr { host: "127.19.71.195" port: 38689 } health_report { overall_health: UNKNOWN } } peers { permanent_uuid: "8024631bddba4f8a8ee99edb89cc4699" member_type: VOTER last_known_addr { host: "127.19.71.196" port: 45121 } attrs { promote: false } health_report { overall_health: HEALTHY } } }
I20260710 11:08:18.055498 21657 raft_consensus.cc:993] T 4989416a2f6b45dcbd6a423ce60b86ce P 35c6adbc8e5447fc85acbb38bd90501c: : Instructing follower 8024631bddba4f8a8ee99edb89cc4699 to start an election
I20260710 11:08:18.055951 21656 raft_consensus.cc:1081] T 4989416a2f6b45dcbd6a423ce60b86ce P 35c6adbc8e5447fc85acbb38bd90501c [term 1 LEADER]: Signalling peer 8024631bddba4f8a8ee99edb89cc4699 to start an election
I20260710 11:08:18.057297 21297 tablet_service.cc:2044] Received Run Leader Election RPC: tablet_id: "4989416a2f6b45dcbd6a423ce60b86ce"
dest_uuid: "8024631bddba4f8a8ee99edb89cc4699"
 from {username='slave'} at 127.0.0.1:58958
I20260710 11:08:18.057770 21297 raft_consensus.cc:493] T 4989416a2f6b45dcbd6a423ce60b86ce P 8024631bddba4f8a8ee99edb89cc4699 [term 1 FOLLOWER]: Starting forced leader election (received explicit request)
I20260710 11:08:18.058073 21297 raft_consensus.cc:3060] T 4989416a2f6b45dcbd6a423ce60b86ce P 8024631bddba4f8a8ee99edb89cc4699 [term 1 FOLLOWER]: Advancing to term 2
I20260710 11:08:18.062832 21297 raft_consensus.cc:515] T 4989416a2f6b45dcbd6a423ce60b86ce P 8024631bddba4f8a8ee99edb89cc4699 [term 2 FOLLOWER]: Starting forced leader election with config: opid_index: 4 OBSOLETE_local: false peers { permanent_uuid: "f483ffb68d8b4e43930d45b8e0f2137d" member_type: VOTER last_known_addr { host: "127.19.71.194" port: 46041 } } peers { permanent_uuid: "35c6adbc8e5447fc85acbb38bd90501c" member_type: VOTER last_known_addr { host: "127.19.71.195" port: 38689 } } peers { permanent_uuid: "8024631bddba4f8a8ee99edb89cc4699" member_type: VOTER last_known_addr { host: "127.19.71.196" port: 45121 } attrs { promote: false } }
I20260710 11:08:18.064834 21297 leader_election.cc:290] T 4989416a2f6b45dcbd6a423ce60b86ce P 8024631bddba4f8a8ee99edb89cc4699 [CANDIDATE]: Term 2 election: Requested vote from peers f483ffb68d8b4e43930d45b8e0f2137d (127.19.71.194:46041), 35c6adbc8e5447fc85acbb38bd90501c (127.19.71.195:38689)
I20260710 11:08:18.065377 20960 tablet_service.cc:1917] Received RequestConsensusVote() RPC: tablet_id: "4989416a2f6b45dcbd6a423ce60b86ce" candidate_uuid: "8024631bddba4f8a8ee99edb89cc4699" candidate_term: 2 candidate_status { last_received { term: 1 index: 4 } } ignore_live_leader: true dest_uuid: "f483ffb68d8b4e43930d45b8e0f2137d"
I20260710 11:08:18.065647 21031 tablet_service.cc:1917] Received RequestConsensusVote() RPC: tablet_id: "4989416a2f6b45dcbd6a423ce60b86ce" candidate_uuid: "8024631bddba4f8a8ee99edb89cc4699" candidate_term: 2 candidate_status { last_received { term: 1 index: 4 } } ignore_live_leader: true dest_uuid: "35c6adbc8e5447fc85acbb38bd90501c"
I20260710 11:08:18.065950 20960 raft_consensus.cc:3060] T 4989416a2f6b45dcbd6a423ce60b86ce P f483ffb68d8b4e43930d45b8e0f2137d [term 1 FOLLOWER]: Advancing to term 2
I20260710 11:08:18.066130 21031 raft_consensus.cc:3055] T 4989416a2f6b45dcbd6a423ce60b86ce P 35c6adbc8e5447fc85acbb38bd90501c [term 1 LEADER]: Stepping down as leader of term 1
I20260710 11:08:18.066439 21031 raft_consensus.cc:740] T 4989416a2f6b45dcbd6a423ce60b86ce P 35c6adbc8e5447fc85acbb38bd90501c [term 1 LEADER]: Becoming Follower/Learner. State: Replica: 35c6adbc8e5447fc85acbb38bd90501c, State: Running, Role: LEADER
I20260710 11:08:18.067107 21031 consensus_queue.cc:260] T 4989416a2f6b45dcbd6a423ce60b86ce P 35c6adbc8e5447fc85acbb38bd90501c [NON_LEADER]: Queue going to NON_LEADER mode. State: All replicated index: 0, Majority replicated index: 4, Committed index: 4, Last appended: 1.4, Last appended by leader: 4, Current term: 1, Majority size: -1, State: 0, Mode: NON_LEADER, active raft config: opid_index: 4 OBSOLETE_local: false peers { permanent_uuid: "f483ffb68d8b4e43930d45b8e0f2137d" member_type: VOTER last_known_addr { host: "127.19.71.194" port: 46041 } } peers { permanent_uuid: "35c6adbc8e5447fc85acbb38bd90501c" member_type: VOTER last_known_addr { host: "127.19.71.195" port: 38689 } } peers { permanent_uuid: "8024631bddba4f8a8ee99edb89cc4699" member_type: VOTER last_known_addr { host: "127.19.71.196" port: 45121 } attrs { promote: false } }
I20260710 11:08:18.068044 21031 raft_consensus.cc:3060] T 4989416a2f6b45dcbd6a423ce60b86ce P 35c6adbc8e5447fc85acbb38bd90501c [term 1 FOLLOWER]: Advancing to term 2
I20260710 11:08:18.072026 20960 raft_consensus.cc:2468] T 4989416a2f6b45dcbd6a423ce60b86ce P f483ffb68d8b4e43930d45b8e0f2137d [term 2 FOLLOWER]: Leader election vote request: Granting yes vote for candidate 8024631bddba4f8a8ee99edb89cc4699 in term 2.
I20260710 11:08:18.073081 21264 leader_election.cc:304] T 4989416a2f6b45dcbd6a423ce60b86ce P 8024631bddba4f8a8ee99edb89cc4699 [CANDIDATE]: Term 2 election: Election decided. Result: candidate won. Election summary: received 2 responses out of 3 voters: 2 yes votes; 0 no votes. yes voters: 8024631bddba4f8a8ee99edb89cc4699, f483ffb68d8b4e43930d45b8e0f2137d; no voters: 
I20260710 11:08:18.073839 21664 raft_consensus.cc:2804] T 4989416a2f6b45dcbd6a423ce60b86ce P 8024631bddba4f8a8ee99edb89cc4699 [term 2 FOLLOWER]: Leader election won for term 2
I20260710 11:08:18.074292 21664 raft_consensus.cc:697] T 4989416a2f6b45dcbd6a423ce60b86ce P 8024631bddba4f8a8ee99edb89cc4699 [term 2 LEADER]: Becoming Leader. State: Replica: 8024631bddba4f8a8ee99edb89cc4699, State: Running, Role: LEADER
I20260710 11:08:18.074540 21031 raft_consensus.cc:2468] T 4989416a2f6b45dcbd6a423ce60b86ce P 35c6adbc8e5447fc85acbb38bd90501c [term 2 FOLLOWER]: Leader election vote request: Granting yes vote for candidate 8024631bddba4f8a8ee99edb89cc4699 in term 2.
I20260710 11:08:18.075172 21664 consensus_queue.cc:237] T 4989416a2f6b45dcbd6a423ce60b86ce P 8024631bddba4f8a8ee99edb89cc4699 [LEADER]: Queue going to LEADER mode. State: All replicated index: 0, Majority replicated index: 4, Committed index: 4, Last appended: 1.4, Last appended by leader: 4, Current term: 2, Majority size: 2, State: 0, Mode: LEADER, active raft config: opid_index: 4 OBSOLETE_local: false peers { permanent_uuid: "f483ffb68d8b4e43930d45b8e0f2137d" member_type: VOTER last_known_addr { host: "127.19.71.194" port: 46041 } } peers { permanent_uuid: "35c6adbc8e5447fc85acbb38bd90501c" member_type: VOTER last_known_addr { host: "127.19.71.195" port: 38689 } } peers { permanent_uuid: "8024631bddba4f8a8ee99edb89cc4699" member_type: VOTER last_known_addr { host: "127.19.71.196" port: 45121 } attrs { promote: false } }
I20260710 11:08:18.083222 20781 catalog_manager.cc:5697] T 4989416a2f6b45dcbd6a423ce60b86ce P 8024631bddba4f8a8ee99edb89cc4699 reported cstate change: term changed from 1 to 2, leader changed from 35c6adbc8e5447fc85acbb38bd90501c (127.19.71.195) to 8024631bddba4f8a8ee99edb89cc4699 (127.19.71.196). New cstate: current_term: 2 leader_uuid: "8024631bddba4f8a8ee99edb89cc4699" committed_config { opid_index: 4 OBSOLETE_local: false peers { permanent_uuid: "f483ffb68d8b4e43930d45b8e0f2137d" member_type: VOTER last_known_addr { host: "127.19.71.194" port: 46041 } health_report { overall_health: UNKNOWN } } peers { permanent_uuid: "35c6adbc8e5447fc85acbb38bd90501c" member_type: VOTER last_known_addr { host: "127.19.71.195" port: 38689 } health_report { overall_health: UNKNOWN } } peers { permanent_uuid: "8024631bddba4f8a8ee99edb89cc4699" member_type: VOTER last_known_addr { host: "127.19.71.196" port: 45121 } attrs { promote: false } health_report { overall_health: HEALTHY } } }
I20260710 11:08:18.190976 21673 raft_consensus.cc:993] T f4cc586c67e0449caca01de354752949 P 231ef968ee9c4cc996bc9d9de030643f: : Instructing follower 8024631bddba4f8a8ee99edb89cc4699 to start an election
I20260710 11:08:18.191498 21659 raft_consensus.cc:1081] T f4cc586c67e0449caca01de354752949 P 231ef968ee9c4cc996bc9d9de030643f [term 1 LEADER]: Signalling peer 8024631bddba4f8a8ee99edb89cc4699 to start an election
I20260710 11:08:18.192818 21297 tablet_service.cc:2044] Received Run Leader Election RPC: tablet_id: "f4cc586c67e0449caca01de354752949"
dest_uuid: "8024631bddba4f8a8ee99edb89cc4699"
 from {username='slave'} at 127.0.0.1:58948
I20260710 11:08:18.193235 21297 raft_consensus.cc:493] T f4cc586c67e0449caca01de354752949 P 8024631bddba4f8a8ee99edb89cc4699 [term 1 FOLLOWER]: Starting forced leader election (received explicit request)
I20260710 11:08:18.193502 21297 raft_consensus.cc:3060] T f4cc586c67e0449caca01de354752949 P 8024631bddba4f8a8ee99edb89cc4699 [term 1 FOLLOWER]: Advancing to term 2
I20260710 11:08:18.198066 21297 raft_consensus.cc:515] T f4cc586c67e0449caca01de354752949 P 8024631bddba4f8a8ee99edb89cc4699 [term 2 FOLLOWER]: Starting forced leader election with config: opid_index: 4 OBSOLETE_local: false peers { permanent_uuid: "231ef968ee9c4cc996bc9d9de030643f" member_type: VOTER last_known_addr { host: "127.19.71.193" port: 44237 } } peers { permanent_uuid: "35c6adbc8e5447fc85acbb38bd90501c" member_type: VOTER last_known_addr { host: "127.19.71.195" port: 38689 } } peers { permanent_uuid: "8024631bddba4f8a8ee99edb89cc4699" member_type: VOTER last_known_addr { host: "127.19.71.196" port: 45121 } attrs { promote: false } }
I20260710 11:08:18.199730 21297 leader_election.cc:290] T f4cc586c67e0449caca01de354752949 P 8024631bddba4f8a8ee99edb89cc4699 [CANDIDATE]: Term 2 election: Requested vote from peers 231ef968ee9c4cc996bc9d9de030643f (127.19.71.193:44237), 35c6adbc8e5447fc85acbb38bd90501c (127.19.71.195:38689)
I20260710 11:08:18.200505 20882 tablet_service.cc:1917] Received RequestConsensusVote() RPC: tablet_id: "f4cc586c67e0449caca01de354752949" candidate_uuid: "8024631bddba4f8a8ee99edb89cc4699" candidate_term: 2 candidate_status { last_received { term: 1 index: 4 } } ignore_live_leader: true dest_uuid: "231ef968ee9c4cc996bc9d9de030643f"
I20260710 11:08:18.200798 21031 tablet_service.cc:1917] Received RequestConsensusVote() RPC: tablet_id: "f4cc586c67e0449caca01de354752949" candidate_uuid: "8024631bddba4f8a8ee99edb89cc4699" candidate_term: 2 candidate_status { last_received { term: 1 index: 4 } } ignore_live_leader: true dest_uuid: "35c6adbc8e5447fc85acbb38bd90501c"
I20260710 11:08:18.201067 20882 raft_consensus.cc:3055] T f4cc586c67e0449caca01de354752949 P 231ef968ee9c4cc996bc9d9de030643f [term 1 LEADER]: Stepping down as leader of term 1
I20260710 11:08:18.201320 21031 raft_consensus.cc:3060] T f4cc586c67e0449caca01de354752949 P 35c6adbc8e5447fc85acbb38bd90501c [term 1 FOLLOWER]: Advancing to term 2
I20260710 11:08:18.201414 20882 raft_consensus.cc:740] T f4cc586c67e0449caca01de354752949 P 231ef968ee9c4cc996bc9d9de030643f [term 1 LEADER]: Becoming Follower/Learner. State: Replica: 231ef968ee9c4cc996bc9d9de030643f, State: Running, Role: LEADER
I20260710 11:08:18.202219 20882 consensus_queue.cc:260] T f4cc586c67e0449caca01de354752949 P 231ef968ee9c4cc996bc9d9de030643f [NON_LEADER]: Queue going to NON_LEADER mode. State: All replicated index: 0, Majority replicated index: 4, Committed index: 4, Last appended: 1.4, Last appended by leader: 4, Current term: 1, Majority size: -1, State: 0, Mode: NON_LEADER, active raft config: opid_index: 4 OBSOLETE_local: false peers { permanent_uuid: "231ef968ee9c4cc996bc9d9de030643f" member_type: VOTER last_known_addr { host: "127.19.71.193" port: 44237 } } peers { permanent_uuid: "35c6adbc8e5447fc85acbb38bd90501c" member_type: VOTER last_known_addr { host: "127.19.71.195" port: 38689 } } peers { permanent_uuid: "8024631bddba4f8a8ee99edb89cc4699" member_type: VOTER last_known_addr { host: "127.19.71.196" port: 45121 } attrs { promote: false } }
I20260710 11:08:18.203342 20882 raft_consensus.cc:3060] T f4cc586c67e0449caca01de354752949 P 231ef968ee9c4cc996bc9d9de030643f [term 1 FOLLOWER]: Advancing to term 2
I20260710 11:08:18.207266 21031 raft_consensus.cc:2468] T f4cc586c67e0449caca01de354752949 P 35c6adbc8e5447fc85acbb38bd90501c [term 2 FOLLOWER]: Leader election vote request: Granting yes vote for candidate 8024631bddba4f8a8ee99edb89cc4699 in term 2.
I20260710 11:08:18.208313 21264 leader_election.cc:304] T f4cc586c67e0449caca01de354752949 P 8024631bddba4f8a8ee99edb89cc4699 [CANDIDATE]: Term 2 election: Election decided. Result: candidate won. Election summary: received 2 responses out of 3 voters: 2 yes votes; 0 no votes. yes voters: 35c6adbc8e5447fc85acbb38bd90501c, 8024631bddba4f8a8ee99edb89cc4699; no voters: 
I20260710 11:08:18.209103 21664 raft_consensus.cc:2804] T f4cc586c67e0449caca01de354752949 P 8024631bddba4f8a8ee99edb89cc4699 [term 2 FOLLOWER]: Leader election won for term 2
I20260710 11:08:18.209246 20882 raft_consensus.cc:2468] T f4cc586c67e0449caca01de354752949 P 231ef968ee9c4cc996bc9d9de030643f [term 2 FOLLOWER]: Leader election vote request: Granting yes vote for candidate 8024631bddba4f8a8ee99edb89cc4699 in term 2.
I20260710 11:08:18.209506 21664 raft_consensus.cc:697] T f4cc586c67e0449caca01de354752949 P 8024631bddba4f8a8ee99edb89cc4699 [term 2 LEADER]: Becoming Leader. State: Replica: 8024631bddba4f8a8ee99edb89cc4699, State: Running, Role: LEADER
I20260710 11:08:18.210435 21664 consensus_queue.cc:237] T f4cc586c67e0449caca01de354752949 P 8024631bddba4f8a8ee99edb89cc4699 [LEADER]: Queue going to LEADER mode. State: All replicated index: 0, Majority replicated index: 4, Committed index: 4, Last appended: 1.4, Last appended by leader: 4, Current term: 2, Majority size: 2, State: 0, Mode: LEADER, active raft config: opid_index: 4 OBSOLETE_local: false peers { permanent_uuid: "231ef968ee9c4cc996bc9d9de030643f" member_type: VOTER last_known_addr { host: "127.19.71.193" port: 44237 } } peers { permanent_uuid: "35c6adbc8e5447fc85acbb38bd90501c" member_type: VOTER last_known_addr { host: "127.19.71.195" port: 38689 } } peers { permanent_uuid: "8024631bddba4f8a8ee99edb89cc4699" member_type: VOTER last_known_addr { host: "127.19.71.196" port: 45121 } attrs { promote: false } }
I20260710 11:08:18.217955 20781 catalog_manager.cc:5697] T f4cc586c67e0449caca01de354752949 P 8024631bddba4f8a8ee99edb89cc4699 reported cstate change: term changed from 1 to 2, leader changed from 231ef968ee9c4cc996bc9d9de030643f (127.19.71.193) to 8024631bddba4f8a8ee99edb89cc4699 (127.19.71.196). New cstate: current_term: 2 leader_uuid: "8024631bddba4f8a8ee99edb89cc4699" committed_config { opid_index: 4 OBSOLETE_local: false peers { permanent_uuid: "231ef968ee9c4cc996bc9d9de030643f" member_type: VOTER last_known_addr { host: "127.19.71.193" port: 44237 } health_report { overall_health: UNKNOWN } } peers { permanent_uuid: "35c6adbc8e5447fc85acbb38bd90501c" member_type: VOTER last_known_addr { host: "127.19.71.195" port: 38689 } health_report { overall_health: UNKNOWN } } peers { permanent_uuid: "8024631bddba4f8a8ee99edb89cc4699" member_type: VOTER last_known_addr { host: "127.19.71.196" port: 45121 } attrs { promote: false } health_report { overall_health: HEALTHY } } }
I20260710 11:08:18.376595 21673 raft_consensus.cc:993] T 6318b90bf04e492a914a13e5de7d5ae7 P 231ef968ee9c4cc996bc9d9de030643f: : Instructing follower 8024631bddba4f8a8ee99edb89cc4699 to start an election
I20260710 11:08:18.377112 21659 raft_consensus.cc:1081] T 6318b90bf04e492a914a13e5de7d5ae7 P 231ef968ee9c4cc996bc9d9de030643f [term 1 LEADER]: Signalling peer 8024631bddba4f8a8ee99edb89cc4699 to start an election
I20260710 11:08:18.378554 21297 tablet_service.cc:2044] Received Run Leader Election RPC: tablet_id: "6318b90bf04e492a914a13e5de7d5ae7"
dest_uuid: "8024631bddba4f8a8ee99edb89cc4699"
 from {username='slave'} at 127.0.0.1:58948
I20260710 11:08:18.379022 21297 raft_consensus.cc:493] T 6318b90bf04e492a914a13e5de7d5ae7 P 8024631bddba4f8a8ee99edb89cc4699 [term 1 FOLLOWER]: Starting forced leader election (received explicit request)
I20260710 11:08:18.379354 21297 raft_consensus.cc:3060] T 6318b90bf04e492a914a13e5de7d5ae7 P 8024631bddba4f8a8ee99edb89cc4699 [term 1 FOLLOWER]: Advancing to term 2
I20260710 11:08:18.384536 21297 raft_consensus.cc:515] T 6318b90bf04e492a914a13e5de7d5ae7 P 8024631bddba4f8a8ee99edb89cc4699 [term 2 FOLLOWER]: Starting forced leader election with config: opid_index: 4 OBSOLETE_local: false peers { permanent_uuid: "231ef968ee9c4cc996bc9d9de030643f" member_type: VOTER last_known_addr { host: "127.19.71.193" port: 44237 } } peers { permanent_uuid: "35c6adbc8e5447fc85acbb38bd90501c" member_type: VOTER last_known_addr { host: "127.19.71.195" port: 38689 } } peers { permanent_uuid: "8024631bddba4f8a8ee99edb89cc4699" member_type: VOTER last_known_addr { host: "127.19.71.196" port: 45121 } attrs { promote: false } }
I20260710 11:08:18.386164 21297 leader_election.cc:290] T 6318b90bf04e492a914a13e5de7d5ae7 P 8024631bddba4f8a8ee99edb89cc4699 [CANDIDATE]: Term 2 election: Requested vote from peers 231ef968ee9c4cc996bc9d9de030643f (127.19.71.193:44237), 35c6adbc8e5447fc85acbb38bd90501c (127.19.71.195:38689)
I20260710 11:08:18.386756 20882 tablet_service.cc:1917] Received RequestConsensusVote() RPC: tablet_id: "6318b90bf04e492a914a13e5de7d5ae7" candidate_uuid: "8024631bddba4f8a8ee99edb89cc4699" candidate_term: 2 candidate_status { last_received { term: 1 index: 4 } } ignore_live_leader: true dest_uuid: "231ef968ee9c4cc996bc9d9de030643f"
I20260710 11:08:18.387037 21031 tablet_service.cc:1917] Received RequestConsensusVote() RPC: tablet_id: "6318b90bf04e492a914a13e5de7d5ae7" candidate_uuid: "8024631bddba4f8a8ee99edb89cc4699" candidate_term: 2 candidate_status { last_received { term: 1 index: 4 } } ignore_live_leader: true dest_uuid: "35c6adbc8e5447fc85acbb38bd90501c"
I20260710 11:08:18.387382 20882 raft_consensus.cc:3055] T 6318b90bf04e492a914a13e5de7d5ae7 P 231ef968ee9c4cc996bc9d9de030643f [term 1 LEADER]: Stepping down as leader of term 1
I20260710 11:08:18.387562 21031 raft_consensus.cc:3060] T 6318b90bf04e492a914a13e5de7d5ae7 P 35c6adbc8e5447fc85acbb38bd90501c [term 1 FOLLOWER]: Advancing to term 2
I20260710 11:08:18.387708 20882 raft_consensus.cc:740] T 6318b90bf04e492a914a13e5de7d5ae7 P 231ef968ee9c4cc996bc9d9de030643f [term 1 LEADER]: Becoming Follower/Learner. State: Replica: 231ef968ee9c4cc996bc9d9de030643f, State: Running, Role: LEADER
I20260710 11:08:18.388521 20882 consensus_queue.cc:260] T 6318b90bf04e492a914a13e5de7d5ae7 P 231ef968ee9c4cc996bc9d9de030643f [NON_LEADER]: Queue going to NON_LEADER mode. State: All replicated index: 0, Majority replicated index: 4, Committed index: 4, Last appended: 1.4, Last appended by leader: 4, Current term: 1, Majority size: -1, State: 0, Mode: NON_LEADER, active raft config: opid_index: 4 OBSOLETE_local: false peers { permanent_uuid: "231ef968ee9c4cc996bc9d9de030643f" member_type: VOTER last_known_addr { host: "127.19.71.193" port: 44237 } } peers { permanent_uuid: "35c6adbc8e5447fc85acbb38bd90501c" member_type: VOTER last_known_addr { host: "127.19.71.195" port: 38689 } } peers { permanent_uuid: "8024631bddba4f8a8ee99edb89cc4699" member_type: VOTER last_known_addr { host: "127.19.71.196" port: 45121 } attrs { promote: false } }
I20260710 11:08:18.389638 20882 raft_consensus.cc:3060] T 6318b90bf04e492a914a13e5de7d5ae7 P 231ef968ee9c4cc996bc9d9de030643f [term 1 FOLLOWER]: Advancing to term 2
I20260710 11:08:18.393708 21031 raft_consensus.cc:2468] T 6318b90bf04e492a914a13e5de7d5ae7 P 35c6adbc8e5447fc85acbb38bd90501c [term 2 FOLLOWER]: Leader election vote request: Granting yes vote for candidate 8024631bddba4f8a8ee99edb89cc4699 in term 2.
I20260710 11:08:18.394706 21264 leader_election.cc:304] T 6318b90bf04e492a914a13e5de7d5ae7 P 8024631bddba4f8a8ee99edb89cc4699 [CANDIDATE]: Term 2 election: Election decided. Result: candidate won. Election summary: received 2 responses out of 3 voters: 2 yes votes; 0 no votes. yes voters: 35c6adbc8e5447fc85acbb38bd90501c, 8024631bddba4f8a8ee99edb89cc4699; no voters: 
I20260710 11:08:18.396677 20882 raft_consensus.cc:2468] T 6318b90bf04e492a914a13e5de7d5ae7 P 231ef968ee9c4cc996bc9d9de030643f [term 2 FOLLOWER]: Leader election vote request: Granting yes vote for candidate 8024631bddba4f8a8ee99edb89cc4699 in term 2.
I20260710 11:08:18.397265 21664 raft_consensus.cc:2804] T 6318b90bf04e492a914a13e5de7d5ae7 P 8024631bddba4f8a8ee99edb89cc4699 [term 2 FOLLOWER]: Leader election won for term 2
I20260710 11:08:18.397733 21664 raft_consensus.cc:697] T 6318b90bf04e492a914a13e5de7d5ae7 P 8024631bddba4f8a8ee99edb89cc4699 [term 2 LEADER]: Becoming Leader. State: Replica: 8024631bddba4f8a8ee99edb89cc4699, State: Running, Role: LEADER
I20260710 11:08:18.398511 21664 consensus_queue.cc:237] T 6318b90bf04e492a914a13e5de7d5ae7 P 8024631bddba4f8a8ee99edb89cc4699 [LEADER]: Queue going to LEADER mode. State: All replicated index: 0, Majority replicated index: 4, Committed index: 4, Last appended: 1.4, Last appended by leader: 4, Current term: 2, Majority size: 2, State: 0, Mode: LEADER, active raft config: opid_index: 4 OBSOLETE_local: false peers { permanent_uuid: "231ef968ee9c4cc996bc9d9de030643f" member_type: VOTER last_known_addr { host: "127.19.71.193" port: 44237 } } peers { permanent_uuid: "35c6adbc8e5447fc85acbb38bd90501c" member_type: VOTER last_known_addr { host: "127.19.71.195" port: 38689 } } peers { permanent_uuid: "8024631bddba4f8a8ee99edb89cc4699" member_type: VOTER last_known_addr { host: "127.19.71.196" port: 45121 } attrs { promote: false } }
I20260710 11:08:18.405467 20781 catalog_manager.cc:5697] T 6318b90bf04e492a914a13e5de7d5ae7 P 8024631bddba4f8a8ee99edb89cc4699 reported cstate change: term changed from 1 to 2, leader changed from 231ef968ee9c4cc996bc9d9de030643f (127.19.71.193) to 8024631bddba4f8a8ee99edb89cc4699 (127.19.71.196). New cstate: current_term: 2 leader_uuid: "8024631bddba4f8a8ee99edb89cc4699" committed_config { opid_index: 4 OBSOLETE_local: false peers { permanent_uuid: "231ef968ee9c4cc996bc9d9de030643f" member_type: VOTER last_known_addr { host: "127.19.71.193" port: 44237 } health_report { overall_health: UNKNOWN } } peers { permanent_uuid: "35c6adbc8e5447fc85acbb38bd90501c" member_type: VOTER last_known_addr { host: "127.19.71.195" port: 38689 } health_report { overall_health: UNKNOWN } } peers { permanent_uuid: "8024631bddba4f8a8ee99edb89cc4699" member_type: VOTER last_known_addr { host: "127.19.71.196" port: 45121 } attrs { promote: false } health_report { overall_health: HEALTHY } } }
W20260710 11:08:18.466393 21328 debug-util.cc:398] Leaking SignalData structure 0x7b08002426c0 after lost signal to thread 19746
W20260710 11:08:18.467502 21328 debug-util.cc:398] Leaking SignalData structure 0x7b0800241fc0 after lost signal to thread 20817
W20260710 11:08:18.469182 21328 debug-util.cc:398] Leaking SignalData structure 0x7b08001a9fc0 after lost signal to thread 20984
W20260710 11:08:18.470950 21328 debug-util.cc:398] Leaking SignalData structure 0x7b0800238280 after lost signal to thread 21331
I20260710 11:08:18.532464 20955 raft_consensus.cc:1275] T f3477906cac0454389b18f79e77edb9b P f483ffb68d8b4e43930d45b8e0f2137d [term 2 FOLLOWER]: Refusing update from remote peer 8024631bddba4f8a8ee99edb89cc4699: Log matching property violated. Preceding OpId in replica: term: 1 index: 4. Preceding OpId from leader: term: 2 index: 5. (index mismatch)
I20260710 11:08:18.533731 21664 consensus_queue.cc:1048] T f3477906cac0454389b18f79e77edb9b P 8024631bddba4f8a8ee99edb89cc4699 [LEADER]: Connected to new peer: Peer: permanent_uuid: "f483ffb68d8b4e43930d45b8e0f2137d" member_type: VOTER last_known_addr { host: "127.19.71.194" port: 46041 }, Status: LMP_MISMATCH, Last received: 0.0, Next index: 5, Last known committed idx: 4, Time since last communication: 0.000s
I20260710 11:08:18.538398 21031 raft_consensus.cc:1275] T 4989416a2f6b45dcbd6a423ce60b86ce P 35c6adbc8e5447fc85acbb38bd90501c [term 2 FOLLOWER]: Refusing update from remote peer 8024631bddba4f8a8ee99edb89cc4699: Log matching property violated. Preceding OpId in replica: term: 1 index: 4. Preceding OpId from leader: term: 2 index: 5. (index mismatch)
I20260710 11:08:18.540525 21665 consensus_queue.cc:1048] T 4989416a2f6b45dcbd6a423ce60b86ce P 8024631bddba4f8a8ee99edb89cc4699 [LEADER]: Connected to new peer: Peer: permanent_uuid: "35c6adbc8e5447fc85acbb38bd90501c" member_type: VOTER last_known_addr { host: "127.19.71.195" port: 38689 }, Status: LMP_MISMATCH, Last received: 0.0, Next index: 5, Last known committed idx: 4, Time since last communication: 0.000s
I20260710 11:08:18.564569 21030 raft_consensus.cc:1275] T f3477906cac0454389b18f79e77edb9b P 35c6adbc8e5447fc85acbb38bd90501c [term 2 FOLLOWER]: Refusing update from remote peer 8024631bddba4f8a8ee99edb89cc4699: Log matching property violated. Preceding OpId in replica: term: 1 index: 4. Preceding OpId from leader: term: 2 index: 5. (index mismatch)
I20260710 11:08:18.567871 21681 consensus_queue.cc:1048] T f3477906cac0454389b18f79e77edb9b P 8024631bddba4f8a8ee99edb89cc4699 [LEADER]: Connected to new peer: Peer: permanent_uuid: "35c6adbc8e5447fc85acbb38bd90501c" member_type: VOTER last_known_addr { host: "127.19.71.195" port: 38689 }, Status: LMP_MISMATCH, Last received: 0.0, Next index: 5, Last known committed idx: 4, Time since last communication: 0.001s
I20260710 11:08:18.569341 20960 raft_consensus.cc:1275] T 4989416a2f6b45dcbd6a423ce60b86ce P f483ffb68d8b4e43930d45b8e0f2137d [term 2 FOLLOWER]: Refusing update from remote peer 8024631bddba4f8a8ee99edb89cc4699: Log matching property violated. Preceding OpId in replica: term: 1 index: 4. Preceding OpId from leader: term: 2 index: 5. (index mismatch)
I20260710 11:08:18.570799 21681 consensus_queue.cc:1048] T 4989416a2f6b45dcbd6a423ce60b86ce P 8024631bddba4f8a8ee99edb89cc4699 [LEADER]: Connected to new peer: Peer: permanent_uuid: "f483ffb68d8b4e43930d45b8e0f2137d" member_type: VOTER last_known_addr { host: "127.19.71.194" port: 46041 }, Status: LMP_MISMATCH, Last received: 0.0, Next index: 5, Last known committed idx: 4, Time since last communication: 0.000s
I20260710 11:08:18.609685 20955 raft_consensus.cc:1275] T 6eb7635074f84744ac4a25e2b4b9b386 P f483ffb68d8b4e43930d45b8e0f2137d [term 2 FOLLOWER]: Refusing update from remote peer 8024631bddba4f8a8ee99edb89cc4699: Log matching property violated. Preceding OpId in replica: term: 1 index: 4. Preceding OpId from leader: term: 2 index: 5. (index mismatch)
I20260710 11:08:18.614321 21682 consensus_queue.cc:1048] T 6eb7635074f84744ac4a25e2b4b9b386 P 8024631bddba4f8a8ee99edb89cc4699 [LEADER]: Connected to new peer: Peer: permanent_uuid: "f483ffb68d8b4e43930d45b8e0f2137d" member_type: VOTER last_known_addr { host: "127.19.71.194" port: 46041 }, Status: LMP_MISMATCH, Last received: 0.0, Next index: 5, Last known committed idx: 4, Time since last communication: 0.000s
I20260710 11:08:18.624514 21030 raft_consensus.cc:1275] T 6eb7635074f84744ac4a25e2b4b9b386 P 35c6adbc8e5447fc85acbb38bd90501c [term 2 FOLLOWER]: Refusing update from remote peer 8024631bddba4f8a8ee99edb89cc4699: Log matching property violated. Preceding OpId in replica: term: 1 index: 4. Preceding OpId from leader: term: 2 index: 5. (index mismatch)
I20260710 11:08:18.625811 21680 consensus_queue.cc:1048] T 6eb7635074f84744ac4a25e2b4b9b386 P 8024631bddba4f8a8ee99edb89cc4699 [LEADER]: Connected to new peer: Peer: permanent_uuid: "35c6adbc8e5447fc85acbb38bd90501c" member_type: VOTER last_known_addr { host: "127.19.71.195" port: 38689 }, Status: LMP_MISMATCH, Last received: 0.0, Next index: 5, Last known committed idx: 4, Time since last communication: 0.000s
I20260710 11:08:18.673863 20882 raft_consensus.cc:1275] T f4cc586c67e0449caca01de354752949 P 231ef968ee9c4cc996bc9d9de030643f [term 2 FOLLOWER]: Refusing update from remote peer 8024631bddba4f8a8ee99edb89cc4699: Log matching property violated. Preceding OpId in replica: term: 1 index: 4. Preceding OpId from leader: term: 2 index: 5. (index mismatch)
I20260710 11:08:18.675004 21682 consensus_queue.cc:1048] T f4cc586c67e0449caca01de354752949 P 8024631bddba4f8a8ee99edb89cc4699 [LEADER]: Connected to new peer: Peer: permanent_uuid: "231ef968ee9c4cc996bc9d9de030643f" member_type: VOTER last_known_addr { host: "127.19.71.193" port: 44237 }, Status: LMP_MISMATCH, Last received: 0.0, Next index: 5, Last known committed idx: 4, Time since last communication: 0.000s
I20260710 11:08:18.690379 21030 raft_consensus.cc:1275] T f4cc586c67e0449caca01de354752949 P 35c6adbc8e5447fc85acbb38bd90501c [term 2 FOLLOWER]: Refusing update from remote peer 8024631bddba4f8a8ee99edb89cc4699: Log matching property violated. Preceding OpId in replica: term: 1 index: 4. Preceding OpId from leader: term: 2 index: 5. (index mismatch)
I20260710 11:08:18.695628 21682 consensus_queue.cc:1048] T f4cc586c67e0449caca01de354752949 P 8024631bddba4f8a8ee99edb89cc4699 [LEADER]: Connected to new peer: Peer: permanent_uuid: "35c6adbc8e5447fc85acbb38bd90501c" member_type: VOTER last_known_addr { host: "127.19.71.195" port: 38689 }, Status: LMP_MISMATCH, Last received: 0.0, Next index: 5, Last known committed idx: 4, Time since last communication: 0.000s
I20260710 11:08:18.845978 21030 raft_consensus.cc:1275] T 6318b90bf04e492a914a13e5de7d5ae7 P 35c6adbc8e5447fc85acbb38bd90501c [term 2 FOLLOWER]: Refusing update from remote peer 8024631bddba4f8a8ee99edb89cc4699: Log matching property violated. Preceding OpId in replica: term: 1 index: 4. Preceding OpId from leader: term: 2 index: 5. (index mismatch)
I20260710 11:08:18.847229 21682 consensus_queue.cc:1048] T 6318b90bf04e492a914a13e5de7d5ae7 P 8024631bddba4f8a8ee99edb89cc4699 [LEADER]: Connected to new peer: Peer: permanent_uuid: "35c6adbc8e5447fc85acbb38bd90501c" member_type: VOTER last_known_addr { host: "127.19.71.195" port: 38689 }, Status: LMP_MISMATCH, Last received: 0.0, Next index: 5, Last known committed idx: 4, Time since last communication: 0.000s
I20260710 11:08:18.859433 20883 raft_consensus.cc:1275] T 6318b90bf04e492a914a13e5de7d5ae7 P 231ef968ee9c4cc996bc9d9de030643f [term 2 FOLLOWER]: Refusing update from remote peer 8024631bddba4f8a8ee99edb89cc4699: Log matching property violated. Preceding OpId in replica: term: 1 index: 4. Preceding OpId from leader: term: 2 index: 5. (index mismatch)
I20260710 11:08:18.861986 21682 consensus_queue.cc:1048] T 6318b90bf04e492a914a13e5de7d5ae7 P 8024631bddba4f8a8ee99edb89cc4699 [LEADER]: Connected to new peer: Peer: permanent_uuid: "231ef968ee9c4cc996bc9d9de030643f" member_type: VOTER last_known_addr { host: "127.19.71.193" port: 44237 }, Status: LMP_MISMATCH, Last received: 0.0, Next index: 5, Last known committed idx: 4, Time since last communication: 0.000s
I20260710 11:08:18.903162 19743 auto_leader_rebalancer.cc:141] leader rebalance for table test-workload
I20260710 11:08:18.919356 19743 auto_leader_rebalancer.cc:141] leader rebalance for table test-workload
I20260710 11:08:18.937994 21030 tablet_service.cc:2072] Received LeaderStepDown RPC: tablet_id: "997841c4004d416c9fc0321ba5c34566"
dest_uuid: "35c6adbc8e5447fc85acbb38bd90501c"
mode: GRACEFUL
new_leader_uuid: "8024631bddba4f8a8ee99edb89cc4699"
 from {username='slave'} at 127.0.0.1:50330
I20260710 11:08:18.938567 21030 raft_consensus.cc:606] T 997841c4004d416c9fc0321ba5c34566 P 35c6adbc8e5447fc85acbb38bd90501c [term 1 LEADER]: Received request to transfer leadership to TS 8024631bddba4f8a8ee99edb89cc4699
I20260710 11:08:18.939736 19743 auto_leader_rebalancer.cc:452] table: test-workload, leader rebalance finish, leader transfer count: 1
I20260710 11:08:18.940531 19743 auto_leader_rebalancer.cc:527] All tables' leader rebalancing finished this round
I20260710 11:08:19.214222 21690 raft_consensus.cc:993] T 997841c4004d416c9fc0321ba5c34566 P 35c6adbc8e5447fc85acbb38bd90501c: : Instructing follower 8024631bddba4f8a8ee99edb89cc4699 to start an election
I20260710 11:08:19.214694 21693 raft_consensus.cc:1081] T 997841c4004d416c9fc0321ba5c34566 P 35c6adbc8e5447fc85acbb38bd90501c [term 1 LEADER]: Signalling peer 8024631bddba4f8a8ee99edb89cc4699 to start an election
I20260710 11:08:19.216156 21297 tablet_service.cc:2044] Received Run Leader Election RPC: tablet_id: "997841c4004d416c9fc0321ba5c34566"
dest_uuid: "8024631bddba4f8a8ee99edb89cc4699"
 from {username='slave'} at 127.0.0.1:58958
I20260710 11:08:19.216629 21297 raft_consensus.cc:493] T 997841c4004d416c9fc0321ba5c34566 P 8024631bddba4f8a8ee99edb89cc4699 [term 1 FOLLOWER]: Starting forced leader election (received explicit request)
I20260710 11:08:19.216962 21297 raft_consensus.cc:3060] T 997841c4004d416c9fc0321ba5c34566 P 8024631bddba4f8a8ee99edb89cc4699 [term 1 FOLLOWER]: Advancing to term 2
I20260710 11:08:19.221576 21297 raft_consensus.cc:515] T 997841c4004d416c9fc0321ba5c34566 P 8024631bddba4f8a8ee99edb89cc4699 [term 2 FOLLOWER]: Starting forced leader election with config: opid_index: 4 OBSOLETE_local: false peers { permanent_uuid: "231ef968ee9c4cc996bc9d9de030643f" member_type: VOTER last_known_addr { host: "127.19.71.193" port: 44237 } } peers { permanent_uuid: "35c6adbc8e5447fc85acbb38bd90501c" member_type: VOTER last_known_addr { host: "127.19.71.195" port: 38689 } } peers { permanent_uuid: "8024631bddba4f8a8ee99edb89cc4699" member_type: VOTER last_known_addr { host: "127.19.71.196" port: 45121 } attrs { promote: false } }
I20260710 11:08:19.223292 21297 leader_election.cc:290] T 997841c4004d416c9fc0321ba5c34566 P 8024631bddba4f8a8ee99edb89cc4699 [CANDIDATE]: Term 2 election: Requested vote from peers 231ef968ee9c4cc996bc9d9de030643f (127.19.71.193:44237), 35c6adbc8e5447fc85acbb38bd90501c (127.19.71.195:38689)
I20260710 11:08:19.223934 20882 tablet_service.cc:1917] Received RequestConsensusVote() RPC: tablet_id: "997841c4004d416c9fc0321ba5c34566" candidate_uuid: "8024631bddba4f8a8ee99edb89cc4699" candidate_term: 2 candidate_status { last_received { term: 1 index: 4 } } ignore_live_leader: true dest_uuid: "231ef968ee9c4cc996bc9d9de030643f"
I20260710 11:08:19.224157 21030 tablet_service.cc:1917] Received RequestConsensusVote() RPC: tablet_id: "997841c4004d416c9fc0321ba5c34566" candidate_uuid: "8024631bddba4f8a8ee99edb89cc4699" candidate_term: 2 candidate_status { last_received { term: 1 index: 4 } } ignore_live_leader: true dest_uuid: "35c6adbc8e5447fc85acbb38bd90501c"
I20260710 11:08:19.224555 20882 raft_consensus.cc:3060] T 997841c4004d416c9fc0321ba5c34566 P 231ef968ee9c4cc996bc9d9de030643f [term 1 FOLLOWER]: Advancing to term 2
I20260710 11:08:19.224710 21030 raft_consensus.cc:3055] T 997841c4004d416c9fc0321ba5c34566 P 35c6adbc8e5447fc85acbb38bd90501c [term 1 LEADER]: Stepping down as leader of term 1
I20260710 11:08:19.225071 21030 raft_consensus.cc:740] T 997841c4004d416c9fc0321ba5c34566 P 35c6adbc8e5447fc85acbb38bd90501c [term 1 LEADER]: Becoming Follower/Learner. State: Replica: 35c6adbc8e5447fc85acbb38bd90501c, State: Running, Role: LEADER
I20260710 11:08:19.225731 21030 consensus_queue.cc:260] T 997841c4004d416c9fc0321ba5c34566 P 35c6adbc8e5447fc85acbb38bd90501c [NON_LEADER]: Queue going to NON_LEADER mode. State: All replicated index: 0, Majority replicated index: 4, Committed index: 4, Last appended: 1.4, Last appended by leader: 4, Current term: 1, Majority size: -1, State: 0, Mode: NON_LEADER, active raft config: opid_index: 4 OBSOLETE_local: false peers { permanent_uuid: "231ef968ee9c4cc996bc9d9de030643f" member_type: VOTER last_known_addr { host: "127.19.71.193" port: 44237 } } peers { permanent_uuid: "35c6adbc8e5447fc85acbb38bd90501c" member_type: VOTER last_known_addr { host: "127.19.71.195" port: 38689 } } peers { permanent_uuid: "8024631bddba4f8a8ee99edb89cc4699" member_type: VOTER last_known_addr { host: "127.19.71.196" port: 45121 } attrs { promote: false } }
I20260710 11:08:19.226598 21030 raft_consensus.cc:3060] T 997841c4004d416c9fc0321ba5c34566 P 35c6adbc8e5447fc85acbb38bd90501c [term 1 FOLLOWER]: Advancing to term 2
I20260710 11:08:19.230491 21030 raft_consensus.cc:2468] T 997841c4004d416c9fc0321ba5c34566 P 35c6adbc8e5447fc85acbb38bd90501c [term 2 FOLLOWER]: Leader election vote request: Granting yes vote for candidate 8024631bddba4f8a8ee99edb89cc4699 in term 2.
