I20260710 11:08:08.429138 21299 raft_consensus.cc:2955] T 2c5c1baf591c47718e22824dfbad3def P 8024631bddba4f8a8ee99edb89cc4699 [term 1 FOLLOWER]: Committing config change with OpId 1.3: config changed from index 2 to 3, 8024631bddba4f8a8ee99edb89cc4699 (127.19.71.196) changed from NON_VOTER to VOTER. New config: { opid_index: 3 OBSOLETE_local: false peers { permanent_uuid: "231ef968ee9c4cc996bc9d9de030643f" member_type: VOTER last_known_addr { host: "127.19.71.193" port: 44237 } } peers { permanent_uuid: "f483ffb68d8b4e43930d45b8e0f2137d" member_type: VOTER last_known_addr { host: "127.19.71.194" port: 46041 } attrs { replace: true } } peers { permanent_uuid: "35c6adbc8e5447fc85acbb38bd90501c" member_type: VOTER last_known_addr { host: "127.19.71.195" port: 38689 } } peers { permanent_uuid: "8024631bddba4f8a8ee99edb89cc4699" member_type: VOTER last_known_addr { host: "127.19.71.196" port: 45121 } attrs { promote: false } } }
I20260710 11:08:08.447094 20955 raft_consensus.cc:2955] T d318ba7c8f4b4c87a65864548d582103 P f483ffb68d8b4e43930d45b8e0f2137d [term 1 FOLLOWER]: Committing config change with OpId 1.3: config changed from index 2 to 3, 8024631bddba4f8a8ee99edb89cc4699 (127.19.71.196) changed from NON_VOTER to VOTER. New config: { opid_index: 3 OBSOLETE_local: false peers { permanent_uuid: "231ef968ee9c4cc996bc9d9de030643f" member_type: VOTER last_known_addr { host: "127.19.71.193" port: 44237 } } peers { permanent_uuid: "f483ffb68d8b4e43930d45b8e0f2137d" member_type: VOTER last_known_addr { host: "127.19.71.194" port: 46041 } attrs { replace: true } } peers { permanent_uuid: "35c6adbc8e5447fc85acbb38bd90501c" member_type: VOTER last_known_addr { host: "127.19.71.195" port: 38689 } } peers { permanent_uuid: "8024631bddba4f8a8ee99edb89cc4699" member_type: VOTER last_known_addr { host: "127.19.71.196" port: 45121 } attrs { promote: false } } }
I20260710 11:08:08.453151 21298 raft_consensus.cc:2955] T d318ba7c8f4b4c87a65864548d582103 P 8024631bddba4f8a8ee99edb89cc4699 [term 1 FOLLOWER]: Committing config change with OpId 1.3: config changed from index 2 to 3, 8024631bddba4f8a8ee99edb89cc4699 (127.19.71.196) changed from NON_VOTER to VOTER. New config: { opid_index: 3 OBSOLETE_local: false peers { permanent_uuid: "231ef968ee9c4cc996bc9d9de030643f" member_type: VOTER last_known_addr { host: "127.19.71.193" port: 44237 } } peers { permanent_uuid: "f483ffb68d8b4e43930d45b8e0f2137d" member_type: VOTER last_known_addr { host: "127.19.71.194" port: 46041 } attrs { replace: true } } peers { permanent_uuid: "35c6adbc8e5447fc85acbb38bd90501c" member_type: VOTER last_known_addr { host: "127.19.71.195" port: 38689 } } peers { permanent_uuid: "8024631bddba4f8a8ee99edb89cc4699" member_type: VOTER last_known_addr { host: "127.19.71.196" port: 45121 } attrs { promote: false } } }
I20260710 11:08:08.453936 20782 catalog_manager.cc:5697] T d318ba7c8f4b4c87a65864548d582103 P 35c6adbc8e5447fc85acbb38bd90501c reported cstate change: config changed from index 2 to 3, 8024631bddba4f8a8ee99edb89cc4699 (127.19.71.196) changed from NON_VOTER to VOTER. New cstate: current_term: 1 leader_uuid: "35c6adbc8e5447fc85acbb38bd90501c" committed_config { opid_index: 3 OBSOLETE_local: false peers { permanent_uuid: "231ef968ee9c4cc996bc9d9de030643f" member_type: VOTER last_known_addr { host: "127.19.71.193" port: 44237 } health_report { overall_health: UNKNOWN } } peers { permanent_uuid: "f483ffb68d8b4e43930d45b8e0f2137d" member_type: VOTER last_known_addr { host: "127.19.71.194" port: 46041 } attrs { replace: true } health_report { overall_health: HEALTHY } } peers { permanent_uuid: "35c6adbc8e5447fc85acbb38bd90501c" member_type: VOTER last_known_addr { host: "127.19.71.195" port: 38689 } health_report { overall_health: HEALTHY } } peers { permanent_uuid: "8024631bddba4f8a8ee99edb89cc4699" member_type: VOTER last_known_addr { host: "127.19.71.196" port: 45121 } attrs { promote: false } health_report { overall_health: HEALTHY } } }
W20260710 11:08:08.478013 20923 outbound_call.cc:321] RPC callback for RPC call kudu.consensus.ConsensusService.UpdateConsensus -> {remote=127.19.71.196:45121, user_credentials={real_user=slave}} blocked reactor thread for 82149.9us
I20260710 11:08:08.478941 21030 raft_consensus.cc:2955] T 2c5c1baf591c47718e22824dfbad3def P 35c6adbc8e5447fc85acbb38bd90501c [term 1 FOLLOWER]: Committing config change with OpId 1.3: config changed from index 2 to 3, 8024631bddba4f8a8ee99edb89cc4699 (127.19.71.196) changed from NON_VOTER to VOTER. New config: { opid_index: 3 OBSOLETE_local: false peers { permanent_uuid: "231ef968ee9c4cc996bc9d9de030643f" member_type: VOTER last_known_addr { host: "127.19.71.193" port: 44237 } } peers { permanent_uuid: "f483ffb68d8b4e43930d45b8e0f2137d" member_type: VOTER last_known_addr { host: "127.19.71.194" port: 46041 } attrs { replace: true } } peers { permanent_uuid: "35c6adbc8e5447fc85acbb38bd90501c" member_type: VOTER last_known_addr { host: "127.19.71.195" port: 38689 } } peers { permanent_uuid: "8024631bddba4f8a8ee99edb89cc4699" member_type: VOTER last_known_addr { host: "127.19.71.196" port: 45121 } attrs { promote: false } } }
I20260710 11:08:08.491717 21595 raft_consensus.cc:1064] T 6a0c1fdac19645ba90939e37cadea2eb P f483ffb68d8b4e43930d45b8e0f2137d: attempting to promote NON_VOTER 8024631bddba4f8a8ee99edb89cc4699 to VOTER
I20260710 11:08:08.492677 20782 catalog_manager.cc:5697] T 2c5c1baf591c47718e22824dfbad3def P 231ef968ee9c4cc996bc9d9de030643f reported cstate change: config changed from index 2 to 3, 8024631bddba4f8a8ee99edb89cc4699 (127.19.71.196) changed from NON_VOTER to VOTER. New cstate: current_term: 1 leader_uuid: "231ef968ee9c4cc996bc9d9de030643f" committed_config { opid_index: 3 OBSOLETE_local: false peers { permanent_uuid: "231ef968ee9c4cc996bc9d9de030643f" member_type: VOTER last_known_addr { host: "127.19.71.193" port: 44237 } health_report { overall_health: HEALTHY } } peers { permanent_uuid: "f483ffb68d8b4e43930d45b8e0f2137d" member_type: VOTER last_known_addr { host: "127.19.71.194" port: 46041 } attrs { replace: true } health_report { overall_health: HEALTHY } } peers { permanent_uuid: "35c6adbc8e5447fc85acbb38bd90501c" member_type: VOTER last_known_addr { host: "127.19.71.195" port: 38689 } health_report { overall_health: HEALTHY } } peers { permanent_uuid: "8024631bddba4f8a8ee99edb89cc4699" member_type: VOTER last_known_addr { host: "127.19.71.196" port: 45121 } attrs { promote: false } health_report { overall_health: HEALTHY } } }
I20260710 11:08:08.494161 20959 raft_consensus.cc:2955] T 2c5c1baf591c47718e22824dfbad3def P f483ffb68d8b4e43930d45b8e0f2137d [term 1 FOLLOWER]: Committing config change with OpId 1.3: config changed from index 2 to 3, 8024631bddba4f8a8ee99edb89cc4699 (127.19.71.196) changed from NON_VOTER to VOTER. New config: { opid_index: 3 OBSOLETE_local: false peers { permanent_uuid: "231ef968ee9c4cc996bc9d9de030643f" member_type: VOTER last_known_addr { host: "127.19.71.193" port: 44237 } } peers { permanent_uuid: "f483ffb68d8b4e43930d45b8e0f2137d" member_type: VOTER last_known_addr { host: "127.19.71.194" port: 46041 } attrs { replace: true } } peers { permanent_uuid: "35c6adbc8e5447fc85acbb38bd90501c" member_type: VOTER last_known_addr { host: "127.19.71.195" port: 38689 } } peers { permanent_uuid: "8024631bddba4f8a8ee99edb89cc4699" member_type: VOTER last_known_addr { host: "127.19.71.196" port: 45121 } attrs { promote: false } } }
I20260710 11:08:08.508970 20883 consensus_queue.cc:237] T 2c5c1baf591c47718e22824dfbad3def P 231ef968ee9c4cc996bc9d9de030643f [LEADER]: Queue going to LEADER mode. State: All replicated index: 0, Majority replicated index: 3, Committed index: 3, Last appended: 1.3, Last appended by leader: 0, Current term: 1, Majority size: 2, State: 0, Mode: LEADER, active raft config: opid_index: 4 OBSOLETE_local: false peers { permanent_uuid: "231ef968ee9c4cc996bc9d9de030643f" member_type: VOTER last_known_addr { host: "127.19.71.193" port: 44237 } } peers { permanent_uuid: "35c6adbc8e5447fc85acbb38bd90501c" member_type: VOTER last_known_addr { host: "127.19.71.195" port: 38689 } } peers { permanent_uuid: "8024631bddba4f8a8ee99edb89cc4699" member_type: VOTER last_known_addr { host: "127.19.71.196" port: 45121 } attrs { promote: false } }
I20260710 11:08:08.516156 21030 raft_consensus.cc:1275] T 2c5c1baf591c47718e22824dfbad3def P 35c6adbc8e5447fc85acbb38bd90501c [term 1 FOLLOWER]: Refusing update from remote peer 231ef968ee9c4cc996bc9d9de030643f: Log matching property violated. Preceding OpId in replica: term: 1 index: 3. Preceding OpId from leader: term: 1 index: 4. (index mismatch)
I20260710 11:08:08.517532 21573 consensus_queue.cc:1048] T 2c5c1baf591c47718e22824dfbad3def P 231ef968ee9c4cc996bc9d9de030643f [LEADER]: Connected to new peer: Peer: permanent_uuid: "35c6adbc8e5447fc85acbb38bd90501c" member_type: VOTER last_known_addr { host: "127.19.71.195" port: 38689 }, Status: LMP_MISMATCH, Last received: 0.0, Next index: 4, Last known committed idx: 3, Time since last communication: 0.000s
I20260710 11:08:08.515439 21595 consensus_queue.cc:237] T 6a0c1fdac19645ba90939e37cadea2eb P f483ffb68d8b4e43930d45b8e0f2137d [LEADER]: Queue going to LEADER mode. State: All replicated index: 0, Majority replicated index: 2, Committed index: 2, Last appended: 1.2, Last appended by leader: 0, Current term: 1, Majority size: 3, State: 0, Mode: LEADER, active raft config: opid_index: 3 OBSOLETE_local: false peers { permanent_uuid: "231ef968ee9c4cc996bc9d9de030643f" member_type: VOTER last_known_addr { host: "127.19.71.193" port: 44237 } } peers { permanent_uuid: "f483ffb68d8b4e43930d45b8e0f2137d" member_type: VOTER last_known_addr { host: "127.19.71.194" port: 46041 } } peers { permanent_uuid: "35c6adbc8e5447fc85acbb38bd90501c" member_type: VOTER last_known_addr { host: "127.19.71.195" port: 38689 } attrs { replace: true } } peers { permanent_uuid: "8024631bddba4f8a8ee99edb89cc4699" member_type: VOTER last_known_addr { host: "127.19.71.196" port: 45121 } attrs { promote: false } }
I20260710 11:08:08.527935 21573 raft_consensus.cc:2955] T 2c5c1baf591c47718e22824dfbad3def P 231ef968ee9c4cc996bc9d9de030643f [term 1 LEADER]: Committing config change with OpId 1.4: config changed from index 3 to 4, VOTER f483ffb68d8b4e43930d45b8e0f2137d (127.19.71.194) evicted. New config: { opid_index: 4 OBSOLETE_local: false peers { permanent_uuid: "231ef968ee9c4cc996bc9d9de030643f" member_type: VOTER last_known_addr { host: "127.19.71.193" port: 44237 } } peers { permanent_uuid: "35c6adbc8e5447fc85acbb38bd90501c" member_type: VOTER last_known_addr { host: "127.19.71.195" port: 38689 } } peers { permanent_uuid: "8024631bddba4f8a8ee99edb89cc4699" member_type: VOTER last_known_addr { host: "127.19.71.196" port: 45121 } attrs { promote: false } } }
I20260710 11:08:08.533564 21030 raft_consensus.cc:2955] T 2c5c1baf591c47718e22824dfbad3def P 35c6adbc8e5447fc85acbb38bd90501c [term 1 FOLLOWER]: Committing config change with OpId 1.4: config changed from index 3 to 4, VOTER f483ffb68d8b4e43930d45b8e0f2137d (127.19.71.194) evicted. New config: { opid_index: 4 OBSOLETE_local: false peers { permanent_uuid: "231ef968ee9c4cc996bc9d9de030643f" member_type: VOTER last_known_addr { host: "127.19.71.193" port: 44237 } } peers { permanent_uuid: "35c6adbc8e5447fc85acbb38bd90501c" member_type: VOTER last_known_addr { host: "127.19.71.195" port: 38689 } } peers { permanent_uuid: "8024631bddba4f8a8ee99edb89cc4699" member_type: VOTER last_known_addr { host: "127.19.71.196" port: 45121 } attrs { promote: false } } }
I20260710 11:08:08.535986 21299 raft_consensus.cc:1275] T 2c5c1baf591c47718e22824dfbad3def P 8024631bddba4f8a8ee99edb89cc4699 [term 1 FOLLOWER]: Refusing update from remote peer 231ef968ee9c4cc996bc9d9de030643f: Log matching property violated. Preceding OpId in replica: term: 1 index: 3. Preceding OpId from leader: term: 1 index: 4. (index mismatch)
I20260710 11:08:08.538141 21512 consensus_queue.cc:1048] T 2c5c1baf591c47718e22824dfbad3def P 231ef968ee9c4cc996bc9d9de030643f [LEADER]: Connected to new peer: Peer: permanent_uuid: "8024631bddba4f8a8ee99edb89cc4699" member_type: VOTER last_known_addr { host: "127.19.71.196" port: 45121 } attrs { promote: false }, Status: LMP_MISMATCH, Last received: 0.0, Next index: 4, Last known committed idx: 3, Time since last communication: 0.000s
I20260710 11:08:08.542855 21302 raft_consensus.cc:1275] T 6a0c1fdac19645ba90939e37cadea2eb P 8024631bddba4f8a8ee99edb89cc4699 [term 1 LEARNER]: Refusing update from remote peer f483ffb68d8b4e43930d45b8e0f2137d: Log matching property violated. Preceding OpId in replica: term: 1 index: 2. Preceding OpId from leader: term: 1 index: 3. (index mismatch)
I20260710 11:08:08.542600 21303 raft_consensus.cc:2955] T 2c5c1baf591c47718e22824dfbad3def P 8024631bddba4f8a8ee99edb89cc4699 [term 1 FOLLOWER]: Committing config change with OpId 1.4: config changed from index 3 to 4, VOTER f483ffb68d8b4e43930d45b8e0f2137d (127.19.71.194) evicted. New config: { opid_index: 4 OBSOLETE_local: false peers { permanent_uuid: "231ef968ee9c4cc996bc9d9de030643f" member_type: VOTER last_known_addr { host: "127.19.71.193" port: 44237 } } peers { permanent_uuid: "35c6adbc8e5447fc85acbb38bd90501c" member_type: VOTER last_known_addr { host: "127.19.71.195" port: 38689 } } peers { permanent_uuid: "8024631bddba4f8a8ee99edb89cc4699" member_type: VOTER last_known_addr { host: "127.19.71.196" port: 45121 } attrs { promote: false } } }
I20260710 11:08:08.544248 21551 consensus_queue.cc:1048] T 6a0c1fdac19645ba90939e37cadea2eb P f483ffb68d8b4e43930d45b8e0f2137d [LEADER]: Connected to new peer: Peer: permanent_uuid: "8024631bddba4f8a8ee99edb89cc4699" member_type: VOTER last_known_addr { host: "127.19.71.196" port: 45121 } attrs { promote: false }, Status: LMP_MISMATCH, Last received: 0.0, Next index: 3, Last known committed idx: 2, Time since last communication: 0.000s
I20260710 11:08:08.545354 21031 raft_consensus.cc:1275] T 6a0c1fdac19645ba90939e37cadea2eb P 35c6adbc8e5447fc85acbb38bd90501c [term 1 FOLLOWER]: Refusing update from remote peer f483ffb68d8b4e43930d45b8e0f2137d: Log matching property violated. Preceding OpId in replica: term: 1 index: 2. Preceding OpId from leader: term: 1 index: 3. (index mismatch)
I20260710 11:08:08.546768 21594 consensus_queue.cc:1048] T 6a0c1fdac19645ba90939e37cadea2eb P f483ffb68d8b4e43930d45b8e0f2137d [LEADER]: Connected to new peer: Peer: permanent_uuid: "35c6adbc8e5447fc85acbb38bd90501c" member_type: VOTER last_known_addr { host: "127.19.71.195" port: 38689 } attrs { replace: true }, Status: LMP_MISMATCH, Last received: 0.0, Next index: 3, Last known committed idx: 2, Time since last communication: 0.000s
I20260710 11:08:08.551906 20883 raft_consensus.cc:1275] T 6a0c1fdac19645ba90939e37cadea2eb P 231ef968ee9c4cc996bc9d9de030643f [term 1 FOLLOWER]: Refusing update from remote peer f483ffb68d8b4e43930d45b8e0f2137d: Log matching property violated. Preceding OpId in replica: term: 1 index: 2. Preceding OpId from leader: term: 1 index: 3. (index mismatch)
I20260710 11:08:08.553220 21595 consensus_queue.cc:1048] T 6a0c1fdac19645ba90939e37cadea2eb P f483ffb68d8b4e43930d45b8e0f2137d [LEADER]: Connected to new peer: Peer: permanent_uuid: "231ef968ee9c4cc996bc9d9de030643f" member_type: VOTER last_known_addr { host: "127.19.71.193" port: 44237 }, Status: LMP_MISMATCH, Last received: 0.0, Next index: 3, Last known committed idx: 2, Time since last communication: 0.000s
I20260710 11:08:08.562233 20767 catalog_manager.cc:5210] ChangeConfig:REMOVE_PEER RPC for tablet 2c5c1baf591c47718e22824dfbad3def with cas_config_opid_index 3: ChangeConfig:REMOVE_PEER succeeded (attempt 1)
I20260710 11:08:08.565256 20782 catalog_manager.cc:5697] T 2c5c1baf591c47718e22824dfbad3def P 35c6adbc8e5447fc85acbb38bd90501c reported cstate change: config changed from index 3 to 4, VOTER f483ffb68d8b4e43930d45b8e0f2137d (127.19.71.194) evicted. New cstate: current_term: 1 leader_uuid: "231ef968ee9c4cc996bc9d9de030643f" committed_config { opid_index: 4 OBSOLETE_local: false peers { permanent_uuid: "231ef968ee9c4cc996bc9d9de030643f" member_type: VOTER last_known_addr { host: "127.19.71.193" port: 44237 } } peers { permanent_uuid: "35c6adbc8e5447fc85acbb38bd90501c" member_type: VOTER last_known_addr { host: "127.19.71.195" port: 38689 } } peers { permanent_uuid: "8024631bddba4f8a8ee99edb89cc4699" member_type: VOTER last_known_addr { host: "127.19.71.196" port: 45121 } attrs { promote: false } } }
I20260710 11:08:08.578524 21594 raft_consensus.cc:2955] T 6a0c1fdac19645ba90939e37cadea2eb P f483ffb68d8b4e43930d45b8e0f2137d [term 1 LEADER]: Committing config change with OpId 1.3: config changed from index 2 to 3, 8024631bddba4f8a8ee99edb89cc4699 (127.19.71.196) changed from NON_VOTER to VOTER. New config: { opid_index: 3 OBSOLETE_local: false peers { permanent_uuid: "231ef968ee9c4cc996bc9d9de030643f" member_type: VOTER last_known_addr { host: "127.19.71.193" port: 44237 } } peers { permanent_uuid: "f483ffb68d8b4e43930d45b8e0f2137d" member_type: VOTER last_known_addr { host: "127.19.71.194" port: 46041 } } peers { permanent_uuid: "35c6adbc8e5447fc85acbb38bd90501c" member_type: VOTER last_known_addr { host: "127.19.71.195" port: 38689 } attrs { replace: true } } peers { permanent_uuid: "8024631bddba4f8a8ee99edb89cc4699" member_type: VOTER last_known_addr { host: "127.19.71.196" port: 45121 } attrs { promote: false } } }
I20260710 11:08:08.579807 20882 raft_consensus.cc:2955] T d318ba7c8f4b4c87a65864548d582103 P 231ef968ee9c4cc996bc9d9de030643f [term 1 FOLLOWER]: Committing config change with OpId 1.3: config changed from index 2 to 3, 8024631bddba4f8a8ee99edb89cc4699 (127.19.71.196) changed from NON_VOTER to VOTER. New config: { opid_index: 3 OBSOLETE_local: false peers { permanent_uuid: "231ef968ee9c4cc996bc9d9de030643f" member_type: VOTER last_known_addr { host: "127.19.71.193" port: 44237 } } peers { permanent_uuid: "f483ffb68d8b4e43930d45b8e0f2137d" member_type: VOTER last_known_addr { host: "127.19.71.194" port: 46041 } attrs { replace: true } } peers { permanent_uuid: "35c6adbc8e5447fc85acbb38bd90501c" member_type: VOTER last_known_addr { host: "127.19.71.195" port: 38689 } } peers { permanent_uuid: "8024631bddba4f8a8ee99edb89cc4699" member_type: VOTER last_known_addr { host: "127.19.71.196" port: 45121 } attrs { promote: false } } }
I20260710 11:08:08.581105 20942 tablet_service.cc:1558] Processing DeleteTablet for tablet 2c5c1baf591c47718e22824dfbad3def with delete_type TABLET_DATA_TOMBSTONED (TS f483ffb68d8b4e43930d45b8e0f2137d not found in new config with opid_index 4) from {username='slave'} at 127.0.0.1:46222
I20260710 11:08:08.580113 20883 raft_consensus.cc:2955] T 6a0c1fdac19645ba90939e37cadea2eb P 231ef968ee9c4cc996bc9d9de030643f [term 1 FOLLOWER]: Committing config change with OpId 1.3: config changed from index 2 to 3, 8024631bddba4f8a8ee99edb89cc4699 (127.19.71.196) changed from NON_VOTER to VOTER. New config: { opid_index: 3 OBSOLETE_local: false peers { permanent_uuid: "231ef968ee9c4cc996bc9d9de030643f" member_type: VOTER last_known_addr { host: "127.19.71.193" port: 44237 } } peers { permanent_uuid: "f483ffb68d8b4e43930d45b8e0f2137d" member_type: VOTER last_known_addr { host: "127.19.71.194" port: 46041 } } peers { permanent_uuid: "35c6adbc8e5447fc85acbb38bd90501c" member_type: VOTER last_known_addr { host: "127.19.71.195" port: 38689 } attrs { replace: true } } peers { permanent_uuid: "8024631bddba4f8a8ee99edb89cc4699" member_type: VOTER last_known_addr { host: "127.19.71.196" port: 45121 } attrs { promote: false } } }
I20260710 11:08:08.597718 20782 catalog_manager.cc:5697] T 6a0c1fdac19645ba90939e37cadea2eb P f483ffb68d8b4e43930d45b8e0f2137d reported cstate change: config changed from index 2 to 3, 8024631bddba4f8a8ee99edb89cc4699 (127.19.71.196) changed from NON_VOTER to VOTER. New cstate: current_term: 1 leader_uuid: "f483ffb68d8b4e43930d45b8e0f2137d" committed_config { opid_index: 3 OBSOLETE_local: false peers { permanent_uuid: "231ef968ee9c4cc996bc9d9de030643f" member_type: VOTER last_known_addr { host: "127.19.71.193" port: 44237 } health_report { overall_health: HEALTHY } } peers { permanent_uuid: "f483ffb68d8b4e43930d45b8e0f2137d" member_type: VOTER last_known_addr { host: "127.19.71.194" port: 46041 } health_report { overall_health: HEALTHY } } peers { permanent_uuid: "35c6adbc8e5447fc85acbb38bd90501c" member_type: VOTER last_known_addr { host: "127.19.71.195" port: 38689 } attrs { replace: true } health_report { overall_health: UNKNOWN } } peers { permanent_uuid: "8024631bddba4f8a8ee99edb89cc4699" member_type: VOTER last_known_addr { host: "127.19.71.196" port: 45121 } attrs { promote: false } health_report { overall_health: HEALTHY } } }
I20260710 11:08:08.603041 21302 raft_consensus.cc:2955] T 6a0c1fdac19645ba90939e37cadea2eb P 8024631bddba4f8a8ee99edb89cc4699 [term 1 FOLLOWER]: Committing config change with OpId 1.3: config changed from index 2 to 3, 8024631bddba4f8a8ee99edb89cc4699 (127.19.71.196) changed from NON_VOTER to VOTER. New config: { opid_index: 3 OBSOLETE_local: false peers { permanent_uuid: "231ef968ee9c4cc996bc9d9de030643f" member_type: VOTER last_known_addr { host: "127.19.71.193" port: 44237 } } peers { permanent_uuid: "f483ffb68d8b4e43930d45b8e0f2137d" member_type: VOTER last_known_addr { host: "127.19.71.194" port: 46041 } } peers { permanent_uuid: "35c6adbc8e5447fc85acbb38bd90501c" member_type: VOTER last_known_addr { host: "127.19.71.195" port: 38689 } attrs { replace: true } } peers { permanent_uuid: "8024631bddba4f8a8ee99edb89cc4699" member_type: VOTER last_known_addr { host: "127.19.71.196" port: 45121 } attrs { promote: false } } }
I20260710 11:08:08.605979 21600 tablet_replica.cc:333] T 2c5c1baf591c47718e22824dfbad3def P f483ffb68d8b4e43930d45b8e0f2137d: stopping tablet replica
I20260710 11:08:08.607637 21031 consensus_queue.cc:237] T d318ba7c8f4b4c87a65864548d582103 P 35c6adbc8e5447fc85acbb38bd90501c [LEADER]: Queue going to LEADER mode. State: All replicated index: 0, Majority replicated index: 3, Committed index: 3, Last appended: 1.3, Last appended by leader: 0, Current term: 1, Majority size: 2, State: 0, Mode: LEADER, active raft config: opid_index: 4 OBSOLETE_local: false peers { permanent_uuid: "231ef968ee9c4cc996bc9d9de030643f" member_type: VOTER last_known_addr { host: "127.19.71.193" port: 44237 } } peers { permanent_uuid: "35c6adbc8e5447fc85acbb38bd90501c" member_type: VOTER last_known_addr { host: "127.19.71.195" port: 38689 } } peers { permanent_uuid: "8024631bddba4f8a8ee99edb89cc4699" member_type: VOTER last_known_addr { host: "127.19.71.196" port: 45121 } attrs { promote: false } }
I20260710 11:08:08.609134 21600 raft_consensus.cc:2243] T 2c5c1baf591c47718e22824dfbad3def P f483ffb68d8b4e43930d45b8e0f2137d [term 1 FOLLOWER]: Raft consensus shutting down.
I20260710 11:08:08.610349 21600 raft_consensus.cc:2272] T 2c5c1baf591c47718e22824dfbad3def P f483ffb68d8b4e43930d45b8e0f2137d [term 1 FOLLOWER]: Raft consensus is shut down!
I20260710 11:08:08.614487 21303 raft_consensus.cc:1275] T d318ba7c8f4b4c87a65864548d582103 P 8024631bddba4f8a8ee99edb89cc4699 [term 1 FOLLOWER]: Refusing update from remote peer 35c6adbc8e5447fc85acbb38bd90501c: Log matching property violated. Preceding OpId in replica: term: 1 index: 3. Preceding OpId from leader: term: 1 index: 4. (index mismatch)
I20260710 11:08:08.615466 21030 raft_consensus.cc:2955] T 6a0c1fdac19645ba90939e37cadea2eb P 35c6adbc8e5447fc85acbb38bd90501c [term 1 FOLLOWER]: Committing config change with OpId 1.3: config changed from index 2 to 3, 8024631bddba4f8a8ee99edb89cc4699 (127.19.71.196) changed from NON_VOTER to VOTER. New config: { opid_index: 3 OBSOLETE_local: false peers { permanent_uuid: "231ef968ee9c4cc996bc9d9de030643f" member_type: VOTER last_known_addr { host: "127.19.71.193" port: 44237 } } peers { permanent_uuid: "f483ffb68d8b4e43930d45b8e0f2137d" member_type: VOTER last_known_addr { host: "127.19.71.194" port: 46041 } } peers { permanent_uuid: "35c6adbc8e5447fc85acbb38bd90501c" member_type: VOTER last_known_addr { host: "127.19.71.195" port: 38689 } attrs { replace: true } } peers { permanent_uuid: "8024631bddba4f8a8ee99edb89cc4699" member_type: VOTER last_known_addr { host: "127.19.71.196" port: 45121 } attrs { promote: false } } }
I20260710 11:08:08.616428 21572 consensus_queue.cc:1048] T d318ba7c8f4b4c87a65864548d582103 P 35c6adbc8e5447fc85acbb38bd90501c [LEADER]: Connected to new peer: Peer: permanent_uuid: "8024631bddba4f8a8ee99edb89cc4699" member_type: VOTER last_known_addr { host: "127.19.71.196" port: 45121 } attrs { promote: false }, Status: LMP_MISMATCH, Last received: 0.0, Next index: 4, Last known committed idx: 3, Time since last communication: 0.000s
I20260710 11:08:08.617376 20883 raft_consensus.cc:1275] T d318ba7c8f4b4c87a65864548d582103 P 231ef968ee9c4cc996bc9d9de030643f [term 1 FOLLOWER]: Refusing update from remote peer 35c6adbc8e5447fc85acbb38bd90501c: Log matching property violated. Preceding OpId in replica: term: 1 index: 3. Preceding OpId from leader: term: 1 index: 4. (index mismatch)
I20260710 11:08:08.620342 21572 consensus_queue.cc:1048] T d318ba7c8f4b4c87a65864548d582103 P 35c6adbc8e5447fc85acbb38bd90501c [LEADER]: Connected to new peer: Peer: permanent_uuid: "231ef968ee9c4cc996bc9d9de030643f" member_type: VOTER last_known_addr { host: "127.19.71.193" port: 44237 }, Status: LMP_MISMATCH, Last received: 0.0, Next index: 4, Last known committed idx: 3, Time since last communication: 0.000s
I20260710 11:08:08.623139 21471 raft_consensus.cc:2955] T d318ba7c8f4b4c87a65864548d582103 P 35c6adbc8e5447fc85acbb38bd90501c [term 1 LEADER]: Committing config change with OpId 1.4: config changed from index 3 to 4, VOTER f483ffb68d8b4e43930d45b8e0f2137d (127.19.71.194) evicted. New config: { opid_index: 4 OBSOLETE_local: false peers { permanent_uuid: "231ef968ee9c4cc996bc9d9de030643f" member_type: VOTER last_known_addr { host: "127.19.71.193" port: 44237 } } peers { permanent_uuid: "35c6adbc8e5447fc85acbb38bd90501c" member_type: VOTER last_known_addr { host: "127.19.71.195" port: 38689 } } peers { permanent_uuid: "8024631bddba4f8a8ee99edb89cc4699" member_type: VOTER last_known_addr { host: "127.19.71.196" port: 45121 } attrs { promote: false } } }
I20260710 11:08:08.630194 21600 ts_tablet_manager.cc:1916] T 2c5c1baf591c47718e22824dfbad3def P f483ffb68d8b4e43930d45b8e0f2137d: Deleting tablet data with delete state TABLET_DATA_TOMBSTONED
I20260710 11:08:08.632778 21302 raft_consensus.cc:2955] T d318ba7c8f4b4c87a65864548d582103 P 8024631bddba4f8a8ee99edb89cc4699 [term 1 FOLLOWER]: Committing config change with OpId 1.4: config changed from index 3 to 4, VOTER f483ffb68d8b4e43930d45b8e0f2137d (127.19.71.194) evicted. New config: { opid_index: 4 OBSOLETE_local: false peers { permanent_uuid: "231ef968ee9c4cc996bc9d9de030643f" member_type: VOTER last_known_addr { host: "127.19.71.193" port: 44237 } } peers { permanent_uuid: "35c6adbc8e5447fc85acbb38bd90501c" member_type: VOTER last_known_addr { host: "127.19.71.195" port: 38689 } } peers { permanent_uuid: "8024631bddba4f8a8ee99edb89cc4699" member_type: VOTER last_known_addr { host: "127.19.71.196" port: 45121 } attrs { promote: false } } }
I20260710 11:08:08.638621 20959 consensus_queue.cc:237] T 6a0c1fdac19645ba90939e37cadea2eb P f483ffb68d8b4e43930d45b8e0f2137d [LEADER]: Queue going to LEADER mode. State: All replicated index: 0, Majority replicated index: 3, Committed index: 3, Last appended: 1.3, Last appended by leader: 0, Current term: 1, Majority size: 2, State: 0, Mode: LEADER, active raft config: opid_index: 4 OBSOLETE_local: false peers { permanent_uuid: "231ef968ee9c4cc996bc9d9de030643f" member_type: VOTER last_known_addr { host: "127.19.71.193" port: 44237 } } peers { permanent_uuid: "f483ffb68d8b4e43930d45b8e0f2137d" member_type: VOTER last_known_addr { host: "127.19.71.194" port: 46041 } } peers { permanent_uuid: "8024631bddba4f8a8ee99edb89cc4699" member_type: VOTER last_known_addr { host: "127.19.71.196" port: 45121 } attrs { promote: false } }
I20260710 11:08:08.638962 20882 raft_consensus.cc:2955] T d318ba7c8f4b4c87a65864548d582103 P 231ef968ee9c4cc996bc9d9de030643f [term 1 FOLLOWER]: Committing config change with OpId 1.4: config changed from index 3 to 4, VOTER f483ffb68d8b4e43930d45b8e0f2137d (127.19.71.194) evicted. New config: { opid_index: 4 OBSOLETE_local: false peers { permanent_uuid: "231ef968ee9c4cc996bc9d9de030643f" member_type: VOTER last_known_addr { host: "127.19.71.193" port: 44237 } } peers { permanent_uuid: "35c6adbc8e5447fc85acbb38bd90501c" member_type: VOTER last_known_addr { host: "127.19.71.195" port: 38689 } } peers { permanent_uuid: "8024631bddba4f8a8ee99edb89cc4699" member_type: VOTER last_known_addr { host: "127.19.71.196" port: 45121 } attrs { promote: false } } }
I20260710 11:08:08.650435 21299 raft_consensus.cc:1275] T 6a0c1fdac19645ba90939e37cadea2eb P 8024631bddba4f8a8ee99edb89cc4699 [term 1 FOLLOWER]: Refusing update from remote peer f483ffb68d8b4e43930d45b8e0f2137d: Log matching property violated. Preceding OpId in replica: term: 1 index: 3. Preceding OpId from leader: term: 1 index: 4. (index mismatch)
I20260710 11:08:08.651822 21590 consensus_queue.cc:1048] T 6a0c1fdac19645ba90939e37cadea2eb P f483ffb68d8b4e43930d45b8e0f2137d [LEADER]: Connected to new peer: Peer: permanent_uuid: "8024631bddba4f8a8ee99edb89cc4699" member_type: VOTER last_known_addr { host: "127.19.71.196" port: 45121 } attrs { promote: false }, Status: LMP_MISMATCH, Last received: 0.0, Next index: 4, Last known committed idx: 3, Time since last communication: 0.000s
I20260710 11:08:08.656498 21600 ts_tablet_manager.cc:1929] T 2c5c1baf591c47718e22824dfbad3def P f483ffb68d8b4e43930d45b8e0f2137d: tablet deleted with delete type TABLET_DATA_TOMBSTONED: last-logged OpId 1.3
I20260710 11:08:08.657028 21600 log.cc:1199] T 2c5c1baf591c47718e22824dfbad3def P f483ffb68d8b4e43930d45b8e0f2137d: Deleting WAL directory at /tmp/dist-test-taskfcGKRQ/test-tmp/auto_leader_rebalancer-test.0.LeaderRebalancerTest.AddTserver.1783681648983039-19743-0/minicluster-data/ts-1-root/wals/2c5c1baf591c47718e22824dfbad3def
I20260710 11:08:08.660923 20767 catalog_manager.cc:5028] TS f483ffb68d8b4e43930d45b8e0f2137d (127.19.71.194:46041): tablet 2c5c1baf591c47718e22824dfbad3def (table test-workload [id=031ab500be874f45b2a77542a64d273f]) successfully deleted
I20260710 11:08:08.662772 21595 raft_consensus.cc:2955] T 6a0c1fdac19645ba90939e37cadea2eb P f483ffb68d8b4e43930d45b8e0f2137d [term 1 LEADER]: Committing config change with OpId 1.4: config changed from index 3 to 4, VOTER 35c6adbc8e5447fc85acbb38bd90501c (127.19.71.195) evicted. New config: { opid_index: 4 OBSOLETE_local: false peers { permanent_uuid: "231ef968ee9c4cc996bc9d9de030643f" member_type: VOTER last_known_addr { host: "127.19.71.193" port: 44237 } } peers { permanent_uuid: "f483ffb68d8b4e43930d45b8e0f2137d" member_type: VOTER last_known_addr { host: "127.19.71.194" port: 46041 } } peers { permanent_uuid: "8024631bddba4f8a8ee99edb89cc4699" member_type: VOTER last_known_addr { host: "127.19.71.196" port: 45121 } attrs { promote: false } } }
I20260710 11:08:08.664762 20883 raft_consensus.cc:1275] T 6a0c1fdac19645ba90939e37cadea2eb P 231ef968ee9c4cc996bc9d9de030643f [term 1 FOLLOWER]: Refusing update from remote peer f483ffb68d8b4e43930d45b8e0f2137d: Log matching property violated. Preceding OpId in replica: term: 1 index: 3. Preceding OpId from leader: term: 1 index: 4. (index mismatch)
I20260710 11:08:08.667670 21601 consensus_queue.cc:1048] T 6a0c1fdac19645ba90939e37cadea2eb P f483ffb68d8b4e43930d45b8e0f2137d [LEADER]: Connected to new peer: Peer: permanent_uuid: "231ef968ee9c4cc996bc9d9de030643f" member_type: VOTER last_known_addr { host: "127.19.71.193" port: 44237 }, Status: LMP_MISMATCH, Last received: 0.0, Next index: 4, Last known committed idx: 3, Time since last communication: 0.000s
I20260710 11:08:08.674885 20781 catalog_manager.cc:5697] T d318ba7c8f4b4c87a65864548d582103 P 231ef968ee9c4cc996bc9d9de030643f reported cstate change: config changed from index 3 to 4, VOTER f483ffb68d8b4e43930d45b8e0f2137d (127.19.71.194) evicted. New cstate: current_term: 1 leader_uuid: "35c6adbc8e5447fc85acbb38bd90501c" committed_config { opid_index: 4 OBSOLETE_local: false peers { permanent_uuid: "231ef968ee9c4cc996bc9d9de030643f" member_type: VOTER last_known_addr { host: "127.19.71.193" port: 44237 } } peers { permanent_uuid: "35c6adbc8e5447fc85acbb38bd90501c" member_type: VOTER last_known_addr { host: "127.19.71.195" port: 38689 } } peers { permanent_uuid: "8024631bddba4f8a8ee99edb89cc4699" member_type: VOTER last_known_addr { host: "127.19.71.196" port: 45121 } attrs { promote: false } } }
I20260710 11:08:08.682026 20767 catalog_manager.cc:5210] ChangeConfig:REMOVE_PEER RPC for tablet 6a0c1fdac19645ba90939e37cadea2eb with cas_config_opid_index 3: ChangeConfig:REMOVE_PEER succeeded (attempt 1)
I20260710 11:08:08.682054 21302 raft_consensus.cc:2955] T 6a0c1fdac19645ba90939e37cadea2eb P 8024631bddba4f8a8ee99edb89cc4699 [term 1 FOLLOWER]: Committing config change with OpId 1.4: config changed from index 3 to 4, VOTER 35c6adbc8e5447fc85acbb38bd90501c (127.19.71.195) evicted. New config: { opid_index: 4 OBSOLETE_local: false peers { permanent_uuid: "231ef968ee9c4cc996bc9d9de030643f" member_type: VOTER last_known_addr { host: "127.19.71.193" port: 44237 } } peers { permanent_uuid: "f483ffb68d8b4e43930d45b8e0f2137d" member_type: VOTER last_known_addr { host: "127.19.71.194" port: 46041 } } peers { permanent_uuid: "8024631bddba4f8a8ee99edb89cc4699" member_type: VOTER last_known_addr { host: "127.19.71.196" port: 45121 } attrs { promote: false } } }
I20260710 11:08:08.685631 20767 catalog_manager.cc:5210] ChangeConfig:REMOVE_PEER RPC for tablet d318ba7c8f4b4c87a65864548d582103 with cas_config_opid_index 3: ChangeConfig:REMOVE_PEER succeeded (attempt 1)
I20260710 11:08:08.684350 20882 raft_consensus.cc:2955] T 6a0c1fdac19645ba90939e37cadea2eb P 231ef968ee9c4cc996bc9d9de030643f [term 1 FOLLOWER]: Committing config change with OpId 1.4: config changed from index 3 to 4, VOTER 35c6adbc8e5447fc85acbb38bd90501c (127.19.71.195) evicted. New config: { opid_index: 4 OBSOLETE_local: false peers { permanent_uuid: "231ef968ee9c4cc996bc9d9de030643f" member_type: VOTER last_known_addr { host: "127.19.71.193" port: 44237 } } peers { permanent_uuid: "f483ffb68d8b4e43930d45b8e0f2137d" member_type: VOTER last_known_addr { host: "127.19.71.194" port: 46041 } } peers { permanent_uuid: "8024631bddba4f8a8ee99edb89cc4699" member_type: VOTER last_known_addr { host: "127.19.71.196" port: 45121 } attrs { promote: false } } }
I20260710 11:08:08.690539 20942 tablet_service.cc:1558] Processing DeleteTablet for tablet d318ba7c8f4b4c87a65864548d582103 with delete_type TABLET_DATA_TOMBSTONED (TS f483ffb68d8b4e43930d45b8e0f2137d not found in new config with opid_index 4) from {username='slave'} at 127.0.0.1:46222
I20260710 11:08:08.691425 21600 tablet_replica.cc:333] T d318ba7c8f4b4c87a65864548d582103 P f483ffb68d8b4e43930d45b8e0f2137d: stopping tablet replica
I20260710 11:08:08.691057 20782 catalog_manager.cc:5697] T 6a0c1fdac19645ba90939e37cadea2eb P f483ffb68d8b4e43930d45b8e0f2137d reported cstate change: config changed from index 3 to 4, VOTER 35c6adbc8e5447fc85acbb38bd90501c (127.19.71.195) evicted. New cstate: current_term: 1 leader_uuid: "f483ffb68d8b4e43930d45b8e0f2137d" committed_config { opid_index: 4 OBSOLETE_local: false peers { permanent_uuid: "231ef968ee9c4cc996bc9d9de030643f" member_type: VOTER last_known_addr { host: "127.19.71.193" port: 44237 } health_report { overall_health: UNKNOWN } } peers { permanent_uuid: "f483ffb68d8b4e43930d45b8e0f2137d" member_type: VOTER last_known_addr { host: "127.19.71.194" port: 46041 } health_report { overall_health: HEALTHY } } peers { permanent_uuid: "8024631bddba4f8a8ee99edb89cc4699" member_type: VOTER last_known_addr { host: "127.19.71.196" port: 45121 } attrs { promote: false } health_report { overall_health: HEALTHY } } }
I20260710 11:08:08.692490 21600 raft_consensus.cc:2243] T d318ba7c8f4b4c87a65864548d582103 P f483ffb68d8b4e43930d45b8e0f2137d [term 1 FOLLOWER]: Raft consensus shutting down.
I20260710 11:08:08.693169 21600 raft_consensus.cc:2272] T d318ba7c8f4b4c87a65864548d582103 P f483ffb68d8b4e43930d45b8e0f2137d [term 1 FOLLOWER]: Raft consensus is shut down!
I20260710 11:08:08.696578 21600 ts_tablet_manager.cc:1916] T d318ba7c8f4b4c87a65864548d582103 P f483ffb68d8b4e43930d45b8e0f2137d: Deleting tablet data with delete state TABLET_DATA_TOMBSTONED
I20260710 11:08:08.703299 21021 tablet_service.cc:1558] Processing DeleteTablet for tablet 6a0c1fdac19645ba90939e37cadea2eb with delete_type TABLET_DATA_TOMBSTONED (TS 35c6adbc8e5447fc85acbb38bd90501c not found in new config with opid_index 4) from {username='slave'} at 127.0.0.1:46344
I20260710 11:08:08.716817 21600 ts_tablet_manager.cc:1929] T d318ba7c8f4b4c87a65864548d582103 P f483ffb68d8b4e43930d45b8e0f2137d: tablet deleted with delete type TABLET_DATA_TOMBSTONED: last-logged OpId 1.3
I20260710 11:08:08.717289 21600 log.cc:1199] T d318ba7c8f4b4c87a65864548d582103 P f483ffb68d8b4e43930d45b8e0f2137d: Deleting WAL directory at /tmp/dist-test-taskfcGKRQ/test-tmp/auto_leader_rebalancer-test.0.LeaderRebalancerTest.AddTserver.1783681648983039-19743-0/minicluster-data/ts-1-root/wals/d318ba7c8f4b4c87a65864548d582103
I20260710 11:08:08.718665 20767 catalog_manager.cc:5028] TS f483ffb68d8b4e43930d45b8e0f2137d (127.19.71.194:46041): tablet d318ba7c8f4b4c87a65864548d582103 (table test-workload [id=031ab500be874f45b2a77542a64d273f]) successfully deleted
I20260710 11:08:08.720219 21602 tablet_replica.cc:333] T 6a0c1fdac19645ba90939e37cadea2eb P 35c6adbc8e5447fc85acbb38bd90501c: stopping tablet replica
I20260710 11:08:08.721189 21602 raft_consensus.cc:2243] T 6a0c1fdac19645ba90939e37cadea2eb P 35c6adbc8e5447fc85acbb38bd90501c [term 1 FOLLOWER]: Raft consensus shutting down.
I20260710 11:08:08.721933 21602 raft_consensus.cc:2272] T 6a0c1fdac19645ba90939e37cadea2eb P 35c6adbc8e5447fc85acbb38bd90501c [term 1 FOLLOWER]: Raft consensus is shut down!
I20260710 11:08:08.724879 21602 ts_tablet_manager.cc:1916] T 6a0c1fdac19645ba90939e37cadea2eb P 35c6adbc8e5447fc85acbb38bd90501c: Deleting tablet data with delete state TABLET_DATA_TOMBSTONED
I20260710 11:08:08.734472 21602 ts_tablet_manager.cc:1929] T 6a0c1fdac19645ba90939e37cadea2eb P 35c6adbc8e5447fc85acbb38bd90501c: tablet deleted with delete type TABLET_DATA_TOMBSTONED: last-logged OpId 1.3
I20260710 11:08:08.734768 21602 log.cc:1199] T 6a0c1fdac19645ba90939e37cadea2eb P 35c6adbc8e5447fc85acbb38bd90501c: Deleting WAL directory at /tmp/dist-test-taskfcGKRQ/test-tmp/auto_leader_rebalancer-test.0.LeaderRebalancerTest.AddTserver.1783681648983039-19743-0/minicluster-data/ts-2-root/wals/6a0c1fdac19645ba90939e37cadea2eb
I20260710 11:08:08.736020 20767 catalog_manager.cc:5028] TS 35c6adbc8e5447fc85acbb38bd90501c (127.19.71.195:38689): tablet 6a0c1fdac19645ba90939e37cadea2eb (table test-workload [id=031ab500be874f45b2a77542a64d273f]) successfully deleted
I20260710 11:08:09.750749 20883 consensus_queue.cc:237] T 97a338b2c40b489fa37b5382e08c486e P 231ef968ee9c4cc996bc9d9de030643f [LEADER]: Queue going to LEADER mode. State: All replicated index: 0, Majority replicated index: 1, Committed index: 1, Last appended: 1.1, Last appended by leader: 0, Current term: 1, Majority size: 2, State: 0, Mode: LEADER, active raft config: opid_index: 2 OBSOLETE_local: false peers { permanent_uuid: "231ef968ee9c4cc996bc9d9de030643f" member_type: VOTER last_known_addr { host: "127.19.71.193" port: 44237 } } peers { permanent_uuid: "f483ffb68d8b4e43930d45b8e0f2137d" member_type: VOTER last_known_addr { host: "127.19.71.194" port: 46041 } } peers { permanent_uuid: "35c6adbc8e5447fc85acbb38bd90501c" member_type: VOTER last_known_addr { host: "127.19.71.195" port: 38689 } attrs { replace: true } } peers { permanent_uuid: "8024631bddba4f8a8ee99edb89cc4699" member_type: NON_VOTER last_known_addr { host: "127.19.71.196" port: 45121 } attrs { promote: true } }
W20260710 11:08:09.757422 20848 consensus_peers.cc:597] T 97a338b2c40b489fa37b5382e08c486e P 231ef968ee9c4cc996bc9d9de030643f -> Peer 8024631bddba4f8a8ee99edb89cc4699 (127.19.71.196:45121): Couldn't send request to peer 8024631bddba4f8a8ee99edb89cc4699. Error code: TABLET_NOT_FOUND (6). Status: Not found: Tablet not found: 97a338b2c40b489fa37b5382e08c486e. This is attempt 1: this message will repeat every 5th retry.
I20260710 11:08:09.758245 21030 raft_consensus.cc:1275] T 97a338b2c40b489fa37b5382e08c486e P 35c6adbc8e5447fc85acbb38bd90501c [term 1 FOLLOWER]: Refusing update from remote peer 231ef968ee9c4cc996bc9d9de030643f: Log matching property violated. Preceding OpId in replica: term: 1 index: 1. Preceding OpId from leader: term: 1 index: 2. (index mismatch)
I20260710 11:08:09.759621 20955 raft_consensus.cc:1275] T 97a338b2c40b489fa37b5382e08c486e P f483ffb68d8b4e43930d45b8e0f2137d [term 1 FOLLOWER]: Refusing update from remote peer 231ef968ee9c4cc996bc9d9de030643f: Log matching property violated. Preceding OpId in replica: term: 1 index: 1. Preceding OpId from leader: term: 1 index: 2. (index mismatch)
I20260710 11:08:09.759605 21512 consensus_queue.cc:1048] T 97a338b2c40b489fa37b5382e08c486e P 231ef968ee9c4cc996bc9d9de030643f [LEADER]: Connected to new peer: Peer: permanent_uuid: "35c6adbc8e5447fc85acbb38bd90501c" member_type: VOTER last_known_addr { host: "127.19.71.195" port: 38689 } attrs { replace: true }, Status: LMP_MISMATCH, Last received: 0.0, Next index: 2, Last known committed idx: 1, Time since last communication: 0.001s
I20260710 11:08:09.761029 21606 consensus_queue.cc:1048] T 97a338b2c40b489fa37b5382e08c486e P 231ef968ee9c4cc996bc9d9de030643f [LEADER]: Connected to new peer: Peer: permanent_uuid: "f483ffb68d8b4e43930d45b8e0f2137d" member_type: VOTER last_known_addr { host: "127.19.71.194" port: 46041 }, Status: LMP_MISMATCH, Last received: 0.0, Next index: 2, Last known committed idx: 1, Time since last communication: 0.000s
I20260710 11:08:09.767272 21512 raft_consensus.cc:2955] T 97a338b2c40b489fa37b5382e08c486e P 231ef968ee9c4cc996bc9d9de030643f [term 1 LEADER]: Committing config change with OpId 1.2: config changed from index -1 to 2, NON_VOTER 8024631bddba4f8a8ee99edb89cc4699 (127.19.71.196) added. New config: { opid_index: 2 OBSOLETE_local: false peers { permanent_uuid: "231ef968ee9c4cc996bc9d9de030643f" member_type: VOTER last_known_addr { host: "127.19.71.193" port: 44237 } } peers { permanent_uuid: "f483ffb68d8b4e43930d45b8e0f2137d" member_type: VOTER last_known_addr { host: "127.19.71.194" port: 46041 } } peers { permanent_uuid: "35c6adbc8e5447fc85acbb38bd90501c" member_type: VOTER last_known_addr { host: "127.19.71.195" port: 38689 } attrs { replace: true } } peers { permanent_uuid: "8024631bddba4f8a8ee99edb89cc4699" member_type: NON_VOTER last_known_addr { host: "127.19.71.196" port: 45121 } attrs { promote: true } } }
I20260710 11:08:09.770272 20955 raft_consensus.cc:2955] T 97a338b2c40b489fa37b5382e08c486e P f483ffb68d8b4e43930d45b8e0f2137d [term 1 FOLLOWER]: Committing config change with OpId 1.2: config changed from index -1 to 2, NON_VOTER 8024631bddba4f8a8ee99edb89cc4699 (127.19.71.196) added. New config: { opid_index: 2 OBSOLETE_local: false peers { permanent_uuid: "231ef968ee9c4cc996bc9d9de030643f" member_type: VOTER last_known_addr { host: "127.19.71.193" port: 44237 } } peers { permanent_uuid: "f483ffb68d8b4e43930d45b8e0f2137d" member_type: VOTER last_known_addr { host: "127.19.71.194" port: 46041 } } peers { permanent_uuid: "35c6adbc8e5447fc85acbb38bd90501c" member_type: VOTER last_known_addr { host: "127.19.71.195" port: 38689 } attrs { replace: true } } peers { permanent_uuid: "8024631bddba4f8a8ee99edb89cc4699" member_type: NON_VOTER last_known_addr { host: "127.19.71.196" port: 45121 } attrs { promote: true } } }
I20260710 11:08:09.773156 21030 raft_consensus.cc:2955] T 97a338b2c40b489fa37b5382e08c486e P 35c6adbc8e5447fc85acbb38bd90501c [term 1 FOLLOWER]: Committing config change with OpId 1.2: config changed from index -1 to 2, NON_VOTER 8024631bddba4f8a8ee99edb89cc4699 (127.19.71.196) added. New config: { opid_index: 2 OBSOLETE_local: false peers { permanent_uuid: "231ef968ee9c4cc996bc9d9de030643f" member_type: VOTER last_known_addr { host: "127.19.71.193" port: 44237 } } peers { permanent_uuid: "f483ffb68d8b4e43930d45b8e0f2137d" member_type: VOTER last_known_addr { host: "127.19.71.194" port: 46041 } } peers { permanent_uuid: "35c6adbc8e5447fc85acbb38bd90501c" member_type: VOTER last_known_addr { host: "127.19.71.195" port: 38689 } attrs { replace: true } } peers { permanent_uuid: "8024631bddba4f8a8ee99edb89cc4699" member_type: NON_VOTER last_known_addr { host: "127.19.71.196" port: 45121 } attrs { promote: true } } }
I20260710 11:08:09.781492 20959 consensus_queue.cc:237] T 54798cb75cda4659a4d717f19d7f9763 P f483ffb68d8b4e43930d45b8e0f2137d [LEADER]: Queue going to LEADER mode. State: All replicated index: 0, Majority replicated index: 1, Committed index: 1, Last appended: 1.1, Last appended by leader: 0, Current term: 1, Majority size: 2, State: 0, Mode: LEADER, active raft config: opid_index: 2 OBSOLETE_local: false peers { permanent_uuid: "231ef968ee9c4cc996bc9d9de030643f" member_type: VOTER last_known_addr { host: "127.19.71.193" port: 44237 } attrs { replace: true } } peers { permanent_uuid: "f483ffb68d8b4e43930d45b8e0f2137d" member_type: VOTER last_known_addr { host: "127.19.71.194" port: 46041 } } peers { permanent_uuid: "35c6adbc8e5447fc85acbb38bd90501c" member_type: VOTER last_known_addr { host: "127.19.71.195" port: 38689 } } peers { permanent_uuid: "8024631bddba4f8a8ee99edb89cc4699" member_type: NON_VOTER last_known_addr { host: "127.19.71.196" port: 45121 } attrs { promote: true } }
I20260710 11:08:09.782511 20781 catalog_manager.cc:5697] T 97a338b2c40b489fa37b5382e08c486e P 231ef968ee9c4cc996bc9d9de030643f reported cstate change: config changed from index -1 to 2, NON_VOTER 8024631bddba4f8a8ee99edb89cc4699 (127.19.71.196) added. New cstate: current_term: 1 leader_uuid: "231ef968ee9c4cc996bc9d9de030643f" committed_config { opid_index: 2 OBSOLETE_local: false peers { permanent_uuid: "231ef968ee9c4cc996bc9d9de030643f" member_type: VOTER last_known_addr { host: "127.19.71.193" port: 44237 } health_report { overall_health: HEALTHY } } peers { permanent_uuid: "f483ffb68d8b4e43930d45b8e0f2137d" member_type: VOTER last_known_addr { host: "127.19.71.194" port: 46041 } health_report { overall_health: HEALTHY } } peers { permanent_uuid: "35c6adbc8e5447fc85acbb38bd90501c" member_type: VOTER last_known_addr { host: "127.19.71.195" port: 38689 } attrs { replace: true } health_report { overall_health: HEALTHY } } peers { permanent_uuid: "8024631bddba4f8a8ee99edb89cc4699" member_type: NON_VOTER last_known_addr { host: "127.19.71.196" port: 45121 } attrs { promote: true } health_report { overall_health: UNKNOWN } } }
W20260710 11:08:09.800493 20923 consensus_peers.cc:597] T 54798cb75cda4659a4d717f19d7f9763 P f483ffb68d8b4e43930d45b8e0f2137d -> Peer 8024631bddba4f8a8ee99edb89cc4699 (127.19.71.196:45121): Couldn't send request to peer 8024631bddba4f8a8ee99edb89cc4699. Error code: TABLET_NOT_FOUND (6). Status: Not found: Tablet not found: 54798cb75cda4659a4d717f19d7f9763. This is attempt 1: this message will repeat every 5th retry.
I20260710 11:08:09.802656 20882 raft_consensus.cc:1275] T 54798cb75cda4659a4d717f19d7f9763 P 231ef968ee9c4cc996bc9d9de030643f [term 1 FOLLOWER]: Refusing update from remote peer f483ffb68d8b4e43930d45b8e0f2137d: Log matching property violated. Preceding OpId in replica: term: 1 index: 1. Preceding OpId from leader: term: 1 index: 2. (index mismatch)
I20260710 11:08:09.804440 21030 raft_consensus.cc:1275] T 54798cb75cda4659a4d717f19d7f9763 P 35c6adbc8e5447fc85acbb38bd90501c [term 1 FOLLOWER]: Refusing update from remote peer f483ffb68d8b4e43930d45b8e0f2137d: Log matching property violated. Preceding OpId in replica: term: 1 index: 1. Preceding OpId from leader: term: 1 index: 2. (index mismatch)
I20260710 11:08:09.805420 21612 consensus_queue.cc:1048] T 54798cb75cda4659a4d717f19d7f9763 P f483ffb68d8b4e43930d45b8e0f2137d [LEADER]: Connected to new peer: Peer: permanent_uuid: "231ef968ee9c4cc996bc9d9de030643f" member_type: VOTER last_known_addr { host: "127.19.71.193" port: 44237 } attrs { replace: true }, Status: LMP_MISMATCH, Last received: 0.0, Next index: 2, Last known committed idx: 1, Time since last communication: 0.001s
I20260710 11:08:09.806658 21613 consensus_queue.cc:1048] T 54798cb75cda4659a4d717f19d7f9763 P f483ffb68d8b4e43930d45b8e0f2137d [LEADER]: Connected to new peer: Peer: permanent_uuid: "35c6adbc8e5447fc85acbb38bd90501c" member_type: VOTER last_known_addr { host: "127.19.71.195" port: 38689 }, Status: LMP_MISMATCH, Last received: 0.0, Next index: 2, Last known committed idx: 1, Time since last communication: 0.001s
I20260710 11:08:09.816589 21590 raft_consensus.cc:2955] T 54798cb75cda4659a4d717f19d7f9763 P f483ffb68d8b4e43930d45b8e0f2137d [term 1 LEADER]: Committing config change with OpId 1.2: config changed from index -1 to 2, NON_VOTER 8024631bddba4f8a8ee99edb89cc4699 (127.19.71.196) added. New config: { opid_index: 2 OBSOLETE_local: false peers { permanent_uuid: "231ef968ee9c4cc996bc9d9de030643f" member_type: VOTER last_known_addr { host: "127.19.71.193" port: 44237 } attrs { replace: true } } peers { permanent_uuid: "f483ffb68d8b4e43930d45b8e0f2137d" member_type: VOTER last_known_addr { host: "127.19.71.194" port: 46041 } } peers { permanent_uuid: "35c6adbc8e5447fc85acbb38bd90501c" member_type: VOTER last_known_addr { host: "127.19.71.195" port: 38689 } } peers { permanent_uuid: "8024631bddba4f8a8ee99edb89cc4699" member_type: NON_VOTER last_known_addr { host: "127.19.71.196" port: 45121 } attrs { promote: true } } }
