I20260710 11:07:33.783717  1444 raft_consensus.cc:3055] T 750feffff597421c97d8321270cd41ce P 3aa39ad26503441dabce5902715344a6 [term 2 LEADER]: Stepping down as leader of term 2
I20260710 11:07:33.784047  1444 raft_consensus.cc:740] T 750feffff597421c97d8321270cd41ce P 3aa39ad26503441dabce5902715344a6 [term 2 LEADER]: Becoming Follower/Learner. State: Replica: 3aa39ad26503441dabce5902715344a6, State: Running, Role: LEADER
I20260710 11:07:33.784066  1518 raft_consensus.cc:3060] T 750feffff597421c97d8321270cd41ce P a66cd1fb3bdf4a4a9750b4d2b7432ebf [term 2 FOLLOWER]: Advancing to term 3
I20260710 11:07:33.784682  1444 consensus_queue.cc:260] T 750feffff597421c97d8321270cd41ce P 3aa39ad26503441dabce5902715344a6 [NON_LEADER]: Queue going to NON_LEADER mode. State: All replicated index: 0, Majority replicated index: 2, Committed index: 2, Last appended: 2.2, Last appended by leader: 2, Current term: 2, Majority size: -1, State: 0, Mode: NON_LEADER, active raft config: opid_index: -1 OBSOLETE_local: false peers { permanent_uuid: "3aa39ad26503441dabce5902715344a6" member_type: VOTER last_known_addr { host: "127.1.71.65" port: 37319 } } peers { permanent_uuid: "a66cd1fb3bdf4a4a9750b4d2b7432ebf" member_type: VOTER last_known_addr { host: "127.1.71.66" port: 42947 } } peers { permanent_uuid: "9c8e4c5a851c4672af68fb7ced02c3da" member_type: VOTER last_known_addr { host: "127.1.71.67" port: 43749 } }
I20260710 11:07:33.785502  1444 raft_consensus.cc:3060] T 750feffff597421c97d8321270cd41ce P 3aa39ad26503441dabce5902715344a6 [term 2 FOLLOWER]: Advancing to term 3
I20260710 11:07:33.788738  1518 raft_consensus.cc:2468] T 750feffff597421c97d8321270cd41ce P a66cd1fb3bdf4a4a9750b4d2b7432ebf [term 3 FOLLOWER]: Leader election vote request: Granting yes vote for candidate 9c8e4c5a851c4672af68fb7ced02c3da in term 3.
I20260710 11:07:33.789284  1444 raft_consensus.cc:2468] T 750feffff597421c97d8321270cd41ce P 3aa39ad26503441dabce5902715344a6 [term 3 FOLLOWER]: Leader election vote request: Granting yes vote for candidate 9c8e4c5a851c4672af68fb7ced02c3da in term 3.
I20260710 11:07:33.789839  1556 leader_election.cc:304] T 750feffff597421c97d8321270cd41ce P 9c8e4c5a851c4672af68fb7ced02c3da [CANDIDATE]: Term 3 election: Election decided. Result: candidate won. Election summary: received 2 responses out of 3 voters: 2 yes votes; 0 no votes. yes voters: 9c8e4c5a851c4672af68fb7ced02c3da, a66cd1fb3bdf4a4a9750b4d2b7432ebf; no voters: 
I20260710 11:07:33.790679  1736 raft_consensus.cc:2804] T 750feffff597421c97d8321270cd41ce P 9c8e4c5a851c4672af68fb7ced02c3da [term 3 FOLLOWER]: Leader election won for term 3
I20260710 11:07:33.791214  1736 raft_consensus.cc:697] T 750feffff597421c97d8321270cd41ce P 9c8e4c5a851c4672af68fb7ced02c3da [term 3 LEADER]: Becoming Leader. State: Replica: 9c8e4c5a851c4672af68fb7ced02c3da, State: Running, Role: LEADER
I20260710 11:07:33.792018  1736 consensus_queue.cc:237] T 750feffff597421c97d8321270cd41ce P 9c8e4c5a851c4672af68fb7ced02c3da [LEADER]: Queue going to LEADER mode. State: All replicated index: 0, Majority replicated index: 2, Committed index: 2, Last appended: 2.2, Last appended by leader: 2, Current term: 3, Majority size: 2, State: 0, Mode: LEADER, active raft config: opid_index: -1 OBSOLETE_local: false peers { permanent_uuid: "3aa39ad26503441dabce5902715344a6" member_type: VOTER last_known_addr { host: "127.1.71.65" port: 37319 } } peers { permanent_uuid: "a66cd1fb3bdf4a4a9750b4d2b7432ebf" member_type: VOTER last_known_addr { host: "127.1.71.66" port: 42947 } } peers { permanent_uuid: "9c8e4c5a851c4672af68fb7ced02c3da" member_type: VOTER last_known_addr { host: "127.1.71.67" port: 43749 } }
I20260710 11:07:33.798487  1339 catalog_manager.cc:5697] T 750feffff597421c97d8321270cd41ce P 9c8e4c5a851c4672af68fb7ced02c3da reported cstate change: term changed from 2 to 3, leader changed from 3aa39ad26503441dabce5902715344a6 (127.1.71.65) to 9c8e4c5a851c4672af68fb7ced02c3da (127.1.71.67). New cstate: current_term: 3 leader_uuid: "9c8e4c5a851c4672af68fb7ced02c3da" committed_config { opid_index: -1 OBSOLETE_local: false peers { permanent_uuid: "3aa39ad26503441dabce5902715344a6" member_type: VOTER last_known_addr { host: "127.1.71.65" port: 37319 } health_report { overall_health: UNKNOWN } } peers { permanent_uuid: "a66cd1fb3bdf4a4a9750b4d2b7432ebf" member_type: VOTER last_known_addr { host: "127.1.71.66" port: 42947 } health_report { overall_health: UNKNOWN } } peers { permanent_uuid: "9c8e4c5a851c4672af68fb7ced02c3da" member_type: VOTER last_known_addr { host: "127.1.71.67" port: 43749 } health_report { overall_health: HEALTHY } } }
I20260710 11:07:33.933050  1518 raft_consensus.cc:1275] T 8c136c7bfe974380806da31b4827cd5e P a66cd1fb3bdf4a4a9750b4d2b7432ebf [term 3 FOLLOWER]: Refusing update from remote peer 9c8e4c5a851c4672af68fb7ced02c3da: Log matching property violated. Preceding OpId in replica: term: 2 index: 2. Preceding OpId from leader: term: 3 index: 3. (index mismatch)
I20260710 11:07:33.934487  1736 consensus_queue.cc:1048] T 8c136c7bfe974380806da31b4827cd5e P 9c8e4c5a851c4672af68fb7ced02c3da [LEADER]: Connected to new peer: Peer: permanent_uuid: "a66cd1fb3bdf4a4a9750b4d2b7432ebf" member_type: VOTER last_known_addr { host: "127.1.71.66" port: 42947 }, Status: LMP_MISMATCH, Last received: 0.0, Next index: 3, Last known committed idx: 2, Time since last communication: 0.000s
I20260710 11:07:33.944309  1444 raft_consensus.cc:1275] T 8c136c7bfe974380806da31b4827cd5e P 3aa39ad26503441dabce5902715344a6 [term 3 FOLLOWER]: Refusing update from remote peer 9c8e4c5a851c4672af68fb7ced02c3da: Log matching property violated. Preceding OpId in replica: term: 2 index: 2. Preceding OpId from leader: term: 3 index: 3. (index mismatch)
I20260710 11:07:33.946151  1751 consensus_queue.cc:1048] T 8c136c7bfe974380806da31b4827cd5e P 9c8e4c5a851c4672af68fb7ced02c3da [LEADER]: Connected to new peer: Peer: permanent_uuid: "3aa39ad26503441dabce5902715344a6" member_type: VOTER last_known_addr { host: "127.1.71.65" port: 37319 }, Status: LMP_MISMATCH, Last received: 0.0, Next index: 3, Last known committed idx: 2, Time since last communication: 0.000s
I20260710 11:07:34.201526  1443 raft_consensus.cc:1275] T 750feffff597421c97d8321270cd41ce P 3aa39ad26503441dabce5902715344a6 [term 3 FOLLOWER]: Refusing update from remote peer 9c8e4c5a851c4672af68fb7ced02c3da: Log matching property violated. Preceding OpId in replica: term: 2 index: 2. Preceding OpId from leader: term: 3 index: 3. (index mismatch)
I20260710 11:07:34.202869  1751 consensus_queue.cc:1048] T 750feffff597421c97d8321270cd41ce P 9c8e4c5a851c4672af68fb7ced02c3da [LEADER]: Connected to new peer: Peer: permanent_uuid: "3aa39ad26503441dabce5902715344a6" member_type: VOTER last_known_addr { host: "127.1.71.65" port: 37319 }, Status: LMP_MISMATCH, Last received: 0.0, Next index: 3, Last known committed idx: 2, Time since last communication: 0.000s
I20260710 11:07:34.213577  1518 raft_consensus.cc:1275] T 750feffff597421c97d8321270cd41ce P a66cd1fb3bdf4a4a9750b4d2b7432ebf [term 3 FOLLOWER]: Refusing update from remote peer 9c8e4c5a851c4672af68fb7ced02c3da: Log matching property violated. Preceding OpId in replica: term: 2 index: 2. Preceding OpId from leader: term: 3 index: 3. (index mismatch)
I20260710 11:07:34.215130  1741 consensus_queue.cc:1048] T 750feffff597421c97d8321270cd41ce P 9c8e4c5a851c4672af68fb7ced02c3da [LEADER]: Connected to new peer: Peer: permanent_uuid: "a66cd1fb3bdf4a4a9750b4d2b7432ebf" member_type: VOTER last_known_addr { host: "127.1.71.66" port: 42947 }, Status: LMP_MISMATCH, Last received: 0.0, Next index: 3, Last known committed idx: 2, Time since last communication: 0.000s
I20260710 11:07:34.382642  1309 auto_leader_rebalancer.cc:141] leader rebalance for table test-workload
I20260710 11:07:34.392428  1443 tablet_service.cc:2072] Received LeaderStepDown RPC: tablet_id: "58915ae103874c1fbcc14654af1a896f"
dest_uuid: "3aa39ad26503441dabce5902715344a6"
mode: GRACEFUL
new_leader_uuid: "a66cd1fb3bdf4a4a9750b4d2b7432ebf"
 from {username='slave'} at 127.0.0.1:52566
I20260710 11:07:34.392992  1443 raft_consensus.cc:606] T 58915ae103874c1fbcc14654af1a896f P 3aa39ad26503441dabce5902715344a6 [term 1 LEADER]: Received request to transfer leadership to TS a66cd1fb3bdf4a4a9750b4d2b7432ebf
I20260710 11:07:34.397663  1443 tablet_service.cc:2072] Received LeaderStepDown RPC: tablet_id: "4a49784b919b427bb500403244015fdc"
dest_uuid: "3aa39ad26503441dabce5902715344a6"
mode: GRACEFUL
new_leader_uuid: "a66cd1fb3bdf4a4a9750b4d2b7432ebf"
 from {username='slave'} at 127.0.0.1:52566
I20260710 11:07:34.398124  1443 raft_consensus.cc:606] T 4a49784b919b427bb500403244015fdc P 3aa39ad26503441dabce5902715344a6 [term 2 LEADER]: Received request to transfer leadership to TS a66cd1fb3bdf4a4a9750b4d2b7432ebf
I20260710 11:07:34.402818  1593 tablet_service.cc:2072] Received LeaderStepDown RPC: tablet_id: "750feffff597421c97d8321270cd41ce"
dest_uuid: "9c8e4c5a851c4672af68fb7ced02c3da"
mode: GRACEFUL
new_leader_uuid: "a66cd1fb3bdf4a4a9750b4d2b7432ebf"
 from {username='slave'} at 127.0.0.1:57984
I20260710 11:07:34.403270  1593 raft_consensus.cc:606] T 750feffff597421c97d8321270cd41ce P 9c8e4c5a851c4672af68fb7ced02c3da [term 3 LEADER]: Received request to transfer leadership to TS a66cd1fb3bdf4a4a9750b4d2b7432ebf
I20260710 11:07:34.408540  1443 tablet_service.cc:2072] Received LeaderStepDown RPC: tablet_id: "1cb2c2f903a944e4b2178c6fc9c9972a"
dest_uuid: "3aa39ad26503441dabce5902715344a6"
mode: GRACEFUL
new_leader_uuid: "a66cd1fb3bdf4a4a9750b4d2b7432ebf"
 from {username='slave'} at 127.0.0.1:52566
I20260710 11:07:34.409083  1443 raft_consensus.cc:606] T 1cb2c2f903a944e4b2178c6fc9c9972a P 3aa39ad26503441dabce5902715344a6 [term 2 LEADER]: Received request to transfer leadership to TS a66cd1fb3bdf4a4a9750b4d2b7432ebf
I20260710 11:07:34.418484  1593 tablet_service.cc:2072] Received LeaderStepDown RPC: tablet_id: "8c136c7bfe974380806da31b4827cd5e"
dest_uuid: "9c8e4c5a851c4672af68fb7ced02c3da"
mode: GRACEFUL
new_leader_uuid: "a66cd1fb3bdf4a4a9750b4d2b7432ebf"
 from {username='slave'} at 127.0.0.1:57984
I20260710 11:07:34.419013  1593 raft_consensus.cc:606] T 8c136c7bfe974380806da31b4827cd5e P 9c8e4c5a851c4672af68fb7ced02c3da [term 3 LEADER]: Received request to transfer leadership to TS a66cd1fb3bdf4a4a9750b4d2b7432ebf
I20260710 11:07:34.632609  1751 raft_consensus.cc:993] T 750feffff597421c97d8321270cd41ce P 9c8e4c5a851c4672af68fb7ced02c3da: : Instructing follower a66cd1fb3bdf4a4a9750b4d2b7432ebf to start an election
I20260710 11:07:34.633062  1751 raft_consensus.cc:1081] T 750feffff597421c97d8321270cd41ce P 9c8e4c5a851c4672af68fb7ced02c3da [term 3 LEADER]: Signalling peer a66cd1fb3bdf4a4a9750b4d2b7432ebf to start an election
I20260710 11:07:34.634647  1518 tablet_service.cc:2044] Received Run Leader Election RPC: tablet_id: "750feffff597421c97d8321270cd41ce"
dest_uuid: "a66cd1fb3bdf4a4a9750b4d2b7432ebf"
 from {username='slave'} at 127.0.0.1:46540
I20260710 11:07:34.635172  1518 raft_consensus.cc:493] T 750feffff597421c97d8321270cd41ce P a66cd1fb3bdf4a4a9750b4d2b7432ebf [term 3 FOLLOWER]: Starting forced leader election (received explicit request)
I20260710 11:07:34.635809  1518 raft_consensus.cc:3060] T 750feffff597421c97d8321270cd41ce P a66cd1fb3bdf4a4a9750b4d2b7432ebf [term 3 FOLLOWER]: Advancing to term 4
I20260710 11:07:34.639530  1518 raft_consensus.cc:515] T 750feffff597421c97d8321270cd41ce P a66cd1fb3bdf4a4a9750b4d2b7432ebf [term 4 FOLLOWER]: Starting forced leader election with config: opid_index: -1 OBSOLETE_local: false peers { permanent_uuid: "3aa39ad26503441dabce5902715344a6" member_type: VOTER last_known_addr { host: "127.1.71.65" port: 37319 } } peers { permanent_uuid: "a66cd1fb3bdf4a4a9750b4d2b7432ebf" member_type: VOTER last_known_addr { host: "127.1.71.66" port: 42947 } } peers { permanent_uuid: "9c8e4c5a851c4672af68fb7ced02c3da" member_type: VOTER last_known_addr { host: "127.1.71.67" port: 43749 } }
I20260710 11:07:34.640962  1518 leader_election.cc:290] T 750feffff597421c97d8321270cd41ce P a66cd1fb3bdf4a4a9750b4d2b7432ebf [CANDIDATE]: Term 4 election: Requested vote from peers 3aa39ad26503441dabce5902715344a6 (127.1.71.65:37319), 9c8e4c5a851c4672af68fb7ced02c3da (127.1.71.67:43749)
I20260710 11:07:34.641752  1443 tablet_service.cc:1917] Received RequestConsensusVote() RPC: tablet_id: "750feffff597421c97d8321270cd41ce" candidate_uuid: "a66cd1fb3bdf4a4a9750b4d2b7432ebf" candidate_term: 4 candidate_status { last_received { term: 3 index: 3 } } ignore_live_leader: true dest_uuid: "3aa39ad26503441dabce5902715344a6"
I20260710 11:07:34.642132  1593 tablet_service.cc:1917] Received RequestConsensusVote() RPC: tablet_id: "750feffff597421c97d8321270cd41ce" candidate_uuid: "a66cd1fb3bdf4a4a9750b4d2b7432ebf" candidate_term: 4 candidate_status { last_received { term: 3 index: 3 } } ignore_live_leader: true dest_uuid: "9c8e4c5a851c4672af68fb7ced02c3da"
I20260710 11:07:34.642378  1443 raft_consensus.cc:3060] T 750feffff597421c97d8321270cd41ce P 3aa39ad26503441dabce5902715344a6 [term 3 FOLLOWER]: Advancing to term 4
I20260710 11:07:34.642642  1593 raft_consensus.cc:3055] T 750feffff597421c97d8321270cd41ce P 9c8e4c5a851c4672af68fb7ced02c3da [term 3 LEADER]: Stepping down as leader of term 3
I20260710 11:07:34.642946  1593 raft_consensus.cc:740] T 750feffff597421c97d8321270cd41ce P 9c8e4c5a851c4672af68fb7ced02c3da [term 3 LEADER]: Becoming Follower/Learner. State: Replica: 9c8e4c5a851c4672af68fb7ced02c3da, State: Running, Role: LEADER
I20260710 11:07:34.643659  1593 consensus_queue.cc:260] T 750feffff597421c97d8321270cd41ce P 9c8e4c5a851c4672af68fb7ced02c3da [NON_LEADER]: Queue going to NON_LEADER mode. State: All replicated index: 0, Majority replicated index: 3, Committed index: 3, Last appended: 3.3, Last appended by leader: 3, Current term: 3, Majority size: -1, State: 0, Mode: NON_LEADER, active raft config: opid_index: -1 OBSOLETE_local: false peers { permanent_uuid: "3aa39ad26503441dabce5902715344a6" member_type: VOTER last_known_addr { host: "127.1.71.65" port: 37319 } } peers { permanent_uuid: "a66cd1fb3bdf4a4a9750b4d2b7432ebf" member_type: VOTER last_known_addr { host: "127.1.71.66" port: 42947 } } peers { permanent_uuid: "9c8e4c5a851c4672af68fb7ced02c3da" member_type: VOTER last_known_addr { host: "127.1.71.67" port: 43749 } }
I20260710 11:07:34.644773  1593 raft_consensus.cc:3060] T 750feffff597421c97d8321270cd41ce P 9c8e4c5a851c4672af68fb7ced02c3da [term 3 FOLLOWER]: Advancing to term 4
I20260710 11:07:34.648666  1443 raft_consensus.cc:2468] T 750feffff597421c97d8321270cd41ce P 3aa39ad26503441dabce5902715344a6 [term 4 FOLLOWER]: Leader election vote request: Granting yes vote for candidate a66cd1fb3bdf4a4a9750b4d2b7432ebf in term 4.
I20260710 11:07:34.649837  1484 leader_election.cc:304] T 750feffff597421c97d8321270cd41ce P a66cd1fb3bdf4a4a9750b4d2b7432ebf [CANDIDATE]: Term 4 election: Election decided. Result: candidate won. Election summary: received 2 responses out of 3 voters: 2 yes votes; 0 no votes. yes voters: 3aa39ad26503441dabce5902715344a6, a66cd1fb3bdf4a4a9750b4d2b7432ebf; no voters: 
I20260710 11:07:34.650483  1726 raft_consensus.cc:2804] T 750feffff597421c97d8321270cd41ce P a66cd1fb3bdf4a4a9750b4d2b7432ebf [term 4 FOLLOWER]: Leader election won for term 4
I20260710 11:07:34.650447  1593 raft_consensus.cc:2468] T 750feffff597421c97d8321270cd41ce P 9c8e4c5a851c4672af68fb7ced02c3da [term 4 FOLLOWER]: Leader election vote request: Granting yes vote for candidate a66cd1fb3bdf4a4a9750b4d2b7432ebf in term 4.
I20260710 11:07:34.651646  1726 raft_consensus.cc:697] T 750feffff597421c97d8321270cd41ce P a66cd1fb3bdf4a4a9750b4d2b7432ebf [term 4 LEADER]: Becoming Leader. State: Replica: a66cd1fb3bdf4a4a9750b4d2b7432ebf, State: Running, Role: LEADER
I20260710 11:07:34.652452  1726 consensus_queue.cc:237] T 750feffff597421c97d8321270cd41ce P a66cd1fb3bdf4a4a9750b4d2b7432ebf [LEADER]: Queue going to LEADER mode. State: All replicated index: 0, Majority replicated index: 3, Committed index: 3, Last appended: 3.3, Last appended by leader: 3, Current term: 4, Majority size: 2, State: 0, Mode: LEADER, active raft config: opid_index: -1 OBSOLETE_local: false peers { permanent_uuid: "3aa39ad26503441dabce5902715344a6" member_type: VOTER last_known_addr { host: "127.1.71.65" port: 37319 } } peers { permanent_uuid: "a66cd1fb3bdf4a4a9750b4d2b7432ebf" member_type: VOTER last_known_addr { host: "127.1.71.66" port: 42947 } } peers { permanent_uuid: "9c8e4c5a851c4672af68fb7ced02c3da" member_type: VOTER last_known_addr { host: "127.1.71.67" port: 43749 } }
I20260710 11:07:34.657744  1339 catalog_manager.cc:5697] T 750feffff597421c97d8321270cd41ce P a66cd1fb3bdf4a4a9750b4d2b7432ebf reported cstate change: term changed from 3 to 4, leader changed from 9c8e4c5a851c4672af68fb7ced02c3da (127.1.71.67) to a66cd1fb3bdf4a4a9750b4d2b7432ebf (127.1.71.66). New cstate: current_term: 4 leader_uuid: "a66cd1fb3bdf4a4a9750b4d2b7432ebf" committed_config { opid_index: -1 OBSOLETE_local: false peers { permanent_uuid: "3aa39ad26503441dabce5902715344a6" member_type: VOTER last_known_addr { host: "127.1.71.65" port: 37319 } health_report { overall_health: UNKNOWN } } peers { permanent_uuid: "a66cd1fb3bdf4a4a9750b4d2b7432ebf" member_type: VOTER last_known_addr { host: "127.1.71.66" port: 42947 } health_report { overall_health: HEALTHY } } peers { permanent_uuid: "9c8e4c5a851c4672af68fb7ced02c3da" member_type: VOTER last_known_addr { host: "127.1.71.67" port: 43749 } health_report { overall_health: UNKNOWN } } }
I20260710 11:07:34.737783  1645 raft_consensus.cc:993] T 58915ae103874c1fbcc14654af1a896f P 3aa39ad26503441dabce5902715344a6: : Instructing follower a66cd1fb3bdf4a4a9750b4d2b7432ebf to start an election
I20260710 11:07:34.738283  1761 raft_consensus.cc:1081] T 58915ae103874c1fbcc14654af1a896f P 3aa39ad26503441dabce5902715344a6 [term 1 LEADER]: Signalling peer a66cd1fb3bdf4a4a9750b4d2b7432ebf to start an election
I20260710 11:07:34.739992  1518 tablet_service.cc:2044] Received Run Leader Election RPC: tablet_id: "58915ae103874c1fbcc14654af1a896f"
dest_uuid: "a66cd1fb3bdf4a4a9750b4d2b7432ebf"
 from {username='slave'} at 127.0.0.1:46526
I20260710 11:07:34.740543  1518 raft_consensus.cc:493] T 58915ae103874c1fbcc14654af1a896f P a66cd1fb3bdf4a4a9750b4d2b7432ebf [term 1 FOLLOWER]: Starting forced leader election (received explicit request)
I20260710 11:07:34.740922  1518 raft_consensus.cc:3060] T 58915ae103874c1fbcc14654af1a896f P a66cd1fb3bdf4a4a9750b4d2b7432ebf [term 1 FOLLOWER]: Advancing to term 2
I20260710 11:07:34.745441  1518 raft_consensus.cc:515] T 58915ae103874c1fbcc14654af1a896f P a66cd1fb3bdf4a4a9750b4d2b7432ebf [term 2 FOLLOWER]: Starting forced leader election with config: opid_index: -1 OBSOLETE_local: false peers { permanent_uuid: "9c8e4c5a851c4672af68fb7ced02c3da" member_type: VOTER last_known_addr { host: "127.1.71.67" port: 43749 } } peers { permanent_uuid: "3aa39ad26503441dabce5902715344a6" member_type: VOTER last_known_addr { host: "127.1.71.65" port: 37319 } } peers { permanent_uuid: "a66cd1fb3bdf4a4a9750b4d2b7432ebf" member_type: VOTER last_known_addr { host: "127.1.71.66" port: 42947 } }
I20260710 11:07:34.746948  1518 leader_election.cc:290] T 58915ae103874c1fbcc14654af1a896f P a66cd1fb3bdf4a4a9750b4d2b7432ebf [CANDIDATE]: Term 2 election: Requested vote from peers 9c8e4c5a851c4672af68fb7ced02c3da (127.1.71.67:43749), 3aa39ad26503441dabce5902715344a6 (127.1.71.65:37319)
I20260710 11:07:34.747982  1593 tablet_service.cc:1917] Received RequestConsensusVote() RPC: tablet_id: "58915ae103874c1fbcc14654af1a896f" candidate_uuid: "a66cd1fb3bdf4a4a9750b4d2b7432ebf" candidate_term: 2 candidate_status { last_received { term: 1 index: 1 } } ignore_live_leader: true dest_uuid: "9c8e4c5a851c4672af68fb7ced02c3da"
I20260710 11:07:34.747989  1443 tablet_service.cc:1917] Received RequestConsensusVote() RPC: tablet_id: "58915ae103874c1fbcc14654af1a896f" candidate_uuid: "a66cd1fb3bdf4a4a9750b4d2b7432ebf" candidate_term: 2 candidate_status { last_received { term: 1 index: 1 } } ignore_live_leader: true dest_uuid: "3aa39ad26503441dabce5902715344a6"
I20260710 11:07:34.748504  1593 raft_consensus.cc:3060] T 58915ae103874c1fbcc14654af1a896f P 9c8e4c5a851c4672af68fb7ced02c3da [term 1 FOLLOWER]: Advancing to term 2
I20260710 11:07:34.748643  1443 raft_consensus.cc:3055] T 58915ae103874c1fbcc14654af1a896f P 3aa39ad26503441dabce5902715344a6 [term 1 LEADER]: Stepping down as leader of term 1
I20260710 11:07:34.748983  1443 raft_consensus.cc:740] T 58915ae103874c1fbcc14654af1a896f P 3aa39ad26503441dabce5902715344a6 [term 1 LEADER]: Becoming Follower/Learner. State: Replica: 3aa39ad26503441dabce5902715344a6, State: Running, Role: LEADER
I20260710 11:07:34.749595  1443 consensus_queue.cc:260] T 58915ae103874c1fbcc14654af1a896f P 3aa39ad26503441dabce5902715344a6 [NON_LEADER]: Queue going to NON_LEADER mode. State: All replicated index: 0, Majority replicated index: 1, Committed index: 1, Last appended: 1.1, Last appended by leader: 1, Current term: 1, Majority size: -1, State: 0, Mode: NON_LEADER, active raft config: opid_index: -1 OBSOLETE_local: false peers { permanent_uuid: "9c8e4c5a851c4672af68fb7ced02c3da" member_type: VOTER last_known_addr { host: "127.1.71.67" port: 43749 } } peers { permanent_uuid: "3aa39ad26503441dabce5902715344a6" member_type: VOTER last_known_addr { host: "127.1.71.65" port: 37319 } } peers { permanent_uuid: "a66cd1fb3bdf4a4a9750b4d2b7432ebf" member_type: VOTER last_known_addr { host: "127.1.71.66" port: 42947 } }
I20260710 11:07:34.750494  1443 raft_consensus.cc:3060] T 58915ae103874c1fbcc14654af1a896f P 3aa39ad26503441dabce5902715344a6 [term 1 FOLLOWER]: Advancing to term 2
I20260710 11:07:34.753203  1593 raft_consensus.cc:2468] T 58915ae103874c1fbcc14654af1a896f P 9c8e4c5a851c4672af68fb7ced02c3da [term 2 FOLLOWER]: Leader election vote request: Granting yes vote for candidate a66cd1fb3bdf4a4a9750b4d2b7432ebf in term 2.
I20260710 11:07:34.754215  1485 leader_election.cc:304] T 58915ae103874c1fbcc14654af1a896f P a66cd1fb3bdf4a4a9750b4d2b7432ebf [CANDIDATE]: Term 2 election: Election decided. Result: candidate won. Election summary: received 2 responses out of 3 voters: 2 yes votes; 0 no votes. yes voters: 9c8e4c5a851c4672af68fb7ced02c3da, a66cd1fb3bdf4a4a9750b4d2b7432ebf; no voters: 
I20260710 11:07:34.755019  1726 raft_consensus.cc:2804] T 58915ae103874c1fbcc14654af1a896f P a66cd1fb3bdf4a4a9750b4d2b7432ebf [term 2 FOLLOWER]: Leader election won for term 2
I20260710 11:07:34.755494  1726 raft_consensus.cc:697] T 58915ae103874c1fbcc14654af1a896f P a66cd1fb3bdf4a4a9750b4d2b7432ebf [term 2 LEADER]: Becoming Leader. State: Replica: a66cd1fb3bdf4a4a9750b4d2b7432ebf, State: Running, Role: LEADER
I20260710 11:07:34.756192  1645 raft_consensus.cc:993] T 1cb2c2f903a944e4b2178c6fc9c9972a P 3aa39ad26503441dabce5902715344a6: : Instructing follower a66cd1fb3bdf4a4a9750b4d2b7432ebf to start an election
I20260710 11:07:34.756680  1645 raft_consensus.cc:1081] T 1cb2c2f903a944e4b2178c6fc9c9972a P 3aa39ad26503441dabce5902715344a6 [term 2 LEADER]: Signalling peer a66cd1fb3bdf4a4a9750b4d2b7432ebf to start an election
I20260710 11:07:34.756311  1726 consensus_queue.cc:237] T 58915ae103874c1fbcc14654af1a896f P a66cd1fb3bdf4a4a9750b4d2b7432ebf [LEADER]: Queue going to LEADER mode. State: All replicated index: 0, Majority replicated index: 1, Committed index: 1, Last appended: 1.1, Last appended by leader: 1, Current term: 2, Majority size: 2, State: 0, Mode: LEADER, active raft config: opid_index: -1 OBSOLETE_local: false peers { permanent_uuid: "9c8e4c5a851c4672af68fb7ced02c3da" member_type: VOTER last_known_addr { host: "127.1.71.67" port: 43749 } } peers { permanent_uuid: "3aa39ad26503441dabce5902715344a6" member_type: VOTER last_known_addr { host: "127.1.71.65" port: 37319 } } peers { permanent_uuid: "a66cd1fb3bdf4a4a9750b4d2b7432ebf" member_type: VOTER last_known_addr { host: "127.1.71.66" port: 42947 } }
I20260710 11:07:34.756935  1443 raft_consensus.cc:2468] T 58915ae103874c1fbcc14654af1a896f P 3aa39ad26503441dabce5902715344a6 [term 2 FOLLOWER]: Leader election vote request: Granting yes vote for candidate a66cd1fb3bdf4a4a9750b4d2b7432ebf in term 2.
I20260710 11:07:34.758354  1518 tablet_service.cc:2044] Received Run Leader Election RPC: tablet_id: "1cb2c2f903a944e4b2178c6fc9c9972a"
dest_uuid: "a66cd1fb3bdf4a4a9750b4d2b7432ebf"
 from {username='slave'} at 127.0.0.1:46526
I20260710 11:07:34.758906  1518 raft_consensus.cc:493] T 1cb2c2f903a944e4b2178c6fc9c9972a P a66cd1fb3bdf4a4a9750b4d2b7432ebf [term 2 FOLLOWER]: Starting forced leader election (received explicit request)
I20260710 11:07:34.759202  1518 raft_consensus.cc:3060] T 1cb2c2f903a944e4b2178c6fc9c9972a P a66cd1fb3bdf4a4a9750b4d2b7432ebf [term 2 FOLLOWER]: Advancing to term 3
I20260710 11:07:34.764204  1518 raft_consensus.cc:515] T 1cb2c2f903a944e4b2178c6fc9c9972a P a66cd1fb3bdf4a4a9750b4d2b7432ebf [term 3 FOLLOWER]: Starting forced leader election with config: opid_index: -1 OBSOLETE_local: false peers { permanent_uuid: "3aa39ad26503441dabce5902715344a6" member_type: VOTER last_known_addr { host: "127.1.71.65" port: 37319 } } peers { permanent_uuid: "a66cd1fb3bdf4a4a9750b4d2b7432ebf" member_type: VOTER last_known_addr { host: "127.1.71.66" port: 42947 } } peers { permanent_uuid: "9c8e4c5a851c4672af68fb7ced02c3da" member_type: VOTER last_known_addr { host: "127.1.71.67" port: 43749 } }
I20260710 11:07:34.764093  1339 catalog_manager.cc:5697] T 58915ae103874c1fbcc14654af1a896f P a66cd1fb3bdf4a4a9750b4d2b7432ebf reported cstate change: term changed from 1 to 2, leader changed from 3aa39ad26503441dabce5902715344a6 (127.1.71.65) to a66cd1fb3bdf4a4a9750b4d2b7432ebf (127.1.71.66). New cstate: current_term: 2 leader_uuid: "a66cd1fb3bdf4a4a9750b4d2b7432ebf" committed_config { opid_index: -1 OBSOLETE_local: false peers { permanent_uuid: "9c8e4c5a851c4672af68fb7ced02c3da" member_type: VOTER last_known_addr { host: "127.1.71.67" port: 43749 } health_report { overall_health: UNKNOWN } } peers { permanent_uuid: "3aa39ad26503441dabce5902715344a6" member_type: VOTER last_known_addr { host: "127.1.71.65" port: 37319 } health_report { overall_health: UNKNOWN } } peers { permanent_uuid: "a66cd1fb3bdf4a4a9750b4d2b7432ebf" member_type: VOTER last_known_addr { host: "127.1.71.66" port: 42947 } health_report { overall_health: HEALTHY } } }
I20260710 11:07:34.766150  1518 leader_election.cc:290] T 1cb2c2f903a944e4b2178c6fc9c9972a P a66cd1fb3bdf4a4a9750b4d2b7432ebf [CANDIDATE]: Term 3 election: Requested vote from peers 3aa39ad26503441dabce5902715344a6 (127.1.71.65:37319), 9c8e4c5a851c4672af68fb7ced02c3da (127.1.71.67:43749)
I20260710 11:07:34.766496  1443 tablet_service.cc:1917] Received RequestConsensusVote() RPC: tablet_id: "1cb2c2f903a944e4b2178c6fc9c9972a" candidate_uuid: "a66cd1fb3bdf4a4a9750b4d2b7432ebf" candidate_term: 3 candidate_status { last_received { term: 2 index: 2 } } ignore_live_leader: true dest_uuid: "3aa39ad26503441dabce5902715344a6"
I20260710 11:07:34.766707  1593 tablet_service.cc:1917] Received RequestConsensusVote() RPC: tablet_id: "1cb2c2f903a944e4b2178c6fc9c9972a" candidate_uuid: "a66cd1fb3bdf4a4a9750b4d2b7432ebf" candidate_term: 3 candidate_status { last_received { term: 2 index: 2 } } ignore_live_leader: true dest_uuid: "9c8e4c5a851c4672af68fb7ced02c3da"
I20260710 11:07:34.767148  1443 raft_consensus.cc:3055] T 1cb2c2f903a944e4b2178c6fc9c9972a P 3aa39ad26503441dabce5902715344a6 [term 2 LEADER]: Stepping down as leader of term 2
I20260710 11:07:34.767271  1593 raft_consensus.cc:3060] T 1cb2c2f903a944e4b2178c6fc9c9972a P 9c8e4c5a851c4672af68fb7ced02c3da [term 2 FOLLOWER]: Advancing to term 3
I20260710 11:07:34.767491  1443 raft_consensus.cc:740] T 1cb2c2f903a944e4b2178c6fc9c9972a P 3aa39ad26503441dabce5902715344a6 [term 2 LEADER]: Becoming Follower/Learner. State: Replica: 3aa39ad26503441dabce5902715344a6, State: Running, Role: LEADER
I20260710 11:07:34.768288  1443 consensus_queue.cc:260] T 1cb2c2f903a944e4b2178c6fc9c9972a P 3aa39ad26503441dabce5902715344a6 [NON_LEADER]: Queue going to NON_LEADER mode. State: All replicated index: 0, Majority replicated index: 2, Committed index: 2, Last appended: 2.2, Last appended by leader: 2, Current term: 2, Majority size: -1, State: 0, Mode: NON_LEADER, active raft config: opid_index: -1 OBSOLETE_local: false peers { permanent_uuid: "3aa39ad26503441dabce5902715344a6" member_type: VOTER last_known_addr { host: "127.1.71.65" port: 37319 } } peers { permanent_uuid: "a66cd1fb3bdf4a4a9750b4d2b7432ebf" member_type: VOTER last_known_addr { host: "127.1.71.66" port: 42947 } } peers { permanent_uuid: "9c8e4c5a851c4672af68fb7ced02c3da" member_type: VOTER last_known_addr { host: "127.1.71.67" port: 43749 } }
I20260710 11:07:34.769536  1443 raft_consensus.cc:3060] T 1cb2c2f903a944e4b2178c6fc9c9972a P 3aa39ad26503441dabce5902715344a6 [term 2 FOLLOWER]: Advancing to term 3
I20260710 11:07:34.771919  1593 raft_consensus.cc:2468] T 1cb2c2f903a944e4b2178c6fc9c9972a P 9c8e4c5a851c4672af68fb7ced02c3da [term 3 FOLLOWER]: Leader election vote request: Granting yes vote for candidate a66cd1fb3bdf4a4a9750b4d2b7432ebf in term 3.
I20260710 11:07:34.773216  1485 leader_election.cc:304] T 1cb2c2f903a944e4b2178c6fc9c9972a P a66cd1fb3bdf4a4a9750b4d2b7432ebf [CANDIDATE]: Term 3 election: Election decided. Result: candidate won. Election summary: received 2 responses out of 3 voters: 2 yes votes; 0 no votes. yes voters: 9c8e4c5a851c4672af68fb7ced02c3da, a66cd1fb3bdf4a4a9750b4d2b7432ebf; no voters: 
I20260710 11:07:34.775079  1726 raft_consensus.cc:2804] T 1cb2c2f903a944e4b2178c6fc9c9972a P a66cd1fb3bdf4a4a9750b4d2b7432ebf [term 3 FOLLOWER]: Leader election won for term 3
I20260710 11:07:34.775499  1443 raft_consensus.cc:2468] T 1cb2c2f903a944e4b2178c6fc9c9972a P 3aa39ad26503441dabce5902715344a6 [term 3 FOLLOWER]: Leader election vote request: Granting yes vote for candidate a66cd1fb3bdf4a4a9750b4d2b7432ebf in term 3.
I20260710 11:07:34.775647  1726 raft_consensus.cc:697] T 1cb2c2f903a944e4b2178c6fc9c9972a P a66cd1fb3bdf4a4a9750b4d2b7432ebf [term 3 LEADER]: Becoming Leader. State: Replica: a66cd1fb3bdf4a4a9750b4d2b7432ebf, State: Running, Role: LEADER
I20260710 11:07:34.776443  1726 consensus_queue.cc:237] T 1cb2c2f903a944e4b2178c6fc9c9972a P a66cd1fb3bdf4a4a9750b4d2b7432ebf [LEADER]: Queue going to LEADER mode. State: All replicated index: 0, Majority replicated index: 2, Committed index: 2, Last appended: 2.2, Last appended by leader: 2, Current term: 3, Majority size: 2, State: 0, Mode: LEADER, active raft config: opid_index: -1 OBSOLETE_local: false peers { permanent_uuid: "3aa39ad26503441dabce5902715344a6" member_type: VOTER last_known_addr { host: "127.1.71.65" port: 37319 } } peers { permanent_uuid: "a66cd1fb3bdf4a4a9750b4d2b7432ebf" member_type: VOTER last_known_addr { host: "127.1.71.66" port: 42947 } } peers { permanent_uuid: "9c8e4c5a851c4672af68fb7ced02c3da" member_type: VOTER last_known_addr { host: "127.1.71.67" port: 43749 } }
I20260710 11:07:34.782413  1339 catalog_manager.cc:5697] T 1cb2c2f903a944e4b2178c6fc9c9972a P a66cd1fb3bdf4a4a9750b4d2b7432ebf reported cstate change: term changed from 2 to 3, leader changed from 3aa39ad26503441dabce5902715344a6 (127.1.71.65) to a66cd1fb3bdf4a4a9750b4d2b7432ebf (127.1.71.66). New cstate: current_term: 3 leader_uuid: "a66cd1fb3bdf4a4a9750b4d2b7432ebf" committed_config { opid_index: -1 OBSOLETE_local: false peers { permanent_uuid: "3aa39ad26503441dabce5902715344a6" member_type: VOTER last_known_addr { host: "127.1.71.65" port: 37319 } health_report { overall_health: UNKNOWN } } peers { permanent_uuid: "a66cd1fb3bdf4a4a9750b4d2b7432ebf" member_type: VOTER last_known_addr { host: "127.1.71.66" port: 42947 } health_report { overall_health: HEALTHY } } peers { permanent_uuid: "9c8e4c5a851c4672af68fb7ced02c3da" member_type: VOTER last_known_addr { host: "127.1.71.67" port: 43749 } health_report { overall_health: UNKNOWN } } }
I20260710 11:07:34.898823  1645 raft_consensus.cc:993] T 4a49784b919b427bb500403244015fdc P 3aa39ad26503441dabce5902715344a6: : Instructing follower a66cd1fb3bdf4a4a9750b4d2b7432ebf to start an election
I20260710 11:07:34.899308  1761 raft_consensus.cc:1081] T 4a49784b919b427bb500403244015fdc P 3aa39ad26503441dabce5902715344a6 [term 2 LEADER]: Signalling peer a66cd1fb3bdf4a4a9750b4d2b7432ebf to start an election
I20260710 11:07:34.900701  1518 tablet_service.cc:2044] Received Run Leader Election RPC: tablet_id: "4a49784b919b427bb500403244015fdc"
dest_uuid: "a66cd1fb3bdf4a4a9750b4d2b7432ebf"
 from {username='slave'} at 127.0.0.1:46526
I20260710 11:07:34.901161  1518 raft_consensus.cc:493] T 4a49784b919b427bb500403244015fdc P a66cd1fb3bdf4a4a9750b4d2b7432ebf [term 2 FOLLOWER]: Starting forced leader election (received explicit request)
I20260710 11:07:34.901460  1518 raft_consensus.cc:3060] T 4a49784b919b427bb500403244015fdc P a66cd1fb3bdf4a4a9750b4d2b7432ebf [term 2 FOLLOWER]: Advancing to term 3
I20260710 11:07:34.905428  1518 raft_consensus.cc:515] T 4a49784b919b427bb500403244015fdc P a66cd1fb3bdf4a4a9750b4d2b7432ebf [term 3 FOLLOWER]: Starting forced leader election with config: opid_index: -1 OBSOLETE_local: false peers { permanent_uuid: "3aa39ad26503441dabce5902715344a6" member_type: VOTER last_known_addr { host: "127.1.71.65" port: 37319 } } peers { permanent_uuid: "a66cd1fb3bdf4a4a9750b4d2b7432ebf" member_type: VOTER last_known_addr { host: "127.1.71.66" port: 42947 } } peers { permanent_uuid: "9c8e4c5a851c4672af68fb7ced02c3da" member_type: VOTER last_known_addr { host: "127.1.71.67" port: 43749 } }
I20260710 11:07:34.907066  1518 leader_election.cc:290] T 4a49784b919b427bb500403244015fdc P a66cd1fb3bdf4a4a9750b4d2b7432ebf [CANDIDATE]: Term 3 election: Requested vote from peers 3aa39ad26503441dabce5902715344a6 (127.1.71.65:37319), 9c8e4c5a851c4672af68fb7ced02c3da (127.1.71.67:43749)
I20260710 11:07:34.907869  1443 tablet_service.cc:1917] Received RequestConsensusVote() RPC: tablet_id: "4a49784b919b427bb500403244015fdc" candidate_uuid: "a66cd1fb3bdf4a4a9750b4d2b7432ebf" candidate_term: 3 candidate_status { last_received { term: 2 index: 2 } } ignore_live_leader: true dest_uuid: "3aa39ad26503441dabce5902715344a6"
I20260710 11:07:34.908141  1593 tablet_service.cc:1917] Received RequestConsensusVote() RPC: tablet_id: "4a49784b919b427bb500403244015fdc" candidate_uuid: "a66cd1fb3bdf4a4a9750b4d2b7432ebf" candidate_term: 3 candidate_status { last_received { term: 2 index: 2 } } ignore_live_leader: true dest_uuid: "9c8e4c5a851c4672af68fb7ced02c3da"
I20260710 11:07:34.908492  1443 raft_consensus.cc:3055] T 4a49784b919b427bb500403244015fdc P 3aa39ad26503441dabce5902715344a6 [term 2 LEADER]: Stepping down as leader of term 2
I20260710 11:07:34.908645  1593 raft_consensus.cc:3060] T 4a49784b919b427bb500403244015fdc P 9c8e4c5a851c4672af68fb7ced02c3da [term 2 FOLLOWER]: Advancing to term 3
I20260710 11:07:34.908869  1443 raft_consensus.cc:740] T 4a49784b919b427bb500403244015fdc P 3aa39ad26503441dabce5902715344a6 [term 2 LEADER]: Becoming Follower/Learner. State: Replica: 3aa39ad26503441dabce5902715344a6, State: Running, Role: LEADER
I20260710 11:07:34.909673  1443 consensus_queue.cc:260] T 4a49784b919b427bb500403244015fdc P 3aa39ad26503441dabce5902715344a6 [NON_LEADER]: Queue going to NON_LEADER mode. State: All replicated index: 0, Majority replicated index: 2, Committed index: 2, Last appended: 2.2, Last appended by leader: 2, Current term: 2, Majority size: -1, State: 0, Mode: NON_LEADER, active raft config: opid_index: -1 OBSOLETE_local: false peers { permanent_uuid: "3aa39ad26503441dabce5902715344a6" member_type: VOTER last_known_addr { host: "127.1.71.65" port: 37319 } } peers { permanent_uuid: "a66cd1fb3bdf4a4a9750b4d2b7432ebf" member_type: VOTER last_known_addr { host: "127.1.71.66" port: 42947 } } peers { permanent_uuid: "9c8e4c5a851c4672af68fb7ced02c3da" member_type: VOTER last_known_addr { host: "127.1.71.67" port: 43749 } }
I20260710 11:07:34.910749  1443 raft_consensus.cc:3060] T 4a49784b919b427bb500403244015fdc P 3aa39ad26503441dabce5902715344a6 [term 2 FOLLOWER]: Advancing to term 3
I20260710 11:07:34.912947  1593 raft_consensus.cc:2468] T 4a49784b919b427bb500403244015fdc P 9c8e4c5a851c4672af68fb7ced02c3da [term 3 FOLLOWER]: Leader election vote request: Granting yes vote for candidate a66cd1fb3bdf4a4a9750b4d2b7432ebf in term 3.
I20260710 11:07:34.913996  1485 leader_election.cc:304] T 4a49784b919b427bb500403244015fdc P a66cd1fb3bdf4a4a9750b4d2b7432ebf [CANDIDATE]: Term 3 election: Election decided. Result: candidate won. Election summary: received 2 responses out of 3 voters: 2 yes votes; 0 no votes. yes voters: 9c8e4c5a851c4672af68fb7ced02c3da, a66cd1fb3bdf4a4a9750b4d2b7432ebf; no voters: 
I20260710 11:07:34.914909  1726 raft_consensus.cc:2804] T 4a49784b919b427bb500403244015fdc P a66cd1fb3bdf4a4a9750b4d2b7432ebf [term 3 FOLLOWER]: Leader election won for term 3
I20260710 11:07:34.915380  1726 raft_consensus.cc:697] T 4a49784b919b427bb500403244015fdc P a66cd1fb3bdf4a4a9750b4d2b7432ebf [term 3 LEADER]: Becoming Leader. State: Replica: a66cd1fb3bdf4a4a9750b4d2b7432ebf, State: Running, Role: LEADER
I20260710 11:07:34.915936  1443 raft_consensus.cc:2468] T 4a49784b919b427bb500403244015fdc P 3aa39ad26503441dabce5902715344a6 [term 3 FOLLOWER]: Leader election vote request: Granting yes vote for candidate a66cd1fb3bdf4a4a9750b4d2b7432ebf in term 3.
I20260710 11:07:34.916198  1726 consensus_queue.cc:237] T 4a49784b919b427bb500403244015fdc P a66cd1fb3bdf4a4a9750b4d2b7432ebf [LEADER]: Queue going to LEADER mode. State: All replicated index: 0, Majority replicated index: 2, Committed index: 2, Last appended: 2.2, Last appended by leader: 2, Current term: 3, Majority size: 2, State: 0, Mode: LEADER, active raft config: opid_index: -1 OBSOLETE_local: false peers { permanent_uuid: "3aa39ad26503441dabce5902715344a6" member_type: VOTER last_known_addr { host: "127.1.71.65" port: 37319 } } peers { permanent_uuid: "a66cd1fb3bdf4a4a9750b4d2b7432ebf" member_type: VOTER last_known_addr { host: "127.1.71.66" port: 42947 } } peers { permanent_uuid: "9c8e4c5a851c4672af68fb7ced02c3da" member_type: VOTER last_known_addr { host: "127.1.71.67" port: 43749 } }
I20260710 11:07:34.922554  1339 catalog_manager.cc:5697] T 4a49784b919b427bb500403244015fdc P a66cd1fb3bdf4a4a9750b4d2b7432ebf reported cstate change: term changed from 2 to 3, leader changed from 3aa39ad26503441dabce5902715344a6 (127.1.71.65) to a66cd1fb3bdf4a4a9750b4d2b7432ebf (127.1.71.66). New cstate: current_term: 3 leader_uuid: "a66cd1fb3bdf4a4a9750b4d2b7432ebf" committed_config { opid_index: -1 OBSOLETE_local: false peers { permanent_uuid: "3aa39ad26503441dabce5902715344a6" member_type: VOTER last_known_addr { host: "127.1.71.65" port: 37319 } health_report { overall_health: UNKNOWN } } peers { permanent_uuid: "a66cd1fb3bdf4a4a9750b4d2b7432ebf" member_type: VOTER last_known_addr { host: "127.1.71.66" port: 42947 } health_report { overall_health: HEALTHY } } peers { permanent_uuid: "9c8e4c5a851c4672af68fb7ced02c3da" member_type: VOTER last_known_addr { host: "127.1.71.67" port: 43749 } health_report { overall_health: UNKNOWN } } }
I20260710 11:07:34.934149  1741 raft_consensus.cc:993] T 8c136c7bfe974380806da31b4827cd5e P 9c8e4c5a851c4672af68fb7ced02c3da: : Instructing follower a66cd1fb3bdf4a4a9750b4d2b7432ebf to start an election
I20260710 11:07:34.934626  1741 raft_consensus.cc:1081] T 8c136c7bfe974380806da31b4827cd5e P 9c8e4c5a851c4672af68fb7ced02c3da [term 3 LEADER]: Signalling peer a66cd1fb3bdf4a4a9750b4d2b7432ebf to start an election
I20260710 11:07:34.935941  1518 tablet_service.cc:2044] Received Run Leader Election RPC: tablet_id: "8c136c7bfe974380806da31b4827cd5e"
dest_uuid: "a66cd1fb3bdf4a4a9750b4d2b7432ebf"
 from {username='slave'} at 127.0.0.1:46540
I20260710 11:07:34.936352  1518 raft_consensus.cc:493] T 8c136c7bfe974380806da31b4827cd5e P a66cd1fb3bdf4a4a9750b4d2b7432ebf [term 3 FOLLOWER]: Starting forced leader election (received explicit request)
I20260710 11:07:34.936621  1518 raft_consensus.cc:3060] T 8c136c7bfe974380806da31b4827cd5e P a66cd1fb3bdf4a4a9750b4d2b7432ebf [term 3 FOLLOWER]: Advancing to term 4
I20260710 11:07:34.940307  1518 raft_consensus.cc:515] T 8c136c7bfe974380806da31b4827cd5e P a66cd1fb3bdf4a4a9750b4d2b7432ebf [term 4 FOLLOWER]: Starting forced leader election with config: opid_index: -1 OBSOLETE_local: false peers { permanent_uuid: "3aa39ad26503441dabce5902715344a6" member_type: VOTER last_known_addr { host: "127.1.71.65" port: 37319 } } peers { permanent_uuid: "a66cd1fb3bdf4a4a9750b4d2b7432ebf" member_type: VOTER last_known_addr { host: "127.1.71.66" port: 42947 } } peers { permanent_uuid: "9c8e4c5a851c4672af68fb7ced02c3da" member_type: VOTER last_known_addr { host: "127.1.71.67" port: 43749 } }
I20260710 11:07:34.941617  1518 leader_election.cc:290] T 8c136c7bfe974380806da31b4827cd5e P a66cd1fb3bdf4a4a9750b4d2b7432ebf [CANDIDATE]: Term 4 election: Requested vote from peers 3aa39ad26503441dabce5902715344a6 (127.1.71.65:37319), 9c8e4c5a851c4672af68fb7ced02c3da (127.1.71.67:43749)
I20260710 11:07:34.942728  1593 tablet_service.cc:1917] Received RequestConsensusVote() RPC: tablet_id: "8c136c7bfe974380806da31b4827cd5e" candidate_uuid: "a66cd1fb3bdf4a4a9750b4d2b7432ebf" candidate_term: 4 candidate_status { last_received { term: 3 index: 3 } } ignore_live_leader: true dest_uuid: "9c8e4c5a851c4672af68fb7ced02c3da"
I20260710 11:07:34.942916  1443 tablet_service.cc:1917] Received RequestConsensusVote() RPC: tablet_id: "8c136c7bfe974380806da31b4827cd5e" candidate_uuid: "a66cd1fb3bdf4a4a9750b4d2b7432ebf" candidate_term: 4 candidate_status { last_received { term: 3 index: 3 } } ignore_live_leader: true dest_uuid: "3aa39ad26503441dabce5902715344a6"
I20260710 11:07:34.943327  1593 raft_consensus.cc:3055] T 8c136c7bfe974380806da31b4827cd5e P 9c8e4c5a851c4672af68fb7ced02c3da [term 3 LEADER]: Stepping down as leader of term 3
I20260710 11:07:34.943401  1443 raft_consensus.cc:3060] T 8c136c7bfe974380806da31b4827cd5e P 3aa39ad26503441dabce5902715344a6 [term 3 FOLLOWER]: Advancing to term 4
I20260710 11:07:34.943691  1593 raft_consensus.cc:740] T 8c136c7bfe974380806da31b4827cd5e P 9c8e4c5a851c4672af68fb7ced02c3da [term 3 LEADER]: Becoming Follower/Learner. State: Replica: 9c8e4c5a851c4672af68fb7ced02c3da, State: Running, Role: LEADER
I20260710 11:07:34.944443  1593 consensus_queue.cc:260] T 8c136c7bfe974380806da31b4827cd5e P 9c8e4c5a851c4672af68fb7ced02c3da [NON_LEADER]: Queue going to NON_LEADER mode. State: All replicated index: 0, Majority replicated index: 3, Committed index: 3, Last appended: 3.3, Last appended by leader: 3, Current term: 3, Majority size: -1, State: 0, Mode: NON_LEADER, active raft config: opid_index: -1 OBSOLETE_local: false peers { permanent_uuid: "3aa39ad26503441dabce5902715344a6" member_type: VOTER last_known_addr { host: "127.1.71.65" port: 37319 } } peers { permanent_uuid: "a66cd1fb3bdf4a4a9750b4d2b7432ebf" member_type: VOTER last_known_addr { host: "127.1.71.66" port: 42947 } } peers { permanent_uuid: "9c8e4c5a851c4672af68fb7ced02c3da" member_type: VOTER last_known_addr { host: "127.1.71.67" port: 43749 } }
I20260710 11:07:34.945575  1593 raft_consensus.cc:3060] T 8c136c7bfe974380806da31b4827cd5e P 9c8e4c5a851c4672af68fb7ced02c3da [term 3 FOLLOWER]: Advancing to term 4
I20260710 11:07:34.949882  1443 raft_consensus.cc:2468] T 8c136c7bfe974380806da31b4827cd5e P 3aa39ad26503441dabce5902715344a6 [term 4 FOLLOWER]: Leader election vote request: Granting yes vote for candidate a66cd1fb3bdf4a4a9750b4d2b7432ebf in term 4.
I20260710 11:07:34.950938  1484 leader_election.cc:304] T 8c136c7bfe974380806da31b4827cd5e P a66cd1fb3bdf4a4a9750b4d2b7432ebf [CANDIDATE]: Term 4 election: Election decided. Result: candidate won. Election summary: received 2 responses out of 3 voters: 2 yes votes; 0 no votes. yes voters: 3aa39ad26503441dabce5902715344a6, a66cd1fb3bdf4a4a9750b4d2b7432ebf; no voters: 
I20260710 11:07:34.951352  1593 raft_consensus.cc:2468] T 8c136c7bfe974380806da31b4827cd5e P 9c8e4c5a851c4672af68fb7ced02c3da [term 4 FOLLOWER]: Leader election vote request: Granting yes vote for candidate a66cd1fb3bdf4a4a9750b4d2b7432ebf in term 4.
I20260710 11:07:34.951598  1726 raft_consensus.cc:2804] T 8c136c7bfe974380806da31b4827cd5e P a66cd1fb3bdf4a4a9750b4d2b7432ebf [term 4 FOLLOWER]: Leader election won for term 4
I20260710 11:07:34.952104  1726 raft_consensus.cc:697] T 8c136c7bfe974380806da31b4827cd5e P a66cd1fb3bdf4a4a9750b4d2b7432ebf [term 4 LEADER]: Becoming Leader. State: Replica: a66cd1fb3bdf4a4a9750b4d2b7432ebf, State: Running, Role: LEADER
I20260710 11:07:34.952842  1726 consensus_queue.cc:237] T 8c136c7bfe974380806da31b4827cd5e P a66cd1fb3bdf4a4a9750b4d2b7432ebf [LEADER]: Queue going to LEADER mode. State: All replicated index: 0, Majority replicated index: 3, Committed index: 3, Last appended: 3.3, Last appended by leader: 3, Current term: 4, Majority size: 2, State: 0, Mode: LEADER, active raft config: opid_index: -1 OBSOLETE_local: false peers { permanent_uuid: "3aa39ad26503441dabce5902715344a6" member_type: VOTER last_known_addr { host: "127.1.71.65" port: 37319 } } peers { permanent_uuid: "a66cd1fb3bdf4a4a9750b4d2b7432ebf" member_type: VOTER last_known_addr { host: "127.1.71.66" port: 42947 } } peers { permanent_uuid: "9c8e4c5a851c4672af68fb7ced02c3da" member_type: VOTER last_known_addr { host: "127.1.71.67" port: 43749 } }
I20260710 11:07:34.958920  1339 catalog_manager.cc:5697] T 8c136c7bfe974380806da31b4827cd5e P a66cd1fb3bdf4a4a9750b4d2b7432ebf reported cstate change: term changed from 3 to 4, leader changed from 9c8e4c5a851c4672af68fb7ced02c3da (127.1.71.67) to a66cd1fb3bdf4a4a9750b4d2b7432ebf (127.1.71.66). New cstate: current_term: 4 leader_uuid: "a66cd1fb3bdf4a4a9750b4d2b7432ebf" committed_config { opid_index: -1 OBSOLETE_local: false peers { permanent_uuid: "3aa39ad26503441dabce5902715344a6" member_type: VOTER last_known_addr { host: "127.1.71.65" port: 37319 } health_report { overall_health: UNKNOWN } } peers { permanent_uuid: "a66cd1fb3bdf4a4a9750b4d2b7432ebf" member_type: VOTER last_known_addr { host: "127.1.71.66" port: 42947 } health_report { overall_health: HEALTHY } } peers { permanent_uuid: "9c8e4c5a851c4672af68fb7ced02c3da" member_type: VOTER last_known_addr { host: "127.1.71.67" port: 43749 } health_report { overall_health: UNKNOWN } } }
I20260710 11:07:35.058068  1443 raft_consensus.cc:1275] T 750feffff597421c97d8321270cd41ce P 3aa39ad26503441dabce5902715344a6 [term 4 FOLLOWER]: Refusing update from remote peer a66cd1fb3bdf4a4a9750b4d2b7432ebf: Log matching property violated. Preceding OpId in replica: term: 3 index: 3. Preceding OpId from leader: term: 4 index: 4. (index mismatch)
I20260710 11:07:35.059279  1726 consensus_queue.cc:1048] T 750feffff597421c97d8321270cd41ce P a66cd1fb3bdf4a4a9750b4d2b7432ebf [LEADER]: Connected to new peer: Peer: permanent_uuid: "3aa39ad26503441dabce5902715344a6" member_type: VOTER last_known_addr { host: "127.1.71.65" port: 37319 }, Status: LMP_MISMATCH, Last received: 0.0, Next index: 4, Last known committed idx: 3, Time since last communication: 0.000s
I20260710 11:07:35.069371  1593 raft_consensus.cc:1275] T 750feffff597421c97d8321270cd41ce P 9c8e4c5a851c4672af68fb7ced02c3da [term 4 FOLLOWER]: Refusing update from remote peer a66cd1fb3bdf4a4a9750b4d2b7432ebf: Log matching property violated. Preceding OpId in replica: term: 3 index: 3. Preceding OpId from leader: term: 4 index: 4. (index mismatch)
I20260710 11:07:35.071254  1757 consensus_queue.cc:1048] T 750feffff597421c97d8321270cd41ce P a66cd1fb3bdf4a4a9750b4d2b7432ebf [LEADER]: Connected to new peer: Peer: permanent_uuid: "9c8e4c5a851c4672af68fb7ced02c3da" member_type: VOTER last_known_addr { host: "127.1.71.67" port: 43749 }, Status: LMP_MISMATCH, Last received: 0.0, Next index: 4, Last known committed idx: 3, Time since last communication: 0.000s
I20260710 11:07:35.167099  1593 raft_consensus.cc:1275] T 58915ae103874c1fbcc14654af1a896f P 9c8e4c5a851c4672af68fb7ced02c3da [term 2 FOLLOWER]: Refusing update from remote peer a66cd1fb3bdf4a4a9750b4d2b7432ebf: Log matching property violated. Preceding OpId in replica: term: 1 index: 1. Preceding OpId from leader: term: 2 index: 2. (index mismatch)
I20260710 11:07:35.168257  1726 consensus_queue.cc:1048] T 58915ae103874c1fbcc14654af1a896f P a66cd1fb3bdf4a4a9750b4d2b7432ebf [LEADER]: Connected to new peer: Peer: permanent_uuid: "9c8e4c5a851c4672af68fb7ced02c3da" member_type: VOTER last_known_addr { host: "127.1.71.67" port: 43749 }, Status: LMP_MISMATCH, Last received: 0.0, Next index: 2, Last known committed idx: 1, Time since last communication: 0.000s
I20260710 11:07:35.178225  1443 raft_consensus.cc:1275] T 58915ae103874c1fbcc14654af1a896f P 3aa39ad26503441dabce5902715344a6 [term 2 FOLLOWER]: Refusing update from remote peer a66cd1fb3bdf4a4a9750b4d2b7432ebf: Log matching property violated. Preceding OpId in replica: term: 1 index: 1. Preceding OpId from leader: term: 2 index: 2. (index mismatch)
I20260710 11:07:35.180315  1726 consensus_queue.cc:1048] T 58915ae103874c1fbcc14654af1a896f P a66cd1fb3bdf4a4a9750b4d2b7432ebf [LEADER]: Connected to new peer: Peer: permanent_uuid: "3aa39ad26503441dabce5902715344a6" member_type: VOTER last_known_addr { host: "127.1.71.65" port: 37319 }, Status: LMP_MISMATCH, Last received: 0.0, Next index: 2, Last known committed idx: 1, Time since last communication: 0.000s
I20260710 11:07:35.211486  1443 raft_consensus.cc:1275] T 1cb2c2f903a944e4b2178c6fc9c9972a P 3aa39ad26503441dabce5902715344a6 [term 3 FOLLOWER]: Refusing update from remote peer a66cd1fb3bdf4a4a9750b4d2b7432ebf: Log matching property violated. Preceding OpId in replica: term: 2 index: 2. Preceding OpId from leader: term: 3 index: 3. (index mismatch)
