I20260710 11:08:04.962325  6629 catalog_manager.cc:5697] T aab8c9cf27da4cb488a03dcdc5304fb5 P 883312feafcb40daa9b0496ba1c5f7ca reported cstate change: config changed from index 2 to 3, a96df035d4084fa0b72c89edda7dcd2a (127.5.129.196) changed from NON_VOTER to VOTER. New cstate: current_term: 1 leader_uuid: "d64bad93481b4b59af4136dd35332b96" committed_config { opid_index: 3 OBSOLETE_local: false peers { permanent_uuid: "0d8c184772f8407e8bf8bb2ed0a39f4f" member_type: VOTER last_known_addr { host: "127.5.129.193" port: 44027 } attrs { replace: true } } peers { permanent_uuid: "d64bad93481b4b59af4136dd35332b96" member_type: VOTER last_known_addr { host: "127.5.129.194" port: 46581 } } peers { permanent_uuid: "883312feafcb40daa9b0496ba1c5f7ca" member_type: VOTER last_known_addr { host: "127.5.129.195" port: 42617 } } peers { permanent_uuid: "a96df035d4084fa0b72c89edda7dcd2a" member_type: VOTER last_known_addr { host: "127.5.129.196" port: 43591 } attrs { promote: false } } }
I20260710 11:08:04.972093  6728 raft_consensus.cc:2955] T aab8c9cf27da4cb488a03dcdc5304fb5 P 0d8c184772f8407e8bf8bb2ed0a39f4f [term 1 FOLLOWER]: Committing config change with OpId 1.3: config changed from index 2 to 3, a96df035d4084fa0b72c89edda7dcd2a (127.5.129.196) changed from NON_VOTER to VOTER. New config: { opid_index: 3 OBSOLETE_local: false peers { permanent_uuid: "0d8c184772f8407e8bf8bb2ed0a39f4f" member_type: VOTER last_known_addr { host: "127.5.129.193" port: 44027 } attrs { replace: true } } peers { permanent_uuid: "d64bad93481b4b59af4136dd35332b96" member_type: VOTER last_known_addr { host: "127.5.129.194" port: 46581 } } peers { permanent_uuid: "883312feafcb40daa9b0496ba1c5f7ca" member_type: VOTER last_known_addr { host: "127.5.129.195" port: 42617 } } peers { permanent_uuid: "a96df035d4084fa0b72c89edda7dcd2a" member_type: VOTER last_known_addr { host: "127.5.129.196" port: 43591 } attrs { promote: false } } }
I20260710 11:08:04.978120  6803 consensus_queue.cc:237] T aab8c9cf27da4cb488a03dcdc5304fb5 P d64bad93481b4b59af4136dd35332b96 [LEADER]: Queue going to LEADER mode. State: All replicated index: 0, Majority replicated index: 3, Committed index: 3, Last appended: 1.3, Last appended by leader: 0, Current term: 1, Majority size: 2, State: 0, Mode: LEADER, active raft config: opid_index: 4 OBSOLETE_local: false peers { permanent_uuid: "d64bad93481b4b59af4136dd35332b96" member_type: VOTER last_known_addr { host: "127.5.129.194" port: 46581 } } peers { permanent_uuid: "883312feafcb40daa9b0496ba1c5f7ca" member_type: VOTER last_known_addr { host: "127.5.129.195" port: 42617 } } peers { permanent_uuid: "a96df035d4084fa0b72c89edda7dcd2a" member_type: VOTER last_known_addr { host: "127.5.129.196" port: 43591 } attrs { promote: false } }
I20260710 11:08:04.986182  6877 raft_consensus.cc:1275] T aab8c9cf27da4cb488a03dcdc5304fb5 P 883312feafcb40daa9b0496ba1c5f7ca [term 1 FOLLOWER]: Refusing update from remote peer d64bad93481b4b59af4136dd35332b96: Log matching property violated. Preceding OpId in replica: term: 1 index: 3. Preceding OpId from leader: term: 1 index: 4. (index mismatch)
I20260710 11:08:04.988555  7160 raft_consensus.cc:1275] T aab8c9cf27da4cb488a03dcdc5304fb5 P a96df035d4084fa0b72c89edda7dcd2a [term 1 FOLLOWER]: Refusing update from remote peer d64bad93481b4b59af4136dd35332b96: Log matching property violated. Preceding OpId in replica: term: 1 index: 3. Preceding OpId from leader: term: 1 index: 4. (index mismatch)
I20260710 11:08:04.988533  7384 consensus_queue.cc:1048] T aab8c9cf27da4cb488a03dcdc5304fb5 P d64bad93481b4b59af4136dd35332b96 [LEADER]: Connected to new peer: Peer: permanent_uuid: "883312feafcb40daa9b0496ba1c5f7ca" member_type: VOTER last_known_addr { host: "127.5.129.195" port: 42617 }, Status: LMP_MISMATCH, Last received: 0.0, Next index: 4, Last known committed idx: 3, Time since last communication: 0.001s
I20260710 11:08:04.990237  7431 consensus_queue.cc:1048] T aab8c9cf27da4cb488a03dcdc5304fb5 P d64bad93481b4b59af4136dd35332b96 [LEADER]: Connected to new peer: Peer: permanent_uuid: "a96df035d4084fa0b72c89edda7dcd2a" member_type: VOTER last_known_addr { host: "127.5.129.196" port: 43591 } attrs { promote: false }, Status: LMP_MISMATCH, Last received: 0.0, Next index: 4, Last known committed idx: 3, Time since last communication: 0.000s
I20260710 11:08:04.997293  7431 raft_consensus.cc:2955] T aab8c9cf27da4cb488a03dcdc5304fb5 P d64bad93481b4b59af4136dd35332b96 [term 1 LEADER]: Committing config change with OpId 1.4: config changed from index 3 to 4, VOTER 0d8c184772f8407e8bf8bb2ed0a39f4f (127.5.129.193) evicted. New config: { opid_index: 4 OBSOLETE_local: false peers { permanent_uuid: "d64bad93481b4b59af4136dd35332b96" member_type: VOTER last_known_addr { host: "127.5.129.194" port: 46581 } } peers { permanent_uuid: "883312feafcb40daa9b0496ba1c5f7ca" member_type: VOTER last_known_addr { host: "127.5.129.195" port: 42617 } } peers { permanent_uuid: "a96df035d4084fa0b72c89edda7dcd2a" member_type: VOTER last_known_addr { host: "127.5.129.196" port: 43591 } attrs { promote: false } } }
I20260710 11:08:04.998906  6877 raft_consensus.cc:2955] T aab8c9cf27da4cb488a03dcdc5304fb5 P 883312feafcb40daa9b0496ba1c5f7ca [term 1 FOLLOWER]: Committing config change with OpId 1.4: config changed from index 3 to 4, VOTER 0d8c184772f8407e8bf8bb2ed0a39f4f (127.5.129.193) evicted. New config: { opid_index: 4 OBSOLETE_local: false peers { permanent_uuid: "d64bad93481b4b59af4136dd35332b96" member_type: VOTER last_known_addr { host: "127.5.129.194" port: 46581 } } peers { permanent_uuid: "883312feafcb40daa9b0496ba1c5f7ca" member_type: VOTER last_known_addr { host: "127.5.129.195" port: 42617 } } peers { permanent_uuid: "a96df035d4084fa0b72c89edda7dcd2a" member_type: VOTER last_known_addr { host: "127.5.129.196" port: 43591 } attrs { promote: false } } }
I20260710 11:08:05.000654  7160 raft_consensus.cc:2955] T aab8c9cf27da4cb488a03dcdc5304fb5 P a96df035d4084fa0b72c89edda7dcd2a [term 1 FOLLOWER]: Committing config change with OpId 1.4: config changed from index 3 to 4, VOTER 0d8c184772f8407e8bf8bb2ed0a39f4f (127.5.129.193) evicted. New config: { opid_index: 4 OBSOLETE_local: false peers { permanent_uuid: "d64bad93481b4b59af4136dd35332b96" member_type: VOTER last_known_addr { host: "127.5.129.194" port: 46581 } } peers { permanent_uuid: "883312feafcb40daa9b0496ba1c5f7ca" member_type: VOTER last_known_addr { host: "127.5.129.195" port: 42617 } } peers { permanent_uuid: "a96df035d4084fa0b72c89edda7dcd2a" member_type: VOTER last_known_addr { host: "127.5.129.196" port: 43591 } attrs { promote: false } } }
I20260710 11:08:05.007614  6616 catalog_manager.cc:5210] ChangeConfig:REMOVE_PEER RPC for tablet aab8c9cf27da4cb488a03dcdc5304fb5 with cas_config_opid_index 3: ChangeConfig:REMOVE_PEER succeeded (attempt 1)
I20260710 11:08:05.011875  6628 catalog_manager.cc:5697] T aab8c9cf27da4cb488a03dcdc5304fb5 P 883312feafcb40daa9b0496ba1c5f7ca reported cstate change: config changed from index 3 to 4, VOTER 0d8c184772f8407e8bf8bb2ed0a39f4f (127.5.129.193) evicted. New cstate: current_term: 1 leader_uuid: "d64bad93481b4b59af4136dd35332b96" committed_config { opid_index: 4 OBSOLETE_local: false peers { permanent_uuid: "d64bad93481b4b59af4136dd35332b96" member_type: VOTER last_known_addr { host: "127.5.129.194" port: 46581 } } peers { permanent_uuid: "883312feafcb40daa9b0496ba1c5f7ca" member_type: VOTER last_known_addr { host: "127.5.129.195" port: 42617 } } peers { permanent_uuid: "a96df035d4084fa0b72c89edda7dcd2a" member_type: VOTER last_known_addr { host: "127.5.129.196" port: 43591 } attrs { promote: false } } }
I20260710 11:08:05.030875  6719 tablet_service.cc:1558] Processing DeleteTablet for tablet aab8c9cf27da4cb488a03dcdc5304fb5 with delete_type TABLET_DATA_TOMBSTONED (TS 0d8c184772f8407e8bf8bb2ed0a39f4f not found in new config with opid_index 4) from {username='slave'} at 127.0.0.1:51866
I20260710 11:08:05.031680  7448 tablet_replica.cc:333] T aab8c9cf27da4cb488a03dcdc5304fb5 P 0d8c184772f8407e8bf8bb2ed0a39f4f: stopping tablet replica
I20260710 11:08:05.032437  7448 raft_consensus.cc:2243] T aab8c9cf27da4cb488a03dcdc5304fb5 P 0d8c184772f8407e8bf8bb2ed0a39f4f [term 1 FOLLOWER]: Raft consensus shutting down.
I20260710 11:08:05.032991  7448 raft_consensus.cc:2272] T aab8c9cf27da4cb488a03dcdc5304fb5 P 0d8c184772f8407e8bf8bb2ed0a39f4f [term 1 FOLLOWER]: Raft consensus is shut down!
I20260710 11:08:05.036132  7448 ts_tablet_manager.cc:1916] T aab8c9cf27da4cb488a03dcdc5304fb5 P 0d8c184772f8407e8bf8bb2ed0a39f4f: Deleting tablet data with delete state TABLET_DATA_TOMBSTONED
I20260710 11:08:05.041209  7429 raft_consensus.cc:1064] T 8796a377b2754ffdb59f8b1c50a97ce6 P 0d8c184772f8407e8bf8bb2ed0a39f4f: attempting to promote NON_VOTER a96df035d4084fa0b72c89edda7dcd2a to VOTER
I20260710 11:08:05.042954  7429 consensus_queue.cc:237] T 8796a377b2754ffdb59f8b1c50a97ce6 P 0d8c184772f8407e8bf8bb2ed0a39f4f [LEADER]: Queue going to LEADER mode. State: All replicated index: 0, Majority replicated index: 2, Committed index: 2, Last appended: 1.2, Last appended by leader: 0, Current term: 1, Majority size: 3, State: 0, Mode: LEADER, active raft config: opid_index: 3 OBSOLETE_local: false peers { permanent_uuid: "883312feafcb40daa9b0496ba1c5f7ca" member_type: VOTER last_known_addr { host: "127.5.129.195" port: 42617 } } peers { permanent_uuid: "0d8c184772f8407e8bf8bb2ed0a39f4f" member_type: VOTER last_known_addr { host: "127.5.129.193" port: 44027 } } peers { permanent_uuid: "d64bad93481b4b59af4136dd35332b96" member_type: VOTER last_known_addr { host: "127.5.129.194" port: 46581 } attrs { replace: true } } peers { permanent_uuid: "a96df035d4084fa0b72c89edda7dcd2a" member_type: VOTER last_known_addr { host: "127.5.129.196" port: 43591 } attrs { promote: false } }
I20260710 11:08:05.049707  7448 ts_tablet_manager.cc:1929] T aab8c9cf27da4cb488a03dcdc5304fb5 P 0d8c184772f8407e8bf8bb2ed0a39f4f: tablet deleted with delete type TABLET_DATA_TOMBSTONED: last-logged OpId 1.3
I20260710 11:08:05.049978  7160 raft_consensus.cc:1275] T 8796a377b2754ffdb59f8b1c50a97ce6 P a96df035d4084fa0b72c89edda7dcd2a [term 1 LEARNER]: Refusing update from remote peer 0d8c184772f8407e8bf8bb2ed0a39f4f: Log matching property violated. Preceding OpId in replica: term: 1 index: 2. Preceding OpId from leader: term: 1 index: 3. (index mismatch)
I20260710 11:08:05.051116  6803 raft_consensus.cc:1275] T 8796a377b2754ffdb59f8b1c50a97ce6 P d64bad93481b4b59af4136dd35332b96 [term 1 FOLLOWER]: Refusing update from remote peer 0d8c184772f8407e8bf8bb2ed0a39f4f: Log matching property violated. Preceding OpId in replica: term: 1 index: 2. Preceding OpId from leader: term: 1 index: 3. (index mismatch)
I20260710 11:08:05.051697  7395 consensus_queue.cc:1048] T 8796a377b2754ffdb59f8b1c50a97ce6 P 0d8c184772f8407e8bf8bb2ed0a39f4f [LEADER]: Connected to new peer: Peer: permanent_uuid: "a96df035d4084fa0b72c89edda7dcd2a" member_type: VOTER last_known_addr { host: "127.5.129.196" port: 43591 } attrs { promote: false }, Status: LMP_MISMATCH, Last received: 0.0, Next index: 3, Last known committed idx: 2, Time since last communication: 0.000s
I20260710 11:08:05.050149  7448 log.cc:1199] T aab8c9cf27da4cb488a03dcdc5304fb5 P 0d8c184772f8407e8bf8bb2ed0a39f4f: Deleting WAL directory at /tmp/dist-test-taskiVtrqh/test-tmp/auto_leader_rebalancer-test.0.LeaderRebalancerTest.AddTserver.1783681645634066-5639-0/minicluster-data/ts-0-root/wals/aab8c9cf27da4cb488a03dcdc5304fb5
I20260710 11:08:05.052160  6877 raft_consensus.cc:1275] T 8796a377b2754ffdb59f8b1c50a97ce6 P 883312feafcb40daa9b0496ba1c5f7ca [term 1 FOLLOWER]: Refusing update from remote peer 0d8c184772f8407e8bf8bb2ed0a39f4f: Log matching property violated. Preceding OpId in replica: term: 1 index: 2. Preceding OpId from leader: term: 1 index: 3. (index mismatch)
I20260710 11:08:05.053524  6617 catalog_manager.cc:5028] TS 0d8c184772f8407e8bf8bb2ed0a39f4f (127.5.129.193:44027): tablet aab8c9cf27da4cb488a03dcdc5304fb5 (table test-workload [id=9e386fb5d4cf4c5c9769df9342b91eaa]) successfully deleted
I20260710 11:08:05.053406  7395 consensus_queue.cc:1048] T 8796a377b2754ffdb59f8b1c50a97ce6 P 0d8c184772f8407e8bf8bb2ed0a39f4f [LEADER]: Connected to new peer: Peer: permanent_uuid: "d64bad93481b4b59af4136dd35332b96" member_type: VOTER last_known_addr { host: "127.5.129.194" port: 46581 } attrs { replace: true }, Status: LMP_MISMATCH, Last received: 0.0, Next index: 3, Last known committed idx: 2, Time since last communication: 0.000s
I20260710 11:08:05.054365  7411 consensus_queue.cc:1048] T 8796a377b2754ffdb59f8b1c50a97ce6 P 0d8c184772f8407e8bf8bb2ed0a39f4f [LEADER]: Connected to new peer: Peer: permanent_uuid: "883312feafcb40daa9b0496ba1c5f7ca" member_type: VOTER last_known_addr { host: "127.5.129.195" port: 42617 }, Status: LMP_MISMATCH, Last received: 0.0, Next index: 3, Last known committed idx: 2, Time since last communication: 0.000s
I20260710 11:08:05.081310  6877 raft_consensus.cc:2955] T 8796a377b2754ffdb59f8b1c50a97ce6 P 883312feafcb40daa9b0496ba1c5f7ca [term 1 FOLLOWER]: Committing config change with OpId 1.3: config changed from index 2 to 3, a96df035d4084fa0b72c89edda7dcd2a (127.5.129.196) changed from NON_VOTER to VOTER. New config: { opid_index: 3 OBSOLETE_local: false peers { permanent_uuid: "883312feafcb40daa9b0496ba1c5f7ca" member_type: VOTER last_known_addr { host: "127.5.129.195" port: 42617 } } peers { permanent_uuid: "0d8c184772f8407e8bf8bb2ed0a39f4f" member_type: VOTER last_known_addr { host: "127.5.129.193" port: 44027 } } peers { permanent_uuid: "d64bad93481b4b59af4136dd35332b96" member_type: VOTER last_known_addr { host: "127.5.129.194" port: 46581 } attrs { replace: true } } peers { permanent_uuid: "a96df035d4084fa0b72c89edda7dcd2a" member_type: VOTER last_known_addr { host: "127.5.129.196" port: 43591 } attrs { promote: false } } }
I20260710 11:08:05.081198  7395 raft_consensus.cc:2955] T 8796a377b2754ffdb59f8b1c50a97ce6 P 0d8c184772f8407e8bf8bb2ed0a39f4f [term 1 LEADER]: Committing config change with OpId 1.3: config changed from index 2 to 3, a96df035d4084fa0b72c89edda7dcd2a (127.5.129.196) changed from NON_VOTER to VOTER. New config: { opid_index: 3 OBSOLETE_local: false peers { permanent_uuid: "883312feafcb40daa9b0496ba1c5f7ca" member_type: VOTER last_known_addr { host: "127.5.129.195" port: 42617 } } peers { permanent_uuid: "0d8c184772f8407e8bf8bb2ed0a39f4f" member_type: VOTER last_known_addr { host: "127.5.129.193" port: 44027 } } peers { permanent_uuid: "d64bad93481b4b59af4136dd35332b96" member_type: VOTER last_known_addr { host: "127.5.129.194" port: 46581 } attrs { replace: true } } peers { permanent_uuid: "a96df035d4084fa0b72c89edda7dcd2a" member_type: VOTER last_known_addr { host: "127.5.129.196" port: 43591 } attrs { promote: false } } }
I20260710 11:08:05.089593  7160 raft_consensus.cc:2955] T 8796a377b2754ffdb59f8b1c50a97ce6 P a96df035d4084fa0b72c89edda7dcd2a [term 1 FOLLOWER]: Committing config change with OpId 1.3: config changed from index 2 to 3, a96df035d4084fa0b72c89edda7dcd2a (127.5.129.196) changed from NON_VOTER to VOTER. New config: { opid_index: 3 OBSOLETE_local: false peers { permanent_uuid: "883312feafcb40daa9b0496ba1c5f7ca" member_type: VOTER last_known_addr { host: "127.5.129.195" port: 42617 } } peers { permanent_uuid: "0d8c184772f8407e8bf8bb2ed0a39f4f" member_type: VOTER last_known_addr { host: "127.5.129.193" port: 44027 } } peers { permanent_uuid: "d64bad93481b4b59af4136dd35332b96" member_type: VOTER last_known_addr { host: "127.5.129.194" port: 46581 } attrs { replace: true } } peers { permanent_uuid: "a96df035d4084fa0b72c89edda7dcd2a" member_type: VOTER last_known_addr { host: "127.5.129.196" port: 43591 } attrs { promote: false } } }
I20260710 11:08:05.091408  6629 catalog_manager.cc:5697] T 8796a377b2754ffdb59f8b1c50a97ce6 P 883312feafcb40daa9b0496ba1c5f7ca reported cstate change: config changed from index 2 to 3, a96df035d4084fa0b72c89edda7dcd2a (127.5.129.196) changed from NON_VOTER to VOTER. New cstate: current_term: 1 leader_uuid: "0d8c184772f8407e8bf8bb2ed0a39f4f" committed_config { opid_index: 3 OBSOLETE_local: false peers { permanent_uuid: "883312feafcb40daa9b0496ba1c5f7ca" member_type: VOTER last_known_addr { host: "127.5.129.195" port: 42617 } } peers { permanent_uuid: "0d8c184772f8407e8bf8bb2ed0a39f4f" member_type: VOTER last_known_addr { host: "127.5.129.193" port: 44027 } } peers { permanent_uuid: "d64bad93481b4b59af4136dd35332b96" member_type: VOTER last_known_addr { host: "127.5.129.194" port: 46581 } attrs { replace: true } } peers { permanent_uuid: "a96df035d4084fa0b72c89edda7dcd2a" member_type: VOTER last_known_addr { host: "127.5.129.196" port: 43591 } attrs { promote: false } } }
I20260710 11:08:05.100277  6803 raft_consensus.cc:2955] T 8796a377b2754ffdb59f8b1c50a97ce6 P d64bad93481b4b59af4136dd35332b96 [term 1 FOLLOWER]: Committing config change with OpId 1.3: config changed from index 2 to 3, a96df035d4084fa0b72c89edda7dcd2a (127.5.129.196) changed from NON_VOTER to VOTER. New config: { opid_index: 3 OBSOLETE_local: false peers { permanent_uuid: "883312feafcb40daa9b0496ba1c5f7ca" member_type: VOTER last_known_addr { host: "127.5.129.195" port: 42617 } } peers { permanent_uuid: "0d8c184772f8407e8bf8bb2ed0a39f4f" member_type: VOTER last_known_addr { host: "127.5.129.193" port: 44027 } } peers { permanent_uuid: "d64bad93481b4b59af4136dd35332b96" member_type: VOTER last_known_addr { host: "127.5.129.194" port: 46581 } attrs { replace: true } } peers { permanent_uuid: "a96df035d4084fa0b72c89edda7dcd2a" member_type: VOTER last_known_addr { host: "127.5.129.196" port: 43591 } attrs { promote: false } } }
I20260710 11:08:05.118520  6728 consensus_queue.cc:237] T 8796a377b2754ffdb59f8b1c50a97ce6 P 0d8c184772f8407e8bf8bb2ed0a39f4f [LEADER]: Queue going to LEADER mode. State: All replicated index: 0, Majority replicated index: 3, Committed index: 3, Last appended: 1.3, Last appended by leader: 0, Current term: 1, Majority size: 2, State: 0, Mode: LEADER, active raft config: opid_index: 4 OBSOLETE_local: false peers { permanent_uuid: "883312feafcb40daa9b0496ba1c5f7ca" member_type: VOTER last_known_addr { host: "127.5.129.195" port: 42617 } } peers { permanent_uuid: "0d8c184772f8407e8bf8bb2ed0a39f4f" member_type: VOTER last_known_addr { host: "127.5.129.193" port: 44027 } } peers { permanent_uuid: "a96df035d4084fa0b72c89edda7dcd2a" member_type: VOTER last_known_addr { host: "127.5.129.196" port: 43591 } attrs { promote: false } }
I20260710 11:08:05.125764  6877 raft_consensus.cc:1275] T 8796a377b2754ffdb59f8b1c50a97ce6 P 883312feafcb40daa9b0496ba1c5f7ca [term 1 FOLLOWER]: Refusing update from remote peer 0d8c184772f8407e8bf8bb2ed0a39f4f: Log matching property violated. Preceding OpId in replica: term: 1 index: 3. Preceding OpId from leader: term: 1 index: 4. (index mismatch)
I20260710 11:08:05.126107  7160 raft_consensus.cc:1275] T 8796a377b2754ffdb59f8b1c50a97ce6 P a96df035d4084fa0b72c89edda7dcd2a [term 1 FOLLOWER]: Refusing update from remote peer 0d8c184772f8407e8bf8bb2ed0a39f4f: Log matching property violated. Preceding OpId in replica: term: 1 index: 3. Preceding OpId from leader: term: 1 index: 4. (index mismatch)
I20260710 11:08:05.127038  7456 consensus_queue.cc:1048] T 8796a377b2754ffdb59f8b1c50a97ce6 P 0d8c184772f8407e8bf8bb2ed0a39f4f [LEADER]: Connected to new peer: Peer: permanent_uuid: "883312feafcb40daa9b0496ba1c5f7ca" member_type: VOTER last_known_addr { host: "127.5.129.195" port: 42617 }, Status: LMP_MISMATCH, Last received: 0.0, Next index: 4, Last known committed idx: 3, Time since last communication: 0.001s
I20260710 11:08:05.128059  7429 consensus_queue.cc:1048] T 8796a377b2754ffdb59f8b1c50a97ce6 P 0d8c184772f8407e8bf8bb2ed0a39f4f [LEADER]: Connected to new peer: Peer: permanent_uuid: "a96df035d4084fa0b72c89edda7dcd2a" member_type: VOTER last_known_addr { host: "127.5.129.196" port: 43591 } attrs { promote: false }, Status: LMP_MISMATCH, Last received: 0.0, Next index: 4, Last known committed idx: 3, Time since last communication: 0.000s
I20260710 11:08:05.133404  7456 raft_consensus.cc:2955] T 8796a377b2754ffdb59f8b1c50a97ce6 P 0d8c184772f8407e8bf8bb2ed0a39f4f [term 1 LEADER]: Committing config change with OpId 1.4: config changed from index 3 to 4, VOTER d64bad93481b4b59af4136dd35332b96 (127.5.129.194) evicted. New config: { opid_index: 4 OBSOLETE_local: false peers { permanent_uuid: "883312feafcb40daa9b0496ba1c5f7ca" member_type: VOTER last_known_addr { host: "127.5.129.195" port: 42617 } } peers { permanent_uuid: "0d8c184772f8407e8bf8bb2ed0a39f4f" member_type: VOTER last_known_addr { host: "127.5.129.193" port: 44027 } } peers { permanent_uuid: "a96df035d4084fa0b72c89edda7dcd2a" member_type: VOTER last_known_addr { host: "127.5.129.196" port: 43591 } attrs { promote: false } } }
I20260710 11:08:05.139112  7160 raft_consensus.cc:2955] T 8796a377b2754ffdb59f8b1c50a97ce6 P a96df035d4084fa0b72c89edda7dcd2a [term 1 FOLLOWER]: Committing config change with OpId 1.4: config changed from index 3 to 4, VOTER d64bad93481b4b59af4136dd35332b96 (127.5.129.194) evicted. New config: { opid_index: 4 OBSOLETE_local: false peers { permanent_uuid: "883312feafcb40daa9b0496ba1c5f7ca" member_type: VOTER last_known_addr { host: "127.5.129.195" port: 42617 } } peers { permanent_uuid: "0d8c184772f8407e8bf8bb2ed0a39f4f" member_type: VOTER last_known_addr { host: "127.5.129.193" port: 44027 } } peers { permanent_uuid: "a96df035d4084fa0b72c89edda7dcd2a" member_type: VOTER last_known_addr { host: "127.5.129.196" port: 43591 } attrs { promote: false } } }
I20260710 11:08:05.140625  6617 catalog_manager.cc:5210] ChangeConfig:REMOVE_PEER RPC for tablet 8796a377b2754ffdb59f8b1c50a97ce6 with cas_config_opid_index 3: ChangeConfig:REMOVE_PEER succeeded (attempt 1)
I20260710 11:08:05.142143  6877 raft_consensus.cc:2955] T 8796a377b2754ffdb59f8b1c50a97ce6 P 883312feafcb40daa9b0496ba1c5f7ca [term 1 FOLLOWER]: Committing config change with OpId 1.4: config changed from index 3 to 4, VOTER d64bad93481b4b59af4136dd35332b96 (127.5.129.194) evicted. New config: { opid_index: 4 OBSOLETE_local: false peers { permanent_uuid: "883312feafcb40daa9b0496ba1c5f7ca" member_type: VOTER last_known_addr { host: "127.5.129.195" port: 42617 } } peers { permanent_uuid: "0d8c184772f8407e8bf8bb2ed0a39f4f" member_type: VOTER last_known_addr { host: "127.5.129.193" port: 44027 } } peers { permanent_uuid: "a96df035d4084fa0b72c89edda7dcd2a" member_type: VOTER last_known_addr { host: "127.5.129.196" port: 43591 } attrs { promote: false } } }
I20260710 11:08:05.146525  6628 catalog_manager.cc:5697] T 8796a377b2754ffdb59f8b1c50a97ce6 P 0d8c184772f8407e8bf8bb2ed0a39f4f reported cstate change: config changed from index 3 to 4, VOTER d64bad93481b4b59af4136dd35332b96 (127.5.129.194) evicted. New cstate: current_term: 1 leader_uuid: "0d8c184772f8407e8bf8bb2ed0a39f4f" committed_config { opid_index: 4 OBSOLETE_local: false peers { permanent_uuid: "883312feafcb40daa9b0496ba1c5f7ca" member_type: VOTER last_known_addr { host: "127.5.129.195" port: 42617 } health_report { overall_health: HEALTHY } } peers { permanent_uuid: "0d8c184772f8407e8bf8bb2ed0a39f4f" member_type: VOTER last_known_addr { host: "127.5.129.193" port: 44027 } health_report { overall_health: HEALTHY } } peers { permanent_uuid: "a96df035d4084fa0b72c89edda7dcd2a" member_type: VOTER last_known_addr { host: "127.5.129.196" port: 43591 } attrs { promote: false } health_report { overall_health: HEALTHY } } }
I20260710 11:08:05.160188  6790 tablet_service.cc:1558] Processing DeleteTablet for tablet 8796a377b2754ffdb59f8b1c50a97ce6 with delete_type TABLET_DATA_TOMBSTONED (TS d64bad93481b4b59af4136dd35332b96 not found in new config with opid_index 4) from {username='slave'} at 127.0.0.1:41702
I20260710 11:08:05.162585  7457 tablet_replica.cc:333] T 8796a377b2754ffdb59f8b1c50a97ce6 P d64bad93481b4b59af4136dd35332b96: stopping tablet replica
I20260710 11:08:05.163479  7457 raft_consensus.cc:2243] T 8796a377b2754ffdb59f8b1c50a97ce6 P d64bad93481b4b59af4136dd35332b96 [term 1 FOLLOWER]: Raft consensus shutting down.
I20260710 11:08:05.164053  7457 raft_consensus.cc:2272] T 8796a377b2754ffdb59f8b1c50a97ce6 P d64bad93481b4b59af4136dd35332b96 [term 1 FOLLOWER]: Raft consensus is shut down!
I20260710 11:08:05.166692  7457 ts_tablet_manager.cc:1916] T 8796a377b2754ffdb59f8b1c50a97ce6 P d64bad93481b4b59af4136dd35332b96: Deleting tablet data with delete state TABLET_DATA_TOMBSTONED
I20260710 11:08:05.176621  7457 ts_tablet_manager.cc:1929] T 8796a377b2754ffdb59f8b1c50a97ce6 P d64bad93481b4b59af4136dd35332b96: tablet deleted with delete type TABLET_DATA_TOMBSTONED: last-logged OpId 1.3
I20260710 11:08:05.176898  7457 log.cc:1199] T 8796a377b2754ffdb59f8b1c50a97ce6 P d64bad93481b4b59af4136dd35332b96: Deleting WAL directory at /tmp/dist-test-taskiVtrqh/test-tmp/auto_leader_rebalancer-test.0.LeaderRebalancerTest.AddTserver.1783681645634066-5639-0/minicluster-data/ts-1-root/wals/8796a377b2754ffdb59f8b1c50a97ce6
I20260710 11:08:05.178109  6616 catalog_manager.cc:5028] TS d64bad93481b4b59af4136dd35332b96 (127.5.129.194:46581): tablet 8796a377b2754ffdb59f8b1c50a97ce6 (table test-workload [id=9e386fb5d4cf4c5c9769df9342b91eaa]) successfully deleted
I20260710 11:08:06.199723  6731 consensus_queue.cc:237] T 05646b7a82bb432cb75714ce27239d65 P 0d8c184772f8407e8bf8bb2ed0a39f4f [LEADER]: Queue going to LEADER mode. State: All replicated index: 0, Majority replicated index: 1, Committed index: 1, Last appended: 1.1, Last appended by leader: 0, Current term: 1, Majority size: 2, State: 0, Mode: LEADER, active raft config: opid_index: 2 OBSOLETE_local: false peers { permanent_uuid: "0d8c184772f8407e8bf8bb2ed0a39f4f" member_type: VOTER last_known_addr { host: "127.5.129.193" port: 44027 } } peers { permanent_uuid: "d64bad93481b4b59af4136dd35332b96" member_type: VOTER last_known_addr { host: "127.5.129.194" port: 46581 } attrs { replace: true } } peers { permanent_uuid: "883312feafcb40daa9b0496ba1c5f7ca" member_type: VOTER last_known_addr { host: "127.5.129.195" port: 42617 } } peers { permanent_uuid: "a96df035d4084fa0b72c89edda7dcd2a" member_type: NON_VOTER last_known_addr { host: "127.5.129.196" port: 43591 } attrs { promote: true } }
W20260710 11:08:06.205870  6698 consensus_peers.cc:597] T 05646b7a82bb432cb75714ce27239d65 P 0d8c184772f8407e8bf8bb2ed0a39f4f -> Peer a96df035d4084fa0b72c89edda7dcd2a (127.5.129.196:43591): Couldn't send request to peer a96df035d4084fa0b72c89edda7dcd2a. Error code: TABLET_NOT_FOUND (6). Status: Not found: Tablet not found: 05646b7a82bb432cb75714ce27239d65. This is attempt 1: this message will repeat every 5th retry.
I20260710 11:08:06.206638  6877 raft_consensus.cc:1275] T 05646b7a82bb432cb75714ce27239d65 P 883312feafcb40daa9b0496ba1c5f7ca [term 1 FOLLOWER]: Refusing update from remote peer 0d8c184772f8407e8bf8bb2ed0a39f4f: Log matching property violated. Preceding OpId in replica: term: 1 index: 1. Preceding OpId from leader: term: 1 index: 2. (index mismatch)
I20260710 11:08:06.207206  6804 raft_consensus.cc:1275] T 05646b7a82bb432cb75714ce27239d65 P d64bad93481b4b59af4136dd35332b96 [term 1 FOLLOWER]: Refusing update from remote peer 0d8c184772f8407e8bf8bb2ed0a39f4f: Log matching property violated. Preceding OpId in replica: term: 1 index: 1. Preceding OpId from leader: term: 1 index: 2. (index mismatch)
I20260710 11:08:06.208215  7456 consensus_queue.cc:1048] T 05646b7a82bb432cb75714ce27239d65 P 0d8c184772f8407e8bf8bb2ed0a39f4f [LEADER]: Connected to new peer: Peer: permanent_uuid: "883312feafcb40daa9b0496ba1c5f7ca" member_type: VOTER last_known_addr { host: "127.5.129.195" port: 42617 }, Status: LMP_MISMATCH, Last received: 0.0, Next index: 2, Last known committed idx: 1, Time since last communication: 0.000s
I20260710 11:08:06.209055  7459 consensus_queue.cc:1048] T 05646b7a82bb432cb75714ce27239d65 P 0d8c184772f8407e8bf8bb2ed0a39f4f [LEADER]: Connected to new peer: Peer: permanent_uuid: "d64bad93481b4b59af4136dd35332b96" member_type: VOTER last_known_addr { host: "127.5.129.194" port: 46581 } attrs { replace: true }, Status: LMP_MISMATCH, Last received: 0.0, Next index: 2, Last known committed idx: 1, Time since last communication: 0.000s
I20260710 11:08:06.217007  7429 raft_consensus.cc:2955] T 05646b7a82bb432cb75714ce27239d65 P 0d8c184772f8407e8bf8bb2ed0a39f4f [term 1 LEADER]: Committing config change with OpId 1.2: config changed from index -1 to 2, NON_VOTER a96df035d4084fa0b72c89edda7dcd2a (127.5.129.196) added. New config: { opid_index: 2 OBSOLETE_local: false peers { permanent_uuid: "0d8c184772f8407e8bf8bb2ed0a39f4f" member_type: VOTER last_known_addr { host: "127.5.129.193" port: 44027 } } peers { permanent_uuid: "d64bad93481b4b59af4136dd35332b96" member_type: VOTER last_known_addr { host: "127.5.129.194" port: 46581 } attrs { replace: true } } peers { permanent_uuid: "883312feafcb40daa9b0496ba1c5f7ca" member_type: VOTER last_known_addr { host: "127.5.129.195" port: 42617 } } peers { permanent_uuid: "a96df035d4084fa0b72c89edda7dcd2a" member_type: NON_VOTER last_known_addr { host: "127.5.129.196" port: 43591 } attrs { promote: true } } }
I20260710 11:08:06.219678  6804 raft_consensus.cc:2955] T 05646b7a82bb432cb75714ce27239d65 P d64bad93481b4b59af4136dd35332b96 [term 1 FOLLOWER]: Committing config change with OpId 1.2: config changed from index -1 to 2, NON_VOTER a96df035d4084fa0b72c89edda7dcd2a (127.5.129.196) added. New config: { opid_index: 2 OBSOLETE_local: false peers { permanent_uuid: "0d8c184772f8407e8bf8bb2ed0a39f4f" member_type: VOTER last_known_addr { host: "127.5.129.193" port: 44027 } } peers { permanent_uuid: "d64bad93481b4b59af4136dd35332b96" member_type: VOTER last_known_addr { host: "127.5.129.194" port: 46581 } attrs { replace: true } } peers { permanent_uuid: "883312feafcb40daa9b0496ba1c5f7ca" member_type: VOTER last_known_addr { host: "127.5.129.195" port: 42617 } } peers { permanent_uuid: "a96df035d4084fa0b72c89edda7dcd2a" member_type: NON_VOTER last_known_addr { host: "127.5.129.196" port: 43591 } attrs { promote: true } } }
I20260710 11:08:06.219117  6877 raft_consensus.cc:2955] T 05646b7a82bb432cb75714ce27239d65 P 883312feafcb40daa9b0496ba1c5f7ca [term 1 FOLLOWER]: Committing config change with OpId 1.2: config changed from index -1 to 2, NON_VOTER a96df035d4084fa0b72c89edda7dcd2a (127.5.129.196) added. New config: { opid_index: 2 OBSOLETE_local: false peers { permanent_uuid: "0d8c184772f8407e8bf8bb2ed0a39f4f" member_type: VOTER last_known_addr { host: "127.5.129.193" port: 44027 } } peers { permanent_uuid: "d64bad93481b4b59af4136dd35332b96" member_type: VOTER last_known_addr { host: "127.5.129.194" port: 46581 } attrs { replace: true } } peers { permanent_uuid: "883312feafcb40daa9b0496ba1c5f7ca" member_type: VOTER last_known_addr { host: "127.5.129.195" port: 42617 } } peers { permanent_uuid: "a96df035d4084fa0b72c89edda7dcd2a" member_type: NON_VOTER last_known_addr { host: "127.5.129.196" port: 43591 } attrs { promote: true } } }
I20260710 11:08:06.234956  6629 catalog_manager.cc:5697] T 05646b7a82bb432cb75714ce27239d65 P d64bad93481b4b59af4136dd35332b96 reported cstate change: config changed from index -1 to 2, NON_VOTER a96df035d4084fa0b72c89edda7dcd2a (127.5.129.196) added. New cstate: current_term: 1 leader_uuid: "0d8c184772f8407e8bf8bb2ed0a39f4f" committed_config { opid_index: 2 OBSOLETE_local: false peers { permanent_uuid: "0d8c184772f8407e8bf8bb2ed0a39f4f" member_type: VOTER last_known_addr { host: "127.5.129.193" port: 44027 } } peers { permanent_uuid: "d64bad93481b4b59af4136dd35332b96" member_type: VOTER last_known_addr { host: "127.5.129.194" port: 46581 } attrs { replace: true } } peers { permanent_uuid: "883312feafcb40daa9b0496ba1c5f7ca" member_type: VOTER last_known_addr { host: "127.5.129.195" port: 42617 } } peers { permanent_uuid: "a96df035d4084fa0b72c89edda7dcd2a" member_type: NON_VOTER last_known_addr { host: "127.5.129.196" port: 43591 } attrs { promote: true } } }
I20260710 11:08:06.236196  6731 consensus_queue.cc:237] T 19e595cf4127415597e1136be9d1780c P 0d8c184772f8407e8bf8bb2ed0a39f4f [LEADER]: Queue going to LEADER mode. State: All replicated index: 0, Majority replicated index: 1, Committed index: 1, Last appended: 1.1, Last appended by leader: 0, Current term: 1, Majority size: 2, State: 0, Mode: LEADER, active raft config: opid_index: 2 OBSOLETE_local: false peers { permanent_uuid: "0d8c184772f8407e8bf8bb2ed0a39f4f" member_type: VOTER last_known_addr { host: "127.5.129.193" port: 44027 } } peers { permanent_uuid: "d64bad93481b4b59af4136dd35332b96" member_type: VOTER last_known_addr { host: "127.5.129.194" port: 46581 } } peers { permanent_uuid: "883312feafcb40daa9b0496ba1c5f7ca" member_type: VOTER last_known_addr { host: "127.5.129.195" port: 42617 } attrs { replace: true } } peers { permanent_uuid: "a96df035d4084fa0b72c89edda7dcd2a" member_type: NON_VOTER last_known_addr { host: "127.5.129.196" port: 43591 } attrs { promote: true } }
W20260710 11:08:06.247721  6698 consensus_peers.cc:597] T 19e595cf4127415597e1136be9d1780c P 0d8c184772f8407e8bf8bb2ed0a39f4f -> Peer a96df035d4084fa0b72c89edda7dcd2a (127.5.129.196:43591): Couldn't send request to peer a96df035d4084fa0b72c89edda7dcd2a. Error code: TABLET_NOT_FOUND (6). Status: Not found: Tablet not found: 19e595cf4127415597e1136be9d1780c. This is attempt 1: this message will repeat every 5th retry.
I20260710 11:08:06.247857  6877 raft_consensus.cc:1275] T 19e595cf4127415597e1136be9d1780c P 883312feafcb40daa9b0496ba1c5f7ca [term 1 FOLLOWER]: Refusing update from remote peer 0d8c184772f8407e8bf8bb2ed0a39f4f: Log matching property violated. Preceding OpId in replica: term: 1 index: 1. Preceding OpId from leader: term: 1 index: 2. (index mismatch)
I20260710 11:08:06.249439  7463 consensus_queue.cc:1048] T 19e595cf4127415597e1136be9d1780c P 0d8c184772f8407e8bf8bb2ed0a39f4f [LEADER]: Connected to new peer: Peer: permanent_uuid: "883312feafcb40daa9b0496ba1c5f7ca" member_type: VOTER last_known_addr { host: "127.5.129.195" port: 42617 } attrs { replace: true }, Status: LMP_MISMATCH, Last received: 0.0, Next index: 2, Last known committed idx: 1, Time since last communication: 0.001s
I20260710 11:08:06.249656  6804 raft_consensus.cc:1275] T 19e595cf4127415597e1136be9d1780c P d64bad93481b4b59af4136dd35332b96 [term 1 FOLLOWER]: Refusing update from remote peer 0d8c184772f8407e8bf8bb2ed0a39f4f: Log matching property violated. Preceding OpId in replica: term: 1 index: 1. Preceding OpId from leader: term: 1 index: 2. (index mismatch)
I20260710 11:08:06.250998  7463 consensus_queue.cc:1048] T 19e595cf4127415597e1136be9d1780c P 0d8c184772f8407e8bf8bb2ed0a39f4f [LEADER]: Connected to new peer: Peer: permanent_uuid: "d64bad93481b4b59af4136dd35332b96" member_type: VOTER last_known_addr { host: "127.5.129.194" port: 46581 }, Status: LMP_MISMATCH, Last received: 0.0, Next index: 2, Last known committed idx: 1, Time since last communication: 0.000s
I20260710 11:08:06.264173  7459 raft_consensus.cc:2955] T 19e595cf4127415597e1136be9d1780c P 0d8c184772f8407e8bf8bb2ed0a39f4f [term 1 LEADER]: Committing config change with OpId 1.2: config changed from index -1 to 2, NON_VOTER a96df035d4084fa0b72c89edda7dcd2a (127.5.129.196) added. New config: { opid_index: 2 OBSOLETE_local: false peers { permanent_uuid: "0d8c184772f8407e8bf8bb2ed0a39f4f" member_type: VOTER last_known_addr { host: "127.5.129.193" port: 44027 } } peers { permanent_uuid: "d64bad93481b4b59af4136dd35332b96" member_type: VOTER last_known_addr { host: "127.5.129.194" port: 46581 } } peers { permanent_uuid: "883312feafcb40daa9b0496ba1c5f7ca" member_type: VOTER last_known_addr { host: "127.5.129.195" port: 42617 } attrs { replace: true } } peers { permanent_uuid: "a96df035d4084fa0b72c89edda7dcd2a" member_type: NON_VOTER last_known_addr { host: "127.5.129.196" port: 43591 } attrs { promote: true } } }
I20260710 11:08:06.268363  6877 raft_consensus.cc:2955] T 19e595cf4127415597e1136be9d1780c P 883312feafcb40daa9b0496ba1c5f7ca [term 1 FOLLOWER]: Committing config change with OpId 1.2: config changed from index -1 to 2, NON_VOTER a96df035d4084fa0b72c89edda7dcd2a (127.5.129.196) added. New config: { opid_index: 2 OBSOLETE_local: false peers { permanent_uuid: "0d8c184772f8407e8bf8bb2ed0a39f4f" member_type: VOTER last_known_addr { host: "127.5.129.193" port: 44027 } } peers { permanent_uuid: "d64bad93481b4b59af4136dd35332b96" member_type: VOTER last_known_addr { host: "127.5.129.194" port: 46581 } } peers { permanent_uuid: "883312feafcb40daa9b0496ba1c5f7ca" member_type: VOTER last_known_addr { host: "127.5.129.195" port: 42617 } attrs { replace: true } } peers { permanent_uuid: "a96df035d4084fa0b72c89edda7dcd2a" member_type: NON_VOTER last_known_addr { host: "127.5.129.196" port: 43591 } attrs { promote: true } } }
I20260710 11:08:06.268041  6804 raft_consensus.cc:2955] T 19e595cf4127415597e1136be9d1780c P d64bad93481b4b59af4136dd35332b96 [term 1 FOLLOWER]: Committing config change with OpId 1.2: config changed from index -1 to 2, NON_VOTER a96df035d4084fa0b72c89edda7dcd2a (127.5.129.196) added. New config: { opid_index: 2 OBSOLETE_local: false peers { permanent_uuid: "0d8c184772f8407e8bf8bb2ed0a39f4f" member_type: VOTER last_known_addr { host: "127.5.129.193" port: 44027 } } peers { permanent_uuid: "d64bad93481b4b59af4136dd35332b96" member_type: VOTER last_known_addr { host: "127.5.129.194" port: 46581 } } peers { permanent_uuid: "883312feafcb40daa9b0496ba1c5f7ca" member_type: VOTER last_known_addr { host: "127.5.129.195" port: 42617 } attrs { replace: true } } peers { permanent_uuid: "a96df035d4084fa0b72c89edda7dcd2a" member_type: NON_VOTER last_known_addr { host: "127.5.129.196" port: 43591 } attrs { promote: true } } }
I20260710 11:08:06.281728  6627 catalog_manager.cc:5697] T 19e595cf4127415597e1136be9d1780c P 0d8c184772f8407e8bf8bb2ed0a39f4f reported cstate change: config changed from index -1 to 2, NON_VOTER a96df035d4084fa0b72c89edda7dcd2a (127.5.129.196) added. New cstate: current_term: 1 leader_uuid: "0d8c184772f8407e8bf8bb2ed0a39f4f" committed_config { opid_index: 2 OBSOLETE_local: false peers { permanent_uuid: "0d8c184772f8407e8bf8bb2ed0a39f4f" member_type: VOTER last_known_addr { host: "127.5.129.193" port: 44027 } health_report { overall_health: HEALTHY } } peers { permanent_uuid: "d64bad93481b4b59af4136dd35332b96" member_type: VOTER last_known_addr { host: "127.5.129.194" port: 46581 } health_report { overall_health: HEALTHY } } peers { permanent_uuid: "883312feafcb40daa9b0496ba1c5f7ca" member_type: VOTER last_known_addr { host: "127.5.129.195" port: 42617 } attrs { replace: true } health_report { overall_health: HEALTHY } } peers { permanent_uuid: "a96df035d4084fa0b72c89edda7dcd2a" member_type: NON_VOTER last_known_addr { host: "127.5.129.196" port: 43591 } attrs { promote: true } health_report { overall_health: UNKNOWN } } }
I20260710 11:08:06.746986  7472 ts_tablet_manager.cc:933] T 19e595cf4127415597e1136be9d1780c P a96df035d4084fa0b72c89edda7dcd2a: Initiating tablet copy from peer 0d8c184772f8407e8bf8bb2ed0a39f4f (127.5.129.193:44027)
I20260710 11:08:06.749221  7472 tablet_copy_client.cc:323] T 19e595cf4127415597e1136be9d1780c P a96df035d4084fa0b72c89edda7dcd2a: tablet copy: Beginning tablet copy session from remote peer at address 127.5.129.193:44027
I20260710 11:08:06.751092  6742 tablet_copy_service.cc:140] P 0d8c184772f8407e8bf8bb2ed0a39f4f: Received BeginTabletCopySession request for tablet 19e595cf4127415597e1136be9d1780c from peer a96df035d4084fa0b72c89edda7dcd2a ({username='slave'} at 127.0.0.1:37640)
I20260710 11:08:06.751742  6742 tablet_copy_service.cc:161] P 0d8c184772f8407e8bf8bb2ed0a39f4f: Beginning new tablet copy session on tablet 19e595cf4127415597e1136be9d1780c from peer a96df035d4084fa0b72c89edda7dcd2a at {username='slave'} at 127.0.0.1:37640: session id = a96df035d4084fa0b72c89edda7dcd2a-19e595cf4127415597e1136be9d1780c
I20260710 11:08:06.760015  6742 tablet_copy_source_session.cc:215] T 19e595cf4127415597e1136be9d1780c P 0d8c184772f8407e8bf8bb2ed0a39f4f: Tablet Copy: opened 0 blocks and 1 log segments
I20260710 11:08:06.764936  7472 data_dirs.cc:400] Could only allocate 1 dirs of requested 3 for tablet 19e595cf4127415597e1136be9d1780c. 1 dirs total, 0 dirs full, 0 dirs failed
I20260710 11:08:06.781129  7472 tablet_copy_client.cc:806] T 19e595cf4127415597e1136be9d1780c P a96df035d4084fa0b72c89edda7dcd2a: tablet copy: Starting download of 0 data blocks...
I20260710 11:08:06.781749  7472 tablet_copy_client.cc:670] T 19e595cf4127415597e1136be9d1780c P a96df035d4084fa0b72c89edda7dcd2a: tablet copy: Starting download of 1 WAL segments...
I20260710 11:08:06.786201  7472 tablet_copy_client.cc:538] T 19e595cf4127415597e1136be9d1780c P a96df035d4084fa0b72c89edda7dcd2a: tablet copy: Tablet Copy complete. Replacing tablet superblock.
I20260710 11:08:06.795678  7472 tablet_bootstrap.cc:492] T 19e595cf4127415597e1136be9d1780c P a96df035d4084fa0b72c89edda7dcd2a: Bootstrap starting.
I20260710 11:08:06.810917  7472 tablet_bootstrap.cc:492] T 19e595cf4127415597e1136be9d1780c P a96df035d4084fa0b72c89edda7dcd2a: Bootstrap replayed 1/1 log segments. Stats: ops{read=2 overwritten=0 applied=2 ignored=0} inserts{seen=0 ignored=0} mutations{seen=0 ignored=0} orphaned_commits=0. Pending: 0 replicates
I20260710 11:08:06.811741  7472 tablet_bootstrap.cc:492] T 19e595cf4127415597e1136be9d1780c P a96df035d4084fa0b72c89edda7dcd2a: Bootstrap complete.
I20260710 11:08:06.812347  7472 ts_tablet_manager.cc:1403] T 19e595cf4127415597e1136be9d1780c P a96df035d4084fa0b72c89edda7dcd2a: Time spent bootstrapping tablet: real 0.017s	user 0.011s	sys 0.005s
I20260710 11:08:06.815338  7472 raft_consensus.cc:359] T 19e595cf4127415597e1136be9d1780c P a96df035d4084fa0b72c89edda7dcd2a [term 1 LEARNER]: Replica starting. Triggering 0 pending ops. Active config: opid_index: 2 OBSOLETE_local: false peers { permanent_uuid: "0d8c184772f8407e8bf8bb2ed0a39f4f" member_type: VOTER last_known_addr { host: "127.5.129.193" port: 44027 } } peers { permanent_uuid: "d64bad93481b4b59af4136dd35332b96" member_type: VOTER last_known_addr { host: "127.5.129.194" port: 46581 } } peers { permanent_uuid: "883312feafcb40daa9b0496ba1c5f7ca" member_type: VOTER last_known_addr { host: "127.5.129.195" port: 42617 } attrs { replace: true } } peers { permanent_uuid: "a96df035d4084fa0b72c89edda7dcd2a" member_type: NON_VOTER last_known_addr { host: "127.5.129.196" port: 43591 } attrs { promote: true } }
I20260710 11:08:06.816031  7472 raft_consensus.cc:740] T 19e595cf4127415597e1136be9d1780c P a96df035d4084fa0b72c89edda7dcd2a [term 1 LEARNER]: Becoming Follower/Learner. State: Replica: a96df035d4084fa0b72c89edda7dcd2a, State: Initialized, Role: LEARNER
I20260710 11:08:06.816601  7472 consensus_queue.cc:260] T 19e595cf4127415597e1136be9d1780c P a96df035d4084fa0b72c89edda7dcd2a [NON_LEADER]: Queue going to NON_LEADER mode. State: All replicated index: 0, Majority replicated index: 0, Committed index: 2, Last appended: 1.2, Last appended by leader: 2, Current term: 0, Majority size: -1, State: 0, Mode: NON_LEADER, active raft config: opid_index: 2 OBSOLETE_local: false peers { permanent_uuid: "0d8c184772f8407e8bf8bb2ed0a39f4f" member_type: VOTER last_known_addr { host: "127.5.129.193" port: 44027 } } peers { permanent_uuid: "d64bad93481b4b59af4136dd35332b96" member_type: VOTER last_known_addr { host: "127.5.129.194" port: 46581 } } peers { permanent_uuid: "883312feafcb40daa9b0496ba1c5f7ca" member_type: VOTER last_known_addr { host: "127.5.129.195" port: 42617 } attrs { replace: true } } peers { permanent_uuid: "a96df035d4084fa0b72c89edda7dcd2a" member_type: NON_VOTER last_known_addr { host: "127.5.129.196" port: 43591 } attrs { promote: true } }
I20260710 11:08:06.819607  7472 ts_tablet_manager.cc:1434] T 19e595cf4127415597e1136be9d1780c P a96df035d4084fa0b72c89edda7dcd2a: Time spent starting tablet: real 0.007s	user 0.004s	sys 0.004s
I20260710 11:08:06.821079  6742 tablet_copy_service.cc:342] P 0d8c184772f8407e8bf8bb2ed0a39f4f: Request end of tablet copy session a96df035d4084fa0b72c89edda7dcd2a-19e595cf4127415597e1136be9d1780c received from {username='slave'} at 127.0.0.1:37640
I20260710 11:08:06.821517  6742 tablet_copy_service.cc:434] P 0d8c184772f8407e8bf8bb2ed0a39f4f: ending tablet copy session a96df035d4084fa0b72c89edda7dcd2a-19e595cf4127415597e1136be9d1780c on tablet 19e595cf4127415597e1136be9d1780c with peer a96df035d4084fa0b72c89edda7dcd2a
I20260710 11:08:06.830308  7472 ts_tablet_manager.cc:933] T 05646b7a82bb432cb75714ce27239d65 P a96df035d4084fa0b72c89edda7dcd2a: Initiating tablet copy from peer 0d8c184772f8407e8bf8bb2ed0a39f4f (127.5.129.193:44027)
I20260710 11:08:06.831717  7472 tablet_copy_client.cc:323] T 05646b7a82bb432cb75714ce27239d65 P a96df035d4084fa0b72c89edda7dcd2a: tablet copy: Beginning tablet copy session from remote peer at address 127.5.129.193:44027
I20260710 11:08:06.833420  6742 tablet_copy_service.cc:140] P 0d8c184772f8407e8bf8bb2ed0a39f4f: Received BeginTabletCopySession request for tablet 05646b7a82bb432cb75714ce27239d65 from peer a96df035d4084fa0b72c89edda7dcd2a ({username='slave'} at 127.0.0.1:37640)
I20260710 11:08:06.834079  6742 tablet_copy_service.cc:161] P 0d8c184772f8407e8bf8bb2ed0a39f4f: Beginning new tablet copy session on tablet 05646b7a82bb432cb75714ce27239d65 from peer a96df035d4084fa0b72c89edda7dcd2a at {username='slave'} at 127.0.0.1:37640: session id = a96df035d4084fa0b72c89edda7dcd2a-05646b7a82bb432cb75714ce27239d65
I20260710 11:08:06.841399  6742 tablet_copy_source_session.cc:215] T 05646b7a82bb432cb75714ce27239d65 P 0d8c184772f8407e8bf8bb2ed0a39f4f: Tablet Copy: opened 0 blocks and 1 log segments
I20260710 11:08:06.844480  7472 data_dirs.cc:400] Could only allocate 1 dirs of requested 3 for tablet 05646b7a82bb432cb75714ce27239d65. 1 dirs total, 0 dirs full, 0 dirs failed
I20260710 11:08:06.858875  7472 tablet_copy_client.cc:806] T 05646b7a82bb432cb75714ce27239d65 P a96df035d4084fa0b72c89edda7dcd2a: tablet copy: Starting download of 0 data blocks...
I20260710 11:08:06.859360  7472 tablet_copy_client.cc:670] T 05646b7a82bb432cb75714ce27239d65 P a96df035d4084fa0b72c89edda7dcd2a: tablet copy: Starting download of 1 WAL segments...
I20260710 11:08:06.862210  7472 tablet_copy_client.cc:538] T 05646b7a82bb432cb75714ce27239d65 P a96df035d4084fa0b72c89edda7dcd2a: tablet copy: Tablet Copy complete. Replacing tablet superblock.
I20260710 11:08:06.867969  7472 tablet_bootstrap.cc:492] T 05646b7a82bb432cb75714ce27239d65 P a96df035d4084fa0b72c89edda7dcd2a: Bootstrap starting.
I20260710 11:08:06.884225  7472 tablet_bootstrap.cc:492] T 05646b7a82bb432cb75714ce27239d65 P a96df035d4084fa0b72c89edda7dcd2a: Bootstrap replayed 1/1 log segments. Stats: ops{read=2 overwritten=0 applied=2 ignored=0} inserts{seen=0 ignored=0} mutations{seen=0 ignored=0} orphaned_commits=0. Pending: 0 replicates
I20260710 11:08:06.884851  7472 tablet_bootstrap.cc:492] T 05646b7a82bb432cb75714ce27239d65 P a96df035d4084fa0b72c89edda7dcd2a: Bootstrap complete.
I20260710 11:08:06.885326  7472 ts_tablet_manager.cc:1403] T 05646b7a82bb432cb75714ce27239d65 P a96df035d4084fa0b72c89edda7dcd2a: Time spent bootstrapping tablet: real 0.018s	user 0.009s	sys 0.007s
I20260710 11:08:06.887367  7472 raft_consensus.cc:359] T 05646b7a82bb432cb75714ce27239d65 P a96df035d4084fa0b72c89edda7dcd2a [term 1 LEARNER]: Replica starting. Triggering 0 pending ops. Active config: opid_index: 2 OBSOLETE_local: false peers { permanent_uuid: "0d8c184772f8407e8bf8bb2ed0a39f4f" member_type: VOTER last_known_addr { host: "127.5.129.193" port: 44027 } } peers { permanent_uuid: "d64bad93481b4b59af4136dd35332b96" member_type: VOTER last_known_addr { host: "127.5.129.194" port: 46581 } attrs { replace: true } } peers { permanent_uuid: "883312feafcb40daa9b0496ba1c5f7ca" member_type: VOTER last_known_addr { host: "127.5.129.195" port: 42617 } } peers { permanent_uuid: "a96df035d4084fa0b72c89edda7dcd2a" member_type: NON_VOTER last_known_addr { host: "127.5.129.196" port: 43591 } attrs { promote: true } }
I20260710 11:08:06.887924  7472 raft_consensus.cc:740] T 05646b7a82bb432cb75714ce27239d65 P a96df035d4084fa0b72c89edda7dcd2a [term 1 LEARNER]: Becoming Follower/Learner. State: Replica: a96df035d4084fa0b72c89edda7dcd2a, State: Initialized, Role: LEARNER
I20260710 11:08:06.888384  7472 consensus_queue.cc:260] T 05646b7a82bb432cb75714ce27239d65 P a96df035d4084fa0b72c89edda7dcd2a [NON_LEADER]: Queue going to NON_LEADER mode. State: All replicated index: 0, Majority replicated index: 0, Committed index: 2, Last appended: 1.2, Last appended by leader: 2, Current term: 0, Majority size: -1, State: 0, Mode: NON_LEADER, active raft config: opid_index: 2 OBSOLETE_local: false peers { permanent_uuid: "0d8c184772f8407e8bf8bb2ed0a39f4f" member_type: VOTER last_known_addr { host: "127.5.129.193" port: 44027 } } peers { permanent_uuid: "d64bad93481b4b59af4136dd35332b96" member_type: VOTER last_known_addr { host: "127.5.129.194" port: 46581 } attrs { replace: true } } peers { permanent_uuid: "883312feafcb40daa9b0496ba1c5f7ca" member_type: VOTER last_known_addr { host: "127.5.129.195" port: 42617 } } peers { permanent_uuid: "a96df035d4084fa0b72c89edda7dcd2a" member_type: NON_VOTER last_known_addr { host: "127.5.129.196" port: 43591 } attrs { promote: true } }
I20260710 11:08:06.890301  7472 ts_tablet_manager.cc:1434] T 05646b7a82bb432cb75714ce27239d65 P a96df035d4084fa0b72c89edda7dcd2a: Time spent starting tablet: real 0.005s	user 0.003s	sys 0.005s
I20260710 11:08:06.892122  6742 tablet_copy_service.cc:342] P 0d8c184772f8407e8bf8bb2ed0a39f4f: Request end of tablet copy session a96df035d4084fa0b72c89edda7dcd2a-05646b7a82bb432cb75714ce27239d65 received from {username='slave'} at 127.0.0.1:37640
I20260710 11:08:06.892481  6742 tablet_copy_service.cc:434] P 0d8c184772f8407e8bf8bb2ed0a39f4f: ending tablet copy session a96df035d4084fa0b72c89edda7dcd2a-05646b7a82bb432cb75714ce27239d65 on tablet 05646b7a82bb432cb75714ce27239d65 with peer a96df035d4084fa0b72c89edda7dcd2a
