I20260710 10:59:56.121071 11515 tablet_service.cc:1917] Received RequestConsensusVote() RPC: tablet_id: "ba5975e300e74e4ea8a5fcf6172e56b4" candidate_uuid: "a6bfd99e78ec47cba035b909e6ced5cc" candidate_term: 1 candidate_status { last_received { term: 0 index: 0 } } ignore_live_leader: false dest_uuid: "60c4bca1bb57477e861cfeeed26ca8fe" is_pre_election: true
I20260710 10:59:56.122270 11630 leader_election.cc:304] T ba5975e300e74e4ea8a5fcf6172e56b4 P a6bfd99e78ec47cba035b909e6ced5cc [CANDIDATE]: Term 1 pre-election: Election decided. Result: candidate lost. Election summary: received 3 responses out of 3 voters: 1 yes votes; 2 no votes. yes voters: a6bfd99e78ec47cba035b909e6ced5cc; no voters: 60c4bca1bb57477e861cfeeed26ca8fe, f73c76697b4b4651b8adb32af0247015
I20260710 10:59:56.122905 11746 raft_consensus.cc:3060] T ba5975e300e74e4ea8a5fcf6172e56b4 P a6bfd99e78ec47cba035b909e6ced5cc [term 0 FOLLOWER]: Advancing to term 1
I20260710 10:59:56.128187 11746 raft_consensus.cc:2749] T ba5975e300e74e4ea8a5fcf6172e56b4 P a6bfd99e78ec47cba035b909e6ced5cc [term 1 FOLLOWER]: Leader pre-election lost for term 1. Reason: could not achieve majority
I20260710 10:59:56.133183 11665 tablet_service.cc:2072] Received LeaderStepDown RPC: tablet_id: "3b0f02694869446bab5b5b99afda0272"
dest_uuid: "a6bfd99e78ec47cba035b909e6ced5cc"
mode: GRACEFUL
new_leader_uuid: "60c4bca1bb57477e861cfeeed26ca8fe"
 from {username='slave'} at 127.0.0.1:54464
I20260710 10:59:56.133675 11665 raft_consensus.cc:606] T 3b0f02694869446bab5b5b99afda0272 P a6bfd99e78ec47cba035b909e6ced5cc [term 1 LEADER]: Received request to transfer leadership to TS 60c4bca1bb57477e861cfeeed26ca8fe
I20260710 10:59:56.137324 11746 consensus_queue.cc:1048] T 0c399fc076d74a8c98b7edfe6b9209a1 P a6bfd99e78ec47cba035b909e6ced5cc [LEADER]: Connected to new peer: Peer: permanent_uuid: "f73c76697b4b4651b8adb32af0247015" member_type: VOTER last_known_addr { host: "127.10.155.66" port: 46631 }, Status: LMP_MISMATCH, Last received: 0.0, Next index: 1, Last known committed idx: 0, Time since last communication: 0.000s
I20260710 10:59:56.148804 11746 consensus_queue.cc:1048] T 0c399fc076d74a8c98b7edfe6b9209a1 P a6bfd99e78ec47cba035b909e6ced5cc [LEADER]: Connected to new peer: Peer: permanent_uuid: "60c4bca1bb57477e861cfeeed26ca8fe" member_type: VOTER last_known_addr { host: "127.10.155.65" port: 40415 }, Status: LMP_MISMATCH, Last received: 0.0, Next index: 1, Last known committed idx: 0, Time since last communication: 0.000s
I20260710 10:59:56.149673 11665 tablet_service.cc:2072] Received LeaderStepDown RPC: tablet_id: "e7478b744aee4090b84617b869737ee0"
dest_uuid: "a6bfd99e78ec47cba035b909e6ced5cc"
mode: GRACEFUL
new_leader_uuid: "60c4bca1bb57477e861cfeeed26ca8fe"
 from {username='slave'} at 127.0.0.1:54464
I20260710 10:59:56.150264 11665 raft_consensus.cc:606] T e7478b744aee4090b84617b869737ee0 P a6bfd99e78ec47cba035b909e6ced5cc [term 1 LEADER]: Received request to transfer leadership to TS 60c4bca1bb57477e861cfeeed26ca8fe
I20260710 10:59:56.156613 11665 tablet_service.cc:2072] Received LeaderStepDown RPC: tablet_id: "0c399fc076d74a8c98b7edfe6b9209a1"
dest_uuid: "a6bfd99e78ec47cba035b909e6ced5cc"
mode: GRACEFUL
new_leader_uuid: "f73c76697b4b4651b8adb32af0247015"
 from {username='slave'} at 127.0.0.1:54464
I20260710 10:59:56.157060 11665 raft_consensus.cc:606] T 0c399fc076d74a8c98b7edfe6b9209a1 P a6bfd99e78ec47cba035b909e6ced5cc [term 1 LEADER]: Received request to transfer leadership to TS f73c76697b4b4651b8adb32af0247015
I20260710 10:59:56.163632 11735 consensus_queue.cc:1048] T be4ec1ccff254684b4bab64281668d49 P 60c4bca1bb57477e861cfeeed26ca8fe [LEADER]: Connected to new peer: Peer: permanent_uuid: "a6bfd99e78ec47cba035b909e6ced5cc" member_type: VOTER last_known_addr { host: "127.10.155.67" port: 35627 }, Status: LMP_MISMATCH, Last received: 0.0, Next index: 1, Last known committed idx: 0, Time since last communication: 0.000s
I20260710 10:59:56.175519 11759 consensus_queue.cc:1048] T be4ec1ccff254684b4bab64281668d49 P 60c4bca1bb57477e861cfeeed26ca8fe [LEADER]: Connected to new peer: Peer: permanent_uuid: "f73c76697b4b4651b8adb32af0247015" member_type: VOTER last_known_addr { host: "127.10.155.66" port: 46631 }, Status: LMP_MISMATCH, Last received: 0.0, Next index: 1, Last known committed idx: 0, Time since last communication: 0.000s
I20260710 10:59:56.177412 11515 tablet_service.cc:2072] Received LeaderStepDown RPC: tablet_id: "ba5975e300e74e4ea8a5fcf6172e56b4"
dest_uuid: "60c4bca1bb57477e861cfeeed26ca8fe"
mode: GRACEFUL
new_leader_uuid: "f73c76697b4b4651b8adb32af0247015"
 from {username='slave'} at 127.0.0.1:51850
I20260710 10:59:56.178013 11515 raft_consensus.cc:606] T ba5975e300e74e4ea8a5fcf6172e56b4 P 60c4bca1bb57477e861cfeeed26ca8fe [term 1 LEADER]: Received request to transfer leadership to TS f73c76697b4b4651b8adb32af0247015
I20260710 10:59:56.194965 11712 consensus_queue.cc:1048] T ba5975e300e74e4ea8a5fcf6172e56b4 P 60c4bca1bb57477e861cfeeed26ca8fe [LEADER]: Connected to new peer: Peer: permanent_uuid: "a6bfd99e78ec47cba035b909e6ced5cc" member_type: VOTER last_known_addr { host: "127.10.155.67" port: 35627 }, Status: LMP_MISMATCH, Last received: 0.0, Next index: 1, Last known committed idx: 0, Time since last communication: 0.000s
I20260710 10:59:56.207226 11735 consensus_queue.cc:1048] T ba5975e300e74e4ea8a5fcf6172e56b4 P 60c4bca1bb57477e861cfeeed26ca8fe [LEADER]: Connected to new peer: Peer: permanent_uuid: "f73c76697b4b4651b8adb32af0247015" member_type: VOTER last_known_addr { host: "127.10.155.66" port: 46631 }, Status: LMP_MISMATCH, Last received: 0.0, Next index: 1, Last known committed idx: 0, Time since last communication: 0.000s
I20260710 10:59:56.208063 11714 consensus_queue.cc:1048] T a607d201c4a748488d65ccc85c717167 P f73c76697b4b4651b8adb32af0247015 [LEADER]: Connected to new peer: Peer: permanent_uuid: "60c4bca1bb57477e861cfeeed26ca8fe" member_type: VOTER last_known_addr { host: "127.10.155.65" port: 40415 }, Status: LMP_MISMATCH, Last received: 0.0, Next index: 1, Last known committed idx: 0, Time since last communication: 0.000s
I20260710 10:59:56.218099 11735 raft_consensus.cc:993] T ba5975e300e74e4ea8a5fcf6172e56b4 P 60c4bca1bb57477e861cfeeed26ca8fe: : Instructing follower f73c76697b4b4651b8adb32af0247015 to start an election
I20260710 10:59:56.218537 11735 raft_consensus.cc:1081] T ba5975e300e74e4ea8a5fcf6172e56b4 P 60c4bca1bb57477e861cfeeed26ca8fe [term 1 LEADER]: Signalling peer f73c76697b4b4651b8adb32af0247015 to start an election
I20260710 10:59:56.219339 11714 consensus_queue.cc:1048] T a607d201c4a748488d65ccc85c717167 P f73c76697b4b4651b8adb32af0247015 [LEADER]: Connected to new peer: Peer: permanent_uuid: "a6bfd99e78ec47cba035b909e6ced5cc" member_type: VOTER last_known_addr { host: "127.10.155.67" port: 35627 }, Status: LMP_MISMATCH, Last received: 0.0, Next index: 1, Last known committed idx: 0, Time since last communication: 0.000s
I20260710 10:59:56.221271 11590 tablet_service.cc:2044] Received Run Leader Election RPC: tablet_id: "ba5975e300e74e4ea8a5fcf6172e56b4"
dest_uuid: "f73c76697b4b4651b8adb32af0247015"
 from {username='slave'} at 127.0.0.1:40488
I20260710 10:59:56.221856 11590 raft_consensus.cc:493] T ba5975e300e74e4ea8a5fcf6172e56b4 P f73c76697b4b4651b8adb32af0247015 [term 1 FOLLOWER]: Starting forced leader election (received explicit request)
I20260710 10:59:56.222224 11590 raft_consensus.cc:3060] T ba5975e300e74e4ea8a5fcf6172e56b4 P f73c76697b4b4651b8adb32af0247015 [term 1 FOLLOWER]: Advancing to term 2
I20260710 10:59:56.228686 11590 raft_consensus.cc:515] T ba5975e300e74e4ea8a5fcf6172e56b4 P f73c76697b4b4651b8adb32af0247015 [term 2 FOLLOWER]: Starting forced leader election with config: opid_index: -1 OBSOLETE_local: false peers { permanent_uuid: "60c4bca1bb57477e861cfeeed26ca8fe" member_type: VOTER last_known_addr { host: "127.10.155.65" port: 40415 } } peers { permanent_uuid: "f73c76697b4b4651b8adb32af0247015" member_type: VOTER last_known_addr { host: "127.10.155.66" port: 46631 } } peers { permanent_uuid: "a6bfd99e78ec47cba035b909e6ced5cc" member_type: VOTER last_known_addr { host: "127.10.155.67" port: 35627 } }
I20260710 10:59:56.230636 11590 leader_election.cc:290] T ba5975e300e74e4ea8a5fcf6172e56b4 P f73c76697b4b4651b8adb32af0247015 [CANDIDATE]: Term 2 election: Requested vote from peers 60c4bca1bb57477e861cfeeed26ca8fe (127.10.155.65:40415), a6bfd99e78ec47cba035b909e6ced5cc (127.10.155.67:35627)
I20260710 10:59:56.232100 11515 tablet_service.cc:1917] Received RequestConsensusVote() RPC: tablet_id: "ba5975e300e74e4ea8a5fcf6172e56b4" candidate_uuid: "f73c76697b4b4651b8adb32af0247015" candidate_term: 2 candidate_status { last_received { term: 1 index: 1 } } ignore_live_leader: true dest_uuid: "60c4bca1bb57477e861cfeeed26ca8fe"
I20260710 10:59:56.232115 11665 tablet_service.cc:1917] Received RequestConsensusVote() RPC: tablet_id: "ba5975e300e74e4ea8a5fcf6172e56b4" candidate_uuid: "f73c76697b4b4651b8adb32af0247015" candidate_term: 2 candidate_status { last_received { term: 1 index: 1 } } ignore_live_leader: true dest_uuid: "a6bfd99e78ec47cba035b909e6ced5cc"
I20260710 10:59:56.232811 11515 raft_consensus.cc:3055] T ba5975e300e74e4ea8a5fcf6172e56b4 P 60c4bca1bb57477e861cfeeed26ca8fe [term 1 LEADER]: Stepping down as leader of term 1
I20260710 10:59:56.232924 11665 raft_consensus.cc:3060] T ba5975e300e74e4ea8a5fcf6172e56b4 P a6bfd99e78ec47cba035b909e6ced5cc [term 1 FOLLOWER]: Advancing to term 2
I20260710 10:59:56.233186 11515 raft_consensus.cc:740] T ba5975e300e74e4ea8a5fcf6172e56b4 P 60c4bca1bb57477e861cfeeed26ca8fe [term 1 LEADER]: Becoming Follower/Learner. State: Replica: 60c4bca1bb57477e861cfeeed26ca8fe, State: Running, Role: LEADER
I20260710 10:59:56.235579 11515 consensus_queue.cc:260] T ba5975e300e74e4ea8a5fcf6172e56b4 P 60c4bca1bb57477e861cfeeed26ca8fe [NON_LEADER]: Queue going to NON_LEADER mode. State: All replicated index: 0, Majority replicated index: 1, Committed index: 1, Last appended: 1.1, Last appended by leader: 1, Current term: 1, Majority size: -1, State: 0, Mode: NON_LEADER, active raft config: opid_index: -1 OBSOLETE_local: false peers { permanent_uuid: "60c4bca1bb57477e861cfeeed26ca8fe" member_type: VOTER last_known_addr { host: "127.10.155.65" port: 40415 } } peers { permanent_uuid: "f73c76697b4b4651b8adb32af0247015" member_type: VOTER last_known_addr { host: "127.10.155.66" port: 46631 } } peers { permanent_uuid: "a6bfd99e78ec47cba035b909e6ced5cc" member_type: VOTER last_known_addr { host: "127.10.155.67" port: 35627 } }
I20260710 10:59:56.236814 11515 raft_consensus.cc:3060] T ba5975e300e74e4ea8a5fcf6172e56b4 P 60c4bca1bb57477e861cfeeed26ca8fe [term 1 FOLLOWER]: Advancing to term 2
I20260710 10:59:56.241180 11515 raft_consensus.cc:2468] T ba5975e300e74e4ea8a5fcf6172e56b4 P 60c4bca1bb57477e861cfeeed26ca8fe [term 2 FOLLOWER]: Leader election vote request: Granting yes vote for candidate f73c76697b4b4651b8adb32af0247015 in term 2.
I20260710 10:59:56.240934 11665 raft_consensus.cc:2468] T ba5975e300e74e4ea8a5fcf6172e56b4 P a6bfd99e78ec47cba035b909e6ced5cc [term 2 FOLLOWER]: Leader election vote request: Granting yes vote for candidate f73c76697b4b4651b8adb32af0247015 in term 2.
I20260710 10:59:56.242201 11556 leader_election.cc:304] T ba5975e300e74e4ea8a5fcf6172e56b4 P f73c76697b4b4651b8adb32af0247015 [CANDIDATE]: Term 2 election: Election decided. Result: candidate won. Election summary: received 2 responses out of 3 voters: 2 yes votes; 0 no votes. yes voters: 60c4bca1bb57477e861cfeeed26ca8fe, f73c76697b4b4651b8adb32af0247015; no voters: 
I20260710 10:59:56.242789 11714 raft_consensus.cc:2804] T ba5975e300e74e4ea8a5fcf6172e56b4 P f73c76697b4b4651b8adb32af0247015 [term 2 FOLLOWER]: Leader election won for term 2
I20260710 10:59:56.243180 11714 raft_consensus.cc:697] T ba5975e300e74e4ea8a5fcf6172e56b4 P f73c76697b4b4651b8adb32af0247015 [term 2 LEADER]: Becoming Leader. State: Replica: f73c76697b4b4651b8adb32af0247015, State: Running, Role: LEADER
I20260710 10:59:56.243909 11714 consensus_queue.cc:237] T ba5975e300e74e4ea8a5fcf6172e56b4 P f73c76697b4b4651b8adb32af0247015 [LEADER]: Queue going to LEADER mode. State: All replicated index: 0, Majority replicated index: 1, Committed index: 1, Last appended: 1.1, Last appended by leader: 1, Current term: 2, Majority size: 2, State: 0, Mode: LEADER, active raft config: opid_index: -1 OBSOLETE_local: false peers { permanent_uuid: "60c4bca1bb57477e861cfeeed26ca8fe" member_type: VOTER last_known_addr { host: "127.10.155.65" port: 40415 } } peers { permanent_uuid: "f73c76697b4b4651b8adb32af0247015" member_type: VOTER last_known_addr { host: "127.10.155.66" port: 46631 } } peers { permanent_uuid: "a6bfd99e78ec47cba035b909e6ced5cc" member_type: VOTER last_known_addr { host: "127.10.155.67" port: 35627 } }
I20260710 10:59:56.249410 11412 catalog_manager.cc:5697] T ba5975e300e74e4ea8a5fcf6172e56b4 P f73c76697b4b4651b8adb32af0247015 reported cstate change: term changed from 1 to 2, leader changed from 60c4bca1bb57477e861cfeeed26ca8fe (127.10.155.65) to f73c76697b4b4651b8adb32af0247015 (127.10.155.66). New cstate: current_term: 2 leader_uuid: "f73c76697b4b4651b8adb32af0247015" committed_config { opid_index: -1 OBSOLETE_local: false peers { permanent_uuid: "60c4bca1bb57477e861cfeeed26ca8fe" member_type: VOTER last_known_addr { host: "127.10.155.65" port: 40415 } health_report { overall_health: UNKNOWN } } peers { permanent_uuid: "f73c76697b4b4651b8adb32af0247015" member_type: VOTER last_known_addr { host: "127.10.155.66" port: 46631 } health_report { overall_health: HEALTHY } } peers { permanent_uuid: "a6bfd99e78ec47cba035b909e6ced5cc" member_type: VOTER last_known_addr { host: "127.10.155.67" port: 35627 } health_report { overall_health: UNKNOWN } } }
I20260710 10:59:56.337646 11753 consensus_queue.cc:1048] T 3cfcba5dc3e14c698ef048eebc27c053 P a6bfd99e78ec47cba035b909e6ced5cc [LEADER]: Connected to new peer: Peer: permanent_uuid: "60c4bca1bb57477e861cfeeed26ca8fe" member_type: VOTER last_known_addr { host: "127.10.155.65" port: 40415 }, Status: LMP_MISMATCH, Last received: 0.0, Next index: 1, Last known committed idx: 0, Time since last communication: 0.000s
I20260710 10:59:56.347937 11746 consensus_queue.cc:1048] T 3cfcba5dc3e14c698ef048eebc27c053 P a6bfd99e78ec47cba035b909e6ced5cc [LEADER]: Connected to new peer: Peer: permanent_uuid: "f73c76697b4b4651b8adb32af0247015" member_type: VOTER last_known_addr { host: "127.10.155.66" port: 46631 }, Status: LMP_MISMATCH, Last received: 0.0, Next index: 1, Last known committed idx: 0, Time since last communication: 0.000s
I20260710 10:59:56.415833 11746 raft_consensus.cc:993] T 3b0f02694869446bab5b5b99afda0272 P a6bfd99e78ec47cba035b909e6ced5cc: : Instructing follower 60c4bca1bb57477e861cfeeed26ca8fe to start an election
I20260710 10:59:56.416237 11757 raft_consensus.cc:1081] T 3b0f02694869446bab5b5b99afda0272 P a6bfd99e78ec47cba035b909e6ced5cc [term 1 LEADER]: Signalling peer 60c4bca1bb57477e861cfeeed26ca8fe to start an election
I20260710 10:59:56.417631 11516 tablet_service.cc:2044] Received Run Leader Election RPC: tablet_id: "3b0f02694869446bab5b5b99afda0272"
dest_uuid: "60c4bca1bb57477e861cfeeed26ca8fe"
 from {username='slave'} at 127.0.0.1:51844
I20260710 10:59:56.418177 11516 raft_consensus.cc:493] T 3b0f02694869446bab5b5b99afda0272 P 60c4bca1bb57477e861cfeeed26ca8fe [term 1 FOLLOWER]: Starting forced leader election (received explicit request)
I20260710 10:59:56.418537 11516 raft_consensus.cc:3060] T 3b0f02694869446bab5b5b99afda0272 P 60c4bca1bb57477e861cfeeed26ca8fe [term 1 FOLLOWER]: Advancing to term 2
I20260710 10:59:56.423393 11516 raft_consensus.cc:515] T 3b0f02694869446bab5b5b99afda0272 P 60c4bca1bb57477e861cfeeed26ca8fe [term 2 FOLLOWER]: Starting forced leader election with config: opid_index: -1 OBSOLETE_local: false peers { permanent_uuid: "a6bfd99e78ec47cba035b909e6ced5cc" member_type: VOTER last_known_addr { host: "127.10.155.67" port: 35627 } } peers { permanent_uuid: "60c4bca1bb57477e861cfeeed26ca8fe" member_type: VOTER last_known_addr { host: "127.10.155.65" port: 40415 } } peers { permanent_uuid: "f73c76697b4b4651b8adb32af0247015" member_type: VOTER last_known_addr { host: "127.10.155.66" port: 46631 } }
I20260710 10:59:56.424863 11516 leader_election.cc:290] T 3b0f02694869446bab5b5b99afda0272 P 60c4bca1bb57477e861cfeeed26ca8fe [CANDIDATE]: Term 2 election: Requested vote from peers a6bfd99e78ec47cba035b909e6ced5cc (127.10.155.67:35627), f73c76697b4b4651b8adb32af0247015 (127.10.155.66:46631)
I20260710 10:59:56.425688 11665 tablet_service.cc:1917] Received RequestConsensusVote() RPC: tablet_id: "3b0f02694869446bab5b5b99afda0272" candidate_uuid: "60c4bca1bb57477e861cfeeed26ca8fe" candidate_term: 2 candidate_status { last_received { term: 1 index: 1 } } ignore_live_leader: true dest_uuid: "a6bfd99e78ec47cba035b909e6ced5cc"
I20260710 10:59:56.425904 11590 tablet_service.cc:1917] Received RequestConsensusVote() RPC: tablet_id: "3b0f02694869446bab5b5b99afda0272" candidate_uuid: "60c4bca1bb57477e861cfeeed26ca8fe" candidate_term: 2 candidate_status { last_received { term: 1 index: 1 } } ignore_live_leader: true dest_uuid: "f73c76697b4b4651b8adb32af0247015"
I20260710 10:59:56.426301 11665 raft_consensus.cc:3055] T 3b0f02694869446bab5b5b99afda0272 P a6bfd99e78ec47cba035b909e6ced5cc [term 1 LEADER]: Stepping down as leader of term 1
I20260710 10:59:56.426414 11590 raft_consensus.cc:3060] T 3b0f02694869446bab5b5b99afda0272 P f73c76697b4b4651b8adb32af0247015 [term 1 FOLLOWER]: Advancing to term 2
I20260710 10:59:56.426640 11665 raft_consensus.cc:740] T 3b0f02694869446bab5b5b99afda0272 P a6bfd99e78ec47cba035b909e6ced5cc [term 1 LEADER]: Becoming Follower/Learner. State: Replica: a6bfd99e78ec47cba035b909e6ced5cc, State: Running, Role: LEADER
I20260710 10:59:56.427436 11665 consensus_queue.cc:260] T 3b0f02694869446bab5b5b99afda0272 P a6bfd99e78ec47cba035b909e6ced5cc [NON_LEADER]: Queue going to NON_LEADER mode. State: All replicated index: 0, Majority replicated index: 1, Committed index: 1, Last appended: 1.1, Last appended by leader: 1, Current term: 1, Majority size: -1, State: 0, Mode: NON_LEADER, active raft config: opid_index: -1 OBSOLETE_local: false peers { permanent_uuid: "a6bfd99e78ec47cba035b909e6ced5cc" member_type: VOTER last_known_addr { host: "127.10.155.67" port: 35627 } } peers { permanent_uuid: "60c4bca1bb57477e861cfeeed26ca8fe" member_type: VOTER last_known_addr { host: "127.10.155.65" port: 40415 } } peers { permanent_uuid: "f73c76697b4b4651b8adb32af0247015" member_type: VOTER last_known_addr { host: "127.10.155.66" port: 46631 } }
I20260710 10:59:56.428576 11665 raft_consensus.cc:3060] T 3b0f02694869446bab5b5b99afda0272 P a6bfd99e78ec47cba035b909e6ced5cc [term 1 FOLLOWER]: Advancing to term 2
I20260710 10:59:56.433316 11590 raft_consensus.cc:2468] T 3b0f02694869446bab5b5b99afda0272 P f73c76697b4b4651b8adb32af0247015 [term 2 FOLLOWER]: Leader election vote request: Granting yes vote for candidate 60c4bca1bb57477e861cfeeed26ca8fe in term 2.
I20260710 10:59:56.434530 11480 leader_election.cc:304] T 3b0f02694869446bab5b5b99afda0272 P 60c4bca1bb57477e861cfeeed26ca8fe [CANDIDATE]: Term 2 election: Election decided. Result: candidate won. Election summary: received 2 responses out of 3 voters: 2 yes votes; 0 no votes. yes voters: 60c4bca1bb57477e861cfeeed26ca8fe, f73c76697b4b4651b8adb32af0247015; no voters: 
I20260710 10:59:56.434757 11665 raft_consensus.cc:2468] T 3b0f02694869446bab5b5b99afda0272 P a6bfd99e78ec47cba035b909e6ced5cc [term 2 FOLLOWER]: Leader election vote request: Granting yes vote for candidate 60c4bca1bb57477e861cfeeed26ca8fe in term 2.
I20260710 10:59:56.435171 11712 raft_consensus.cc:2804] T 3b0f02694869446bab5b5b99afda0272 P 60c4bca1bb57477e861cfeeed26ca8fe [term 2 FOLLOWER]: Leader election won for term 2
I20260710 10:59:56.435606 11712 raft_consensus.cc:697] T 3b0f02694869446bab5b5b99afda0272 P 60c4bca1bb57477e861cfeeed26ca8fe [term 2 LEADER]: Becoming Leader. State: Replica: 60c4bca1bb57477e861cfeeed26ca8fe, State: Running, Role: LEADER
I20260710 10:59:56.436642 11712 consensus_queue.cc:237] T 3b0f02694869446bab5b5b99afda0272 P 60c4bca1bb57477e861cfeeed26ca8fe [LEADER]: Queue going to LEADER mode. State: All replicated index: 0, Majority replicated index: 1, Committed index: 1, Last appended: 1.1, Last appended by leader: 1, Current term: 2, Majority size: 2, State: 0, Mode: LEADER, active raft config: opid_index: -1 OBSOLETE_local: false peers { permanent_uuid: "a6bfd99e78ec47cba035b909e6ced5cc" member_type: VOTER last_known_addr { host: "127.10.155.67" port: 35627 } } peers { permanent_uuid: "60c4bca1bb57477e861cfeeed26ca8fe" member_type: VOTER last_known_addr { host: "127.10.155.65" port: 40415 } } peers { permanent_uuid: "f73c76697b4b4651b8adb32af0247015" member_type: VOTER last_known_addr { host: "127.10.155.66" port: 46631 } }
I20260710 10:59:56.442401 11412 catalog_manager.cc:5697] T 3b0f02694869446bab5b5b99afda0272 P 60c4bca1bb57477e861cfeeed26ca8fe reported cstate change: term changed from 1 to 2, leader changed from a6bfd99e78ec47cba035b909e6ced5cc (127.10.155.67) to 60c4bca1bb57477e861cfeeed26ca8fe (127.10.155.65). New cstate: current_term: 2 leader_uuid: "60c4bca1bb57477e861cfeeed26ca8fe" committed_config { opid_index: -1 OBSOLETE_local: false peers { permanent_uuid: "a6bfd99e78ec47cba035b909e6ced5cc" member_type: VOTER last_known_addr { host: "127.10.155.67" port: 35627 } health_report { overall_health: UNKNOWN } } peers { permanent_uuid: "60c4bca1bb57477e861cfeeed26ca8fe" member_type: VOTER last_known_addr { host: "127.10.155.65" port: 40415 } health_report { overall_health: HEALTHY } } peers { permanent_uuid: "f73c76697b4b4651b8adb32af0247015" member_type: VOTER last_known_addr { host: "127.10.155.66" port: 46631 } health_report { overall_health: UNKNOWN } } }
I20260710 10:59:56.511713 11757 raft_consensus.cc:993] T e7478b744aee4090b84617b869737ee0 P a6bfd99e78ec47cba035b909e6ced5cc: : Instructing follower 60c4bca1bb57477e861cfeeed26ca8fe to start an election
I20260710 10:59:56.512161 11757 raft_consensus.cc:1081] T e7478b744aee4090b84617b869737ee0 P a6bfd99e78ec47cba035b909e6ced5cc [term 1 LEADER]: Signalling peer 60c4bca1bb57477e861cfeeed26ca8fe to start an election
I20260710 10:59:56.514843 11516 tablet_service.cc:2044] Received Run Leader Election RPC: tablet_id: "e7478b744aee4090b84617b869737ee0"
dest_uuid: "60c4bca1bb57477e861cfeeed26ca8fe"
 from {username='slave'} at 127.0.0.1:51844
I20260710 10:59:56.515523 11516 raft_consensus.cc:493] T e7478b744aee4090b84617b869737ee0 P 60c4bca1bb57477e861cfeeed26ca8fe [term 1 FOLLOWER]: Starting forced leader election (received explicit request)
I20260710 10:59:56.515918 11516 raft_consensus.cc:3060] T e7478b744aee4090b84617b869737ee0 P 60c4bca1bb57477e861cfeeed26ca8fe [term 1 FOLLOWER]: Advancing to term 2
I20260710 10:59:56.521682 11516 raft_consensus.cc:515] T e7478b744aee4090b84617b869737ee0 P 60c4bca1bb57477e861cfeeed26ca8fe [term 2 FOLLOWER]: Starting forced leader election with config: opid_index: -1 OBSOLETE_local: false peers { permanent_uuid: "60c4bca1bb57477e861cfeeed26ca8fe" member_type: VOTER last_known_addr { host: "127.10.155.65" port: 40415 } } peers { permanent_uuid: "f73c76697b4b4651b8adb32af0247015" member_type: VOTER last_known_addr { host: "127.10.155.66" port: 46631 } } peers { permanent_uuid: "a6bfd99e78ec47cba035b909e6ced5cc" member_type: VOTER last_known_addr { host: "127.10.155.67" port: 35627 } }
I20260710 10:59:56.523319 11516 leader_election.cc:290] T e7478b744aee4090b84617b869737ee0 P 60c4bca1bb57477e861cfeeed26ca8fe [CANDIDATE]: Term 2 election: Requested vote from peers f73c76697b4b4651b8adb32af0247015 (127.10.155.66:46631), a6bfd99e78ec47cba035b909e6ced5cc (127.10.155.67:35627)
I20260710 10:59:56.524000 11590 tablet_service.cc:1917] Received RequestConsensusVote() RPC: tablet_id: "e7478b744aee4090b84617b869737ee0" candidate_uuid: "60c4bca1bb57477e861cfeeed26ca8fe" candidate_term: 2 candidate_status { last_received { term: 1 index: 1 } } ignore_live_leader: true dest_uuid: "f73c76697b4b4651b8adb32af0247015"
I20260710 10:59:56.524370 11665 tablet_service.cc:1917] Received RequestConsensusVote() RPC: tablet_id: "e7478b744aee4090b84617b869737ee0" candidate_uuid: "60c4bca1bb57477e861cfeeed26ca8fe" candidate_term: 2 candidate_status { last_received { term: 1 index: 1 } } ignore_live_leader: true dest_uuid: "a6bfd99e78ec47cba035b909e6ced5cc"
I20260710 10:59:56.524471 11590 raft_consensus.cc:3060] T e7478b744aee4090b84617b869737ee0 P f73c76697b4b4651b8adb32af0247015 [term 1 FOLLOWER]: Advancing to term 2
I20260710 10:59:56.524848 11665 raft_consensus.cc:3055] T e7478b744aee4090b84617b869737ee0 P a6bfd99e78ec47cba035b909e6ced5cc [term 1 LEADER]: Stepping down as leader of term 1
I20260710 10:59:56.525098 11665 raft_consensus.cc:740] T e7478b744aee4090b84617b869737ee0 P a6bfd99e78ec47cba035b909e6ced5cc [term 1 LEADER]: Becoming Follower/Learner. State: Replica: a6bfd99e78ec47cba035b909e6ced5cc, State: Running, Role: LEADER
I20260710 10:59:56.525813 11665 consensus_queue.cc:260] T e7478b744aee4090b84617b869737ee0 P a6bfd99e78ec47cba035b909e6ced5cc [NON_LEADER]: Queue going to NON_LEADER mode. State: All replicated index: 0, Majority replicated index: 1, Committed index: 1, Last appended: 1.1, Last appended by leader: 1, Current term: 1, Majority size: -1, State: 0, Mode: NON_LEADER, active raft config: opid_index: -1 OBSOLETE_local: false peers { permanent_uuid: "60c4bca1bb57477e861cfeeed26ca8fe" member_type: VOTER last_known_addr { host: "127.10.155.65" port: 40415 } } peers { permanent_uuid: "f73c76697b4b4651b8adb32af0247015" member_type: VOTER last_known_addr { host: "127.10.155.66" port: 46631 } } peers { permanent_uuid: "a6bfd99e78ec47cba035b909e6ced5cc" member_type: VOTER last_known_addr { host: "127.10.155.67" port: 35627 } }
I20260710 10:59:56.527078 11665 raft_consensus.cc:3060] T e7478b744aee4090b84617b869737ee0 P a6bfd99e78ec47cba035b909e6ced5cc [term 1 FOLLOWER]: Advancing to term 2
I20260710 10:59:56.529167 11590 raft_consensus.cc:2468] T e7478b744aee4090b84617b869737ee0 P f73c76697b4b4651b8adb32af0247015 [term 2 FOLLOWER]: Leader election vote request: Granting yes vote for candidate 60c4bca1bb57477e861cfeeed26ca8fe in term 2.
I20260710 10:59:56.530158 11480 leader_election.cc:304] T e7478b744aee4090b84617b869737ee0 P 60c4bca1bb57477e861cfeeed26ca8fe [CANDIDATE]: Term 2 election: Election decided. Result: candidate won. Election summary: received 2 responses out of 3 voters: 2 yes votes; 0 no votes. yes voters: 60c4bca1bb57477e861cfeeed26ca8fe, f73c76697b4b4651b8adb32af0247015; no voters: 
I20260710 10:59:56.530948 11735 raft_consensus.cc:2804] T e7478b744aee4090b84617b869737ee0 P 60c4bca1bb57477e861cfeeed26ca8fe [term 2 FOLLOWER]: Leader election won for term 2
I20260710 10:59:56.531340 11735 raft_consensus.cc:697] T e7478b744aee4090b84617b869737ee0 P 60c4bca1bb57477e861cfeeed26ca8fe [term 2 LEADER]: Becoming Leader. State: Replica: 60c4bca1bb57477e861cfeeed26ca8fe, State: Running, Role: LEADER
I20260710 10:59:56.532109 11735 consensus_queue.cc:237] T e7478b744aee4090b84617b869737ee0 P 60c4bca1bb57477e861cfeeed26ca8fe [LEADER]: Queue going to LEADER mode. State: All replicated index: 0, Majority replicated index: 1, Committed index: 1, Last appended: 1.1, Last appended by leader: 1, Current term: 2, Majority size: 2, State: 0, Mode: LEADER, active raft config: opid_index: -1 OBSOLETE_local: false peers { permanent_uuid: "60c4bca1bb57477e861cfeeed26ca8fe" member_type: VOTER last_known_addr { host: "127.10.155.65" port: 40415 } } peers { permanent_uuid: "f73c76697b4b4651b8adb32af0247015" member_type: VOTER last_known_addr { host: "127.10.155.66" port: 46631 } } peers { permanent_uuid: "a6bfd99e78ec47cba035b909e6ced5cc" member_type: VOTER last_known_addr { host: "127.10.155.67" port: 35627 } }
I20260710 10:59:56.532603 11665 raft_consensus.cc:2468] T e7478b744aee4090b84617b869737ee0 P a6bfd99e78ec47cba035b909e6ced5cc [term 2 FOLLOWER]: Leader election vote request: Granting yes vote for candidate 60c4bca1bb57477e861cfeeed26ca8fe in term 2.
I20260710 10:59:56.538097 11412 catalog_manager.cc:5697] T e7478b744aee4090b84617b869737ee0 P 60c4bca1bb57477e861cfeeed26ca8fe reported cstate change: term changed from 1 to 2, leader changed from a6bfd99e78ec47cba035b909e6ced5cc (127.10.155.67) to 60c4bca1bb57477e861cfeeed26ca8fe (127.10.155.65). New cstate: current_term: 2 leader_uuid: "60c4bca1bb57477e861cfeeed26ca8fe" committed_config { opid_index: -1 OBSOLETE_local: false peers { permanent_uuid: "60c4bca1bb57477e861cfeeed26ca8fe" member_type: VOTER last_known_addr { host: "127.10.155.65" port: 40415 } health_report { overall_health: HEALTHY } } peers { permanent_uuid: "f73c76697b4b4651b8adb32af0247015" member_type: VOTER last_known_addr { host: "127.10.155.66" port: 46631 } health_report { overall_health: UNKNOWN } } peers { permanent_uuid: "a6bfd99e78ec47cba035b909e6ced5cc" member_type: VOTER last_known_addr { host: "127.10.155.67" port: 35627 } health_report { overall_health: UNKNOWN } } }
I20260710 10:59:56.687510 11746 raft_consensus.cc:993] T 0c399fc076d74a8c98b7edfe6b9209a1 P a6bfd99e78ec47cba035b909e6ced5cc: : Instructing follower f73c76697b4b4651b8adb32af0247015 to start an election
I20260710 10:59:56.687876 11756 raft_consensus.cc:1081] T 0c399fc076d74a8c98b7edfe6b9209a1 P a6bfd99e78ec47cba035b909e6ced5cc [term 1 LEADER]: Signalling peer f73c76697b4b4651b8adb32af0247015 to start an election
I20260710 10:59:56.689755 11590 tablet_service.cc:2044] Received Run Leader Election RPC: tablet_id: "0c399fc076d74a8c98b7edfe6b9209a1"
dest_uuid: "f73c76697b4b4651b8adb32af0247015"
 from {username='slave'} at 127.0.0.1:40496
I20260710 10:59:56.690168 11590 raft_consensus.cc:493] T 0c399fc076d74a8c98b7edfe6b9209a1 P f73c76697b4b4651b8adb32af0247015 [term 1 FOLLOWER]: Starting forced leader election (received explicit request)
I20260710 10:59:56.690404 11590 raft_consensus.cc:3060] T 0c399fc076d74a8c98b7edfe6b9209a1 P f73c76697b4b4651b8adb32af0247015 [term 1 FOLLOWER]: Advancing to term 2
I20260710 10:59:56.694656 11590 raft_consensus.cc:515] T 0c399fc076d74a8c98b7edfe6b9209a1 P f73c76697b4b4651b8adb32af0247015 [term 2 FOLLOWER]: Starting forced leader election with config: opid_index: -1 OBSOLETE_local: false peers { permanent_uuid: "60c4bca1bb57477e861cfeeed26ca8fe" member_type: VOTER last_known_addr { host: "127.10.155.65" port: 40415 } } peers { permanent_uuid: "f73c76697b4b4651b8adb32af0247015" member_type: VOTER last_known_addr { host: "127.10.155.66" port: 46631 } } peers { permanent_uuid: "a6bfd99e78ec47cba035b909e6ced5cc" member_type: VOTER last_known_addr { host: "127.10.155.67" port: 35627 } }
I20260710 10:59:56.696067 11590 leader_election.cc:290] T 0c399fc076d74a8c98b7edfe6b9209a1 P f73c76697b4b4651b8adb32af0247015 [CANDIDATE]: Term 2 election: Requested vote from peers 60c4bca1bb57477e861cfeeed26ca8fe (127.10.155.65:40415), a6bfd99e78ec47cba035b909e6ced5cc (127.10.155.67:35627)
I20260710 10:59:56.696779 11516 tablet_service.cc:1917] Received RequestConsensusVote() RPC: tablet_id: "0c399fc076d74a8c98b7edfe6b9209a1" candidate_uuid: "f73c76697b4b4651b8adb32af0247015" candidate_term: 2 candidate_status { last_received { term: 1 index: 1 } } ignore_live_leader: true dest_uuid: "60c4bca1bb57477e861cfeeed26ca8fe"
I20260710 10:59:56.697019 11665 tablet_service.cc:1917] Received RequestConsensusVote() RPC: tablet_id: "0c399fc076d74a8c98b7edfe6b9209a1" candidate_uuid: "f73c76697b4b4651b8adb32af0247015" candidate_term: 2 candidate_status { last_received { term: 1 index: 1 } } ignore_live_leader: true dest_uuid: "a6bfd99e78ec47cba035b909e6ced5cc"
I20260710 10:59:56.697340 11516 raft_consensus.cc:3060] T 0c399fc076d74a8c98b7edfe6b9209a1 P 60c4bca1bb57477e861cfeeed26ca8fe [term 1 FOLLOWER]: Advancing to term 2
I20260710 10:59:56.697594 11665 raft_consensus.cc:3055] T 0c399fc076d74a8c98b7edfe6b9209a1 P a6bfd99e78ec47cba035b909e6ced5cc [term 1 LEADER]: Stepping down as leader of term 1
I20260710 10:59:56.698449 11665 raft_consensus.cc:740] T 0c399fc076d74a8c98b7edfe6b9209a1 P a6bfd99e78ec47cba035b909e6ced5cc [term 1 LEADER]: Becoming Follower/Learner. State: Replica: a6bfd99e78ec47cba035b909e6ced5cc, State: Running, Role: LEADER
I20260710 10:59:56.699190 11665 consensus_queue.cc:260] T 0c399fc076d74a8c98b7edfe6b9209a1 P a6bfd99e78ec47cba035b909e6ced5cc [NON_LEADER]: Queue going to NON_LEADER mode. State: All replicated index: 0, Majority replicated index: 1, Committed index: 1, Last appended: 1.1, Last appended by leader: 1, Current term: 1, Majority size: -1, State: 0, Mode: NON_LEADER, active raft config: opid_index: -1 OBSOLETE_local: false peers { permanent_uuid: "60c4bca1bb57477e861cfeeed26ca8fe" member_type: VOTER last_known_addr { host: "127.10.155.65" port: 40415 } } peers { permanent_uuid: "f73c76697b4b4651b8adb32af0247015" member_type: VOTER last_known_addr { host: "127.10.155.66" port: 46631 } } peers { permanent_uuid: "a6bfd99e78ec47cba035b909e6ced5cc" member_type: VOTER last_known_addr { host: "127.10.155.67" port: 35627 } }
I20260710 10:59:56.700311 11665 raft_consensus.cc:3060] T 0c399fc076d74a8c98b7edfe6b9209a1 P a6bfd99e78ec47cba035b909e6ced5cc [term 1 FOLLOWER]: Advancing to term 2
I20260710 10:59:56.704413 11516 raft_consensus.cc:2468] T 0c399fc076d74a8c98b7edfe6b9209a1 P 60c4bca1bb57477e861cfeeed26ca8fe [term 2 FOLLOWER]: Leader election vote request: Granting yes vote for candidate f73c76697b4b4651b8adb32af0247015 in term 2.
I20260710 10:59:56.705555 11556 leader_election.cc:304] T 0c399fc076d74a8c98b7edfe6b9209a1 P f73c76697b4b4651b8adb32af0247015 [CANDIDATE]: Term 2 election: Election decided. Result: candidate won. Election summary: received 2 responses out of 3 voters: 2 yes votes; 0 no votes. yes voters: 60c4bca1bb57477e861cfeeed26ca8fe, f73c76697b4b4651b8adb32af0247015; no voters: 
I20260710 10:59:56.706207 11714 raft_consensus.cc:2804] T 0c399fc076d74a8c98b7edfe6b9209a1 P f73c76697b4b4651b8adb32af0247015 [term 2 FOLLOWER]: Leader election won for term 2
I20260710 10:59:56.706562 11714 raft_consensus.cc:697] T 0c399fc076d74a8c98b7edfe6b9209a1 P f73c76697b4b4651b8adb32af0247015 [term 2 LEADER]: Becoming Leader. State: Replica: f73c76697b4b4651b8adb32af0247015, State: Running, Role: LEADER
I20260710 10:59:56.707206 11714 consensus_queue.cc:237] T 0c399fc076d74a8c98b7edfe6b9209a1 P f73c76697b4b4651b8adb32af0247015 [LEADER]: Queue going to LEADER mode. State: All replicated index: 0, Majority replicated index: 1, Committed index: 1, Last appended: 1.1, Last appended by leader: 1, Current term: 2, Majority size: 2, State: 0, Mode: LEADER, active raft config: opid_index: -1 OBSOLETE_local: false peers { permanent_uuid: "60c4bca1bb57477e861cfeeed26ca8fe" member_type: VOTER last_known_addr { host: "127.10.155.65" port: 40415 } } peers { permanent_uuid: "f73c76697b4b4651b8adb32af0247015" member_type: VOTER last_known_addr { host: "127.10.155.66" port: 46631 } } peers { permanent_uuid: "a6bfd99e78ec47cba035b909e6ced5cc" member_type: VOTER last_known_addr { host: "127.10.155.67" port: 35627 } }
I20260710 10:59:56.709503 11665 raft_consensus.cc:2468] T 0c399fc076d74a8c98b7edfe6b9209a1 P a6bfd99e78ec47cba035b909e6ced5cc [term 2 FOLLOWER]: Leader election vote request: Granting yes vote for candidate f73c76697b4b4651b8adb32af0247015 in term 2.
I20260710 10:59:56.713718 11412 catalog_manager.cc:5697] T 0c399fc076d74a8c98b7edfe6b9209a1 P f73c76697b4b4651b8adb32af0247015 reported cstate change: term changed from 1 to 2, leader changed from a6bfd99e78ec47cba035b909e6ced5cc (127.10.155.67) to f73c76697b4b4651b8adb32af0247015 (127.10.155.66). New cstate: current_term: 2 leader_uuid: "f73c76697b4b4651b8adb32af0247015" committed_config { opid_index: -1 OBSOLETE_local: false peers { permanent_uuid: "60c4bca1bb57477e861cfeeed26ca8fe" member_type: VOTER last_known_addr { host: "127.10.155.65" port: 40415 } health_report { overall_health: UNKNOWN } } peers { permanent_uuid: "f73c76697b4b4651b8adb32af0247015" member_type: VOTER last_known_addr { host: "127.10.155.66" port: 46631 } health_report { overall_health: HEALTHY } } peers { permanent_uuid: "a6bfd99e78ec47cba035b909e6ced5cc" member_type: VOTER last_known_addr { host: "127.10.155.67" port: 35627 } health_report { overall_health: UNKNOWN } } }
I20260710 10:59:56.809408 11516 raft_consensus.cc:1275] T ba5975e300e74e4ea8a5fcf6172e56b4 P 60c4bca1bb57477e861cfeeed26ca8fe [term 2 FOLLOWER]: Refusing update from remote peer f73c76697b4b4651b8adb32af0247015: Log matching property violated. Preceding OpId in replica: term: 1 index: 1. Preceding OpId from leader: term: 2 index: 2. (index mismatch)
I20260710 10:59:56.810555 11714 consensus_queue.cc:1048] T ba5975e300e74e4ea8a5fcf6172e56b4 P f73c76697b4b4651b8adb32af0247015 [LEADER]: Connected to new peer: Peer: permanent_uuid: "60c4bca1bb57477e861cfeeed26ca8fe" member_type: VOTER last_known_addr { host: "127.10.155.65" port: 40415 }, Status: LMP_MISMATCH, Last received: 0.0, Next index: 2, Last known committed idx: 1, Time since last communication: 0.000s
I20260710 10:59:56.819298 11665 raft_consensus.cc:1275] T ba5975e300e74e4ea8a5fcf6172e56b4 P a6bfd99e78ec47cba035b909e6ced5cc [term 2 FOLLOWER]: Refusing update from remote peer f73c76697b4b4651b8adb32af0247015: Log matching property violated. Preceding OpId in replica: term: 1 index: 1. Preceding OpId from leader: term: 2 index: 2. (index mismatch)
I20260710 10:59:56.821213 11734 consensus_queue.cc:1048] T ba5975e300e74e4ea8a5fcf6172e56b4 P f73c76697b4b4651b8adb32af0247015 [LEADER]: Connected to new peer: Peer: permanent_uuid: "a6bfd99e78ec47cba035b909e6ced5cc" member_type: VOTER last_known_addr { host: "127.10.155.67" port: 35627 }, Status: LMP_MISMATCH, Last received: 0.0, Next index: 2, Last known committed idx: 1, Time since last communication: 0.000s
I20260710 10:59:56.955744 11665 raft_consensus.cc:1275] T 3b0f02694869446bab5b5b99afda0272 P a6bfd99e78ec47cba035b909e6ced5cc [term 2 FOLLOWER]: Refusing update from remote peer 60c4bca1bb57477e861cfeeed26ca8fe: Log matching property violated. Preceding OpId in replica: term: 1 index: 1. Preceding OpId from leader: term: 2 index: 2. (index mismatch)
I20260710 10:59:56.956902 11735 consensus_queue.cc:1048] T 3b0f02694869446bab5b5b99afda0272 P 60c4bca1bb57477e861cfeeed26ca8fe [LEADER]: Connected to new peer: Peer: permanent_uuid: "a6bfd99e78ec47cba035b909e6ced5cc" member_type: VOTER last_known_addr { host: "127.10.155.67" port: 35627 }, Status: LMP_MISMATCH, Last received: 0.0, Next index: 2, Last known committed idx: 1, Time since last communication: 0.000s
I20260710 10:59:56.963899 11590 raft_consensus.cc:1275] T 3b0f02694869446bab5b5b99afda0272 P f73c76697b4b4651b8adb32af0247015 [term 2 FOLLOWER]: Refusing update from remote peer 60c4bca1bb57477e861cfeeed26ca8fe: Log matching property violated. Preceding OpId in replica: term: 1 index: 1. Preceding OpId from leader: term: 2 index: 2. (index mismatch)
I20260710 10:59:56.965409 11735 consensus_queue.cc:1048] T 3b0f02694869446bab5b5b99afda0272 P 60c4bca1bb57477e861cfeeed26ca8fe [LEADER]: Connected to new peer: Peer: permanent_uuid: "f73c76697b4b4651b8adb32af0247015" member_type: VOTER last_known_addr { host: "127.10.155.66" port: 46631 }, Status: LMP_MISMATCH, Last received: 0.0, Next index: 2, Last known committed idx: 1, Time since last communication: 0.000s
I20260710 10:59:57.023619 11590 raft_consensus.cc:1275] T e7478b744aee4090b84617b869737ee0 P f73c76697b4b4651b8adb32af0247015 [term 2 FOLLOWER]: Refusing update from remote peer 60c4bca1bb57477e861cfeeed26ca8fe: Log matching property violated. Preceding OpId in replica: term: 1 index: 1. Preceding OpId from leader: term: 2 index: 2. (index mismatch)
I20260710 10:59:57.024809 11735 consensus_queue.cc:1048] T e7478b744aee4090b84617b869737ee0 P 60c4bca1bb57477e861cfeeed26ca8fe [LEADER]: Connected to new peer: Peer: permanent_uuid: "f73c76697b4b4651b8adb32af0247015" member_type: VOTER last_known_addr { host: "127.10.155.66" port: 46631 }, Status: LMP_MISMATCH, Last received: 0.0, Next index: 2, Last known committed idx: 1, Time since last communication: 0.000s
I20260710 10:59:57.031558 11665 raft_consensus.cc:1275] T e7478b744aee4090b84617b869737ee0 P a6bfd99e78ec47cba035b909e6ced5cc [term 2 FOLLOWER]: Refusing update from remote peer 60c4bca1bb57477e861cfeeed26ca8fe: Log matching property violated. Preceding OpId in replica: term: 1 index: 1. Preceding OpId from leader: term: 2 index: 2. (index mismatch)
I20260710 10:59:57.034066 11759 consensus_queue.cc:1048] T e7478b744aee4090b84617b869737ee0 P 60c4bca1bb57477e861cfeeed26ca8fe [LEADER]: Connected to new peer: Peer: permanent_uuid: "a6bfd99e78ec47cba035b909e6ced5cc" member_type: VOTER last_known_addr { host: "127.10.155.67" port: 35627 }, Status: LMP_MISMATCH, Last received: 0.0, Next index: 2, Last known committed idx: 1, Time since last communication: 0.000s
I20260710 10:59:57.241037 11515 raft_consensus.cc:1275] T 0c399fc076d74a8c98b7edfe6b9209a1 P 60c4bca1bb57477e861cfeeed26ca8fe [term 2 FOLLOWER]: Refusing update from remote peer f73c76697b4b4651b8adb32af0247015: Log matching property violated. Preceding OpId in replica: term: 1 index: 1. Preceding OpId from leader: term: 2 index: 2. (index mismatch)
I20260710 10:59:57.242134 11734 consensus_queue.cc:1048] T 0c399fc076d74a8c98b7edfe6b9209a1 P f73c76697b4b4651b8adb32af0247015 [LEADER]: Connected to new peer: Peer: permanent_uuid: "60c4bca1bb57477e861cfeeed26ca8fe" member_type: VOTER last_known_addr { host: "127.10.155.65" port: 40415 }, Status: LMP_MISMATCH, Last received: 0.0, Next index: 2, Last known committed idx: 1, Time since last communication: 0.000s
I20260710 10:59:57.249959 11665 raft_consensus.cc:1275] T 0c399fc076d74a8c98b7edfe6b9209a1 P a6bfd99e78ec47cba035b909e6ced5cc [term 2 FOLLOWER]: Refusing update from remote peer f73c76697b4b4651b8adb32af0247015: Log matching property violated. Preceding OpId in replica: term: 1 index: 1. Preceding OpId from leader: term: 2 index: 2. (index mismatch)
I20260710 10:59:57.251425 11734 consensus_queue.cc:1048] T 0c399fc076d74a8c98b7edfe6b9209a1 P f73c76697b4b4651b8adb32af0247015 [LEADER]: Connected to new peer: Peer: permanent_uuid: "a6bfd99e78ec47cba035b909e6ced5cc" member_type: VOTER last_known_addr { host: "127.10.155.67" port: 35627 }, Status: LMP_MISMATCH, Last received: 0.0, Next index: 2, Last known committed idx: 1, Time since last communication: 0.000s
I20260710 10:59:59.217911 10861 auto_leader_rebalancer-test.cc:348] The leader distribution is 
I20260710 10:59:59.218680 10861 auto_leader_rebalancer.cc:141] leader rebalance for table test-workload
I20260710 10:59:59.235150 11515 tablet_service.cc:2072] Received LeaderStepDown RPC: tablet_id: "3b0f02694869446bab5b5b99afda0272"
dest_uuid: "60c4bca1bb57477e861cfeeed26ca8fe"
mode: GRACEFUL
new_leader_uuid: "a6bfd99e78ec47cba035b909e6ced5cc"
 from {username='slave'} at 127.0.0.1:48306
I20260710 10:59:59.235738 11515 raft_consensus.cc:606] T 3b0f02694869446bab5b5b99afda0272 P 60c4bca1bb57477e861cfeeed26ca8fe [term 2 LEADER]: Received request to transfer leadership to TS a6bfd99e78ec47cba035b909e6ced5cc
I20260710 10:59:59.238205 11515 tablet_service.cc:2072] Received LeaderStepDown RPC: tablet_id: "51e414780cf64302a0eabd5c698d65b4"
dest_uuid: "60c4bca1bb57477e861cfeeed26ca8fe"
mode: GRACEFUL
new_leader_uuid: "a6bfd99e78ec47cba035b909e6ced5cc"
 from {username='slave'} at 127.0.0.1:48306
I20260710 10:59:59.238626 11515 raft_consensus.cc:606] T 51e414780cf64302a0eabd5c698d65b4 P 60c4bca1bb57477e861cfeeed26ca8fe [term 1 LEADER]: Received request to transfer leadership to TS a6bfd99e78ec47cba035b909e6ced5cc
I20260710 10:59:59.239677 10861 auto_leader_rebalancer.cc:452] table: test-workload, leader rebalance finish, leader transfer count: 2
I20260710 10:59:59.240185 10861 auto_leader_rebalancer.cc:527] All tables' leader rebalancing finished this round
I20260710 10:59:59.257681 11759 raft_consensus.cc:993] T 3b0f02694869446bab5b5b99afda0272 P 60c4bca1bb57477e861cfeeed26ca8fe: : Instructing follower a6bfd99e78ec47cba035b909e6ced5cc to start an election
I20260710 10:59:59.258082 11799 raft_consensus.cc:1081] T 3b0f02694869446bab5b5b99afda0272 P 60c4bca1bb57477e861cfeeed26ca8fe [term 2 LEADER]: Signalling peer a6bfd99e78ec47cba035b909e6ced5cc to start an election
I20260710 10:59:59.259413 11665 tablet_service.cc:2044] Received Run Leader Election RPC: tablet_id: "3b0f02694869446bab5b5b99afda0272"
dest_uuid: "a6bfd99e78ec47cba035b909e6ced5cc"
 from {username='slave'} at 127.0.0.1:54454
I20260710 10:59:59.259840 11665 raft_consensus.cc:493] T 3b0f02694869446bab5b5b99afda0272 P a6bfd99e78ec47cba035b909e6ced5cc [term 2 FOLLOWER]: Starting forced leader election (received explicit request)
I20260710 10:59:59.260066 11665 raft_consensus.cc:3060] T 3b0f02694869446bab5b5b99afda0272 P a6bfd99e78ec47cba035b909e6ced5cc [term 2 FOLLOWER]: Advancing to term 3
I20260710 10:59:59.278251 11665 raft_consensus.cc:515] T 3b0f02694869446bab5b5b99afda0272 P a6bfd99e78ec47cba035b909e6ced5cc [term 3 FOLLOWER]: Starting forced leader election with config: opid_index: -1 OBSOLETE_local: false peers { permanent_uuid: "a6bfd99e78ec47cba035b909e6ced5cc" member_type: VOTER last_known_addr { host: "127.10.155.67" port: 35627 } } peers { permanent_uuid: "60c4bca1bb57477e861cfeeed26ca8fe" member_type: VOTER last_known_addr { host: "127.10.155.65" port: 40415 } } peers { permanent_uuid: "f73c76697b4b4651b8adb32af0247015" member_type: VOTER last_known_addr { host: "127.10.155.66" port: 46631 } }
I20260710 10:59:59.280002 11665 leader_election.cc:290] T 3b0f02694869446bab5b5b99afda0272 P a6bfd99e78ec47cba035b909e6ced5cc [CANDIDATE]: Term 3 election: Requested vote from peers 60c4bca1bb57477e861cfeeed26ca8fe (127.10.155.65:40415), f73c76697b4b4651b8adb32af0247015 (127.10.155.66:46631)
I20260710 10:59:59.280791 11516 tablet_service.cc:1917] Received RequestConsensusVote() RPC: tablet_id: "3b0f02694869446bab5b5b99afda0272" candidate_uuid: "a6bfd99e78ec47cba035b909e6ced5cc" candidate_term: 3 candidate_status { last_received { term: 2 index: 2 } } ignore_live_leader: true dest_uuid: "60c4bca1bb57477e861cfeeed26ca8fe"
I20260710 10:59:59.281042 11590 tablet_service.cc:1917] Received RequestConsensusVote() RPC: tablet_id: "3b0f02694869446bab5b5b99afda0272" candidate_uuid: "a6bfd99e78ec47cba035b909e6ced5cc" candidate_term: 3 candidate_status { last_received { term: 2 index: 2 } } ignore_live_leader: true dest_uuid: "f73c76697b4b4651b8adb32af0247015"
I20260710 10:59:59.281306 11516 raft_consensus.cc:3055] T 3b0f02694869446bab5b5b99afda0272 P 60c4bca1bb57477e861cfeeed26ca8fe [term 2 LEADER]: Stepping down as leader of term 2
I20260710 10:59:59.281535 11590 raft_consensus.cc:3060] T 3b0f02694869446bab5b5b99afda0272 P f73c76697b4b4651b8adb32af0247015 [term 2 FOLLOWER]: Advancing to term 3
I20260710 10:59:59.281656 11516 raft_consensus.cc:740] T 3b0f02694869446bab5b5b99afda0272 P 60c4bca1bb57477e861cfeeed26ca8fe [term 2 LEADER]: Becoming Follower/Learner. State: Replica: 60c4bca1bb57477e861cfeeed26ca8fe, State: Running, Role: LEADER
I20260710 10:59:59.282392 11516 consensus_queue.cc:260] T 3b0f02694869446bab5b5b99afda0272 P 60c4bca1bb57477e861cfeeed26ca8fe [NON_LEADER]: Queue going to NON_LEADER mode. State: All replicated index: 0, Majority replicated index: 2, Committed index: 2, Last appended: 2.2, Last appended by leader: 2, Current term: 2, Majority size: -1, State: 0, Mode: NON_LEADER, active raft config: opid_index: -1 OBSOLETE_local: false peers { permanent_uuid: "a6bfd99e78ec47cba035b909e6ced5cc" member_type: VOTER last_known_addr { host: "127.10.155.67" port: 35627 } } peers { permanent_uuid: "60c4bca1bb57477e861cfeeed26ca8fe" member_type: VOTER last_known_addr { host: "127.10.155.65" port: 40415 } } peers { permanent_uuid: "f73c76697b4b4651b8adb32af0247015" member_type: VOTER last_known_addr { host: "127.10.155.66" port: 46631 } }
I20260710 10:59:59.283264 11516 raft_consensus.cc:3060] T 3b0f02694869446bab5b5b99afda0272 P 60c4bca1bb57477e861cfeeed26ca8fe [term 2 FOLLOWER]: Advancing to term 3
I20260710 10:59:59.309715 11516 raft_consensus.cc:2468] T 3b0f02694869446bab5b5b99afda0272 P 60c4bca1bb57477e861cfeeed26ca8fe [term 3 FOLLOWER]: Leader election vote request: Granting yes vote for candidate a6bfd99e78ec47cba035b909e6ced5cc in term 3.
I20260710 10:59:59.309754 11590 raft_consensus.cc:2468] T 3b0f02694869446bab5b5b99afda0272 P f73c76697b4b4651b8adb32af0247015 [term 3 FOLLOWER]: Leader election vote request: Granting yes vote for candidate a6bfd99e78ec47cba035b909e6ced5cc in term 3.
I20260710 10:59:59.311184 11629 leader_election.cc:304] T 3b0f02694869446bab5b5b99afda0272 P a6bfd99e78ec47cba035b909e6ced5cc [CANDIDATE]: Term 3 election: Election decided. Result: candidate won. Election summary: received 2 responses out of 3 voters: 2 yes votes; 0 no votes. yes voters: a6bfd99e78ec47cba035b909e6ced5cc, f73c76697b4b4651b8adb32af0247015; no voters: 
I20260710 10:59:59.311805 11796 raft_consensus.cc:2804] T 3b0f02694869446bab5b5b99afda0272 P a6bfd99e78ec47cba035b909e6ced5cc [term 3 FOLLOWER]: Leader election won for term 3
I20260710 10:59:59.312799 11796 raft_consensus.cc:697] T 3b0f02694869446bab5b5b99afda0272 P a6bfd99e78ec47cba035b909e6ced5cc [term 3 LEADER]: Becoming Leader. State: Replica: a6bfd99e78ec47cba035b909e6ced5cc, State: Running, Role: LEADER
