I20260710 11:08:04.528201  8332 consensus_queue.cc:237] T f97dce8140494aa88309ba019c15686b P 2c30d92e074f4a17b101b62a64dea6ce [LEADER]: Queue going to LEADER mode. State: All replicated index: 0, Majority replicated index: 2, Committed index: 2, Last appended: 1.2, Last appended by leader: 0, Current term: 1, Majority size: 3, State: 0, Mode: LEADER, active raft config: opid_index: 3 OBSOLETE_local: false peers { permanent_uuid: "2c30d92e074f4a17b101b62a64dea6ce" member_type: VOTER last_known_addr { host: "127.6.95.65" port: 46039 } } peers { permanent_uuid: "65cf8b84ed38460f9d34c229cd8a382a" member_type: VOTER last_known_addr { host: "127.6.95.66" port: 38677 } } peers { permanent_uuid: "047a8f4352694199adf6fac58d53c875" member_type: VOTER last_known_addr { host: "127.6.95.67" port: 43051 } attrs { replace: true } } peers { permanent_uuid: "19b536eeeb424063837f4b19a40b5293" member_type: VOTER last_known_addr { host: "127.6.95.68" port: 34133 } attrs { promote: false } }
I20260710 11:08:04.535048  8057 raft_consensus.cc:1240] T 91647aabe5e5492abfbf12b7e328e435 P 19b536eeeb424063837f4b19a40b5293 [term 2 FOLLOWER]: Rejecting Update request from peer 047a8f4352694199adf6fac58d53c875 for earlier term 1. Current term is 2. Ops: []
I20260710 11:08:04.538144  8317 consensus_queue.cc:1059] T 91647aabe5e5492abfbf12b7e328e435 P 047a8f4352694199adf6fac58d53c875 [LEADER]: Peer responded invalid term: Peer: permanent_uuid: "19b536eeeb424063837f4b19a40b5293" member_type: VOTER last_known_addr { host: "127.6.95.68" port: 34133 } attrs { promote: false }, Status: INVALID_TERM, Last received: 1.4, Next index: 5, Last known committed idx: 4, Time since last communication: 0.000s
I20260710 11:08:04.539029  8344 raft_consensus.cc:3055] T 91647aabe5e5492abfbf12b7e328e435 P 047a8f4352694199adf6fac58d53c875 [term 1 LEADER]: Stepping down as leader of term 1
I20260710 11:08:04.539361  8344 raft_consensus.cc:740] T 91647aabe5e5492abfbf12b7e328e435 P 047a8f4352694199adf6fac58d53c875 [term 1 LEADER]: Becoming Follower/Learner. State: Replica: 047a8f4352694199adf6fac58d53c875, State: Running, Role: LEADER
I20260710 11:08:04.540194  8344 consensus_queue.cc:260] T 91647aabe5e5492abfbf12b7e328e435 P 047a8f4352694199adf6fac58d53c875 [NON_LEADER]: Queue going to NON_LEADER mode. State: All replicated index: 0, Majority replicated index: 4, Committed index: 4, Last appended: 1.4, Last appended by leader: 4, Current term: 1, Majority size: -1, State: 0, Mode: NON_LEADER, active raft config: opid_index: 4 OBSOLETE_local: false peers { permanent_uuid: "2c30d92e074f4a17b101b62a64dea6ce" member_type: VOTER last_known_addr { host: "127.6.95.65" port: 46039 } } peers { permanent_uuid: "047a8f4352694199adf6fac58d53c875" member_type: VOTER last_known_addr { host: "127.6.95.67" port: 43051 } } peers { permanent_uuid: "19b536eeeb424063837f4b19a40b5293" member_type: VOTER last_known_addr { host: "127.6.95.68" port: 34133 } attrs { promote: false } }
I20260710 11:08:04.544528  7764 raft_consensus.cc:1275] T f97dce8140494aa88309ba019c15686b P 047a8f4352694199adf6fac58d53c875 [term 1 FOLLOWER]: Refusing update from remote peer 2c30d92e074f4a17b101b62a64dea6ce: Log matching property violated. Preceding OpId in replica: term: 1 index: 2. Preceding OpId from leader: term: 1 index: 3. (index mismatch)
I20260710 11:08:04.544615  8344 raft_consensus.cc:3060] T 91647aabe5e5492abfbf12b7e328e435 P 047a8f4352694199adf6fac58d53c875 [term 1 FOLLOWER]: Advancing to term 2
I20260710 11:08:04.547240  8332 consensus_queue.cc:1048] T f97dce8140494aa88309ba019c15686b P 2c30d92e074f4a17b101b62a64dea6ce [LEADER]: Connected to new peer: Peer: permanent_uuid: "047a8f4352694199adf6fac58d53c875" member_type: VOTER last_known_addr { host: "127.6.95.67" port: 43051 } attrs { replace: true }, Status: LMP_MISMATCH, Last received: 0.0, Next index: 3, Last known committed idx: 2, Time since last communication: 0.000s
I20260710 11:08:04.548907  8057 raft_consensus.cc:1275] T f97dce8140494aa88309ba019c15686b P 19b536eeeb424063837f4b19a40b5293 [term 1 LEARNER]: Refusing update from remote peer 2c30d92e074f4a17b101b62a64dea6ce: Log matching property violated. Preceding OpId in replica: term: 1 index: 2. Preceding OpId from leader: term: 1 index: 3. (index mismatch)
I20260710 11:08:04.550817  7682 raft_consensus.cc:1275] T f97dce8140494aa88309ba019c15686b P 65cf8b84ed38460f9d34c229cd8a382a [term 1 FOLLOWER]: Refusing update from remote peer 2c30d92e074f4a17b101b62a64dea6ce: Log matching property violated. Preceding OpId in replica: term: 1 index: 2. Preceding OpId from leader: term: 1 index: 3. (index mismatch)
I20260710 11:08:04.551966  8332 consensus_queue.cc:1048] T f97dce8140494aa88309ba019c15686b P 2c30d92e074f4a17b101b62a64dea6ce [LEADER]: Connected to new peer: Peer: permanent_uuid: "19b536eeeb424063837f4b19a40b5293" member_type: VOTER last_known_addr { host: "127.6.95.68" port: 34133 } attrs { promote: false }, Status: LMP_MISMATCH, Last received: 0.0, Next index: 3, Last known committed idx: 2, Time since last communication: 0.000s
I20260710 11:08:04.556569  8301 consensus_queue.cc:1048] T f97dce8140494aa88309ba019c15686b P 2c30d92e074f4a17b101b62a64dea6ce [LEADER]: Connected to new peer: Peer: permanent_uuid: "65cf8b84ed38460f9d34c229cd8a382a" member_type: VOTER last_known_addr { host: "127.6.95.66" port: 38677 }, Status: LMP_MISMATCH, Last received: 0.0, Next index: 3, Last known committed idx: 2, Time since last communication: 0.000s
I20260710 11:08:04.559440  8055 raft_consensus.cc:1240] T e0711317f50143d0a3aa49c65ff1d593 P 19b536eeeb424063837f4b19a40b5293 [term 2 FOLLOWER]: Rejecting Update request from peer 047a8f4352694199adf6fac58d53c875 for earlier term 1. Current term is 2. Ops: []
I20260710 11:08:04.566114  8344 consensus_queue.cc:1059] T e0711317f50143d0a3aa49c65ff1d593 P 047a8f4352694199adf6fac58d53c875 [LEADER]: Peer responded invalid term: Peer: permanent_uuid: "19b536eeeb424063837f4b19a40b5293" member_type: VOTER last_known_addr { host: "127.6.95.68" port: 34133 } attrs { promote: false }, Status: INVALID_TERM, Last received: 1.4, Next index: 5, Last known committed idx: 4, Time since last communication: 0.000s
I20260710 11:08:04.568102  8348 raft_consensus.cc:3055] T e0711317f50143d0a3aa49c65ff1d593 P 047a8f4352694199adf6fac58d53c875 [term 1 LEADER]: Stepping down as leader of term 1
I20260710 11:08:04.568466  8348 raft_consensus.cc:740] T e0711317f50143d0a3aa49c65ff1d593 P 047a8f4352694199adf6fac58d53c875 [term 1 LEADER]: Becoming Follower/Learner. State: Replica: 047a8f4352694199adf6fac58d53c875, State: Running, Role: LEADER
I20260710 11:08:04.569272  8348 consensus_queue.cc:260] T e0711317f50143d0a3aa49c65ff1d593 P 047a8f4352694199adf6fac58d53c875 [NON_LEADER]: Queue going to NON_LEADER mode. State: All replicated index: 0, Majority replicated index: 4, Committed index: 4, Last appended: 1.4, Last appended by leader: 4, Current term: 1, Majority size: -1, State: 0, Mode: NON_LEADER, active raft config: opid_index: 4 OBSOLETE_local: false peers { permanent_uuid: "65cf8b84ed38460f9d34c229cd8a382a" member_type: VOTER last_known_addr { host: "127.6.95.66" port: 38677 } } peers { permanent_uuid: "047a8f4352694199adf6fac58d53c875" member_type: VOTER last_known_addr { host: "127.6.95.67" port: 43051 } } peers { permanent_uuid: "19b536eeeb424063837f4b19a40b5293" member_type: VOTER last_known_addr { host: "127.6.95.68" port: 34133 } attrs { promote: false } }
I20260710 11:08:04.570395  8348 raft_consensus.cc:3060] T e0711317f50143d0a3aa49c65ff1d593 P 047a8f4352694199adf6fac58d53c875 [term 1 FOLLOWER]: Advancing to term 2
I20260710 11:08:04.579180  8332 raft_consensus.cc:2955] T f97dce8140494aa88309ba019c15686b P 2c30d92e074f4a17b101b62a64dea6ce [term 1 LEADER]: Committing config change with OpId 1.3: config changed from index 2 to 3, 19b536eeeb424063837f4b19a40b5293 (127.6.95.68) changed from NON_VOTER to VOTER. New config: { opid_index: 3 OBSOLETE_local: false peers { permanent_uuid: "2c30d92e074f4a17b101b62a64dea6ce" member_type: VOTER last_known_addr { host: "127.6.95.65" port: 46039 } } peers { permanent_uuid: "65cf8b84ed38460f9d34c229cd8a382a" member_type: VOTER last_known_addr { host: "127.6.95.66" port: 38677 } } peers { permanent_uuid: "047a8f4352694199adf6fac58d53c875" member_type: VOTER last_known_addr { host: "127.6.95.67" port: 43051 } attrs { replace: true } } peers { permanent_uuid: "19b536eeeb424063837f4b19a40b5293" member_type: VOTER last_known_addr { host: "127.6.95.68" port: 34133 } attrs { promote: false } } }
I20260710 11:08:04.584053  8055 raft_consensus.cc:2955] T f97dce8140494aa88309ba019c15686b P 19b536eeeb424063837f4b19a40b5293 [term 1 FOLLOWER]: Committing config change with OpId 1.3: config changed from index 2 to 3, 19b536eeeb424063837f4b19a40b5293 (127.6.95.68) changed from NON_VOTER to VOTER. New config: { opid_index: 3 OBSOLETE_local: false peers { permanent_uuid: "2c30d92e074f4a17b101b62a64dea6ce" member_type: VOTER last_known_addr { host: "127.6.95.65" port: 46039 } } peers { permanent_uuid: "65cf8b84ed38460f9d34c229cd8a382a" member_type: VOTER last_known_addr { host: "127.6.95.66" port: 38677 } } peers { permanent_uuid: "047a8f4352694199adf6fac58d53c875" member_type: VOTER last_known_addr { host: "127.6.95.67" port: 43051 } attrs { replace: true } } peers { permanent_uuid: "19b536eeeb424063837f4b19a40b5293" member_type: VOTER last_known_addr { host: "127.6.95.68" port: 34133 } attrs { promote: false } } }
I20260710 11:08:04.584856  7682 raft_consensus.cc:2955] T f97dce8140494aa88309ba019c15686b P 65cf8b84ed38460f9d34c229cd8a382a [term 1 FOLLOWER]: Committing config change with OpId 1.3: config changed from index 2 to 3, 19b536eeeb424063837f4b19a40b5293 (127.6.95.68) changed from NON_VOTER to VOTER. New config: { opid_index: 3 OBSOLETE_local: false peers { permanent_uuid: "2c30d92e074f4a17b101b62a64dea6ce" member_type: VOTER last_known_addr { host: "127.6.95.65" port: 46039 } } peers { permanent_uuid: "65cf8b84ed38460f9d34c229cd8a382a" member_type: VOTER last_known_addr { host: "127.6.95.66" port: 38677 } } peers { permanent_uuid: "047a8f4352694199adf6fac58d53c875" member_type: VOTER last_known_addr { host: "127.6.95.67" port: 43051 } attrs { replace: true } } peers { permanent_uuid: "19b536eeeb424063837f4b19a40b5293" member_type: VOTER last_known_addr { host: "127.6.95.68" port: 34133 } attrs { promote: false } } }
I20260710 11:08:04.597842  7513 catalog_manager.cc:5697] T f97dce8140494aa88309ba019c15686b P 65cf8b84ed38460f9d34c229cd8a382a reported cstate change: config changed from index 2 to 3, 19b536eeeb424063837f4b19a40b5293 (127.6.95.68) changed from NON_VOTER to VOTER. New cstate: current_term: 1 leader_uuid: "2c30d92e074f4a17b101b62a64dea6ce" committed_config { opid_index: 3 OBSOLETE_local: false peers { permanent_uuid: "2c30d92e074f4a17b101b62a64dea6ce" member_type: VOTER last_known_addr { host: "127.6.95.65" port: 46039 } } peers { permanent_uuid: "65cf8b84ed38460f9d34c229cd8a382a" member_type: VOTER last_known_addr { host: "127.6.95.66" port: 38677 } } peers { permanent_uuid: "047a8f4352694199adf6fac58d53c875" member_type: VOTER last_known_addr { host: "127.6.95.67" port: 43051 } attrs { replace: true } } peers { permanent_uuid: "19b536eeeb424063837f4b19a40b5293" member_type: VOTER last_known_addr { host: "127.6.95.68" port: 34133 } attrs { promote: false } } }
I20260710 11:08:04.602341  7764 raft_consensus.cc:2955] T f97dce8140494aa88309ba019c15686b P 047a8f4352694199adf6fac58d53c875 [term 1 FOLLOWER]: Committing config change with OpId 1.3: config changed from index 2 to 3, 19b536eeeb424063837f4b19a40b5293 (127.6.95.68) changed from NON_VOTER to VOTER. New config: { opid_index: 3 OBSOLETE_local: false peers { permanent_uuid: "2c30d92e074f4a17b101b62a64dea6ce" member_type: VOTER last_known_addr { host: "127.6.95.65" port: 46039 } } peers { permanent_uuid: "65cf8b84ed38460f9d34c229cd8a382a" member_type: VOTER last_known_addr { host: "127.6.95.66" port: 38677 } } peers { permanent_uuid: "047a8f4352694199adf6fac58d53c875" member_type: VOTER last_known_addr { host: "127.6.95.67" port: 43051 } attrs { replace: true } } peers { permanent_uuid: "19b536eeeb424063837f4b19a40b5293" member_type: VOTER last_known_addr { host: "127.6.95.68" port: 34133 } attrs { promote: false } } }
I20260710 11:08:04.624356  7610 consensus_queue.cc:237] T f97dce8140494aa88309ba019c15686b P 2c30d92e074f4a17b101b62a64dea6ce [LEADER]: Queue going to LEADER mode. State: All replicated index: 0, Majority replicated index: 3, Committed index: 3, Last appended: 1.3, Last appended by leader: 0, Current term: 1, Majority size: 2, State: 0, Mode: LEADER, active raft config: opid_index: 4 OBSOLETE_local: false peers { permanent_uuid: "2c30d92e074f4a17b101b62a64dea6ce" member_type: VOTER last_known_addr { host: "127.6.95.65" port: 46039 } } peers { permanent_uuid: "65cf8b84ed38460f9d34c229cd8a382a" member_type: VOTER last_known_addr { host: "127.6.95.66" port: 38677 } } peers { permanent_uuid: "19b536eeeb424063837f4b19a40b5293" member_type: VOTER last_known_addr { host: "127.6.95.68" port: 34133 } attrs { promote: false } }
I20260710 11:08:04.631609  8055 raft_consensus.cc:1275] T f97dce8140494aa88309ba019c15686b P 19b536eeeb424063837f4b19a40b5293 [term 1 FOLLOWER]: Refusing update from remote peer 2c30d92e074f4a17b101b62a64dea6ce: Log matching property violated. Preceding OpId in replica: term: 1 index: 3. Preceding OpId from leader: term: 1 index: 4. (index mismatch)
I20260710 11:08:04.634176  7682 raft_consensus.cc:1275] T f97dce8140494aa88309ba019c15686b P 65cf8b84ed38460f9d34c229cd8a382a [term 1 FOLLOWER]: Refusing update from remote peer 2c30d92e074f4a17b101b62a64dea6ce: Log matching property violated. Preceding OpId in replica: term: 1 index: 3. Preceding OpId from leader: term: 1 index: 4. (index mismatch)
I20260710 11:08:04.636582  8301 consensus_queue.cc:1048] T f97dce8140494aa88309ba019c15686b P 2c30d92e074f4a17b101b62a64dea6ce [LEADER]: Connected to new peer: Peer: permanent_uuid: "19b536eeeb424063837f4b19a40b5293" member_type: VOTER last_known_addr { host: "127.6.95.68" port: 34133 } attrs { promote: false }, Status: LMP_MISMATCH, Last received: 0.0, Next index: 4, Last known committed idx: 3, Time since last communication: 0.000s
I20260710 11:08:04.637817  8336 consensus_queue.cc:1048] T f97dce8140494aa88309ba019c15686b P 2c30d92e074f4a17b101b62a64dea6ce [LEADER]: Connected to new peer: Peer: permanent_uuid: "65cf8b84ed38460f9d34c229cd8a382a" member_type: VOTER last_known_addr { host: "127.6.95.66" port: 38677 }, Status: LMP_MISMATCH, Last received: 0.0, Next index: 4, Last known committed idx: 3, Time since last communication: 0.000s
I20260710 11:08:04.643339  8301 raft_consensus.cc:2955] T f97dce8140494aa88309ba019c15686b P 2c30d92e074f4a17b101b62a64dea6ce [term 1 LEADER]: Committing config change with OpId 1.4: config changed from index 3 to 4, VOTER 047a8f4352694199adf6fac58d53c875 (127.6.95.67) evicted. New config: { opid_index: 4 OBSOLETE_local: false peers { permanent_uuid: "2c30d92e074f4a17b101b62a64dea6ce" member_type: VOTER last_known_addr { host: "127.6.95.65" port: 46039 } } peers { permanent_uuid: "65cf8b84ed38460f9d34c229cd8a382a" member_type: VOTER last_known_addr { host: "127.6.95.66" port: 38677 } } peers { permanent_uuid: "19b536eeeb424063837f4b19a40b5293" member_type: VOTER last_known_addr { host: "127.6.95.68" port: 34133 } attrs { promote: false } } }
I20260710 11:08:04.644955  8057 raft_consensus.cc:2955] T f97dce8140494aa88309ba019c15686b P 19b536eeeb424063837f4b19a40b5293 [term 1 FOLLOWER]: Committing config change with OpId 1.4: config changed from index 3 to 4, VOTER 047a8f4352694199adf6fac58d53c875 (127.6.95.67) evicted. New config: { opid_index: 4 OBSOLETE_local: false peers { permanent_uuid: "2c30d92e074f4a17b101b62a64dea6ce" member_type: VOTER last_known_addr { host: "127.6.95.65" port: 46039 } } peers { permanent_uuid: "65cf8b84ed38460f9d34c229cd8a382a" member_type: VOTER last_known_addr { host: "127.6.95.66" port: 38677 } } peers { permanent_uuid: "19b536eeeb424063837f4b19a40b5293" member_type: VOTER last_known_addr { host: "127.6.95.68" port: 34133 } attrs { promote: false } } }
I20260710 11:08:04.652354  7684 raft_consensus.cc:2955] T f97dce8140494aa88309ba019c15686b P 65cf8b84ed38460f9d34c229cd8a382a [term 1 FOLLOWER]: Committing config change with OpId 1.4: config changed from index 3 to 4, VOTER 047a8f4352694199adf6fac58d53c875 (127.6.95.67) evicted. New config: { opid_index: 4 OBSOLETE_local: false peers { permanent_uuid: "2c30d92e074f4a17b101b62a64dea6ce" member_type: VOTER last_known_addr { host: "127.6.95.65" port: 46039 } } peers { permanent_uuid: "65cf8b84ed38460f9d34c229cd8a382a" member_type: VOTER last_known_addr { host: "127.6.95.66" port: 38677 } } peers { permanent_uuid: "19b536eeeb424063837f4b19a40b5293" member_type: VOTER last_known_addr { host: "127.6.95.68" port: 34133 } attrs { promote: false } } }
I20260710 11:08:04.658694  7510 catalog_manager.cc:5697] T f97dce8140494aa88309ba019c15686b P 19b536eeeb424063837f4b19a40b5293 reported cstate change: config changed from index 3 to 4, VOTER 047a8f4352694199adf6fac58d53c875 (127.6.95.67) evicted. New cstate: current_term: 1 leader_uuid: "2c30d92e074f4a17b101b62a64dea6ce" committed_config { opid_index: 4 OBSOLETE_local: false peers { permanent_uuid: "2c30d92e074f4a17b101b62a64dea6ce" member_type: VOTER last_known_addr { host: "127.6.95.65" port: 46039 } } peers { permanent_uuid: "65cf8b84ed38460f9d34c229cd8a382a" member_type: VOTER last_known_addr { host: "127.6.95.66" port: 38677 } } peers { permanent_uuid: "19b536eeeb424063837f4b19a40b5293" member_type: VOTER last_known_addr { host: "127.6.95.68" port: 34133 } attrs { promote: false } } }
I20260710 11:08:04.659147  7498 catalog_manager.cc:5210] ChangeConfig:REMOVE_PEER RPC for tablet f97dce8140494aa88309ba019c15686b with cas_config_opid_index 3: ChangeConfig:REMOVE_PEER succeeded (attempt 1)
I20260710 11:08:04.668427  7748 tablet_service.cc:1558] Processing DeleteTablet for tablet f97dce8140494aa88309ba019c15686b with delete_type TABLET_DATA_TOMBSTONED (TS 047a8f4352694199adf6fac58d53c875 not found in new config with opid_index 4) from {username='slave'} at 127.0.0.1:33798
I20260710 11:08:04.680922  8380 tablet_replica.cc:333] T f97dce8140494aa88309ba019c15686b P 047a8f4352694199adf6fac58d53c875: stopping tablet replica
I20260710 11:08:04.682404  8380 raft_consensus.cc:2243] T f97dce8140494aa88309ba019c15686b P 047a8f4352694199adf6fac58d53c875 [term 1 FOLLOWER]: Raft consensus shutting down.
I20260710 11:08:04.683131  8380 raft_consensus.cc:2272] T f97dce8140494aa88309ba019c15686b P 047a8f4352694199adf6fac58d53c875 [term 1 FOLLOWER]: Raft consensus is shut down!
I20260710 11:08:04.690171  8380 ts_tablet_manager.cc:1916] T f97dce8140494aa88309ba019c15686b P 047a8f4352694199adf6fac58d53c875: Deleting tablet data with delete state TABLET_DATA_TOMBSTONED
I20260710 11:08:04.699862  8380 ts_tablet_manager.cc:1929] T f97dce8140494aa88309ba019c15686b P 047a8f4352694199adf6fac58d53c875: tablet deleted with delete type TABLET_DATA_TOMBSTONED: last-logged OpId 1.3
I20260710 11:08:04.700193  8380 log.cc:1199] T f97dce8140494aa88309ba019c15686b P 047a8f4352694199adf6fac58d53c875: Deleting WAL directory at /tmp/dist-test-task_H0gsZ/test-tmp/auto_leader_rebalancer-test.0.LeaderRebalancerTest.AddTserver.1783681644618424-6525-0/minicluster-data/ts-2-root/wals/f97dce8140494aa88309ba019c15686b
I20260710 11:08:04.701355  7499 catalog_manager.cc:5028] TS 047a8f4352694199adf6fac58d53c875 (127.6.95.67:43051): tablet f97dce8140494aa88309ba019c15686b (table test-workload [id=60a2074bf48043e1b93b564ff3cc2abc]) successfully deleted
I20260710 11:08:04.930140  7682 consensus_queue.cc:237] T 921d25c30e464d3b9e9a7679ee1e8157 P 65cf8b84ed38460f9d34c229cd8a382a [LEADER]: Queue going to LEADER mode. State: All replicated index: 0, Majority replicated index: 4, Committed index: 4, Last appended: 2.4, Last appended by leader: 2, Current term: 2, Majority size: 2, State: 0, Mode: LEADER, active raft config: opid_index: 5 OBSOLETE_local: false peers { permanent_uuid: "65cf8b84ed38460f9d34c229cd8a382a" member_type: VOTER last_known_addr { host: "127.6.95.66" port: 38677 } } peers { permanent_uuid: "047a8f4352694199adf6fac58d53c875" member_type: VOTER last_known_addr { host: "127.6.95.67" port: 43051 } } peers { permanent_uuid: "19b536eeeb424063837f4b19a40b5293" member_type: VOTER last_known_addr { host: "127.6.95.68" port: 34133 } attrs { promote: false } }
I20260710 11:08:04.936343  8057 raft_consensus.cc:1275] T 921d25c30e464d3b9e9a7679ee1e8157 P 19b536eeeb424063837f4b19a40b5293 [term 2 FOLLOWER]: Refusing update from remote peer 65cf8b84ed38460f9d34c229cd8a382a: Log matching property violated. Preceding OpId in replica: term: 2 index: 4. Preceding OpId from leader: term: 2 index: 5. (index mismatch)
I20260710 11:08:04.942826  8353 consensus_queue.cc:1048] T 921d25c30e464d3b9e9a7679ee1e8157 P 65cf8b84ed38460f9d34c229cd8a382a [LEADER]: Connected to new peer: Peer: permanent_uuid: "19b536eeeb424063837f4b19a40b5293" member_type: VOTER last_known_addr { host: "127.6.95.68" port: 34133 } attrs { promote: false }, Status: LMP_MISMATCH, Last received: 0.0, Next index: 5, Last known committed idx: 4, Time since last communication: 0.000s
I20260710 11:08:04.949800  7764 raft_consensus.cc:1275] T 921d25c30e464d3b9e9a7679ee1e8157 P 047a8f4352694199adf6fac58d53c875 [term 2 FOLLOWER]: Refusing update from remote peer 65cf8b84ed38460f9d34c229cd8a382a: Log matching property violated. Preceding OpId in replica: term: 2 index: 4. Preceding OpId from leader: term: 2 index: 5. (index mismatch)
I20260710 11:08:04.951380  8341 consensus_queue.cc:1048] T 921d25c30e464d3b9e9a7679ee1e8157 P 65cf8b84ed38460f9d34c229cd8a382a [LEADER]: Connected to new peer: Peer: permanent_uuid: "047a8f4352694199adf6fac58d53c875" member_type: VOTER last_known_addr { host: "127.6.95.67" port: 43051 }, Status: LMP_MISMATCH, Last received: 0.0, Next index: 5, Last known committed idx: 4, Time since last communication: 0.000s
I20260710 11:08:04.952726  8353 raft_consensus.cc:2955] T 921d25c30e464d3b9e9a7679ee1e8157 P 65cf8b84ed38460f9d34c229cd8a382a [term 2 LEADER]: Committing config change with OpId 2.5: config changed from index 4 to 5, VOTER 2c30d92e074f4a17b101b62a64dea6ce (127.6.95.65) evicted. New config: { opid_index: 5 OBSOLETE_local: false peers { permanent_uuid: "65cf8b84ed38460f9d34c229cd8a382a" member_type: VOTER last_known_addr { host: "127.6.95.66" port: 38677 } } peers { permanent_uuid: "047a8f4352694199adf6fac58d53c875" member_type: VOTER last_known_addr { host: "127.6.95.67" port: 43051 } } peers { permanent_uuid: "19b536eeeb424063837f4b19a40b5293" member_type: VOTER last_known_addr { host: "127.6.95.68" port: 34133 } attrs { promote: false } } }
I20260710 11:08:04.957207  7764 raft_consensus.cc:2955] T 921d25c30e464d3b9e9a7679ee1e8157 P 047a8f4352694199adf6fac58d53c875 [term 2 FOLLOWER]: Committing config change with OpId 2.5: config changed from index 4 to 5, VOTER 2c30d92e074f4a17b101b62a64dea6ce (127.6.95.65) evicted. New config: { opid_index: 5 OBSOLETE_local: false peers { permanent_uuid: "65cf8b84ed38460f9d34c229cd8a382a" member_type: VOTER last_known_addr { host: "127.6.95.66" port: 38677 } } peers { permanent_uuid: "047a8f4352694199adf6fac58d53c875" member_type: VOTER last_known_addr { host: "127.6.95.67" port: 43051 } } peers { permanent_uuid: "19b536eeeb424063837f4b19a40b5293" member_type: VOTER last_known_addr { host: "127.6.95.68" port: 34133 } attrs { promote: false } } }
I20260710 11:08:04.962993  8057 raft_consensus.cc:2955] T 921d25c30e464d3b9e9a7679ee1e8157 P 19b536eeeb424063837f4b19a40b5293 [term 2 FOLLOWER]: Committing config change with OpId 2.5: config changed from index 4 to 5, VOTER 2c30d92e074f4a17b101b62a64dea6ce (127.6.95.65) evicted. New config: { opid_index: 5 OBSOLETE_local: false peers { permanent_uuid: "65cf8b84ed38460f9d34c229cd8a382a" member_type: VOTER last_known_addr { host: "127.6.95.66" port: 38677 } } peers { permanent_uuid: "047a8f4352694199adf6fac58d53c875" member_type: VOTER last_known_addr { host: "127.6.95.67" port: 43051 } } peers { permanent_uuid: "19b536eeeb424063837f4b19a40b5293" member_type: VOTER last_known_addr { host: "127.6.95.68" port: 34133 } attrs { promote: false } } }
I20260710 11:08:05.000561  7497 catalog_manager.cc:5210] ChangeConfig:REMOVE_PEER RPC for tablet 921d25c30e464d3b9e9a7679ee1e8157 with cas_config_opid_index 4: ChangeConfig:REMOVE_PEER succeeded (attempt 1)
I20260710 11:08:05.005187  7510 catalog_manager.cc:5697] T 921d25c30e464d3b9e9a7679ee1e8157 P 19b536eeeb424063837f4b19a40b5293 reported cstate change: config changed from index 4 to 5, VOTER 2c30d92e074f4a17b101b62a64dea6ce (127.6.95.65) evicted. New cstate: current_term: 2 leader_uuid: "65cf8b84ed38460f9d34c229cd8a382a" committed_config { opid_index: 5 OBSOLETE_local: false peers { permanent_uuid: "65cf8b84ed38460f9d34c229cd8a382a" member_type: VOTER last_known_addr { host: "127.6.95.66" port: 38677 } } peers { permanent_uuid: "047a8f4352694199adf6fac58d53c875" member_type: VOTER last_known_addr { host: "127.6.95.67" port: 43051 } } peers { permanent_uuid: "19b536eeeb424063837f4b19a40b5293" member_type: VOTER last_known_addr { host: "127.6.95.68" port: 34133 } attrs { promote: false } } }
I20260710 11:08:05.046600  7602 tablet_service.cc:1558] Processing DeleteTablet for tablet 921d25c30e464d3b9e9a7679ee1e8157 with delete_type TABLET_DATA_TOMBSTONED (TS 2c30d92e074f4a17b101b62a64dea6ce not found in new config with opid_index 5) from {username='slave'} at 127.0.0.1:47316
I20260710 11:08:05.053699  8382 tablet_replica.cc:333] T 921d25c30e464d3b9e9a7679ee1e8157 P 2c30d92e074f4a17b101b62a64dea6ce: stopping tablet replica
I20260710 11:08:05.056366  8382 raft_consensus.cc:2243] T 921d25c30e464d3b9e9a7679ee1e8157 P 2c30d92e074f4a17b101b62a64dea6ce [term 2 FOLLOWER]: Raft consensus shutting down.
I20260710 11:08:05.058486  8382 raft_consensus.cc:2272] T 921d25c30e464d3b9e9a7679ee1e8157 P 2c30d92e074f4a17b101b62a64dea6ce [term 2 FOLLOWER]: Raft consensus is shut down!
I20260710 11:08:05.065244  8382 ts_tablet_manager.cc:1916] T 921d25c30e464d3b9e9a7679ee1e8157 P 2c30d92e074f4a17b101b62a64dea6ce: Deleting tablet data with delete state TABLET_DATA_TOMBSTONED
I20260710 11:08:05.078969  8382 ts_tablet_manager.cc:1929] T 921d25c30e464d3b9e9a7679ee1e8157 P 2c30d92e074f4a17b101b62a64dea6ce: tablet deleted with delete type TABLET_DATA_TOMBSTONED: last-logged OpId 2.4
I20260710 11:08:05.079357  8382 log.cc:1199] T 921d25c30e464d3b9e9a7679ee1e8157 P 2c30d92e074f4a17b101b62a64dea6ce: Deleting WAL directory at /tmp/dist-test-task_H0gsZ/test-tmp/auto_leader_rebalancer-test.0.LeaderRebalancerTest.AddTserver.1783681644618424-6525-0/minicluster-data/ts-0-root/wals/921d25c30e464d3b9e9a7679ee1e8157
I20260710 11:08:05.081079  7498 catalog_manager.cc:5028] TS 2c30d92e074f4a17b101b62a64dea6ce (127.6.95.65:46039): tablet 921d25c30e464d3b9e9a7679ee1e8157 (table test-workload [id=60a2074bf48043e1b93b564ff3cc2abc]) successfully deleted
I20260710 11:08:05.732337  8344 raft_consensus.cc:493] T af9917afe3fa448aa535ad1cea27c2f7 P 047a8f4352694199adf6fac58d53c875 [term 1 FOLLOWER]: Starting pre-election (detected failure of leader 65cf8b84ed38460f9d34c229cd8a382a)
I20260710 11:08:05.733090  8344 raft_consensus.cc:515] T af9917afe3fa448aa535ad1cea27c2f7 P 047a8f4352694199adf6fac58d53c875 [term 1 FOLLOWER]: Starting pre-election with config: opid_index: 3 OBSOLETE_local: false peers { permanent_uuid: "047a8f4352694199adf6fac58d53c875" member_type: VOTER last_known_addr { host: "127.6.95.67" port: 43051 } attrs { replace: true } } peers { permanent_uuid: "2c30d92e074f4a17b101b62a64dea6ce" member_type: VOTER last_known_addr { host: "127.6.95.65" port: 46039 } } peers { permanent_uuid: "65cf8b84ed38460f9d34c229cd8a382a" member_type: VOTER last_known_addr { host: "127.6.95.66" port: 38677 } } peers { permanent_uuid: "19b536eeeb424063837f4b19a40b5293" member_type: VOTER last_known_addr { host: "127.6.95.68" port: 34133 } attrs { promote: false } }
I20260710 11:08:05.736640  7610 tablet_service.cc:1917] Received RequestConsensusVote() RPC: tablet_id: "af9917afe3fa448aa535ad1cea27c2f7" candidate_uuid: "047a8f4352694199adf6fac58d53c875" candidate_term: 2 candidate_status { last_received { term: 1 index: 3 } } ignore_live_leader: false dest_uuid: "2c30d92e074f4a17b101b62a64dea6ce" is_pre_election: true
I20260710 11:08:05.737002  7682 tablet_service.cc:1917] Received RequestConsensusVote() RPC: tablet_id: "af9917afe3fa448aa535ad1cea27c2f7" candidate_uuid: "047a8f4352694199adf6fac58d53c875" candidate_term: 2 candidate_status { last_received { term: 1 index: 3 } } ignore_live_leader: false dest_uuid: "65cf8b84ed38460f9d34c229cd8a382a" is_pre_election: true
I20260710 11:08:05.737902  7610 raft_consensus.cc:2393] T af9917afe3fa448aa535ad1cea27c2f7 P 2c30d92e074f4a17b101b62a64dea6ce [term 2 FOLLOWER]: Leader pre-election vote request: Denying vote to candidate 047a8f4352694199adf6fac58d53c875 in current term 2: Already voted for candidate 2c30d92e074f4a17b101b62a64dea6ce in this term.
I20260710 11:08:05.737828  7682 raft_consensus.cc:2468] T af9917afe3fa448aa535ad1cea27c2f7 P 65cf8b84ed38460f9d34c229cd8a382a [term 2 FOLLOWER]: Leader pre-election vote request: Granting yes vote for candidate 047a8f4352694199adf6fac58d53c875 in term 2.
I20260710 11:08:05.739900  8344 leader_election.cc:290] T af9917afe3fa448aa535ad1cea27c2f7 P 047a8f4352694199adf6fac58d53c875 [CANDIDATE]: Term 2 pre-election: Requested pre-vote from peers 2c30d92e074f4a17b101b62a64dea6ce (127.6.95.65:46039), 65cf8b84ed38460f9d34c229cd8a382a (127.6.95.66:38677), 19b536eeeb424063837f4b19a40b5293 (127.6.95.68:34133)
I20260710 11:08:05.741048  8057 tablet_service.cc:1917] Received RequestConsensusVote() RPC: tablet_id: "af9917afe3fa448aa535ad1cea27c2f7" candidate_uuid: "047a8f4352694199adf6fac58d53c875" candidate_term: 2 candidate_status { last_received { term: 1 index: 3 } } ignore_live_leader: false dest_uuid: "19b536eeeb424063837f4b19a40b5293" is_pre_election: true
I20260710 11:08:05.741688  8057 raft_consensus.cc:2468] T af9917afe3fa448aa535ad1cea27c2f7 P 19b536eeeb424063837f4b19a40b5293 [term 1 LEARNER]: Leader pre-election vote request: Granting yes vote for candidate 047a8f4352694199adf6fac58d53c875 in term 1.
I20260710 11:08:05.743088  7730 leader_election.cc:304] T af9917afe3fa448aa535ad1cea27c2f7 P 047a8f4352694199adf6fac58d53c875 [CANDIDATE]: Term 2 pre-election: Election decided. Result: candidate won. Election summary: received 4 responses out of 4 voters: 3 yes votes; 1 no votes. yes voters: 047a8f4352694199adf6fac58d53c875, 19b536eeeb424063837f4b19a40b5293, 65cf8b84ed38460f9d34c229cd8a382a; no voters: 2c30d92e074f4a17b101b62a64dea6ce
I20260710 11:08:05.746418  8344 raft_consensus.cc:2804] T af9917afe3fa448aa535ad1cea27c2f7 P 047a8f4352694199adf6fac58d53c875 [term 1 FOLLOWER]: Leader pre-election won for term 2
I20260710 11:08:05.746811  8344 raft_consensus.cc:493] T af9917afe3fa448aa535ad1cea27c2f7 P 047a8f4352694199adf6fac58d53c875 [term 1 FOLLOWER]: Starting leader election (detected failure of leader 65cf8b84ed38460f9d34c229cd8a382a)
I20260710 11:08:05.747143  8344 raft_consensus.cc:3060] T af9917afe3fa448aa535ad1cea27c2f7 P 047a8f4352694199adf6fac58d53c875 [term 1 FOLLOWER]: Advancing to term 2
I20260710 11:08:05.755318  8344 raft_consensus.cc:515] T af9917afe3fa448aa535ad1cea27c2f7 P 047a8f4352694199adf6fac58d53c875 [term 2 FOLLOWER]: Starting leader election with config: opid_index: 3 OBSOLETE_local: false peers { permanent_uuid: "047a8f4352694199adf6fac58d53c875" member_type: VOTER last_known_addr { host: "127.6.95.67" port: 43051 } attrs { replace: true } } peers { permanent_uuid: "2c30d92e074f4a17b101b62a64dea6ce" member_type: VOTER last_known_addr { host: "127.6.95.65" port: 46039 } } peers { permanent_uuid: "65cf8b84ed38460f9d34c229cd8a382a" member_type: VOTER last_known_addr { host: "127.6.95.66" port: 38677 } } peers { permanent_uuid: "19b536eeeb424063837f4b19a40b5293" member_type: VOTER last_known_addr { host: "127.6.95.68" port: 34133 } attrs { promote: false } }
I20260710 11:08:05.758026  8344 leader_election.cc:290] T af9917afe3fa448aa535ad1cea27c2f7 P 047a8f4352694199adf6fac58d53c875 [CANDIDATE]: Term 2 election: Requested vote from peers 2c30d92e074f4a17b101b62a64dea6ce (127.6.95.65:46039), 65cf8b84ed38460f9d34c229cd8a382a (127.6.95.66:38677), 19b536eeeb424063837f4b19a40b5293 (127.6.95.68:34133)
I20260710 11:08:05.758325  7610 tablet_service.cc:1917] Received RequestConsensusVote() RPC: tablet_id: "af9917afe3fa448aa535ad1cea27c2f7" candidate_uuid: "047a8f4352694199adf6fac58d53c875" candidate_term: 2 candidate_status { last_received { term: 1 index: 3 } } ignore_live_leader: false dest_uuid: "2c30d92e074f4a17b101b62a64dea6ce"
I20260710 11:08:05.759140  7610 raft_consensus.cc:2393] T af9917afe3fa448aa535ad1cea27c2f7 P 2c30d92e074f4a17b101b62a64dea6ce [term 2 FOLLOWER]: Leader election vote request: Denying vote to candidate 047a8f4352694199adf6fac58d53c875 in current term 2: Already voted for candidate 2c30d92e074f4a17b101b62a64dea6ce in this term.
I20260710 11:08:05.760036  7682 tablet_service.cc:1917] Received RequestConsensusVote() RPC: tablet_id: "af9917afe3fa448aa535ad1cea27c2f7" candidate_uuid: "047a8f4352694199adf6fac58d53c875" candidate_term: 2 candidate_status { last_received { term: 1 index: 3 } } ignore_live_leader: false dest_uuid: "65cf8b84ed38460f9d34c229cd8a382a"
I20260710 11:08:05.760859  8057 tablet_service.cc:1917] Received RequestConsensusVote() RPC: tablet_id: "af9917afe3fa448aa535ad1cea27c2f7" candidate_uuid: "047a8f4352694199adf6fac58d53c875" candidate_term: 2 candidate_status { last_received { term: 1 index: 3 } } ignore_live_leader: false dest_uuid: "19b536eeeb424063837f4b19a40b5293"
I20260710 11:08:05.761448  8057 raft_consensus.cc:3060] T af9917afe3fa448aa535ad1cea27c2f7 P 19b536eeeb424063837f4b19a40b5293 [term 1 LEARNER]: Advancing to term 2
I20260710 11:08:05.772446  8057 raft_consensus.cc:2468] T af9917afe3fa448aa535ad1cea27c2f7 P 19b536eeeb424063837f4b19a40b5293 [term 2 LEARNER]: Leader election vote request: Granting yes vote for candidate 047a8f4352694199adf6fac58d53c875 in term 2.
I20260710 11:08:05.775905  7682 raft_consensus.cc:2468] T af9917afe3fa448aa535ad1cea27c2f7 P 65cf8b84ed38460f9d34c229cd8a382a [term 2 FOLLOWER]: Leader election vote request: Granting yes vote for candidate 047a8f4352694199adf6fac58d53c875 in term 2.
I20260710 11:08:05.778187  7727 leader_election.cc:304] T af9917afe3fa448aa535ad1cea27c2f7 P 047a8f4352694199adf6fac58d53c875 [CANDIDATE]: Term 2 election: Election decided. Result: candidate won. Election summary: received 4 responses out of 4 voters: 3 yes votes; 1 no votes. yes voters: 047a8f4352694199adf6fac58d53c875, 19b536eeeb424063837f4b19a40b5293, 65cf8b84ed38460f9d34c229cd8a382a; no voters: 2c30d92e074f4a17b101b62a64dea6ce
I20260710 11:08:05.779373  8387 raft_consensus.cc:2804] T af9917afe3fa448aa535ad1cea27c2f7 P 047a8f4352694199adf6fac58d53c875 [term 2 FOLLOWER]: Leader election won for term 2
I20260710 11:08:05.780238  8387 raft_consensus.cc:697] T af9917afe3fa448aa535ad1cea27c2f7 P 047a8f4352694199adf6fac58d53c875 [term 2 LEADER]: Becoming Leader. State: Replica: 047a8f4352694199adf6fac58d53c875, State: Running, Role: LEADER
I20260710 11:08:05.781405  8387 consensus_queue.cc:237] T af9917afe3fa448aa535ad1cea27c2f7 P 047a8f4352694199adf6fac58d53c875 [LEADER]: Queue going to LEADER mode. State: All replicated index: 0, Majority replicated index: 2, Committed index: 2, Last appended: 1.3, Last appended by leader: 3, Current term: 2, Majority size: 3, State: 0, Mode: LEADER, active raft config: opid_index: 3 OBSOLETE_local: false peers { permanent_uuid: "047a8f4352694199adf6fac58d53c875" member_type: VOTER last_known_addr { host: "127.6.95.67" port: 43051 } attrs { replace: true } } peers { permanent_uuid: "2c30d92e074f4a17b101b62a64dea6ce" member_type: VOTER last_known_addr { host: "127.6.95.65" port: 46039 } } peers { permanent_uuid: "65cf8b84ed38460f9d34c229cd8a382a" member_type: VOTER last_known_addr { host: "127.6.95.66" port: 38677 } } peers { permanent_uuid: "19b536eeeb424063837f4b19a40b5293" member_type: VOTER last_known_addr { host: "127.6.95.68" port: 34133 } attrs { promote: false } }
I20260710 11:08:05.795836  7513 catalog_manager.cc:5697] T af9917afe3fa448aa535ad1cea27c2f7 P 047a8f4352694199adf6fac58d53c875 reported cstate change: term changed from 1 to 2, leader changed from 65cf8b84ed38460f9d34c229cd8a382a (127.6.95.66) to 047a8f4352694199adf6fac58d53c875 (127.6.95.67), now has a pending config: VOTER 047a8f4352694199adf6fac58d53c875 (127.6.95.67), VOTER 2c30d92e074f4a17b101b62a64dea6ce (127.6.95.65), VOTER 65cf8b84ed38460f9d34c229cd8a382a (127.6.95.66), VOTER 19b536eeeb424063837f4b19a40b5293 (127.6.95.68). New cstate: current_term: 2 leader_uuid: "047a8f4352694199adf6fac58d53c875" committed_config { opid_index: 2 OBSOLETE_local: false peers { permanent_uuid: "047a8f4352694199adf6fac58d53c875" member_type: VOTER last_known_addr { host: "127.6.95.67" port: 43051 } attrs { replace: true } health_report { overall_health: HEALTHY } } peers { permanent_uuid: "2c30d92e074f4a17b101b62a64dea6ce" member_type: VOTER last_known_addr { host: "127.6.95.65" port: 46039 } health_report { overall_health: UNKNOWN } } peers { permanent_uuid: "65cf8b84ed38460f9d34c229cd8a382a" member_type: VOTER last_known_addr { host: "127.6.95.66" port: 38677 } health_report { overall_health: UNKNOWN } } peers { permanent_uuid: "19b536eeeb424063837f4b19a40b5293" member_type: NON_VOTER last_known_addr { host: "127.6.95.68" port: 34133 } attrs { promote: true } health_report { overall_health: UNKNOWN } } } pending_config { opid_index: 3 OBSOLETE_local: false peers { permanent_uuid: "047a8f4352694199adf6fac58d53c875" member_type: VOTER last_known_addr { host: "127.6.95.67" port: 43051 } attrs { replace: true } } peers { permanent_uuid: "2c30d92e074f4a17b101b62a64dea6ce" member_type: VOTER last_known_addr { host: "127.6.95.65" port: 46039 } } peers { permanent_uuid: "65cf8b84ed38460f9d34c229cd8a382a" member_type: VOTER last_known_addr { host: "127.6.95.66" port: 38677 } } peers { permanent_uuid: "19b536eeeb424063837f4b19a40b5293" member_type: VOTER last_known_addr { host: "127.6.95.68" port: 34133 } attrs { promote: false } } }
I20260710 11:08:05.811025  7764 tablet_service.cc:2072] Received LeaderStepDown RPC: tablet_id: "af9917afe3fa448aa535ad1cea27c2f7"
dest_uuid: "047a8f4352694199adf6fac58d53c875"
mode: GRACEFUL
 from {username='slave'} at 127.0.0.1:33798
I20260710 11:08:05.811671  7764 raft_consensus.cc:606] T af9917afe3fa448aa535ad1cea27c2f7 P 047a8f4352694199adf6fac58d53c875 [term 2 LEADER]: Received request to transfer leadership
I20260710 11:08:05.814816  7764 tablet_service.cc:2072] Received LeaderStepDown RPC: tablet_id: "af9917afe3fa448aa535ad1cea27c2f7"
dest_uuid: "047a8f4352694199adf6fac58d53c875"
mode: GRACEFUL
 from {username='slave'} at 127.0.0.1:33798
I20260710 11:08:05.815301  7764 raft_consensus.cc:606] T af9917afe3fa448aa535ad1cea27c2f7 P 047a8f4352694199adf6fac58d53c875 [term 2 LEADER]: Received request to transfer leadership
W20260710 11:08:05.816460  7499 proxy.cc:239] Call had error, refreshing address and retrying: Remote error: Service unavailable: leadership transfer for af9917afe3fa448aa535ad1cea27c2f7 already in progress [suppressed 3 similar messages]
I20260710 11:08:05.819180  7764 tablet_service.cc:2072] Received LeaderStepDown RPC: tablet_id: "af9917afe3fa448aa535ad1cea27c2f7"
dest_uuid: "047a8f4352694199adf6fac58d53c875"
mode: GRACEFUL
 from {username='slave'} at 127.0.0.1:33798
I20260710 11:08:05.819648  7764 raft_consensus.cc:606] T af9917afe3fa448aa535ad1cea27c2f7 P 047a8f4352694199adf6fac58d53c875 [term 2 LEADER]: Received request to transfer leadership
W20260710 11:08:05.823452  7561 auto_rebalancer.cc:893] Removing replace marker failed: Service unavailable: leader transfer in progress
W20260710 11:08:05.823848  7561 auto_rebalancer.cc:901] Could not move replica: Remote error: Service unavailable: leadership transfer for af9917afe3fa448aa535ad1cea27c2f7 already in progress
W20260710 11:08:05.824133  7561 auto_rebalancer.cc:330] scheduled replica move failed to complete: Remote error: Service unavailable: leadership transfer for af9917afe3fa448aa535ad1cea27c2f7 already in progress
I20260710 11:08:05.920017  8385 raft_consensus.cc:493] T e0711317f50143d0a3aa49c65ff1d593 P 65cf8b84ed38460f9d34c229cd8a382a [term 1 FOLLOWER]: Starting pre-election (detected failure of leader 047a8f4352694199adf6fac58d53c875)
I20260710 11:08:05.920598  8385 raft_consensus.cc:515] T e0711317f50143d0a3aa49c65ff1d593 P 65cf8b84ed38460f9d34c229cd8a382a [term 1 FOLLOWER]: Starting pre-election with config: opid_index: 4 OBSOLETE_local: false peers { permanent_uuid: "65cf8b84ed38460f9d34c229cd8a382a" member_type: VOTER last_known_addr { host: "127.6.95.66" port: 38677 } } peers { permanent_uuid: "047a8f4352694199adf6fac58d53c875" member_type: VOTER last_known_addr { host: "127.6.95.67" port: 43051 } } peers { permanent_uuid: "19b536eeeb424063837f4b19a40b5293" member_type: VOTER last_known_addr { host: "127.6.95.68" port: 34133 } attrs { promote: false } }
I20260710 11:08:05.922359  8385 leader_election.cc:290] T e0711317f50143d0a3aa49c65ff1d593 P 65cf8b84ed38460f9d34c229cd8a382a [CANDIDATE]: Term 2 pre-election: Requested pre-vote from peers 047a8f4352694199adf6fac58d53c875 (127.6.95.67:43051), 19b536eeeb424063837f4b19a40b5293 (127.6.95.68:34133)
I20260710 11:08:05.923139  7764 tablet_service.cc:1917] Received RequestConsensusVote() RPC: tablet_id: "e0711317f50143d0a3aa49c65ff1d593" candidate_uuid: "65cf8b84ed38460f9d34c229cd8a382a" candidate_term: 2 candidate_status { last_received { term: 1 index: 4 } } ignore_live_leader: false dest_uuid: "047a8f4352694199adf6fac58d53c875" is_pre_election: true
I20260710 11:08:05.923375  8057 tablet_service.cc:1917] Received RequestConsensusVote() RPC: tablet_id: "e0711317f50143d0a3aa49c65ff1d593" candidate_uuid: "65cf8b84ed38460f9d34c229cd8a382a" candidate_term: 2 candidate_status { last_received { term: 1 index: 4 } } ignore_live_leader: false dest_uuid: "19b536eeeb424063837f4b19a40b5293" is_pre_election: true
I20260710 11:08:05.923709  7764 raft_consensus.cc:2468] T e0711317f50143d0a3aa49c65ff1d593 P 047a8f4352694199adf6fac58d53c875 [term 2 FOLLOWER]: Leader pre-election vote request: Granting yes vote for candidate 65cf8b84ed38460f9d34c229cd8a382a in term 2.
I20260710 11:08:05.924217  8057 raft_consensus.cc:2393] T e0711317f50143d0a3aa49c65ff1d593 P 19b536eeeb424063837f4b19a40b5293 [term 2 FOLLOWER]: Leader pre-election vote request: Denying vote to candidate 65cf8b84ed38460f9d34c229cd8a382a in current term 2: Already voted for candidate 19b536eeeb424063837f4b19a40b5293 in this term.
I20260710 11:08:05.924923  7655 leader_election.cc:304] T e0711317f50143d0a3aa49c65ff1d593 P 65cf8b84ed38460f9d34c229cd8a382a [CANDIDATE]: Term 2 pre-election: Election decided. Result: candidate won. Election summary: received 2 responses out of 3 voters: 2 yes votes; 0 no votes. yes voters: 047a8f4352694199adf6fac58d53c875, 65cf8b84ed38460f9d34c229cd8a382a; no voters: 
I20260710 11:08:05.925531  8385 raft_consensus.cc:2804] T e0711317f50143d0a3aa49c65ff1d593 P 65cf8b84ed38460f9d34c229cd8a382a [term 1 FOLLOWER]: Leader pre-election won for term 2
I20260710 11:08:05.925889  8385 raft_consensus.cc:493] T e0711317f50143d0a3aa49c65ff1d593 P 65cf8b84ed38460f9d34c229cd8a382a [term 1 FOLLOWER]: Starting leader election (detected failure of leader 047a8f4352694199adf6fac58d53c875)
I20260710 11:08:05.926160  8385 raft_consensus.cc:3060] T e0711317f50143d0a3aa49c65ff1d593 P 65cf8b84ed38460f9d34c229cd8a382a [term 1 FOLLOWER]: Advancing to term 2
I20260710 11:08:05.928135  8336 raft_consensus.cc:493] T af9917afe3fa448aa535ad1cea27c2f7 P 2c30d92e074f4a17b101b62a64dea6ce [term 2 FOLLOWER]: Starting pre-election (no leader contacted us within the election timeout)
I20260710 11:08:05.928640  8336 raft_consensus.cc:515] T af9917afe3fa448aa535ad1cea27c2f7 P 2c30d92e074f4a17b101b62a64dea6ce [term 2 FOLLOWER]: Starting pre-election with config: opid_index: 2 OBSOLETE_local: false peers { permanent_uuid: "047a8f4352694199adf6fac58d53c875" member_type: VOTER last_known_addr { host: "127.6.95.67" port: 43051 } attrs { replace: true } } peers { permanent_uuid: "2c30d92e074f4a17b101b62a64dea6ce" member_type: VOTER last_known_addr { host: "127.6.95.65" port: 46039 } } peers { permanent_uuid: "65cf8b84ed38460f9d34c229cd8a382a" member_type: VOTER last_known_addr { host: "127.6.95.66" port: 38677 } } peers { permanent_uuid: "19b536eeeb424063837f4b19a40b5293" member_type: NON_VOTER last_known_addr { host: "127.6.95.68" port: 34133 } attrs { promote: true } }
I20260710 11:08:05.931500  7764 tablet_service.cc:1917] Received RequestConsensusVote() RPC: tablet_id: "af9917afe3fa448aa535ad1cea27c2f7" candidate_uuid: "2c30d92e074f4a17b101b62a64dea6ce" candidate_term: 3 candidate_status { last_received { term: 1 index: 2 } } ignore_live_leader: false dest_uuid: "047a8f4352694199adf6fac58d53c875" is_pre_election: true
I20260710 11:08:05.931804  7682 tablet_service.cc:1917] Received RequestConsensusVote() RPC: tablet_id: "af9917afe3fa448aa535ad1cea27c2f7" candidate_uuid: "2c30d92e074f4a17b101b62a64dea6ce" candidate_term: 3 candidate_status { last_received { term: 1 index: 2 } } ignore_live_leader: false dest_uuid: "65cf8b84ed38460f9d34c229cd8a382a" is_pre_election: true
I20260710 11:08:05.932704  7682 raft_consensus.cc:2410] T af9917afe3fa448aa535ad1cea27c2f7 P 65cf8b84ed38460f9d34c229cd8a382a [term 2 FOLLOWER]: Leader pre-election vote request: Denying vote to candidate 2c30d92e074f4a17b101b62a64dea6ce for term 3 because replica has last-logged OpId of term: 1 index: 3, which is greater than that of the candidate, which has last-logged OpId of term: 1 index: 2.
I20260710 11:08:05.933143  8336 leader_election.cc:290] T af9917afe3fa448aa535ad1cea27c2f7 P 2c30d92e074f4a17b101b62a64dea6ce [CANDIDATE]: Term 3 pre-election: Requested pre-vote from peers 047a8f4352694199adf6fac58d53c875 (127.6.95.67:43051), 65cf8b84ed38460f9d34c229cd8a382a (127.6.95.66:38677)
I20260710 11:08:05.932967  8385 raft_consensus.cc:515] T e0711317f50143d0a3aa49c65ff1d593 P 65cf8b84ed38460f9d34c229cd8a382a [term 2 FOLLOWER]: Starting leader election with config: opid_index: 4 OBSOLETE_local: false peers { permanent_uuid: "65cf8b84ed38460f9d34c229cd8a382a" member_type: VOTER last_known_addr { host: "127.6.95.66" port: 38677 } } peers { permanent_uuid: "047a8f4352694199adf6fac58d53c875" member_type: VOTER last_known_addr { host: "127.6.95.67" port: 43051 } } peers { permanent_uuid: "19b536eeeb424063837f4b19a40b5293" member_type: VOTER last_known_addr { host: "127.6.95.68" port: 34133 } attrs { promote: false } }
I20260710 11:08:05.933843  7578 leader_election.cc:304] T af9917afe3fa448aa535ad1cea27c2f7 P 2c30d92e074f4a17b101b62a64dea6ce [CANDIDATE]: Term 3 pre-election: Election decided. Result: candidate lost. Election summary: received 3 responses out of 3 voters: 1 yes votes; 2 no votes. yes voters: 2c30d92e074f4a17b101b62a64dea6ce; no voters: 047a8f4352694199adf6fac58d53c875, 65cf8b84ed38460f9d34c229cd8a382a
I20260710 11:08:05.934579  8336 raft_consensus.cc:2749] T af9917afe3fa448aa535ad1cea27c2f7 P 2c30d92e074f4a17b101b62a64dea6ce [term 2 FOLLOWER]: Leader pre-election lost for term 3. Reason: could not achieve majority
I20260710 11:08:05.935328  8385 leader_election.cc:290] T e0711317f50143d0a3aa49c65ff1d593 P 65cf8b84ed38460f9d34c229cd8a382a [CANDIDATE]: Term 2 election: Requested vote from peers 047a8f4352694199adf6fac58d53c875 (127.6.95.67:43051), 19b536eeeb424063837f4b19a40b5293 (127.6.95.68:34133)
I20260710 11:08:05.935806  7764 tablet_service.cc:1917] Received RequestConsensusVote() RPC: tablet_id: "e0711317f50143d0a3aa49c65ff1d593" candidate_uuid: "65cf8b84ed38460f9d34c229cd8a382a" candidate_term: 2 candidate_status { last_received { term: 1 index: 4 } } ignore_live_leader: false dest_uuid: "047a8f4352694199adf6fac58d53c875"
I20260710 11:08:05.936213  8385 raft_consensus.cc:493] T b63c9edc59b1471eb1a681c8c278c8f6 P 65cf8b84ed38460f9d34c229cd8a382a [term 1 FOLLOWER]: Starting pre-election (detected failure of leader 047a8f4352694199adf6fac58d53c875)
I20260710 11:08:05.936800  8385 raft_consensus.cc:515] T b63c9edc59b1471eb1a681c8c278c8f6 P 65cf8b84ed38460f9d34c229cd8a382a [term 1 FOLLOWER]: Starting pre-election with config: opid_index: -1 OBSOLETE_local: false peers { permanent_uuid: "2c30d92e074f4a17b101b62a64dea6ce" member_type: VOTER last_known_addr { host: "127.6.95.65" port: 46039 } } peers { permanent_uuid: "65cf8b84ed38460f9d34c229cd8a382a" member_type: VOTER last_known_addr { host: "127.6.95.66" port: 38677 } } peers { permanent_uuid: "047a8f4352694199adf6fac58d53c875" member_type: VOTER last_known_addr { host: "127.6.95.67" port: 43051 } }
I20260710 11:08:05.939239  7610 tablet_service.cc:1917] Received RequestConsensusVote() RPC: tablet_id: "b63c9edc59b1471eb1a681c8c278c8f6" candidate_uuid: "65cf8b84ed38460f9d34c229cd8a382a" candidate_term: 2 candidate_status { last_received { term: 1 index: 1 } } ignore_live_leader: false dest_uuid: "2c30d92e074f4a17b101b62a64dea6ce" is_pre_election: true
I20260710 11:08:05.939471  8385 leader_election.cc:290] T b63c9edc59b1471eb1a681c8c278c8f6 P 65cf8b84ed38460f9d34c229cd8a382a [CANDIDATE]: Term 2 pre-election: Requested pre-vote from peers 2c30d92e074f4a17b101b62a64dea6ce (127.6.95.65:46039), 047a8f4352694199adf6fac58d53c875 (127.6.95.67:43051)
