I20260710 11:07:48.599174 30491 consensus_queue.cc:260] T cb6d4c6c8e8c461cb9502061cfdf9218 P 8a3fb9f8475b4f10b50761b13ca4fdc0 [NON_LEADER]: Queue going to NON_LEADER mode. State: All replicated index: 0, Majority replicated index: 0, Committed index: 0, Last appended: 0.0, Last appended by leader: 0, Current term: 0, Majority size: -1, State: 0, Mode: NON_LEADER, active raft config: opid_index: -1 OBSOLETE_local: false peers { permanent_uuid: "7ac73b830168462dbc31ea5d27260727" member_type: VOTER last_known_addr { host: "127.28.130.1" port: 43217 } } peers { permanent_uuid: "8a3fb9f8475b4f10b50761b13ca4fdc0" member_type: VOTER last_known_addr { host: "127.28.130.2" port: 42521 } } peers { permanent_uuid: "894510aa78504707aafa76a6c707a33b" member_type: VOTER last_known_addr { host: "127.28.130.3" port: 44277 } }
I20260710 11:07:48.601437 30491 ts_tablet_manager.cc:1434] T cb6d4c6c8e8c461cb9502061cfdf9218 P 8a3fb9f8475b4f10b50761b13ca4fdc0: Time spent starting tablet: real 0.007s	user 0.005s	sys 0.000s
I20260710 11:07:48.599689 30489 raft_consensus.cc:359] T 96845e085ae14a9ba22740c72700ff16 P 894510aa78504707aafa76a6c707a33b [term 0 FOLLOWER]: Replica starting. Triggering 0 pending ops. Active config: opid_index: -1 OBSOLETE_local: false peers { permanent_uuid: "7ac73b830168462dbc31ea5d27260727" member_type: VOTER last_known_addr { host: "127.28.130.1" port: 43217 } } peers { permanent_uuid: "8a3fb9f8475b4f10b50761b13ca4fdc0" member_type: VOTER last_known_addr { host: "127.28.130.2" port: 42521 } } peers { permanent_uuid: "894510aa78504707aafa76a6c707a33b" member_type: VOTER last_known_addr { host: "127.28.130.3" port: 44277 } }
I20260710 11:07:48.603161 30489 raft_consensus.cc:385] T 96845e085ae14a9ba22740c72700ff16 P 894510aa78504707aafa76a6c707a33b [term 0 FOLLOWER]: Consensus starting up: Expiring failure detector timer to make a prompt election more likely
I20260710 11:07:48.604597 30491 tablet_bootstrap.cc:492] T 9838b2a57016443cb6e7827307c10476 P 8a3fb9f8475b4f10b50761b13ca4fdc0: Bootstrap starting.
I20260710 11:07:48.604547 30508 raft_consensus.cc:493] T fe58db72d7e8454a974cd439244d4939 P 7ac73b830168462dbc31ea5d27260727 [term 0 FOLLOWER]: Starting pre-election (no leader contacted us within the election timeout)
I20260710 11:07:48.605106 30508 raft_consensus.cc:515] T fe58db72d7e8454a974cd439244d4939 P 7ac73b830168462dbc31ea5d27260727 [term 0 FOLLOWER]: Starting pre-election with config: opid_index: -1 OBSOLETE_local: false peers { permanent_uuid: "7ac73b830168462dbc31ea5d27260727" member_type: VOTER last_known_addr { host: "127.28.130.1" port: 43217 } } peers { permanent_uuid: "8a3fb9f8475b4f10b50761b13ca4fdc0" member_type: VOTER last_known_addr { host: "127.28.130.2" port: 42521 } } peers { permanent_uuid: "894510aa78504707aafa76a6c707a33b" member_type: VOTER last_known_addr { host: "127.28.130.3" port: 44277 } }
I20260710 11:07:48.605638 30339 leader_election.cc:304] T f39e6880ea8d4e65a8a6218932298960 P 8a3fb9f8475b4f10b50761b13ca4fdc0 [CANDIDATE]: Term 1 pre-election: Election decided. Result: candidate lost. Election summary: received 3 responses out of 3 voters: 1 yes votes; 2 no votes. yes voters: 8a3fb9f8475b4f10b50761b13ca4fdc0; no voters: 7ac73b830168462dbc31ea5d27260727, 894510aa78504707aafa76a6c707a33b
I20260710 11:07:48.606679 30495 raft_consensus.cc:2749] T f39e6880ea8d4e65a8a6218932298960 P 8a3fb9f8475b4f10b50761b13ca4fdc0 [term 1 FOLLOWER]: Leader pre-election lost for term 1. Reason: could not achieve majority
I20260710 11:07:48.603492 30489 raft_consensus.cc:740] T 96845e085ae14a9ba22740c72700ff16 P 894510aa78504707aafa76a6c707a33b [term 0 FOLLOWER]: Becoming Follower/Learner. State: Replica: 894510aa78504707aafa76a6c707a33b, State: Initialized, Role: FOLLOWER
I20260710 11:07:48.608104 30489 consensus_queue.cc:260] T 96845e085ae14a9ba22740c72700ff16 P 894510aa78504707aafa76a6c707a33b [NON_LEADER]: Queue going to NON_LEADER mode. State: All replicated index: 0, Majority replicated index: 0, Committed index: 0, Last appended: 0.0, Last appended by leader: 0, Current term: 0, Majority size: -1, State: 0, Mode: NON_LEADER, active raft config: opid_index: -1 OBSOLETE_local: false peers { permanent_uuid: "7ac73b830168462dbc31ea5d27260727" member_type: VOTER last_known_addr { host: "127.28.130.1" port: 43217 } } peers { permanent_uuid: "8a3fb9f8475b4f10b50761b13ca4fdc0" member_type: VOTER last_known_addr { host: "127.28.130.2" port: 42521 } } peers { permanent_uuid: "894510aa78504707aafa76a6c707a33b" member_type: VOTER last_known_addr { host: "127.28.130.3" port: 44277 } }
I20260710 11:07:48.609090 30508 leader_election.cc:290] T fe58db72d7e8454a974cd439244d4939 P 7ac73b830168462dbc31ea5d27260727 [CANDIDATE]: Term 1 pre-election: Requested pre-vote from peers 8a3fb9f8475b4f10b50761b13ca4fdc0 (127.28.130.2:42521), 894510aa78504707aafa76a6c707a33b (127.28.130.3:44277)
I20260710 11:07:48.611217 30489 ts_tablet_manager.cc:1434] T 96845e085ae14a9ba22740c72700ff16 P 894510aa78504707aafa76a6c707a33b: Time spent starting tablet: real 0.014s	user 0.008s	sys 0.000s
I20260710 11:07:48.612396 30489 tablet_bootstrap.cc:492] T fe58db72d7e8454a974cd439244d4939 P 894510aa78504707aafa76a6c707a33b: Bootstrap starting.
I20260710 11:07:48.618503 30198 catalog_manager.cc:5697] T f39e6880ea8d4e65a8a6218932298960 P 894510aa78504707aafa76a6c707a33b reported cstate change: term changed from 0 to 1, leader changed from <none> to 894510aa78504707aafa76a6c707a33b (127.28.130.3). New cstate: current_term: 1 leader_uuid: "894510aa78504707aafa76a6c707a33b" committed_config { opid_index: -1 OBSOLETE_local: false peers { permanent_uuid: "7ac73b830168462dbc31ea5d27260727" member_type: VOTER last_known_addr { host: "127.28.130.1" port: 43217 } health_report { overall_health: UNKNOWN } } peers { permanent_uuid: "894510aa78504707aafa76a6c707a33b" member_type: VOTER last_known_addr { host: "127.28.130.3" port: 44277 } health_report { overall_health: HEALTHY } } peers { permanent_uuid: "8a3fb9f8475b4f10b50761b13ca4fdc0" member_type: VOTER last_known_addr { host: "127.28.130.2" port: 42521 } health_report { overall_health: UNKNOWN } } }
I20260710 11:07:48.619988 30490 tablet_bootstrap.cc:492] T f39e6880ea8d4e65a8a6218932298960 P 7ac73b830168462dbc31ea5d27260727: No bootstrap required, opened a new log
I20260710 11:07:48.620468 30490 ts_tablet_manager.cc:1403] T f39e6880ea8d4e65a8a6218932298960 P 7ac73b830168462dbc31ea5d27260727: Time spent bootstrapping tablet: real 0.042s	user 0.011s	sys 0.001s
I20260710 11:07:48.623337 30490 raft_consensus.cc:359] T f39e6880ea8d4e65a8a6218932298960 P 7ac73b830168462dbc31ea5d27260727 [term 0 FOLLOWER]: Replica starting. Triggering 0 pending ops. Active config: opid_index: -1 OBSOLETE_local: false peers { permanent_uuid: "7ac73b830168462dbc31ea5d27260727" member_type: VOTER last_known_addr { host: "127.28.130.1" port: 43217 } } peers { permanent_uuid: "894510aa78504707aafa76a6c707a33b" member_type: VOTER last_known_addr { host: "127.28.130.3" port: 44277 } } peers { permanent_uuid: "8a3fb9f8475b4f10b50761b13ca4fdc0" member_type: VOTER last_known_addr { host: "127.28.130.2" port: 42521 } }
I20260710 11:07:48.624185 30490 raft_consensus.cc:385] T f39e6880ea8d4e65a8a6218932298960 P 7ac73b830168462dbc31ea5d27260727 [term 0 FOLLOWER]: Consensus starting up: Expiring failure detector timer to make a prompt election more likely
I20260710 11:07:48.624505 30490 raft_consensus.cc:740] T f39e6880ea8d4e65a8a6218932298960 P 7ac73b830168462dbc31ea5d27260727 [term 0 FOLLOWER]: Becoming Follower/Learner. State: Replica: 7ac73b830168462dbc31ea5d27260727, State: Initialized, Role: FOLLOWER
I20260710 11:07:48.625357 30490 consensus_queue.cc:260] T f39e6880ea8d4e65a8a6218932298960 P 7ac73b830168462dbc31ea5d27260727 [NON_LEADER]: Queue going to NON_LEADER mode. State: All replicated index: 0, Majority replicated index: 0, Committed index: 0, Last appended: 0.0, Last appended by leader: 0, Current term: 0, Majority size: -1, State: 0, Mode: NON_LEADER, active raft config: opid_index: -1 OBSOLETE_local: false peers { permanent_uuid: "7ac73b830168462dbc31ea5d27260727" member_type: VOTER last_known_addr { host: "127.28.130.1" port: 43217 } } peers { permanent_uuid: "894510aa78504707aafa76a6c707a33b" member_type: VOTER last_known_addr { host: "127.28.130.3" port: 44277 } } peers { permanent_uuid: "8a3fb9f8475b4f10b50761b13ca4fdc0" member_type: VOTER last_known_addr { host: "127.28.130.2" port: 42521 } }
I20260710 11:07:48.626466 30491 tablet_bootstrap.cc:654] T 9838b2a57016443cb6e7827307c10476 P 8a3fb9f8475b4f10b50761b13ca4fdc0: Neither blocks nor log segments found. Creating new log.
I20260710 11:07:48.627807 30490 ts_tablet_manager.cc:1434] T f39e6880ea8d4e65a8a6218932298960 P 7ac73b830168462dbc31ea5d27260727: Time spent starting tablet: real 0.007s	user 0.007s	sys 0.000s
I20260710 11:07:48.629951 30490 tablet_bootstrap.cc:492] T 92e4e6f02a984b67956257eb80cacddb P 7ac73b830168462dbc31ea5d27260727: Bootstrap starting.
I20260710 11:07:48.628933 30489 tablet_bootstrap.cc:654] T fe58db72d7e8454a974cd439244d4939 P 894510aa78504707aafa76a6c707a33b: Neither blocks nor log segments found. Creating new log.
I20260710 11:07:48.638679 30491 tablet_bootstrap.cc:492] T 9838b2a57016443cb6e7827307c10476 P 8a3fb9f8475b4f10b50761b13ca4fdc0: No bootstrap required, opened a new log
I20260710 11:07:48.639233 30491 ts_tablet_manager.cc:1403] T 9838b2a57016443cb6e7827307c10476 P 8a3fb9f8475b4f10b50761b13ca4fdc0: Time spent bootstrapping tablet: real 0.037s	user 0.017s	sys 0.001s
I20260710 11:07:48.642228 30491 raft_consensus.cc:359] T 9838b2a57016443cb6e7827307c10476 P 8a3fb9f8475b4f10b50761b13ca4fdc0 [term 0 FOLLOWER]: Replica starting. Triggering 0 pending ops. Active config: opid_index: -1 OBSOLETE_local: false peers { permanent_uuid: "7ac73b830168462dbc31ea5d27260727" member_type: VOTER last_known_addr { host: "127.28.130.1" port: 43217 } } peers { permanent_uuid: "8a3fb9f8475b4f10b50761b13ca4fdc0" member_type: VOTER last_known_addr { host: "127.28.130.2" port: 42521 } } peers { permanent_uuid: "894510aa78504707aafa76a6c707a33b" member_type: VOTER last_known_addr { host: "127.28.130.3" port: 44277 } }
I20260710 11:07:48.642961 30491 raft_consensus.cc:385] T 9838b2a57016443cb6e7827307c10476 P 8a3fb9f8475b4f10b50761b13ca4fdc0 [term 0 FOLLOWER]: Consensus starting up: Expiring failure detector timer to make a prompt election more likely
I20260710 11:07:48.643240 30491 raft_consensus.cc:740] T 9838b2a57016443cb6e7827307c10476 P 8a3fb9f8475b4f10b50761b13ca4fdc0 [term 0 FOLLOWER]: Becoming Follower/Learner. State: Replica: 8a3fb9f8475b4f10b50761b13ca4fdc0, State: Initialized, Role: FOLLOWER
I20260710 11:07:48.644074 30491 consensus_queue.cc:260] T 9838b2a57016443cb6e7827307c10476 P 8a3fb9f8475b4f10b50761b13ca4fdc0 [NON_LEADER]: Queue going to NON_LEADER mode. State: All replicated index: 0, Majority replicated index: 0, Committed index: 0, Last appended: 0.0, Last appended by leader: 0, Current term: 0, Majority size: -1, State: 0, Mode: NON_LEADER, active raft config: opid_index: -1 OBSOLETE_local: false peers { permanent_uuid: "7ac73b830168462dbc31ea5d27260727" member_type: VOTER last_known_addr { host: "127.28.130.1" port: 43217 } } peers { permanent_uuid: "8a3fb9f8475b4f10b50761b13ca4fdc0" member_type: VOTER last_known_addr { host: "127.28.130.2" port: 42521 } } peers { permanent_uuid: "894510aa78504707aafa76a6c707a33b" member_type: VOTER last_known_addr { host: "127.28.130.3" port: 44277 } }
I20260710 11:07:48.645871 30489 tablet_bootstrap.cc:492] T fe58db72d7e8454a974cd439244d4939 P 894510aa78504707aafa76a6c707a33b: No bootstrap required, opened a new log
I20260710 11:07:48.644644 30490 tablet_bootstrap.cc:654] T 92e4e6f02a984b67956257eb80cacddb P 7ac73b830168462dbc31ea5d27260727: Neither blocks nor log segments found. Creating new log.
I20260710 11:07:48.646353 30489 ts_tablet_manager.cc:1403] T fe58db72d7e8454a974cd439244d4939 P 894510aa78504707aafa76a6c707a33b: Time spent bootstrapping tablet: real 0.034s	user 0.006s	sys 0.004s
I20260710 11:07:48.649492 30489 raft_consensus.cc:359] T fe58db72d7e8454a974cd439244d4939 P 894510aa78504707aafa76a6c707a33b [term 0 FOLLOWER]: Replica starting. Triggering 0 pending ops. Active config: opid_index: -1 OBSOLETE_local: false peers { permanent_uuid: "7ac73b830168462dbc31ea5d27260727" member_type: VOTER last_known_addr { host: "127.28.130.1" port: 43217 } } peers { permanent_uuid: "8a3fb9f8475b4f10b50761b13ca4fdc0" member_type: VOTER last_known_addr { host: "127.28.130.2" port: 42521 } } peers { permanent_uuid: "894510aa78504707aafa76a6c707a33b" member_type: VOTER last_known_addr { host: "127.28.130.3" port: 44277 } }
I20260710 11:07:48.650220 30489 raft_consensus.cc:385] T fe58db72d7e8454a974cd439244d4939 P 894510aa78504707aafa76a6c707a33b [term 0 FOLLOWER]: Consensus starting up: Expiring failure detector timer to make a prompt election more likely
I20260710 11:07:48.650540 30489 raft_consensus.cc:740] T fe58db72d7e8454a974cd439244d4939 P 894510aa78504707aafa76a6c707a33b [term 0 FOLLOWER]: Becoming Follower/Learner. State: Replica: 894510aa78504707aafa76a6c707a33b, State: Initialized, Role: FOLLOWER
I20260710 11:07:48.651379 30375 tablet_service.cc:1917] Received RequestConsensusVote() RPC: tablet_id: "fe58db72d7e8454a974cd439244d4939" candidate_uuid: "7ac73b830168462dbc31ea5d27260727" candidate_term: 1 candidate_status { last_received { term: 0 index: 0 } } ignore_live_leader: false dest_uuid: "8a3fb9f8475b4f10b50761b13ca4fdc0" is_pre_election: true
I20260710 11:07:48.646379 30491 ts_tablet_manager.cc:1434] T 9838b2a57016443cb6e7827307c10476 P 8a3fb9f8475b4f10b50761b13ca4fdc0: Time spent starting tablet: real 0.007s	user 0.002s	sys 0.003s
I20260710 11:07:48.652745 30491 tablet_bootstrap.cc:492] T fe58db72d7e8454a974cd439244d4939 P 8a3fb9f8475b4f10b50761b13ca4fdc0: Bootstrap starting.
W20260710 11:07:48.652987 30263 leader_election.cc:343] T fe58db72d7e8454a974cd439244d4939 P 7ac73b830168462dbc31ea5d27260727 [CANDIDATE]: Term 1 pre-election: Tablet error from VoteRequest() call to peer 8a3fb9f8475b4f10b50761b13ca4fdc0 (127.28.130.2:42521): Illegal state: must be running to vote when last-logged opid is not known
I20260710 11:07:48.658973 30491 tablet_bootstrap.cc:654] T fe58db72d7e8454a974cd439244d4939 P 8a3fb9f8475b4f10b50761b13ca4fdc0: Neither blocks nor log segments found. Creating new log.
I20260710 11:07:48.651239 30489 consensus_queue.cc:260] T fe58db72d7e8454a974cd439244d4939 P 894510aa78504707aafa76a6c707a33b [NON_LEADER]: Queue going to NON_LEADER mode. State: All replicated index: 0, Majority replicated index: 0, Committed index: 0, Last appended: 0.0, Last appended by leader: 0, Current term: 0, Majority size: -1, State: 0, Mode: NON_LEADER, active raft config: opid_index: -1 OBSOLETE_local: false peers { permanent_uuid: "7ac73b830168462dbc31ea5d27260727" member_type: VOTER last_known_addr { host: "127.28.130.1" port: 43217 } } peers { permanent_uuid: "8a3fb9f8475b4f10b50761b13ca4fdc0" member_type: VOTER last_known_addr { host: "127.28.130.2" port: 42521 } } peers { permanent_uuid: "894510aa78504707aafa76a6c707a33b" member_type: VOTER last_known_addr { host: "127.28.130.3" port: 44277 } }
I20260710 11:07:48.660327 30449 tablet_service.cc:1917] Received RequestConsensusVote() RPC: tablet_id: "fe58db72d7e8454a974cd439244d4939" candidate_uuid: "7ac73b830168462dbc31ea5d27260727" candidate_term: 1 candidate_status { last_received { term: 0 index: 0 } } ignore_live_leader: false dest_uuid: "894510aa78504707aafa76a6c707a33b" is_pre_election: true
I20260710 11:07:48.660948 30449 raft_consensus.cc:2468] T fe58db72d7e8454a974cd439244d4939 P 894510aa78504707aafa76a6c707a33b [term 0 FOLLOWER]: Leader pre-election vote request: Granting yes vote for candidate 7ac73b830168462dbc31ea5d27260727 in term 0.
I20260710 11:07:48.661922 30489 ts_tablet_manager.cc:1434] T fe58db72d7e8454a974cd439244d4939 P 894510aa78504707aafa76a6c707a33b: Time spent starting tablet: real 0.015s	user 0.006s	sys 0.000s
I20260710 11:07:48.662575 30264 leader_election.cc:304] T fe58db72d7e8454a974cd439244d4939 P 7ac73b830168462dbc31ea5d27260727 [CANDIDATE]: Term 1 pre-election: Election decided. Result: candidate won. Election summary: received 3 responses out of 3 voters: 2 yes votes; 1 no votes. yes voters: 7ac73b830168462dbc31ea5d27260727, 894510aa78504707aafa76a6c707a33b; no voters: 8a3fb9f8475b4f10b50761b13ca4fdc0
I20260710 11:07:48.663535 30508 raft_consensus.cc:2804] T fe58db72d7e8454a974cd439244d4939 P 7ac73b830168462dbc31ea5d27260727 [term 0 FOLLOWER]: Leader pre-election won for term 1
I20260710 11:07:48.662878 30489 tablet_bootstrap.cc:492] T 92e4e6f02a984b67956257eb80cacddb P 894510aa78504707aafa76a6c707a33b: Bootstrap starting.
I20260710 11:07:48.664110 30508 raft_consensus.cc:493] T fe58db72d7e8454a974cd439244d4939 P 7ac73b830168462dbc31ea5d27260727 [term 0 FOLLOWER]: Starting leader election (no leader contacted us within the election timeout)
I20260710 11:07:48.664731 30508 raft_consensus.cc:3060] T fe58db72d7e8454a974cd439244d4939 P 7ac73b830168462dbc31ea5d27260727 [term 0 FOLLOWER]: Advancing to term 1
I20260710 11:07:48.670102 30490 tablet_bootstrap.cc:492] T 92e4e6f02a984b67956257eb80cacddb P 7ac73b830168462dbc31ea5d27260727: No bootstrap required, opened a new log
I20260710 11:07:48.670755 30490 ts_tablet_manager.cc:1403] T 92e4e6f02a984b67956257eb80cacddb P 7ac73b830168462dbc31ea5d27260727: Time spent bootstrapping tablet: real 0.041s	user 0.015s	sys 0.004s
I20260710 11:07:48.672658 30508 raft_consensus.cc:515] T fe58db72d7e8454a974cd439244d4939 P 7ac73b830168462dbc31ea5d27260727 [term 1 FOLLOWER]: Starting leader election with config: opid_index: -1 OBSOLETE_local: false peers { permanent_uuid: "7ac73b830168462dbc31ea5d27260727" member_type: VOTER last_known_addr { host: "127.28.130.1" port: 43217 } } peers { permanent_uuid: "8a3fb9f8475b4f10b50761b13ca4fdc0" member_type: VOTER last_known_addr { host: "127.28.130.2" port: 42521 } } peers { permanent_uuid: "894510aa78504707aafa76a6c707a33b" member_type: VOTER last_known_addr { host: "127.28.130.3" port: 44277 } }
I20260710 11:07:48.678452 30491 tablet_bootstrap.cc:492] T fe58db72d7e8454a974cd439244d4939 P 8a3fb9f8475b4f10b50761b13ca4fdc0: No bootstrap required, opened a new log
I20260710 11:07:48.674077 30490 raft_consensus.cc:359] T 92e4e6f02a984b67956257eb80cacddb P 7ac73b830168462dbc31ea5d27260727 [term 0 FOLLOWER]: Replica starting. Triggering 0 pending ops. Active config: opid_index: -1 OBSOLETE_local: false peers { permanent_uuid: "7ac73b830168462dbc31ea5d27260727" member_type: VOTER last_known_addr { host: "127.28.130.1" port: 43217 } } peers { permanent_uuid: "8a3fb9f8475b4f10b50761b13ca4fdc0" member_type: VOTER last_known_addr { host: "127.28.130.2" port: 42521 } } peers { permanent_uuid: "894510aa78504707aafa76a6c707a33b" member_type: VOTER last_known_addr { host: "127.28.130.3" port: 44277 } }
I20260710 11:07:48.678822 30490 raft_consensus.cc:385] T 92e4e6f02a984b67956257eb80cacddb P 7ac73b830168462dbc31ea5d27260727 [term 0 FOLLOWER]: Consensus starting up: Expiring failure detector timer to make a prompt election more likely
I20260710 11:07:48.681025 30490 raft_consensus.cc:740] T 92e4e6f02a984b67956257eb80cacddb P 7ac73b830168462dbc31ea5d27260727 [term 0 FOLLOWER]: Becoming Follower/Learner. State: Replica: 7ac73b830168462dbc31ea5d27260727, State: Initialized, Role: FOLLOWER
I20260710 11:07:48.681226 30449 tablet_service.cc:1917] Received RequestConsensusVote() RPC: tablet_id: "fe58db72d7e8454a974cd439244d4939" candidate_uuid: "7ac73b830168462dbc31ea5d27260727" candidate_term: 1 candidate_status { last_received { term: 0 index: 0 } } ignore_live_leader: false dest_uuid: "894510aa78504707aafa76a6c707a33b"
I20260710 11:07:48.681770 30449 raft_consensus.cc:3060] T fe58db72d7e8454a974cd439244d4939 P 894510aa78504707aafa76a6c707a33b [term 0 FOLLOWER]: Advancing to term 1
I20260710 11:07:48.682119 30508 leader_election.cc:290] T fe58db72d7e8454a974cd439244d4939 P 7ac73b830168462dbc31ea5d27260727 [CANDIDATE]: Term 1 election: Requested vote from peers 8a3fb9f8475b4f10b50761b13ca4fdc0 (127.28.130.2:42521), 894510aa78504707aafa76a6c707a33b (127.28.130.3:44277)
I20260710 11:07:48.682157 30375 tablet_service.cc:1917] Received RequestConsensusVote() RPC: tablet_id: "fe58db72d7e8454a974cd439244d4939" candidate_uuid: "7ac73b830168462dbc31ea5d27260727" candidate_term: 1 candidate_status { last_received { term: 0 index: 0 } } ignore_live_leader: false dest_uuid: "8a3fb9f8475b4f10b50761b13ca4fdc0"
I20260710 11:07:48.681969 30490 consensus_queue.cc:260] T 92e4e6f02a984b67956257eb80cacddb P 7ac73b830168462dbc31ea5d27260727 [NON_LEADER]: Queue going to NON_LEADER mode. State: All replicated index: 0, Majority replicated index: 0, Committed index: 0, Last appended: 0.0, Last appended by leader: 0, Current term: 0, Majority size: -1, State: 0, Mode: NON_LEADER, active raft config: opid_index: -1 OBSOLETE_local: false peers { permanent_uuid: "7ac73b830168462dbc31ea5d27260727" member_type: VOTER last_known_addr { host: "127.28.130.1" port: 43217 } } peers { permanent_uuid: "8a3fb9f8475b4f10b50761b13ca4fdc0" member_type: VOTER last_known_addr { host: "127.28.130.2" port: 42521 } } peers { permanent_uuid: "894510aa78504707aafa76a6c707a33b" member_type: VOTER last_known_addr { host: "127.28.130.3" port: 44277 } }
W20260710 11:07:48.683396 30263 leader_election.cc:343] T fe58db72d7e8454a974cd439244d4939 P 7ac73b830168462dbc31ea5d27260727 [CANDIDATE]: Term 1 election: Tablet error from VoteRequest() call to peer 8a3fb9f8475b4f10b50761b13ca4fdc0 (127.28.130.2:42521): Illegal state: must be running to vote when last-logged opid is not known
I20260710 11:07:48.684702 30490 ts_tablet_manager.cc:1434] T 92e4e6f02a984b67956257eb80cacddb P 7ac73b830168462dbc31ea5d27260727: Time spent starting tablet: real 0.014s	user 0.006s	sys 0.000s
I20260710 11:07:48.685707 30490 tablet_bootstrap.cc:492] T f88671d898424b45a7adfb0b90e1daeb P 7ac73b830168462dbc31ea5d27260727: Bootstrap starting.
I20260710 11:07:48.678196 30489 tablet_bootstrap.cc:654] T 92e4e6f02a984b67956257eb80cacddb P 894510aa78504707aafa76a6c707a33b: Neither blocks nor log segments found. Creating new log.
I20260710 11:07:48.689006 30449 raft_consensus.cc:2468] T fe58db72d7e8454a974cd439244d4939 P 894510aa78504707aafa76a6c707a33b [term 1 FOLLOWER]: Leader election vote request: Granting yes vote for candidate 7ac73b830168462dbc31ea5d27260727 in term 1.
I20260710 11:07:48.679019 30491 ts_tablet_manager.cc:1403] T fe58db72d7e8454a974cd439244d4939 P 8a3fb9f8475b4f10b50761b13ca4fdc0: Time spent bootstrapping tablet: real 0.026s	user 0.002s	sys 0.017s
I20260710 11:07:48.690073 30264 leader_election.cc:304] T fe58db72d7e8454a974cd439244d4939 P 7ac73b830168462dbc31ea5d27260727 [CANDIDATE]: Term 1 election: Election decided. Result: candidate won. Election summary: received 3 responses out of 3 voters: 2 yes votes; 1 no votes. yes voters: 7ac73b830168462dbc31ea5d27260727, 894510aa78504707aafa76a6c707a33b; no voters: 8a3fb9f8475b4f10b50761b13ca4fdc0
I20260710 11:07:48.691175 30508 raft_consensus.cc:2804] T fe58db72d7e8454a974cd439244d4939 P 7ac73b830168462dbc31ea5d27260727 [term 1 FOLLOWER]: Leader election won for term 1
I20260710 11:07:48.692755 30491 raft_consensus.cc:359] T fe58db72d7e8454a974cd439244d4939 P 8a3fb9f8475b4f10b50761b13ca4fdc0 [term 0 FOLLOWER]: Replica starting. Triggering 0 pending ops. Active config: opid_index: -1 OBSOLETE_local: false peers { permanent_uuid: "7ac73b830168462dbc31ea5d27260727" member_type: VOTER last_known_addr { host: "127.28.130.1" port: 43217 } } peers { permanent_uuid: "8a3fb9f8475b4f10b50761b13ca4fdc0" member_type: VOTER last_known_addr { host: "127.28.130.2" port: 42521 } } peers { permanent_uuid: "894510aa78504707aafa76a6c707a33b" member_type: VOTER last_known_addr { host: "127.28.130.3" port: 44277 } }
I20260710 11:07:48.693446 30491 raft_consensus.cc:385] T fe58db72d7e8454a974cd439244d4939 P 8a3fb9f8475b4f10b50761b13ca4fdc0 [term 0 FOLLOWER]: Consensus starting up: Expiring failure detector timer to make a prompt election more likely
I20260710 11:07:48.693717 30491 raft_consensus.cc:740] T fe58db72d7e8454a974cd439244d4939 P 8a3fb9f8475b4f10b50761b13ca4fdc0 [term 0 FOLLOWER]: Becoming Follower/Learner. State: Replica: 8a3fb9f8475b4f10b50761b13ca4fdc0, State: Initialized, Role: FOLLOWER
I20260710 11:07:48.694413 30491 consensus_queue.cc:260] T fe58db72d7e8454a974cd439244d4939 P 8a3fb9f8475b4f10b50761b13ca4fdc0 [NON_LEADER]: Queue going to NON_LEADER mode. State: All replicated index: 0, Majority replicated index: 0, Committed index: 0, Last appended: 0.0, Last appended by leader: 0, Current term: 0, Majority size: -1, State: 0, Mode: NON_LEADER, active raft config: opid_index: -1 OBSOLETE_local: false peers { permanent_uuid: "7ac73b830168462dbc31ea5d27260727" member_type: VOTER last_known_addr { host: "127.28.130.1" port: 43217 } } peers { permanent_uuid: "8a3fb9f8475b4f10b50761b13ca4fdc0" member_type: VOTER last_known_addr { host: "127.28.130.2" port: 42521 } } peers { permanent_uuid: "894510aa78504707aafa76a6c707a33b" member_type: VOTER last_known_addr { host: "127.28.130.3" port: 44277 } }
I20260710 11:07:48.696835 30491 ts_tablet_manager.cc:1434] T fe58db72d7e8454a974cd439244d4939 P 8a3fb9f8475b4f10b50761b13ca4fdc0: Time spent starting tablet: real 0.007s	user 0.005s	sys 0.000s
I20260710 11:07:48.697602 30490 tablet_bootstrap.cc:654] T f88671d898424b45a7adfb0b90e1daeb P 7ac73b830168462dbc31ea5d27260727: Neither blocks nor log segments found. Creating new log.
I20260710 11:07:48.697837 30491 tablet_bootstrap.cc:492] T 92e4e6f02a984b67956257eb80cacddb P 8a3fb9f8475b4f10b50761b13ca4fdc0: Bootstrap starting.
I20260710 11:07:48.703578 30490 tablet_bootstrap.cc:492] T f88671d898424b45a7adfb0b90e1daeb P 7ac73b830168462dbc31ea5d27260727: No bootstrap required, opened a new log
I20260710 11:07:48.704078 30489 tablet_bootstrap.cc:492] T 92e4e6f02a984b67956257eb80cacddb P 894510aa78504707aafa76a6c707a33b: No bootstrap required, opened a new log
I20260710 11:07:48.704088 30490 ts_tablet_manager.cc:1403] T f88671d898424b45a7adfb0b90e1daeb P 7ac73b830168462dbc31ea5d27260727: Time spent bootstrapping tablet: real 0.019s	user 0.006s	sys 0.006s
I20260710 11:07:48.704380 30491 tablet_bootstrap.cc:654] T 92e4e6f02a984b67956257eb80cacddb P 8a3fb9f8475b4f10b50761b13ca4fdc0: Neither blocks nor log segments found. Creating new log.
I20260710 11:07:48.704787 30489 ts_tablet_manager.cc:1403] T 92e4e6f02a984b67956257eb80cacddb P 894510aa78504707aafa76a6c707a33b: Time spent bootstrapping tablet: real 0.042s	user 0.012s	sys 0.001s
I20260710 11:07:48.707211 30490 raft_consensus.cc:359] T f88671d898424b45a7adfb0b90e1daeb P 7ac73b830168462dbc31ea5d27260727 [term 0 FOLLOWER]: Replica starting. Triggering 0 pending ops. Active config: opid_index: -1 OBSOLETE_local: false peers { permanent_uuid: "7ac73b830168462dbc31ea5d27260727" member_type: VOTER last_known_addr { host: "127.28.130.1" port: 43217 } } peers { permanent_uuid: "8a3fb9f8475b4f10b50761b13ca4fdc0" member_type: VOTER last_known_addr { host: "127.28.130.2" port: 42521 } } peers { permanent_uuid: "894510aa78504707aafa76a6c707a33b" member_type: VOTER last_known_addr { host: "127.28.130.3" port: 44277 } }
I20260710 11:07:48.708058 30490 raft_consensus.cc:385] T f88671d898424b45a7adfb0b90e1daeb P 7ac73b830168462dbc31ea5d27260727 [term 0 FOLLOWER]: Consensus starting up: Expiring failure detector timer to make a prompt election more likely
I20260710 11:07:48.707662 30489 raft_consensus.cc:359] T 92e4e6f02a984b67956257eb80cacddb P 894510aa78504707aafa76a6c707a33b [term 0 FOLLOWER]: Replica starting. Triggering 0 pending ops. Active config: opid_index: -1 OBSOLETE_local: false peers { permanent_uuid: "7ac73b830168462dbc31ea5d27260727" member_type: VOTER last_known_addr { host: "127.28.130.1" port: 43217 } } peers { permanent_uuid: "8a3fb9f8475b4f10b50761b13ca4fdc0" member_type: VOTER last_known_addr { host: "127.28.130.2" port: 42521 } } peers { permanent_uuid: "894510aa78504707aafa76a6c707a33b" member_type: VOTER last_known_addr { host: "127.28.130.3" port: 44277 } }
I20260710 11:07:48.708413 30490 raft_consensus.cc:740] T f88671d898424b45a7adfb0b90e1daeb P 7ac73b830168462dbc31ea5d27260727 [term 0 FOLLOWER]: Becoming Follower/Learner. State: Replica: 7ac73b830168462dbc31ea5d27260727, State: Initialized, Role: FOLLOWER
I20260710 11:07:48.708593 30489 raft_consensus.cc:385] T 92e4e6f02a984b67956257eb80cacddb P 894510aa78504707aafa76a6c707a33b [term 0 FOLLOWER]: Consensus starting up: Expiring failure detector timer to make a prompt election more likely
I20260710 11:07:48.709028 30489 raft_consensus.cc:740] T 92e4e6f02a984b67956257eb80cacddb P 894510aa78504707aafa76a6c707a33b [term 0 FOLLOWER]: Becoming Follower/Learner. State: Replica: 894510aa78504707aafa76a6c707a33b, State: Initialized, Role: FOLLOWER
I20260710 11:07:48.709321 30490 consensus_queue.cc:260] T f88671d898424b45a7adfb0b90e1daeb P 7ac73b830168462dbc31ea5d27260727 [NON_LEADER]: Queue going to NON_LEADER mode. State: All replicated index: 0, Majority replicated index: 0, Committed index: 0, Last appended: 0.0, Last appended by leader: 0, Current term: 0, Majority size: -1, State: 0, Mode: NON_LEADER, active raft config: opid_index: -1 OBSOLETE_local: false peers { permanent_uuid: "7ac73b830168462dbc31ea5d27260727" member_type: VOTER last_known_addr { host: "127.28.130.1" port: 43217 } } peers { permanent_uuid: "8a3fb9f8475b4f10b50761b13ca4fdc0" member_type: VOTER last_known_addr { host: "127.28.130.2" port: 42521 } } peers { permanent_uuid: "894510aa78504707aafa76a6c707a33b" member_type: VOTER last_known_addr { host: "127.28.130.3" port: 44277 } }
I20260710 11:07:48.709932 30489 consensus_queue.cc:260] T 92e4e6f02a984b67956257eb80cacddb P 894510aa78504707aafa76a6c707a33b [NON_LEADER]: Queue going to NON_LEADER mode. State: All replicated index: 0, Majority replicated index: 0, Committed index: 0, Last appended: 0.0, Last appended by leader: 0, Current term: 0, Majority size: -1, State: 0, Mode: NON_LEADER, active raft config: opid_index: -1 OBSOLETE_local: false peers { permanent_uuid: "7ac73b830168462dbc31ea5d27260727" member_type: VOTER last_known_addr { host: "127.28.130.1" port: 43217 } } peers { permanent_uuid: "8a3fb9f8475b4f10b50761b13ca4fdc0" member_type: VOTER last_known_addr { host: "127.28.130.2" port: 42521 } } peers { permanent_uuid: "894510aa78504707aafa76a6c707a33b" member_type: VOTER last_known_addr { host: "127.28.130.3" port: 44277 } }
I20260710 11:07:48.712462 30489 ts_tablet_manager.cc:1434] T 92e4e6f02a984b67956257eb80cacddb P 894510aa78504707aafa76a6c707a33b: Time spent starting tablet: real 0.007s	user 0.006s	sys 0.000s
I20260710 11:07:48.713572 30489 tablet_bootstrap.cc:492] T 4c06efbec4f04850b3e34c728c9a3b39 P 894510aa78504707aafa76a6c707a33b: Bootstrap starting.
I20260710 11:07:48.714838 30508 raft_consensus.cc:697] T fe58db72d7e8454a974cd439244d4939 P 7ac73b830168462dbc31ea5d27260727 [term 1 LEADER]: Becoming Leader. State: Replica: 7ac73b830168462dbc31ea5d27260727, State: Running, Role: LEADER
I20260710 11:07:48.715826 30491 tablet_bootstrap.cc:492] T 92e4e6f02a984b67956257eb80cacddb P 8a3fb9f8475b4f10b50761b13ca4fdc0: No bootstrap required, opened a new log
I20260710 11:07:48.715761 30508 consensus_queue.cc:237] T fe58db72d7e8454a974cd439244d4939 P 7ac73b830168462dbc31ea5d27260727 [LEADER]: Queue going to LEADER mode. State: All replicated index: 0, Majority replicated index: 0, Committed index: 0, Last appended: 0.0, Last appended by leader: 0, Current term: 1, Majority size: 2, State: 0, Mode: LEADER, active raft config: opid_index: -1 OBSOLETE_local: false peers { permanent_uuid: "7ac73b830168462dbc31ea5d27260727" member_type: VOTER last_known_addr { host: "127.28.130.1" port: 43217 } } peers { permanent_uuid: "8a3fb9f8475b4f10b50761b13ca4fdc0" member_type: VOTER last_known_addr { host: "127.28.130.2" port: 42521 } } peers { permanent_uuid: "894510aa78504707aafa76a6c707a33b" member_type: VOTER last_known_addr { host: "127.28.130.3" port: 44277 } }
I20260710 11:07:48.716325 30491 ts_tablet_manager.cc:1403] T 92e4e6f02a984b67956257eb80cacddb P 8a3fb9f8475b4f10b50761b13ca4fdc0: Time spent bootstrapping tablet: real 0.019s	user 0.017s	sys 0.000s
I20260710 11:07:48.721567 30489 tablet_bootstrap.cc:654] T 4c06efbec4f04850b3e34c728c9a3b39 P 894510aa78504707aafa76a6c707a33b: Neither blocks nor log segments found. Creating new log.
I20260710 11:07:48.722734 30491 raft_consensus.cc:359] T 92e4e6f02a984b67956257eb80cacddb P 8a3fb9f8475b4f10b50761b13ca4fdc0 [term 0 FOLLOWER]: Replica starting. Triggering 0 pending ops. Active config: opid_index: -1 OBSOLETE_local: false peers { permanent_uuid: "7ac73b830168462dbc31ea5d27260727" member_type: VOTER last_known_addr { host: "127.28.130.1" port: 43217 } } peers { permanent_uuid: "8a3fb9f8475b4f10b50761b13ca4fdc0" member_type: VOTER last_known_addr { host: "127.28.130.2" port: 42521 } } peers { permanent_uuid: "894510aa78504707aafa76a6c707a33b" member_type: VOTER last_known_addr { host: "127.28.130.3" port: 44277 } }
I20260710 11:07:48.724195 30491 raft_consensus.cc:385] T 92e4e6f02a984b67956257eb80cacddb P 8a3fb9f8475b4f10b50761b13ca4fdc0 [term 0 FOLLOWER]: Consensus starting up: Expiring failure detector timer to make a prompt election more likely
I20260710 11:07:48.724555 30491 raft_consensus.cc:740] T 92e4e6f02a984b67956257eb80cacddb P 8a3fb9f8475b4f10b50761b13ca4fdc0 [term 0 FOLLOWER]: Becoming Follower/Learner. State: Replica: 8a3fb9f8475b4f10b50761b13ca4fdc0, State: Initialized, Role: FOLLOWER
I20260710 11:07:48.725355 30491 consensus_queue.cc:260] T 92e4e6f02a984b67956257eb80cacddb P 8a3fb9f8475b4f10b50761b13ca4fdc0 [NON_LEADER]: Queue going to NON_LEADER mode. State: All replicated index: 0, Majority replicated index: 0, Committed index: 0, Last appended: 0.0, Last appended by leader: 0, Current term: 0, Majority size: -1, State: 0, Mode: NON_LEADER, active raft config: opid_index: -1 OBSOLETE_local: false peers { permanent_uuid: "7ac73b830168462dbc31ea5d27260727" member_type: VOTER last_known_addr { host: "127.28.130.1" port: 43217 } } peers { permanent_uuid: "8a3fb9f8475b4f10b50761b13ca4fdc0" member_type: VOTER last_known_addr { host: "127.28.130.2" port: 42521 } } peers { permanent_uuid: "894510aa78504707aafa76a6c707a33b" member_type: VOTER last_known_addr { host: "127.28.130.3" port: 44277 } }
I20260710 11:07:48.730647 30491 ts_tablet_manager.cc:1434] T 92e4e6f02a984b67956257eb80cacddb P 8a3fb9f8475b4f10b50761b13ca4fdc0: Time spent starting tablet: real 0.014s	user 0.005s	sys 0.000s
I20260710 11:07:48.731882 30491 tablet_bootstrap.cc:492] T 84f9f27e0983441699047d6cd5c63d90 P 8a3fb9f8475b4f10b50761b13ca4fdc0: Bootstrap starting.
I20260710 11:07:48.738511 30491 tablet_bootstrap.cc:654] T 84f9f27e0983441699047d6cd5c63d90 P 8a3fb9f8475b4f10b50761b13ca4fdc0: Neither blocks nor log segments found. Creating new log.
I20260710 11:07:48.741302 30490 ts_tablet_manager.cc:1434] T f88671d898424b45a7adfb0b90e1daeb P 7ac73b830168462dbc31ea5d27260727: Time spent starting tablet: real 0.037s	user 0.009s	sys 0.001s
I20260710 11:07:48.741205 30196 catalog_manager.cc:5697] T fe58db72d7e8454a974cd439244d4939 P 7ac73b830168462dbc31ea5d27260727 reported cstate change: term changed from 0 to 1, leader changed from <none> to 7ac73b830168462dbc31ea5d27260727 (127.28.130.1). New cstate: current_term: 1 leader_uuid: "7ac73b830168462dbc31ea5d27260727" committed_config { opid_index: -1 OBSOLETE_local: false peers { permanent_uuid: "7ac73b830168462dbc31ea5d27260727" member_type: VOTER last_known_addr { host: "127.28.130.1" port: 43217 } health_report { overall_health: HEALTHY } } peers { permanent_uuid: "8a3fb9f8475b4f10b50761b13ca4fdc0" member_type: VOTER last_known_addr { host: "127.28.130.2" port: 42521 } health_report { overall_health: UNKNOWN } } peers { permanent_uuid: "894510aa78504707aafa76a6c707a33b" member_type: VOTER last_known_addr { host: "127.28.130.3" port: 44277 } health_report { overall_health: UNKNOWN } } }
I20260710 11:07:48.742460 30490 tablet_bootstrap.cc:492] T ca65ae6c93f94f35a8b0dce9b22e9c1a P 7ac73b830168462dbc31ea5d27260727: Bootstrap starting.
I20260710 11:07:48.749719 30490 tablet_bootstrap.cc:654] T ca65ae6c93f94f35a8b0dce9b22e9c1a P 7ac73b830168462dbc31ea5d27260727: Neither blocks nor log segments found. Creating new log.
I20260710 11:07:48.753297 30489 tablet_bootstrap.cc:492] T 4c06efbec4f04850b3e34c728c9a3b39 P 894510aa78504707aafa76a6c707a33b: No bootstrap required, opened a new log
I20260710 11:07:48.753835 30489 ts_tablet_manager.cc:1403] T 4c06efbec4f04850b3e34c728c9a3b39 P 894510aa78504707aafa76a6c707a33b: Time spent bootstrapping tablet: real 0.040s	user 0.024s	sys 0.013s
I20260710 11:07:48.756798 30489 raft_consensus.cc:359] T 4c06efbec4f04850b3e34c728c9a3b39 P 894510aa78504707aafa76a6c707a33b [term 0 FOLLOWER]: Replica starting. Triggering 0 pending ops. Active config: opid_index: -1 OBSOLETE_local: false peers { permanent_uuid: "7ac73b830168462dbc31ea5d27260727" member_type: VOTER last_known_addr { host: "127.28.130.1" port: 43217 } } peers { permanent_uuid: "8a3fb9f8475b4f10b50761b13ca4fdc0" member_type: VOTER last_known_addr { host: "127.28.130.2" port: 42521 } } peers { permanent_uuid: "894510aa78504707aafa76a6c707a33b" member_type: VOTER last_known_addr { host: "127.28.130.3" port: 44277 } }
I20260710 11:07:48.757577 30489 raft_consensus.cc:385] T 4c06efbec4f04850b3e34c728c9a3b39 P 894510aa78504707aafa76a6c707a33b [term 0 FOLLOWER]: Consensus starting up: Expiring failure detector timer to make a prompt election more likely
I20260710 11:07:48.757870 30489 raft_consensus.cc:740] T 4c06efbec4f04850b3e34c728c9a3b39 P 894510aa78504707aafa76a6c707a33b [term 0 FOLLOWER]: Becoming Follower/Learner. State: Replica: 894510aa78504707aafa76a6c707a33b, State: Initialized, Role: FOLLOWER
I20260710 11:07:48.758555 30489 consensus_queue.cc:260] T 4c06efbec4f04850b3e34c728c9a3b39 P 894510aa78504707aafa76a6c707a33b [NON_LEADER]: Queue going to NON_LEADER mode. State: All replicated index: 0, Majority replicated index: 0, Committed index: 0, Last appended: 0.0, Last appended by leader: 0, Current term: 0, Majority size: -1, State: 0, Mode: NON_LEADER, active raft config: opid_index: -1 OBSOLETE_local: false peers { permanent_uuid: "7ac73b830168462dbc31ea5d27260727" member_type: VOTER last_known_addr { host: "127.28.130.1" port: 43217 } } peers { permanent_uuid: "8a3fb9f8475b4f10b50761b13ca4fdc0" member_type: VOTER last_known_addr { host: "127.28.130.2" port: 42521 } } peers { permanent_uuid: "894510aa78504707aafa76a6c707a33b" member_type: VOTER last_known_addr { host: "127.28.130.3" port: 44277 } }
I20260710 11:07:48.760751 30489 ts_tablet_manager.cc:1434] T 4c06efbec4f04850b3e34c728c9a3b39 P 894510aa78504707aafa76a6c707a33b: Time spent starting tablet: real 0.007s	user 0.004s	sys 0.004s
I20260710 11:07:48.761854 30489 tablet_bootstrap.cc:492] T 1cc0eb82850c4927a78887ab250253c0 P 894510aa78504707aafa76a6c707a33b: Bootstrap starting.
I20260710 11:07:48.766209 30491 tablet_bootstrap.cc:492] T 84f9f27e0983441699047d6cd5c63d90 P 8a3fb9f8475b4f10b50761b13ca4fdc0: No bootstrap required, opened a new log
I20260710 11:07:48.766768 30491 ts_tablet_manager.cc:1403] T 84f9f27e0983441699047d6cd5c63d90 P 8a3fb9f8475b4f10b50761b13ca4fdc0: Time spent bootstrapping tablet: real 0.035s	user 0.010s	sys 0.024s
I20260710 11:07:48.767521 30489 tablet_bootstrap.cc:654] T 1cc0eb82850c4927a78887ab250253c0 P 894510aa78504707aafa76a6c707a33b: Neither blocks nor log segments found. Creating new log.
I20260710 11:07:48.769698 30491 raft_consensus.cc:359] T 84f9f27e0983441699047d6cd5c63d90 P 8a3fb9f8475b4f10b50761b13ca4fdc0 [term 0 FOLLOWER]: Replica starting. Triggering 0 pending ops. Active config: opid_index: -1 OBSOLETE_local: false peers { permanent_uuid: "7ac73b830168462dbc31ea5d27260727" member_type: VOTER last_known_addr { host: "127.28.130.1" port: 43217 } } peers { permanent_uuid: "8a3fb9f8475b4f10b50761b13ca4fdc0" member_type: VOTER last_known_addr { host: "127.28.130.2" port: 42521 } } peers { permanent_uuid: "894510aa78504707aafa76a6c707a33b" member_type: VOTER last_known_addr { host: "127.28.130.3" port: 44277 } }
I20260710 11:07:48.770489 30491 raft_consensus.cc:385] T 84f9f27e0983441699047d6cd5c63d90 P 8a3fb9f8475b4f10b50761b13ca4fdc0 [term 0 FOLLOWER]: Consensus starting up: Expiring failure detector timer to make a prompt election more likely
I20260710 11:07:48.770812 30491 raft_consensus.cc:740] T 84f9f27e0983441699047d6cd5c63d90 P 8a3fb9f8475b4f10b50761b13ca4fdc0 [term 0 FOLLOWER]: Becoming Follower/Learner. State: Replica: 8a3fb9f8475b4f10b50761b13ca4fdc0, State: Initialized, Role: FOLLOWER
I20260710 11:07:48.771453 30491 consensus_queue.cc:260] T 84f9f27e0983441699047d6cd5c63d90 P 8a3fb9f8475b4f10b50761b13ca4fdc0 [NON_LEADER]: Queue going to NON_LEADER mode. State: All replicated index: 0, Majority replicated index: 0, Committed index: 0, Last appended: 0.0, Last appended by leader: 0, Current term: 0, Majority size: -1, State: 0, Mode: NON_LEADER, active raft config: opid_index: -1 OBSOLETE_local: false peers { permanent_uuid: "7ac73b830168462dbc31ea5d27260727" member_type: VOTER last_known_addr { host: "127.28.130.1" port: 43217 } } peers { permanent_uuid: "8a3fb9f8475b4f10b50761b13ca4fdc0" member_type: VOTER last_known_addr { host: "127.28.130.2" port: 42521 } } peers { permanent_uuid: "894510aa78504707aafa76a6c707a33b" member_type: VOTER last_known_addr { host: "127.28.130.3" port: 44277 } }
I20260710 11:07:48.771955 30489 tablet_bootstrap.cc:492] T 1cc0eb82850c4927a78887ab250253c0 P 894510aa78504707aafa76a6c707a33b: No bootstrap required, opened a new log
I20260710 11:07:48.772410 30489 ts_tablet_manager.cc:1403] T 1cc0eb82850c4927a78887ab250253c0 P 894510aa78504707aafa76a6c707a33b: Time spent bootstrapping tablet: real 0.011s	user 0.010s	sys 0.000s
I20260710 11:07:48.773325 30490 tablet_bootstrap.cc:492] T ca65ae6c93f94f35a8b0dce9b22e9c1a P 7ac73b830168462dbc31ea5d27260727: No bootstrap required, opened a new log
I20260710 11:07:48.773797 30490 ts_tablet_manager.cc:1403] T ca65ae6c93f94f35a8b0dce9b22e9c1a P 7ac73b830168462dbc31ea5d27260727: Time spent bootstrapping tablet: real 0.032s	user 0.007s	sys 0.010s
I20260710 11:07:48.774659 30489 raft_consensus.cc:359] T 1cc0eb82850c4927a78887ab250253c0 P 894510aa78504707aafa76a6c707a33b [term 0 FOLLOWER]: Replica starting. Triggering 0 pending ops. Active config: opid_index: -1 OBSOLETE_local: false peers { permanent_uuid: "7ac73b830168462dbc31ea5d27260727" member_type: VOTER last_known_addr { host: "127.28.130.1" port: 43217 } } peers { permanent_uuid: "8a3fb9f8475b4f10b50761b13ca4fdc0" member_type: VOTER last_known_addr { host: "127.28.130.2" port: 42521 } } peers { permanent_uuid: "894510aa78504707aafa76a6c707a33b" member_type: VOTER last_known_addr { host: "127.28.130.3" port: 44277 } }
I20260710 11:07:48.775290 30489 raft_consensus.cc:385] T 1cc0eb82850c4927a78887ab250253c0 P 894510aa78504707aafa76a6c707a33b [term 0 FOLLOWER]: Consensus starting up: Expiring failure detector timer to make a prompt election more likely
I20260710 11:07:48.775549 30489 raft_consensus.cc:740] T 1cc0eb82850c4927a78887ab250253c0 P 894510aa78504707aafa76a6c707a33b [term 0 FOLLOWER]: Becoming Follower/Learner. State: Replica: 894510aa78504707aafa76a6c707a33b, State: Initialized, Role: FOLLOWER
I20260710 11:07:48.775902 30491 ts_tablet_manager.cc:1434] T 84f9f27e0983441699047d6cd5c63d90 P 8a3fb9f8475b4f10b50761b13ca4fdc0: Time spent starting tablet: real 0.009s	user 0.003s	sys 0.003s
I20260710 11:07:48.776296 30489 consensus_queue.cc:260] T 1cc0eb82850c4927a78887ab250253c0 P 894510aa78504707aafa76a6c707a33b [NON_LEADER]: Queue going to NON_LEADER mode. State: All replicated index: 0, Majority replicated index: 0, Committed index: 0, Last appended: 0.0, Last appended by leader: 0, Current term: 0, Majority size: -1, State: 0, Mode: NON_LEADER, active raft config: opid_index: -1 OBSOLETE_local: false peers { permanent_uuid: "7ac73b830168462dbc31ea5d27260727" member_type: VOTER last_known_addr { host: "127.28.130.1" port: 43217 } } peers { permanent_uuid: "8a3fb9f8475b4f10b50761b13ca4fdc0" member_type: VOTER last_known_addr { host: "127.28.130.2" port: 42521 } } peers { permanent_uuid: "894510aa78504707aafa76a6c707a33b" member_type: VOTER last_known_addr { host: "127.28.130.3" port: 44277 } }
I20260710 11:07:48.776895 30491 tablet_bootstrap.cc:492] T ac73a1c056534f34853acbc60726bdda P 8a3fb9f8475b4f10b50761b13ca4fdc0: Bootstrap starting.
I20260710 11:07:48.776757 30490 raft_consensus.cc:359] T ca65ae6c93f94f35a8b0dce9b22e9c1a P 7ac73b830168462dbc31ea5d27260727 [term 0 FOLLOWER]: Replica starting. Triggering 0 pending ops. Active config: opid_index: -1 OBSOLETE_local: false peers { permanent_uuid: "7ac73b830168462dbc31ea5d27260727" member_type: VOTER last_known_addr { host: "127.28.130.1" port: 43217 } } peers { permanent_uuid: "8a3fb9f8475b4f10b50761b13ca4fdc0" member_type: VOTER last_known_addr { host: "127.28.130.2" port: 42521 } } peers { permanent_uuid: "894510aa78504707aafa76a6c707a33b" member_type: VOTER last_known_addr { host: "127.28.130.3" port: 44277 } }
I20260710 11:07:48.777458 30490 raft_consensus.cc:385] T ca65ae6c93f94f35a8b0dce9b22e9c1a P 7ac73b830168462dbc31ea5d27260727 [term 0 FOLLOWER]: Consensus starting up: Expiring failure detector timer to make a prompt election more likely
I20260710 11:07:48.777746 30490 raft_consensus.cc:740] T ca65ae6c93f94f35a8b0dce9b22e9c1a P 7ac73b830168462dbc31ea5d27260727 [term 0 FOLLOWER]: Becoming Follower/Learner. State: Replica: 7ac73b830168462dbc31ea5d27260727, State: Initialized, Role: FOLLOWER
I20260710 11:07:48.778707 30489 ts_tablet_manager.cc:1434] T 1cc0eb82850c4927a78887ab250253c0 P 894510aa78504707aafa76a6c707a33b: Time spent starting tablet: real 0.006s	user 0.006s	sys 0.000s
I20260710 11:07:48.778584 30490 consensus_queue.cc:260] T ca65ae6c93f94f35a8b0dce9b22e9c1a P 7ac73b830168462dbc31ea5d27260727 [NON_LEADER]: Queue going to NON_LEADER mode. State: All replicated index: 0, Majority replicated index: 0, Committed index: 0, Last appended: 0.0, Last appended by leader: 0, Current term: 0, Majority size: -1, State: 0, Mode: NON_LEADER, active raft config: opid_index: -1 OBSOLETE_local: false peers { permanent_uuid: "7ac73b830168462dbc31ea5d27260727" member_type: VOTER last_known_addr { host: "127.28.130.1" port: 43217 } } peers { permanent_uuid: "8a3fb9f8475b4f10b50761b13ca4fdc0" member_type: VOTER last_known_addr { host: "127.28.130.2" port: 42521 } } peers { permanent_uuid: "894510aa78504707aafa76a6c707a33b" member_type: VOTER last_known_addr { host: "127.28.130.3" port: 44277 } }
I20260710 11:07:48.779568 30489 tablet_bootstrap.cc:492] T cb6d4c6c8e8c461cb9502061cfdf9218 P 894510aa78504707aafa76a6c707a33b: Bootstrap starting.
I20260710 11:07:48.783735 30490 ts_tablet_manager.cc:1434] T ca65ae6c93f94f35a8b0dce9b22e9c1a P 7ac73b830168462dbc31ea5d27260727: Time spent starting tablet: real 0.010s	user 0.001s	sys 0.004s
I20260710 11:07:48.783898 30491 tablet_bootstrap.cc:654] T ac73a1c056534f34853acbc60726bdda P 8a3fb9f8475b4f10b50761b13ca4fdc0: Neither blocks nor log segments found. Creating new log.
I20260710 11:07:48.784739 30490 tablet_bootstrap.cc:492] T ec8533bdd97a45dabb29dc0a82041dc3 P 7ac73b830168462dbc31ea5d27260727: Bootstrap starting.
I20260710 11:07:48.785331 30489 tablet_bootstrap.cc:654] T cb6d4c6c8e8c461cb9502061cfdf9218 P 894510aa78504707aafa76a6c707a33b: Neither blocks nor log segments found. Creating new log.
I20260710 11:07:48.788159 30508 raft_consensus.cc:493] T f88671d898424b45a7adfb0b90e1daeb P 7ac73b830168462dbc31ea5d27260727 [term 0 FOLLOWER]: Starting pre-election (no leader contacted us within the election timeout)
I20260710 11:07:48.788678 30508 raft_consensus.cc:515] T f88671d898424b45a7adfb0b90e1daeb P 7ac73b830168462dbc31ea5d27260727 [term 0 FOLLOWER]: Starting pre-election with config: opid_index: -1 OBSOLETE_local: false peers { permanent_uuid: "7ac73b830168462dbc31ea5d27260727" member_type: VOTER last_known_addr { host: "127.28.130.1" port: 43217 } } peers { permanent_uuid: "8a3fb9f8475b4f10b50761b13ca4fdc0" member_type: VOTER last_known_addr { host: "127.28.130.2" port: 42521 } } peers { permanent_uuid: "894510aa78504707aafa76a6c707a33b" member_type: VOTER last_known_addr { host: "127.28.130.3" port: 44277 } }
I20260710 11:07:48.790825 30508 leader_election.cc:290] T f88671d898424b45a7adfb0b90e1daeb P 7ac73b830168462dbc31ea5d27260727 [CANDIDATE]: Term 1 pre-election: Requested pre-vote from peers 8a3fb9f8475b4f10b50761b13ca4fdc0 (127.28.130.2:42521), 894510aa78504707aafa76a6c707a33b (127.28.130.3:44277)
I20260710 11:07:48.791604 30490 tablet_bootstrap.cc:654] T ec8533bdd97a45dabb29dc0a82041dc3 P 7ac73b830168462dbc31ea5d27260727: Neither blocks nor log segments found. Creating new log.
I20260710 11:07:48.792074 30449 tablet_service.cc:1917] Received RequestConsensusVote() RPC: tablet_id: "f88671d898424b45a7adfb0b90e1daeb" candidate_uuid: "7ac73b830168462dbc31ea5d27260727" candidate_term: 1 candidate_status { last_received { term: 0 index: 0 } } ignore_live_leader: false dest_uuid: "894510aa78504707aafa76a6c707a33b" is_pre_election: true
I20260710 11:07:48.793299 30489 tablet_bootstrap.cc:492] T cb6d4c6c8e8c461cb9502061cfdf9218 P 894510aa78504707aafa76a6c707a33b: No bootstrap required, opened a new log
W20260710 11:07:48.793526 30264 leader_election.cc:343] T f88671d898424b45a7adfb0b90e1daeb P 7ac73b830168462dbc31ea5d27260727 [CANDIDATE]: Term 1 pre-election: Tablet error from VoteRequest() call to peer 894510aa78504707aafa76a6c707a33b (127.28.130.3:44277): Illegal state: must be running to vote when last-logged opid is not known
I20260710 11:07:48.793712 30489 ts_tablet_manager.cc:1403] T cb6d4c6c8e8c461cb9502061cfdf9218 P 894510aa78504707aafa76a6c707a33b: Time spent bootstrapping tablet: real 0.014s	user 0.012s	sys 0.000s
