I20260710 11:07:42.900954 14926 tablet_service.cc:1917] Received RequestConsensusVote() RPC: tablet_id: "a0db4552fd59461c99717aa755b75cc7" candidate_uuid: "eaafcf5e3fee41a3952a17739c00bde3" candidate_term: 4 candidate_status { last_received { term: 3 index: 3 } } ignore_live_leader: true dest_uuid: "25197aa71646479bbb753196650e37c7"
I20260710 11:07:42.901242 15002 tablet_service.cc:1917] Received RequestConsensusVote() RPC: tablet_id: "a0db4552fd59461c99717aa755b75cc7" candidate_uuid: "eaafcf5e3fee41a3952a17739c00bde3" candidate_term: 4 candidate_status { last_received { term: 3 index: 3 } } ignore_live_leader: true dest_uuid: "b49deb754d4a48dab899cd984010edf4"
I20260710 11:07:42.901477 14926 raft_consensus.cc:3060] T a0db4552fd59461c99717aa755b75cc7 P 25197aa71646479bbb753196650e37c7 [term 3 FOLLOWER]: Advancing to term 4
I20260710 11:07:42.901778 15002 raft_consensus.cc:3055] T a0db4552fd59461c99717aa755b75cc7 P b49deb754d4a48dab899cd984010edf4 [term 3 LEADER]: Stepping down as leader of term 3
I20260710 11:07:42.902037 15002 raft_consensus.cc:740] T a0db4552fd59461c99717aa755b75cc7 P b49deb754d4a48dab899cd984010edf4 [term 3 LEADER]: Becoming Follower/Learner. State: Replica: b49deb754d4a48dab899cd984010edf4, State: Running, Role: LEADER
I20260710 11:07:42.902714 15002 consensus_queue.cc:260] T a0db4552fd59461c99717aa755b75cc7 P b49deb754d4a48dab899cd984010edf4 [NON_LEADER]: Queue going to NON_LEADER mode. State: All replicated index: 0, Majority replicated index: 3, Committed index: 3, Last appended: 3.3, Last appended by leader: 3, Current term: 3, Majority size: -1, State: 0, Mode: NON_LEADER, active raft config: opid_index: -1 OBSOLETE_local: false peers { permanent_uuid: "eaafcf5e3fee41a3952a17739c00bde3" member_type: VOTER last_known_addr { host: "127.13.230.193" port: 41727 } } peers { permanent_uuid: "25197aa71646479bbb753196650e37c7" member_type: VOTER last_known_addr { host: "127.13.230.194" port: 38309 } } peers { permanent_uuid: "b49deb754d4a48dab899cd984010edf4" member_type: VOTER last_known_addr { host: "127.13.230.195" port: 44787 } }
I20260710 11:07:42.903643 15002 raft_consensus.cc:3060] T a0db4552fd59461c99717aa755b75cc7 P b49deb754d4a48dab899cd984010edf4 [term 3 FOLLOWER]: Advancing to term 4
I20260710 11:07:42.906025 14926 raft_consensus.cc:2468] T a0db4552fd59461c99717aa755b75cc7 P 25197aa71646479bbb753196650e37c7 [term 4 FOLLOWER]: Leader election vote request: Granting yes vote for candidate eaafcf5e3fee41a3952a17739c00bde3 in term 4.
I20260710 11:07:42.907014 14817 leader_election.cc:304] T a0db4552fd59461c99717aa755b75cc7 P eaafcf5e3fee41a3952a17739c00bde3 [CANDIDATE]: Term 4 election: Election decided. Result: candidate won. Election summary: received 2 responses out of 3 voters: 2 yes votes; 0 no votes. yes voters: 25197aa71646479bbb753196650e37c7, eaafcf5e3fee41a3952a17739c00bde3; no voters: 
I20260710 11:07:42.907778 15138 raft_consensus.cc:2804] T a0db4552fd59461c99717aa755b75cc7 P eaafcf5e3fee41a3952a17739c00bde3 [term 4 FOLLOWER]: Leader election won for term 4
I20260710 11:07:42.908149 15138 raft_consensus.cc:697] T a0db4552fd59461c99717aa755b75cc7 P eaafcf5e3fee41a3952a17739c00bde3 [term 4 LEADER]: Becoming Leader. State: Replica: eaafcf5e3fee41a3952a17739c00bde3, State: Running, Role: LEADER
I20260710 11:07:42.908650 15002 raft_consensus.cc:2468] T a0db4552fd59461c99717aa755b75cc7 P b49deb754d4a48dab899cd984010edf4 [term 4 FOLLOWER]: Leader election vote request: Granting yes vote for candidate eaafcf5e3fee41a3952a17739c00bde3 in term 4.
I20260710 11:07:42.908862 15138 consensus_queue.cc:237] T a0db4552fd59461c99717aa755b75cc7 P eaafcf5e3fee41a3952a17739c00bde3 [LEADER]: Queue going to LEADER mode. State: All replicated index: 0, Majority replicated index: 3, Committed index: 3, Last appended: 3.3, Last appended by leader: 3, Current term: 4, Majority size: 2, State: 0, Mode: LEADER, active raft config: opid_index: -1 OBSOLETE_local: false peers { permanent_uuid: "eaafcf5e3fee41a3952a17739c00bde3" member_type: VOTER last_known_addr { host: "127.13.230.193" port: 41727 } } peers { permanent_uuid: "25197aa71646479bbb753196650e37c7" member_type: VOTER last_known_addr { host: "127.13.230.194" port: 38309 } } peers { permanent_uuid: "b49deb754d4a48dab899cd984010edf4" member_type: VOTER last_known_addr { host: "127.13.230.195" port: 44787 } }
I20260710 11:07:42.915288 14749 catalog_manager.cc:5697] T a0db4552fd59461c99717aa755b75cc7 P eaafcf5e3fee41a3952a17739c00bde3 reported cstate change: term changed from 3 to 4, leader changed from b49deb754d4a48dab899cd984010edf4 (127.13.230.195) to eaafcf5e3fee41a3952a17739c00bde3 (127.13.230.193). New cstate: current_term: 4 leader_uuid: "eaafcf5e3fee41a3952a17739c00bde3" committed_config { opid_index: -1 OBSOLETE_local: false peers { permanent_uuid: "eaafcf5e3fee41a3952a17739c00bde3" member_type: VOTER last_known_addr { host: "127.13.230.193" port: 41727 } health_report { overall_health: HEALTHY } } peers { permanent_uuid: "25197aa71646479bbb753196650e37c7" member_type: VOTER last_known_addr { host: "127.13.230.194" port: 38309 } health_report { overall_health: UNKNOWN } } peers { permanent_uuid: "b49deb754d4a48dab899cd984010edf4" member_type: VOTER last_known_addr { host: "127.13.230.195" port: 44787 } health_report { overall_health: UNKNOWN } } }
I20260710 11:07:42.969794 15157 raft_consensus.cc:993] T f8bd9346d34f462baedd48d4f9d43dd3 P 25197aa71646479bbb753196650e37c7: : Instructing follower eaafcf5e3fee41a3952a17739c00bde3 to start an election
I20260710 11:07:42.970247 15157 raft_consensus.cc:1081] T f8bd9346d34f462baedd48d4f9d43dd3 P 25197aa71646479bbb753196650e37c7 [term 1 LEADER]: Signalling peer eaafcf5e3fee41a3952a17739c00bde3 to start an election
I20260710 11:07:42.971767 14852 tablet_service.cc:2044] Received Run Leader Election RPC: tablet_id: "f8bd9346d34f462baedd48d4f9d43dd3"
dest_uuid: "eaafcf5e3fee41a3952a17739c00bde3"
 from {username='slave'} at 127.0.0.1:40072
I20260710 11:07:42.972378 14852 raft_consensus.cc:493] T f8bd9346d34f462baedd48d4f9d43dd3 P eaafcf5e3fee41a3952a17739c00bde3 [term 1 FOLLOWER]: Starting forced leader election (received explicit request)
I20260710 11:07:42.972661 14852 raft_consensus.cc:3060] T f8bd9346d34f462baedd48d4f9d43dd3 P eaafcf5e3fee41a3952a17739c00bde3 [term 1 FOLLOWER]: Advancing to term 2
I20260710 11:07:42.977597 14852 raft_consensus.cc:515] T f8bd9346d34f462baedd48d4f9d43dd3 P eaafcf5e3fee41a3952a17739c00bde3 [term 2 FOLLOWER]: Starting forced leader election with config: opid_index: -1 OBSOLETE_local: false peers { permanent_uuid: "eaafcf5e3fee41a3952a17739c00bde3" member_type: VOTER last_known_addr { host: "127.13.230.193" port: 41727 } } peers { permanent_uuid: "25197aa71646479bbb753196650e37c7" member_type: VOTER last_known_addr { host: "127.13.230.194" port: 38309 } } peers { permanent_uuid: "b49deb754d4a48dab899cd984010edf4" member_type: VOTER last_known_addr { host: "127.13.230.195" port: 44787 } }
I20260710 11:07:42.979435 14852 leader_election.cc:290] T f8bd9346d34f462baedd48d4f9d43dd3 P eaafcf5e3fee41a3952a17739c00bde3 [CANDIDATE]: Term 2 election: Requested vote from peers 25197aa71646479bbb753196650e37c7 (127.13.230.194:38309), b49deb754d4a48dab899cd984010edf4 (127.13.230.195:44787)
I20260710 11:07:42.980482 14926 tablet_service.cc:1917] Received RequestConsensusVote() RPC: tablet_id: "f8bd9346d34f462baedd48d4f9d43dd3" candidate_uuid: "eaafcf5e3fee41a3952a17739c00bde3" candidate_term: 2 candidate_status { last_received { term: 1 index: 1 } } ignore_live_leader: true dest_uuid: "25197aa71646479bbb753196650e37c7"
I20260710 11:07:42.980690 15002 tablet_service.cc:1917] Received RequestConsensusVote() RPC: tablet_id: "f8bd9346d34f462baedd48d4f9d43dd3" candidate_uuid: "eaafcf5e3fee41a3952a17739c00bde3" candidate_term: 2 candidate_status { last_received { term: 1 index: 1 } } ignore_live_leader: true dest_uuid: "b49deb754d4a48dab899cd984010edf4"
I20260710 11:07:42.981037 14926 raft_consensus.cc:3055] T f8bd9346d34f462baedd48d4f9d43dd3 P 25197aa71646479bbb753196650e37c7 [term 1 LEADER]: Stepping down as leader of term 1
I20260710 11:07:42.981267 15002 raft_consensus.cc:3060] T f8bd9346d34f462baedd48d4f9d43dd3 P b49deb754d4a48dab899cd984010edf4 [term 1 FOLLOWER]: Advancing to term 2
I20260710 11:07:42.981379 14926 raft_consensus.cc:740] T f8bd9346d34f462baedd48d4f9d43dd3 P 25197aa71646479bbb753196650e37c7 [term 1 LEADER]: Becoming Follower/Learner. State: Replica: 25197aa71646479bbb753196650e37c7, State: Running, Role: LEADER
I20260710 11:07:42.982184 14926 consensus_queue.cc:260] T f8bd9346d34f462baedd48d4f9d43dd3 P 25197aa71646479bbb753196650e37c7 [NON_LEADER]: Queue going to NON_LEADER mode. State: All replicated index: 0, Majority replicated index: 1, Committed index: 1, Last appended: 1.1, Last appended by leader: 1, Current term: 1, Majority size: -1, State: 0, Mode: NON_LEADER, active raft config: opid_index: -1 OBSOLETE_local: false peers { permanent_uuid: "eaafcf5e3fee41a3952a17739c00bde3" member_type: VOTER last_known_addr { host: "127.13.230.193" port: 41727 } } peers { permanent_uuid: "25197aa71646479bbb753196650e37c7" member_type: VOTER last_known_addr { host: "127.13.230.194" port: 38309 } } peers { permanent_uuid: "b49deb754d4a48dab899cd984010edf4" member_type: VOTER last_known_addr { host: "127.13.230.195" port: 44787 } }
I20260710 11:07:42.983069 14926 raft_consensus.cc:3060] T f8bd9346d34f462baedd48d4f9d43dd3 P 25197aa71646479bbb753196650e37c7 [term 1 FOLLOWER]: Advancing to term 2
I20260710 11:07:42.986423 15002 raft_consensus.cc:2468] T f8bd9346d34f462baedd48d4f9d43dd3 P b49deb754d4a48dab899cd984010edf4 [term 2 FOLLOWER]: Leader election vote request: Granting yes vote for candidate eaafcf5e3fee41a3952a17739c00bde3 in term 2.
I20260710 11:07:42.987358 14926 raft_consensus.cc:2468] T f8bd9346d34f462baedd48d4f9d43dd3 P 25197aa71646479bbb753196650e37c7 [term 2 FOLLOWER]: Leader election vote request: Granting yes vote for candidate eaafcf5e3fee41a3952a17739c00bde3 in term 2.
I20260710 11:07:42.987442 14817 leader_election.cc:304] T f8bd9346d34f462baedd48d4f9d43dd3 P eaafcf5e3fee41a3952a17739c00bde3 [CANDIDATE]: Term 2 election: Election decided. Result: candidate won. Election summary: received 2 responses out of 3 voters: 2 yes votes; 0 no votes. yes voters: b49deb754d4a48dab899cd984010edf4, eaafcf5e3fee41a3952a17739c00bde3; no voters: 
I20260710 11:07:42.988224 15138 raft_consensus.cc:2804] T f8bd9346d34f462baedd48d4f9d43dd3 P eaafcf5e3fee41a3952a17739c00bde3 [term 2 FOLLOWER]: Leader election won for term 2
I20260710 11:07:42.988663 15138 raft_consensus.cc:697] T f8bd9346d34f462baedd48d4f9d43dd3 P eaafcf5e3fee41a3952a17739c00bde3 [term 2 LEADER]: Becoming Leader. State: Replica: eaafcf5e3fee41a3952a17739c00bde3, State: Running, Role: LEADER
I20260710 11:07:42.989264 15138 consensus_queue.cc:237] T f8bd9346d34f462baedd48d4f9d43dd3 P eaafcf5e3fee41a3952a17739c00bde3 [LEADER]: Queue going to LEADER mode. State: All replicated index: 0, Majority replicated index: 1, Committed index: 1, Last appended: 1.1, Last appended by leader: 1, Current term: 2, Majority size: 2, State: 0, Mode: LEADER, active raft config: opid_index: -1 OBSOLETE_local: false peers { permanent_uuid: "eaafcf5e3fee41a3952a17739c00bde3" member_type: VOTER last_known_addr { host: "127.13.230.193" port: 41727 } } peers { permanent_uuid: "25197aa71646479bbb753196650e37c7" member_type: VOTER last_known_addr { host: "127.13.230.194" port: 38309 } } peers { permanent_uuid: "b49deb754d4a48dab899cd984010edf4" member_type: VOTER last_known_addr { host: "127.13.230.195" port: 44787 } }
I20260710 11:07:42.995777 14749 catalog_manager.cc:5697] T f8bd9346d34f462baedd48d4f9d43dd3 P eaafcf5e3fee41a3952a17739c00bde3 reported cstate change: term changed from 1 to 2, leader changed from 25197aa71646479bbb753196650e37c7 (127.13.230.194) to eaafcf5e3fee41a3952a17739c00bde3 (127.13.230.193). New cstate: current_term: 2 leader_uuid: "eaafcf5e3fee41a3952a17739c00bde3" committed_config { opid_index: -1 OBSOLETE_local: false peers { permanent_uuid: "eaafcf5e3fee41a3952a17739c00bde3" member_type: VOTER last_known_addr { host: "127.13.230.193" port: 41727 } health_report { overall_health: HEALTHY } } peers { permanent_uuid: "25197aa71646479bbb753196650e37c7" member_type: VOTER last_known_addr { host: "127.13.230.194" port: 38309 } health_report { overall_health: UNKNOWN } } peers { permanent_uuid: "b49deb754d4a48dab899cd984010edf4" member_type: VOTER last_known_addr { host: "127.13.230.195" port: 44787 } health_report { overall_health: UNKNOWN } } }
I20260710 11:07:43.194000 14926 raft_consensus.cc:1275] T 6fb97af06f8246a0b0ae72b1b8e01c6d P 25197aa71646479bbb753196650e37c7 [term 3 FOLLOWER]: Refusing update from remote peer eaafcf5e3fee41a3952a17739c00bde3: Log matching property violated. Preceding OpId in replica: term: 2 index: 2. Preceding OpId from leader: term: 3 index: 3. (index mismatch)
I20260710 11:07:43.195147 15138 consensus_queue.cc:1048] T 6fb97af06f8246a0b0ae72b1b8e01c6d P eaafcf5e3fee41a3952a17739c00bde3 [LEADER]: Connected to new peer: Peer: permanent_uuid: "25197aa71646479bbb753196650e37c7" member_type: VOTER last_known_addr { host: "127.13.230.194" port: 38309 }, Status: LMP_MISMATCH, Last received: 0.0, Next index: 3, Last known committed idx: 2, Time since last communication: 0.000s
I20260710 11:07:43.203649 15002 raft_consensus.cc:1275] T 6fb97af06f8246a0b0ae72b1b8e01c6d P b49deb754d4a48dab899cd984010edf4 [term 3 FOLLOWER]: Refusing update from remote peer eaafcf5e3fee41a3952a17739c00bde3: Log matching property violated. Preceding OpId in replica: term: 2 index: 2. Preceding OpId from leader: term: 3 index: 3. (index mismatch)
I20260710 11:07:43.206071 15158 consensus_queue.cc:1048] T 6fb97af06f8246a0b0ae72b1b8e01c6d P eaafcf5e3fee41a3952a17739c00bde3 [LEADER]: Connected to new peer: Peer: permanent_uuid: "b49deb754d4a48dab899cd984010edf4" member_type: VOTER last_known_addr { host: "127.13.230.195" port: 44787 }, Status: LMP_MISMATCH, Last received: 0.0, Next index: 3, Last known committed idx: 2, Time since last communication: 0.000s
I20260710 11:07:43.215206 14926 raft_consensus.cc:1275] T db1383a5f5fd4ad7814834fb3a65de68 P 25197aa71646479bbb753196650e37c7 [term 3 FOLLOWER]: Refusing update from remote peer eaafcf5e3fee41a3952a17739c00bde3: Log matching property violated. Preceding OpId in replica: term: 2 index: 2. Preceding OpId from leader: term: 3 index: 3. (index mismatch)
I20260710 11:07:43.216430 15158 consensus_queue.cc:1048] T db1383a5f5fd4ad7814834fb3a65de68 P eaafcf5e3fee41a3952a17739c00bde3 [LEADER]: Connected to new peer: Peer: permanent_uuid: "25197aa71646479bbb753196650e37c7" member_type: VOTER last_known_addr { host: "127.13.230.194" port: 38309 }, Status: LMP_MISMATCH, Last received: 0.0, Next index: 3, Last known committed idx: 2, Time since last communication: 0.000s
I20260710 11:07:43.225111 15002 raft_consensus.cc:1275] T db1383a5f5fd4ad7814834fb3a65de68 P b49deb754d4a48dab899cd984010edf4 [term 3 FOLLOWER]: Refusing update from remote peer eaafcf5e3fee41a3952a17739c00bde3: Log matching property violated. Preceding OpId in replica: term: 2 index: 2. Preceding OpId from leader: term: 3 index: 3. (index mismatch)
I20260710 11:07:43.227604 15158 consensus_queue.cc:1048] T db1383a5f5fd4ad7814834fb3a65de68 P eaafcf5e3fee41a3952a17739c00bde3 [LEADER]: Connected to new peer: Peer: permanent_uuid: "b49deb754d4a48dab899cd984010edf4" member_type: VOTER last_known_addr { host: "127.13.230.195" port: 44787 }, Status: LMP_MISMATCH, Last received: 0.0, Next index: 3, Last known committed idx: 2, Time since last communication: 0.000s
I20260710 11:07:43.230150 15002 raft_consensus.cc:1275] T 0b80ccac90324460b24dc569afd118d6 P b49deb754d4a48dab899cd984010edf4 [term 3 FOLLOWER]: Refusing update from remote peer eaafcf5e3fee41a3952a17739c00bde3: Log matching property violated. Preceding OpId in replica: term: 2 index: 2. Preceding OpId from leader: term: 3 index: 3. (index mismatch)
I20260710 11:07:43.231660 15158 consensus_queue.cc:1048] T 0b80ccac90324460b24dc569afd118d6 P eaafcf5e3fee41a3952a17739c00bde3 [LEADER]: Connected to new peer: Peer: permanent_uuid: "b49deb754d4a48dab899cd984010edf4" member_type: VOTER last_known_addr { host: "127.13.230.195" port: 44787 }, Status: LMP_MISMATCH, Last received: 0.0, Next index: 3, Last known committed idx: 2, Time since last communication: 0.000s
I20260710 11:07:43.239676 14926 raft_consensus.cc:1275] T 0b80ccac90324460b24dc569afd118d6 P 25197aa71646479bbb753196650e37c7 [term 3 FOLLOWER]: Refusing update from remote peer eaafcf5e3fee41a3952a17739c00bde3: Log matching property violated. Preceding OpId in replica: term: 2 index: 2. Preceding OpId from leader: term: 3 index: 3. (index mismatch)
I20260710 11:07:43.242087 15158 consensus_queue.cc:1048] T 0b80ccac90324460b24dc569afd118d6 P eaafcf5e3fee41a3952a17739c00bde3 [LEADER]: Connected to new peer: Peer: permanent_uuid: "25197aa71646479bbb753196650e37c7" member_type: VOTER last_known_addr { host: "127.13.230.194" port: 38309 }, Status: LMP_MISMATCH, Last received: 0.0, Next index: 3, Last known committed idx: 2, Time since last communication: 0.000s
I20260710 11:07:43.306664 15000 raft_consensus.cc:1275] T a0db4552fd59461c99717aa755b75cc7 P b49deb754d4a48dab899cd984010edf4 [term 4 FOLLOWER]: Refusing update from remote peer eaafcf5e3fee41a3952a17739c00bde3: Log matching property violated. Preceding OpId in replica: term: 3 index: 3. Preceding OpId from leader: term: 4 index: 4. (index mismatch)
I20260710 11:07:43.307843 15173 consensus_queue.cc:1048] T a0db4552fd59461c99717aa755b75cc7 P eaafcf5e3fee41a3952a17739c00bde3 [LEADER]: Connected to new peer: Peer: permanent_uuid: "b49deb754d4a48dab899cd984010edf4" member_type: VOTER last_known_addr { host: "127.13.230.195" port: 44787 }, Status: LMP_MISMATCH, Last received: 0.0, Next index: 4, Last known committed idx: 3, Time since last communication: 0.000s
I20260710 11:07:43.315943 14926 raft_consensus.cc:1275] T a0db4552fd59461c99717aa755b75cc7 P 25197aa71646479bbb753196650e37c7 [term 4 FOLLOWER]: Refusing update from remote peer eaafcf5e3fee41a3952a17739c00bde3: Log matching property violated. Preceding OpId in replica: term: 3 index: 3. Preceding OpId from leader: term: 4 index: 4. (index mismatch)
I20260710 11:07:43.317807 15158 consensus_queue.cc:1048] T a0db4552fd59461c99717aa755b75cc7 P eaafcf5e3fee41a3952a17739c00bde3 [LEADER]: Connected to new peer: Peer: permanent_uuid: "25197aa71646479bbb753196650e37c7" member_type: VOTER last_known_addr { host: "127.13.230.194" port: 38309 }, Status: LMP_MISMATCH, Last received: 0.0, Next index: 4, Last known committed idx: 3, Time since last communication: 0.000s
I20260710 11:07:43.398564 15000 raft_consensus.cc:1275] T f8bd9346d34f462baedd48d4f9d43dd3 P b49deb754d4a48dab899cd984010edf4 [term 2 FOLLOWER]: Refusing update from remote peer eaafcf5e3fee41a3952a17739c00bde3: Log matching property violated. Preceding OpId in replica: term: 1 index: 1. Preceding OpId from leader: term: 2 index: 2. (index mismatch)
I20260710 11:07:43.399870 15158 consensus_queue.cc:1048] T f8bd9346d34f462baedd48d4f9d43dd3 P eaafcf5e3fee41a3952a17739c00bde3 [LEADER]: Connected to new peer: Peer: permanent_uuid: "b49deb754d4a48dab899cd984010edf4" member_type: VOTER last_known_addr { host: "127.13.230.195" port: 44787 }, Status: LMP_MISMATCH, Last received: 0.0, Next index: 2, Last known committed idx: 1, Time since last communication: 0.000s
I20260710 11:07:43.407260 14926 raft_consensus.cc:1275] T f8bd9346d34f462baedd48d4f9d43dd3 P 25197aa71646479bbb753196650e37c7 [term 2 FOLLOWER]: Refusing update from remote peer eaafcf5e3fee41a3952a17739c00bde3: Log matching property violated. Preceding OpId in replica: term: 1 index: 1. Preceding OpId from leader: term: 2 index: 2. (index mismatch)
I20260710 11:07:43.408787 15163 consensus_queue.cc:1048] T f8bd9346d34f462baedd48d4f9d43dd3 P eaafcf5e3fee41a3952a17739c00bde3 [LEADER]: Connected to new peer: Peer: permanent_uuid: "25197aa71646479bbb753196650e37c7" member_type: VOTER last_known_addr { host: "127.13.230.194" port: 38309 }, Status: LMP_MISMATCH, Last received: 0.0, Next index: 2, Last known committed idx: 1, Time since last communication: 0.000s
I20260710 11:07:45.560133 14235 auto_leader_rebalancer.cc:141] leader rebalance for table test-workload
I20260710 11:07:45.568421 14852 tablet_service.cc:2072] Received LeaderStepDown RPC: tablet_id: "0b80ccac90324460b24dc569afd118d6"
dest_uuid: "eaafcf5e3fee41a3952a17739c00bde3"
mode: GRACEFUL
new_leader_uuid: "25197aa71646479bbb753196650e37c7"
 from {username='slave'} at 127.0.0.1:49154
I20260710 11:07:45.569093 14852 raft_consensus.cc:606] T 0b80ccac90324460b24dc569afd118d6 P eaafcf5e3fee41a3952a17739c00bde3 [term 3 LEADER]: Received request to transfer leadership to TS 25197aa71646479bbb753196650e37c7
I20260710 11:07:45.571758 14852 tablet_service.cc:2072] Received LeaderStepDown RPC: tablet_id: "3417d5dd0bea45fcbb3bc266c1454621"
dest_uuid: "eaafcf5e3fee41a3952a17739c00bde3"
mode: GRACEFUL
new_leader_uuid: "b49deb754d4a48dab899cd984010edf4"
 from {username='slave'} at 127.0.0.1:49154
I20260710 11:07:45.572228 14852 raft_consensus.cc:606] T 3417d5dd0bea45fcbb3bc266c1454621 P eaafcf5e3fee41a3952a17739c00bde3 [term 1 LEADER]: Received request to transfer leadership to TS b49deb754d4a48dab899cd984010edf4
I20260710 11:07:45.574388 14852 tablet_service.cc:2072] Received LeaderStepDown RPC: tablet_id: "6fb97af06f8246a0b0ae72b1b8e01c6d"
dest_uuid: "eaafcf5e3fee41a3952a17739c00bde3"
mode: GRACEFUL
new_leader_uuid: "b49deb754d4a48dab899cd984010edf4"
 from {username='slave'} at 127.0.0.1:49154
I20260710 11:07:45.574877 14852 raft_consensus.cc:606] T 6fb97af06f8246a0b0ae72b1b8e01c6d P eaafcf5e3fee41a3952a17739c00bde3 [term 3 LEADER]: Received request to transfer leadership to TS b49deb754d4a48dab899cd984010edf4
I20260710 11:07:45.577069 14852 tablet_service.cc:2072] Received LeaderStepDown RPC: tablet_id: "db1383a5f5fd4ad7814834fb3a65de68"
dest_uuid: "eaafcf5e3fee41a3952a17739c00bde3"
mode: GRACEFUL
new_leader_uuid: "25197aa71646479bbb753196650e37c7"
 from {username='slave'} at 127.0.0.1:49154
I20260710 11:07:45.577564 14852 raft_consensus.cc:606] T db1383a5f5fd4ad7814834fb3a65de68 P eaafcf5e3fee41a3952a17739c00bde3 [term 3 LEADER]: Received request to transfer leadership to TS 25197aa71646479bbb753196650e37c7
I20260710 11:07:45.578562 14235 auto_leader_rebalancer.cc:452] table: test-workload, leader rebalance finish, leader transfer count: 4
I20260710 11:07:45.579048 14235 auto_leader_rebalancer.cc:527] All tables' leader rebalancing finished this round
I20260710 11:07:45.606182 15163 raft_consensus.cc:993] T db1383a5f5fd4ad7814834fb3a65de68 P eaafcf5e3fee41a3952a17739c00bde3: : Instructing follower 25197aa71646479bbb753196650e37c7 to start an election
I20260710 11:07:45.606868 15183 raft_consensus.cc:1081] T db1383a5f5fd4ad7814834fb3a65de68 P eaafcf5e3fee41a3952a17739c00bde3 [term 3 LEADER]: Signalling peer 25197aa71646479bbb753196650e37c7 to start an election
I20260710 11:07:45.608557 14926 tablet_service.cc:2044] Received Run Leader Election RPC: tablet_id: "db1383a5f5fd4ad7814834fb3a65de68"
dest_uuid: "25197aa71646479bbb753196650e37c7"
 from {username='slave'} at 127.0.0.1:54386
I20260710 11:07:45.609153 14926 raft_consensus.cc:493] T db1383a5f5fd4ad7814834fb3a65de68 P 25197aa71646479bbb753196650e37c7 [term 3 FOLLOWER]: Starting forced leader election (received explicit request)
I20260710 11:07:45.609530 14926 raft_consensus.cc:3060] T db1383a5f5fd4ad7814834fb3a65de68 P 25197aa71646479bbb753196650e37c7 [term 3 FOLLOWER]: Advancing to term 4
I20260710 11:07:45.614909 14926 raft_consensus.cc:515] T db1383a5f5fd4ad7814834fb3a65de68 P 25197aa71646479bbb753196650e37c7 [term 4 FOLLOWER]: Starting forced leader election with config: opid_index: -1 OBSOLETE_local: false peers { permanent_uuid: "eaafcf5e3fee41a3952a17739c00bde3" member_type: VOTER last_known_addr { host: "127.13.230.193" port: 41727 } } peers { permanent_uuid: "25197aa71646479bbb753196650e37c7" member_type: VOTER last_known_addr { host: "127.13.230.194" port: 38309 } } peers { permanent_uuid: "b49deb754d4a48dab899cd984010edf4" member_type: VOTER last_known_addr { host: "127.13.230.195" port: 44787 } }
I20260710 11:07:45.616580 14926 leader_election.cc:290] T db1383a5f5fd4ad7814834fb3a65de68 P 25197aa71646479bbb753196650e37c7 [CANDIDATE]: Term 4 election: Requested vote from peers eaafcf5e3fee41a3952a17739c00bde3 (127.13.230.193:41727), b49deb754d4a48dab899cd984010edf4 (127.13.230.195:44787)
I20260710 11:07:45.617497 14852 tablet_service.cc:1917] Received RequestConsensusVote() RPC: tablet_id: "db1383a5f5fd4ad7814834fb3a65de68" candidate_uuid: "25197aa71646479bbb753196650e37c7" candidate_term: 4 candidate_status { last_received { term: 3 index: 3 } } ignore_live_leader: true dest_uuid: "eaafcf5e3fee41a3952a17739c00bde3"
I20260710 11:07:45.617841 15000 tablet_service.cc:1917] Received RequestConsensusVote() RPC: tablet_id: "db1383a5f5fd4ad7814834fb3a65de68" candidate_uuid: "25197aa71646479bbb753196650e37c7" candidate_term: 4 candidate_status { last_received { term: 3 index: 3 } } ignore_live_leader: true dest_uuid: "b49deb754d4a48dab899cd984010edf4"
I20260710 11:07:45.618235 14852 raft_consensus.cc:3055] T db1383a5f5fd4ad7814834fb3a65de68 P eaafcf5e3fee41a3952a17739c00bde3 [term 3 LEADER]: Stepping down as leader of term 3
I20260710 11:07:45.618340 15000 raft_consensus.cc:3060] T db1383a5f5fd4ad7814834fb3a65de68 P b49deb754d4a48dab899cd984010edf4 [term 3 FOLLOWER]: Advancing to term 4
I20260710 11:07:45.618551 14852 raft_consensus.cc:740] T db1383a5f5fd4ad7814834fb3a65de68 P eaafcf5e3fee41a3952a17739c00bde3 [term 3 LEADER]: Becoming Follower/Learner. State: Replica: eaafcf5e3fee41a3952a17739c00bde3, State: Running, Role: LEADER
I20260710 11:07:45.619524 14852 consensus_queue.cc:260] T db1383a5f5fd4ad7814834fb3a65de68 P eaafcf5e3fee41a3952a17739c00bde3 [NON_LEADER]: Queue going to NON_LEADER mode. State: All replicated index: 0, Majority replicated index: 3, Committed index: 3, Last appended: 3.3, Last appended by leader: 3, Current term: 3, Majority size: -1, State: 0, Mode: NON_LEADER, active raft config: opid_index: -1 OBSOLETE_local: false peers { permanent_uuid: "eaafcf5e3fee41a3952a17739c00bde3" member_type: VOTER last_known_addr { host: "127.13.230.193" port: 41727 } } peers { permanent_uuid: "25197aa71646479bbb753196650e37c7" member_type: VOTER last_known_addr { host: "127.13.230.194" port: 38309 } } peers { permanent_uuid: "b49deb754d4a48dab899cd984010edf4" member_type: VOTER last_known_addr { host: "127.13.230.195" port: 44787 } }
I20260710 11:07:45.620875 14852 raft_consensus.cc:3060] T db1383a5f5fd4ad7814834fb3a65de68 P eaafcf5e3fee41a3952a17739c00bde3 [term 3 FOLLOWER]: Advancing to term 4
I20260710 11:07:45.624192 15000 raft_consensus.cc:2468] T db1383a5f5fd4ad7814834fb3a65de68 P b49deb754d4a48dab899cd984010edf4 [term 4 FOLLOWER]: Leader election vote request: Granting yes vote for candidate 25197aa71646479bbb753196650e37c7 in term 4.
I20260710 11:07:45.625273 14892 leader_election.cc:304] T db1383a5f5fd4ad7814834fb3a65de68 P 25197aa71646479bbb753196650e37c7 [CANDIDATE]: Term 4 election: Election decided. Result: candidate won. Election summary: received 2 responses out of 3 voters: 2 yes votes; 0 no votes. yes voters: 25197aa71646479bbb753196650e37c7, b49deb754d4a48dab899cd984010edf4; no voters: 
I20260710 11:07:45.626044 15179 raft_consensus.cc:2804] T db1383a5f5fd4ad7814834fb3a65de68 P 25197aa71646479bbb753196650e37c7 [term 4 FOLLOWER]: Leader election won for term 4
I20260710 11:07:45.627163 15179 raft_consensus.cc:697] T db1383a5f5fd4ad7814834fb3a65de68 P 25197aa71646479bbb753196650e37c7 [term 4 LEADER]: Becoming Leader. State: Replica: 25197aa71646479bbb753196650e37c7, State: Running, Role: LEADER
I20260710 11:07:45.627105 14852 raft_consensus.cc:2468] T db1383a5f5fd4ad7814834fb3a65de68 P eaafcf5e3fee41a3952a17739c00bde3 [term 4 FOLLOWER]: Leader election vote request: Granting yes vote for candidate 25197aa71646479bbb753196650e37c7 in term 4.
I20260710 11:07:45.628293 15179 consensus_queue.cc:237] T db1383a5f5fd4ad7814834fb3a65de68 P 25197aa71646479bbb753196650e37c7 [LEADER]: Queue going to LEADER mode. State: All replicated index: 0, Majority replicated index: 3, Committed index: 3, Last appended: 3.3, Last appended by leader: 3, Current term: 4, Majority size: 2, State: 0, Mode: LEADER, active raft config: opid_index: -1 OBSOLETE_local: false peers { permanent_uuid: "eaafcf5e3fee41a3952a17739c00bde3" member_type: VOTER last_known_addr { host: "127.13.230.193" port: 41727 } } peers { permanent_uuid: "25197aa71646479bbb753196650e37c7" member_type: VOTER last_known_addr { host: "127.13.230.194" port: 38309 } } peers { permanent_uuid: "b49deb754d4a48dab899cd984010edf4" member_type: VOTER last_known_addr { host: "127.13.230.195" port: 44787 } }
I20260710 11:07:45.636376 14749 catalog_manager.cc:5697] T db1383a5f5fd4ad7814834fb3a65de68 P 25197aa71646479bbb753196650e37c7 reported cstate change: term changed from 3 to 4, leader changed from eaafcf5e3fee41a3952a17739c00bde3 (127.13.230.193) to 25197aa71646479bbb753196650e37c7 (127.13.230.194). New cstate: current_term: 4 leader_uuid: "25197aa71646479bbb753196650e37c7" committed_config { opid_index: -1 OBSOLETE_local: false peers { permanent_uuid: "eaafcf5e3fee41a3952a17739c00bde3" member_type: VOTER last_known_addr { host: "127.13.230.193" port: 41727 } health_report { overall_health: UNKNOWN } } peers { permanent_uuid: "25197aa71646479bbb753196650e37c7" member_type: VOTER last_known_addr { host: "127.13.230.194" port: 38309 } health_report { overall_health: HEALTHY } } peers { permanent_uuid: "b49deb754d4a48dab899cd984010edf4" member_type: VOTER last_known_addr { host: "127.13.230.195" port: 44787 } health_report { overall_health: UNKNOWN } } }
I20260710 11:07:45.760715 15182 raft_consensus.cc:993] T 0b80ccac90324460b24dc569afd118d6 P eaafcf5e3fee41a3952a17739c00bde3: : Instructing follower 25197aa71646479bbb753196650e37c7 to start an election
I20260710 11:07:45.761144 15183 raft_consensus.cc:1081] T 0b80ccac90324460b24dc569afd118d6 P eaafcf5e3fee41a3952a17739c00bde3 [term 3 LEADER]: Signalling peer 25197aa71646479bbb753196650e37c7 to start an election
I20260710 11:07:45.762465 14926 tablet_service.cc:2044] Received Run Leader Election RPC: tablet_id: "0b80ccac90324460b24dc569afd118d6"
dest_uuid: "25197aa71646479bbb753196650e37c7"
 from {username='slave'} at 127.0.0.1:54386
I20260710 11:07:45.762949 14926 raft_consensus.cc:493] T 0b80ccac90324460b24dc569afd118d6 P 25197aa71646479bbb753196650e37c7 [term 3 FOLLOWER]: Starting forced leader election (received explicit request)
I20260710 11:07:45.763213 14926 raft_consensus.cc:3060] T 0b80ccac90324460b24dc569afd118d6 P 25197aa71646479bbb753196650e37c7 [term 3 FOLLOWER]: Advancing to term 4
I20260710 11:07:45.767743 14926 raft_consensus.cc:515] T 0b80ccac90324460b24dc569afd118d6 P 25197aa71646479bbb753196650e37c7 [term 4 FOLLOWER]: Starting forced leader election with config: opid_index: -1 OBSOLETE_local: false peers { permanent_uuid: "eaafcf5e3fee41a3952a17739c00bde3" member_type: VOTER last_known_addr { host: "127.13.230.193" port: 41727 } } peers { permanent_uuid: "25197aa71646479bbb753196650e37c7" member_type: VOTER last_known_addr { host: "127.13.230.194" port: 38309 } } peers { permanent_uuid: "b49deb754d4a48dab899cd984010edf4" member_type: VOTER last_known_addr { host: "127.13.230.195" port: 44787 } }
I20260710 11:07:45.769228 14926 leader_election.cc:290] T 0b80ccac90324460b24dc569afd118d6 P 25197aa71646479bbb753196650e37c7 [CANDIDATE]: Term 4 election: Requested vote from peers eaafcf5e3fee41a3952a17739c00bde3 (127.13.230.193:41727), b49deb754d4a48dab899cd984010edf4 (127.13.230.195:44787)
I20260710 11:07:45.770128 14852 tablet_service.cc:1917] Received RequestConsensusVote() RPC: tablet_id: "0b80ccac90324460b24dc569afd118d6" candidate_uuid: "25197aa71646479bbb753196650e37c7" candidate_term: 4 candidate_status { last_received { term: 3 index: 3 } } ignore_live_leader: true dest_uuid: "eaafcf5e3fee41a3952a17739c00bde3"
I20260710 11:07:45.770293 15000 tablet_service.cc:1917] Received RequestConsensusVote() RPC: tablet_id: "0b80ccac90324460b24dc569afd118d6" candidate_uuid: "25197aa71646479bbb753196650e37c7" candidate_term: 4 candidate_status { last_received { term: 3 index: 3 } } ignore_live_leader: true dest_uuid: "b49deb754d4a48dab899cd984010edf4"
I20260710 11:07:45.770759 14852 raft_consensus.cc:3055] T 0b80ccac90324460b24dc569afd118d6 P eaafcf5e3fee41a3952a17739c00bde3 [term 3 LEADER]: Stepping down as leader of term 3
I20260710 11:07:45.770759 15000 raft_consensus.cc:3060] T 0b80ccac90324460b24dc569afd118d6 P b49deb754d4a48dab899cd984010edf4 [term 3 FOLLOWER]: Advancing to term 4
I20260710 11:07:45.771301 14852 raft_consensus.cc:740] T 0b80ccac90324460b24dc569afd118d6 P eaafcf5e3fee41a3952a17739c00bde3 [term 3 LEADER]: Becoming Follower/Learner. State: Replica: eaafcf5e3fee41a3952a17739c00bde3, State: Running, Role: LEADER
I20260710 11:07:45.772210 14852 consensus_queue.cc:260] T 0b80ccac90324460b24dc569afd118d6 P eaafcf5e3fee41a3952a17739c00bde3 [NON_LEADER]: Queue going to NON_LEADER mode. State: All replicated index: 0, Majority replicated index: 3, Committed index: 3, Last appended: 3.3, Last appended by leader: 3, Current term: 3, Majority size: -1, State: 0, Mode: NON_LEADER, active raft config: opid_index: -1 OBSOLETE_local: false peers { permanent_uuid: "eaafcf5e3fee41a3952a17739c00bde3" member_type: VOTER last_known_addr { host: "127.13.230.193" port: 41727 } } peers { permanent_uuid: "25197aa71646479bbb753196650e37c7" member_type: VOTER last_known_addr { host: "127.13.230.194" port: 38309 } } peers { permanent_uuid: "b49deb754d4a48dab899cd984010edf4" member_type: VOTER last_known_addr { host: "127.13.230.195" port: 44787 } }
I20260710 11:07:45.773411 14852 raft_consensus.cc:3060] T 0b80ccac90324460b24dc569afd118d6 P eaafcf5e3fee41a3952a17739c00bde3 [term 3 FOLLOWER]: Advancing to term 4
I20260710 11:07:45.777930 15000 raft_consensus.cc:2468] T 0b80ccac90324460b24dc569afd118d6 P b49deb754d4a48dab899cd984010edf4 [term 4 FOLLOWER]: Leader election vote request: Granting yes vote for candidate 25197aa71646479bbb753196650e37c7 in term 4.
I20260710 11:07:45.779107 14892 leader_election.cc:304] T 0b80ccac90324460b24dc569afd118d6 P 25197aa71646479bbb753196650e37c7 [CANDIDATE]: Term 4 election: Election decided. Result: candidate won. Election summary: received 2 responses out of 3 voters: 2 yes votes; 0 no votes. yes voters: 25197aa71646479bbb753196650e37c7, b49deb754d4a48dab899cd984010edf4; no voters: 
I20260710 11:07:45.779997 15179 raft_consensus.cc:2804] T 0b80ccac90324460b24dc569afd118d6 P 25197aa71646479bbb753196650e37c7 [term 4 FOLLOWER]: Leader election won for term 4
I20260710 11:07:45.780493 14852 raft_consensus.cc:2468] T 0b80ccac90324460b24dc569afd118d6 P eaafcf5e3fee41a3952a17739c00bde3 [term 4 FOLLOWER]: Leader election vote request: Granting yes vote for candidate 25197aa71646479bbb753196650e37c7 in term 4.
I20260710 11:07:45.780579 15179 raft_consensus.cc:697] T 0b80ccac90324460b24dc569afd118d6 P 25197aa71646479bbb753196650e37c7 [term 4 LEADER]: Becoming Leader. State: Replica: 25197aa71646479bbb753196650e37c7, State: Running, Role: LEADER
I20260710 11:07:45.781535 15179 consensus_queue.cc:237] T 0b80ccac90324460b24dc569afd118d6 P 25197aa71646479bbb753196650e37c7 [LEADER]: Queue going to LEADER mode. State: All replicated index: 0, Majority replicated index: 3, Committed index: 3, Last appended: 3.3, Last appended by leader: 3, Current term: 4, Majority size: 2, State: 0, Mode: LEADER, active raft config: opid_index: -1 OBSOLETE_local: false peers { permanent_uuid: "eaafcf5e3fee41a3952a17739c00bde3" member_type: VOTER last_known_addr { host: "127.13.230.193" port: 41727 } } peers { permanent_uuid: "25197aa71646479bbb753196650e37c7" member_type: VOTER last_known_addr { host: "127.13.230.194" port: 38309 } } peers { permanent_uuid: "b49deb754d4a48dab899cd984010edf4" member_type: VOTER last_known_addr { host: "127.13.230.195" port: 44787 } }
I20260710 11:07:45.789474 14749 catalog_manager.cc:5697] T 0b80ccac90324460b24dc569afd118d6 P 25197aa71646479bbb753196650e37c7 reported cstate change: term changed from 3 to 4, leader changed from eaafcf5e3fee41a3952a17739c00bde3 (127.13.230.193) to 25197aa71646479bbb753196650e37c7 (127.13.230.194). New cstate: current_term: 4 leader_uuid: "25197aa71646479bbb753196650e37c7" committed_config { opid_index: -1 OBSOLETE_local: false peers { permanent_uuid: "eaafcf5e3fee41a3952a17739c00bde3" member_type: VOTER last_known_addr { host: "127.13.230.193" port: 41727 } health_report { overall_health: UNKNOWN } } peers { permanent_uuid: "25197aa71646479bbb753196650e37c7" member_type: VOTER last_known_addr { host: "127.13.230.194" port: 38309 } health_report { overall_health: HEALTHY } } peers { permanent_uuid: "b49deb754d4a48dab899cd984010edf4" member_type: VOTER last_known_addr { host: "127.13.230.195" port: 44787 } health_report { overall_health: UNKNOWN } } }
I20260710 11:07:45.971939 15183 raft_consensus.cc:993] T 6fb97af06f8246a0b0ae72b1b8e01c6d P eaafcf5e3fee41a3952a17739c00bde3: : Instructing follower b49deb754d4a48dab899cd984010edf4 to start an election
I20260710 11:07:45.972388 15182 raft_consensus.cc:1081] T 6fb97af06f8246a0b0ae72b1b8e01c6d P eaafcf5e3fee41a3952a17739c00bde3 [term 3 LEADER]: Signalling peer b49deb754d4a48dab899cd984010edf4 to start an election
I20260710 11:07:45.973822 15000 tablet_service.cc:2044] Received Run Leader Election RPC: tablet_id: "6fb97af06f8246a0b0ae72b1b8e01c6d"
dest_uuid: "b49deb754d4a48dab899cd984010edf4"
 from {username='slave'} at 127.0.0.1:42444
I20260710 11:07:45.974273 15000 raft_consensus.cc:493] T 6fb97af06f8246a0b0ae72b1b8e01c6d P b49deb754d4a48dab899cd984010edf4 [term 3 FOLLOWER]: Starting forced leader election (received explicit request)
I20260710 11:07:45.974539 15000 raft_consensus.cc:3060] T 6fb97af06f8246a0b0ae72b1b8e01c6d P b49deb754d4a48dab899cd984010edf4 [term 3 FOLLOWER]: Advancing to term 4
I20260710 11:07:45.979197 15000 raft_consensus.cc:515] T 6fb97af06f8246a0b0ae72b1b8e01c6d P b49deb754d4a48dab899cd984010edf4 [term 4 FOLLOWER]: Starting forced leader election with config: opid_index: -1 OBSOLETE_local: false peers { permanent_uuid: "eaafcf5e3fee41a3952a17739c00bde3" member_type: VOTER last_known_addr { host: "127.13.230.193" port: 41727 } } peers { permanent_uuid: "25197aa71646479bbb753196650e37c7" member_type: VOTER last_known_addr { host: "127.13.230.194" port: 38309 } } peers { permanent_uuid: "b49deb754d4a48dab899cd984010edf4" member_type: VOTER last_known_addr { host: "127.13.230.195" port: 44787 } }
I20260710 11:07:45.980832 15000 leader_election.cc:290] T 6fb97af06f8246a0b0ae72b1b8e01c6d P b49deb754d4a48dab899cd984010edf4 [CANDIDATE]: Term 4 election: Requested vote from peers eaafcf5e3fee41a3952a17739c00bde3 (127.13.230.193:41727), 25197aa71646479bbb753196650e37c7 (127.13.230.194:38309)
I20260710 11:07:45.981664 14852 tablet_service.cc:1917] Received RequestConsensusVote() RPC: tablet_id: "6fb97af06f8246a0b0ae72b1b8e01c6d" candidate_uuid: "b49deb754d4a48dab899cd984010edf4" candidate_term: 4 candidate_status { last_received { term: 3 index: 3 } } ignore_live_leader: true dest_uuid: "eaafcf5e3fee41a3952a17739c00bde3"
I20260710 11:07:45.981979 14928 tablet_service.cc:1917] Received RequestConsensusVote() RPC: tablet_id: "6fb97af06f8246a0b0ae72b1b8e01c6d" candidate_uuid: "b49deb754d4a48dab899cd984010edf4" candidate_term: 4 candidate_status { last_received { term: 3 index: 3 } } ignore_live_leader: true dest_uuid: "25197aa71646479bbb753196650e37c7"
I20260710 11:07:45.982231 14852 raft_consensus.cc:3055] T 6fb97af06f8246a0b0ae72b1b8e01c6d P eaafcf5e3fee41a3952a17739c00bde3 [term 3 LEADER]: Stepping down as leader of term 3
I20260710 11:07:45.982524 14928 raft_consensus.cc:3060] T 6fb97af06f8246a0b0ae72b1b8e01c6d P 25197aa71646479bbb753196650e37c7 [term 3 FOLLOWER]: Advancing to term 4
I20260710 11:07:45.982564 14852 raft_consensus.cc:740] T 6fb97af06f8246a0b0ae72b1b8e01c6d P eaafcf5e3fee41a3952a17739c00bde3 [term 3 LEADER]: Becoming Follower/Learner. State: Replica: eaafcf5e3fee41a3952a17739c00bde3, State: Running, Role: LEADER
I20260710 11:07:45.983397 14852 consensus_queue.cc:260] T 6fb97af06f8246a0b0ae72b1b8e01c6d P eaafcf5e3fee41a3952a17739c00bde3 [NON_LEADER]: Queue going to NON_LEADER mode. State: All replicated index: 0, Majority replicated index: 3, Committed index: 3, Last appended: 3.3, Last appended by leader: 3, Current term: 3, Majority size: -1, State: 0, Mode: NON_LEADER, active raft config: opid_index: -1 OBSOLETE_local: false peers { permanent_uuid: "eaafcf5e3fee41a3952a17739c00bde3" member_type: VOTER last_known_addr { host: "127.13.230.193" port: 41727 } } peers { permanent_uuid: "25197aa71646479bbb753196650e37c7" member_type: VOTER last_known_addr { host: "127.13.230.194" port: 38309 } } peers { permanent_uuid: "b49deb754d4a48dab899cd984010edf4" member_type: VOTER last_known_addr { host: "127.13.230.195" port: 44787 } }
I20260710 11:07:45.984433 14852 raft_consensus.cc:3060] T 6fb97af06f8246a0b0ae72b1b8e01c6d P eaafcf5e3fee41a3952a17739c00bde3 [term 3 FOLLOWER]: Advancing to term 4
I20260710 11:07:45.988457 14928 raft_consensus.cc:2468] T 6fb97af06f8246a0b0ae72b1b8e01c6d P 25197aa71646479bbb753196650e37c7 [term 4 FOLLOWER]: Leader election vote request: Granting yes vote for candidate b49deb754d4a48dab899cd984010edf4 in term 4.
I20260710 11:07:45.989678 14852 raft_consensus.cc:2468] T 6fb97af06f8246a0b0ae72b1b8e01c6d P eaafcf5e3fee41a3952a17739c00bde3 [term 4 FOLLOWER]: Leader election vote request: Granting yes vote for candidate b49deb754d4a48dab899cd984010edf4 in term 4.
I20260710 11:07:45.990016 14966 leader_election.cc:304] T 6fb97af06f8246a0b0ae72b1b8e01c6d P b49deb754d4a48dab899cd984010edf4 [CANDIDATE]: Term 4 election: Election decided. Result: candidate won. Election summary: received 2 responses out of 3 voters: 2 yes votes; 0 no votes. yes voters: 25197aa71646479bbb753196650e37c7, b49deb754d4a48dab899cd984010edf4; no voters: 
I20260710 11:07:45.991019 15181 raft_consensus.cc:2804] T 6fb97af06f8246a0b0ae72b1b8e01c6d P b49deb754d4a48dab899cd984010edf4 [term 4 FOLLOWER]: Leader election won for term 4
I20260710 11:07:45.992023 15181 raft_consensus.cc:697] T 6fb97af06f8246a0b0ae72b1b8e01c6d P b49deb754d4a48dab899cd984010edf4 [term 4 LEADER]: Becoming Leader. State: Replica: b49deb754d4a48dab899cd984010edf4, State: Running, Role: LEADER
I20260710 11:07:45.992892 15181 consensus_queue.cc:237] T 6fb97af06f8246a0b0ae72b1b8e01c6d P b49deb754d4a48dab899cd984010edf4 [LEADER]: Queue going to LEADER mode. State: All replicated index: 0, Majority replicated index: 3, Committed index: 3, Last appended: 3.3, Last appended by leader: 3, Current term: 4, Majority size: 2, State: 0, Mode: LEADER, active raft config: opid_index: -1 OBSOLETE_local: false peers { permanent_uuid: "eaafcf5e3fee41a3952a17739c00bde3" member_type: VOTER last_known_addr { host: "127.13.230.193" port: 41727 } } peers { permanent_uuid: "25197aa71646479bbb753196650e37c7" member_type: VOTER last_known_addr { host: "127.13.230.194" port: 38309 } } peers { permanent_uuid: "b49deb754d4a48dab899cd984010edf4" member_type: VOTER last_known_addr { host: "127.13.230.195" port: 44787 } }
I20260710 11:07:46.000353 14749 catalog_manager.cc:5697] T 6fb97af06f8246a0b0ae72b1b8e01c6d P b49deb754d4a48dab899cd984010edf4 reported cstate change: term changed from 3 to 4, leader changed from eaafcf5e3fee41a3952a17739c00bde3 (127.13.230.193) to b49deb754d4a48dab899cd984010edf4 (127.13.230.195). New cstate: current_term: 4 leader_uuid: "b49deb754d4a48dab899cd984010edf4" committed_config { opid_index: -1 OBSOLETE_local: false peers { permanent_uuid: "eaafcf5e3fee41a3952a17739c00bde3" member_type: VOTER last_known_addr { host: "127.13.230.193" port: 41727 } health_report { overall_health: UNKNOWN } } peers { permanent_uuid: "25197aa71646479bbb753196650e37c7" member_type: VOTER last_known_addr { host: "127.13.230.194" port: 38309 } health_report { overall_health: UNKNOWN } } peers { permanent_uuid: "b49deb754d4a48dab899cd984010edf4" member_type: VOTER last_known_addr { host: "127.13.230.195" port: 44787 } health_report { overall_health: HEALTHY } } }
I20260710 11:07:46.108155 15000 raft_consensus.cc:1275] T db1383a5f5fd4ad7814834fb3a65de68 P b49deb754d4a48dab899cd984010edf4 [term 4 FOLLOWER]: Refusing update from remote peer 25197aa71646479bbb753196650e37c7: Log matching property violated. Preceding OpId in replica: term: 3 index: 3. Preceding OpId from leader: term: 4 index: 4. (index mismatch)
I20260710 11:07:46.109297 15179 consensus_queue.cc:1048] T db1383a5f5fd4ad7814834fb3a65de68 P 25197aa71646479bbb753196650e37c7 [LEADER]: Connected to new peer: Peer: permanent_uuid: "b49deb754d4a48dab899cd984010edf4" member_type: VOTER last_known_addr { host: "127.13.230.195" port: 44787 }, Status: LMP_MISMATCH, Last received: 0.0, Next index: 4, Last known committed idx: 3, Time since last communication: 0.000s
I20260710 11:07:46.121647 14852 raft_consensus.cc:1275] T db1383a5f5fd4ad7814834fb3a65de68 P eaafcf5e3fee41a3952a17739c00bde3 [term 4 FOLLOWER]: Refusing update from remote peer 25197aa71646479bbb753196650e37c7: Log matching property violated. Preceding OpId in replica: term: 3 index: 3. Preceding OpId from leader: term: 4 index: 4. (index mismatch)
I20260710 11:07:46.124747 15184 consensus_queue.cc:1048] T db1383a5f5fd4ad7814834fb3a65de68 P 25197aa71646479bbb753196650e37c7 [LEADER]: Connected to new peer: Peer: permanent_uuid: "eaafcf5e3fee41a3952a17739c00bde3" member_type: VOTER last_known_addr { host: "127.13.230.193" port: 41727 }, Status: LMP_MISMATCH, Last received: 0.0, Next index: 4, Last known committed idx: 3, Time since last communication: 0.000s
I20260710 11:07:46.136327 15183 raft_consensus.cc:993] T 3417d5dd0bea45fcbb3bc266c1454621 P eaafcf5e3fee41a3952a17739c00bde3: : Instructing follower b49deb754d4a48dab899cd984010edf4 to start an election
I20260710 11:07:46.136854 15182 raft_consensus.cc:1081] T 3417d5dd0bea45fcbb3bc266c1454621 P eaafcf5e3fee41a3952a17739c00bde3 [term 1 LEADER]: Signalling peer b49deb754d4a48dab899cd984010edf4 to start an election
I20260710 11:07:46.138381 15000 tablet_service.cc:2044] Received Run Leader Election RPC: tablet_id: "3417d5dd0bea45fcbb3bc266c1454621"
dest_uuid: "b49deb754d4a48dab899cd984010edf4"
 from {username='slave'} at 127.0.0.1:42444
I20260710 11:07:46.138933 15000 raft_consensus.cc:493] T 3417d5dd0bea45fcbb3bc266c1454621 P b49deb754d4a48dab899cd984010edf4 [term 1 FOLLOWER]: Starting forced leader election (received explicit request)
I20260710 11:07:46.139293 15000 raft_consensus.cc:3060] T 3417d5dd0bea45fcbb3bc266c1454621 P b49deb754d4a48dab899cd984010edf4 [term 1 FOLLOWER]: Advancing to term 2
I20260710 11:07:46.143847 15000 raft_consensus.cc:515] T 3417d5dd0bea45fcbb3bc266c1454621 P b49deb754d4a48dab899cd984010edf4 [term 2 FOLLOWER]: Starting forced leader election with config: opid_index: -1 OBSOLETE_local: false peers { permanent_uuid: "eaafcf5e3fee41a3952a17739c00bde3" member_type: VOTER last_known_addr { host: "127.13.230.193" port: 41727 } } peers { permanent_uuid: "b49deb754d4a48dab899cd984010edf4" member_type: VOTER last_known_addr { host: "127.13.230.195" port: 44787 } } peers { permanent_uuid: "25197aa71646479bbb753196650e37c7" member_type: VOTER last_known_addr { host: "127.13.230.194" port: 38309 } }
I20260710 11:07:46.145331 15000 leader_election.cc:290] T 3417d5dd0bea45fcbb3bc266c1454621 P b49deb754d4a48dab899cd984010edf4 [CANDIDATE]: Term 2 election: Requested vote from peers eaafcf5e3fee41a3952a17739c00bde3 (127.13.230.193:41727), 25197aa71646479bbb753196650e37c7 (127.13.230.194:38309)
I20260710 11:07:46.146224 14853 tablet_service.cc:1917] Received RequestConsensusVote() RPC: tablet_id: "3417d5dd0bea45fcbb3bc266c1454621" candidate_uuid: "b49deb754d4a48dab899cd984010edf4" candidate_term: 2 candidate_status { last_received { term: 1 index: 1 } } ignore_live_leader: true dest_uuid: "eaafcf5e3fee41a3952a17739c00bde3"
I20260710 11:07:46.146355 14928 tablet_service.cc:1917] Received RequestConsensusVote() RPC: tablet_id: "3417d5dd0bea45fcbb3bc266c1454621" candidate_uuid: "b49deb754d4a48dab899cd984010edf4" candidate_term: 2 candidate_status { last_received { term: 1 index: 1 } } ignore_live_leader: true dest_uuid: "25197aa71646479bbb753196650e37c7"
I20260710 11:07:46.146756 14853 raft_consensus.cc:3055] T 3417d5dd0bea45fcbb3bc266c1454621 P eaafcf5e3fee41a3952a17739c00bde3 [term 1 LEADER]: Stepping down as leader of term 1
I20260710 11:07:46.146836 14928 raft_consensus.cc:3060] T 3417d5dd0bea45fcbb3bc266c1454621 P 25197aa71646479bbb753196650e37c7 [term 1 FOLLOWER]: Advancing to term 2
I20260710 11:07:46.147099 14853 raft_consensus.cc:740] T 3417d5dd0bea45fcbb3bc266c1454621 P eaafcf5e3fee41a3952a17739c00bde3 [term 1 LEADER]: Becoming Follower/Learner. State: Replica: eaafcf5e3fee41a3952a17739c00bde3, State: Running, Role: LEADER
I20260710 11:07:46.147742 14853 consensus_queue.cc:260] T 3417d5dd0bea45fcbb3bc266c1454621 P eaafcf5e3fee41a3952a17739c00bde3 [NON_LEADER]: Queue going to NON_LEADER mode. State: All replicated index: 0, Majority replicated index: 1, Committed index: 1, Last appended: 1.1, Last appended by leader: 1, Current term: 1, Majority size: -1, State: 0, Mode: NON_LEADER, active raft config: opid_index: -1 OBSOLETE_local: false peers { permanent_uuid: "eaafcf5e3fee41a3952a17739c00bde3" member_type: VOTER last_known_addr { host: "127.13.230.193" port: 41727 } } peers { permanent_uuid: "b49deb754d4a48dab899cd984010edf4" member_type: VOTER last_known_addr { host: "127.13.230.195" port: 44787 } } peers { permanent_uuid: "25197aa71646479bbb753196650e37c7" member_type: VOTER last_known_addr { host: "127.13.230.194" port: 38309 } }
