I20260710 11:07:51.242668 31333 consensus_queue.cc:237] T 46acaab5fd664c76bd8b8047724c669a P bfe59096ce674f2181b4e310ffb8d610 [LEADER]: Queue going to LEADER mode. State: All replicated index: 0, Majority replicated index: 0, Committed index: 0, Last appended: 0.0, Last appended by leader: 0, Current term: 1, Majority size: 2, State: 0, Mode: LEADER, active raft config: opid_index: -1 OBSOLETE_local: false peers { permanent_uuid: "b122ab51bcc4470eaa75c10cc52dcf92" member_type: VOTER last_known_addr { host: "127.29.75.193" port: 35873 } } peers { permanent_uuid: "90c8cb315d2247efb260929d6a6de71b" member_type: VOTER last_known_addr { host: "127.29.75.194" port: 36057 } } peers { permanent_uuid: "bfe59096ce674f2181b4e310ffb8d610" member_type: VOTER last_known_addr { host: "127.29.75.195" port: 39347 } }
W20260710 11:07:51.244107 31228 leader_election.cc:343] T 8779a3e1557a4bf38bf82df4cebbe5a9 P bfe59096ce674f2181b4e310ffb8d610 [CANDIDATE]: Term 1 pre-election: Tablet error from VoteRequest() call to peer b122ab51bcc4470eaa75c10cc52dcf92 (127.29.75.193:35873): Illegal state: must be running to vote when last-logged opid is not known
I20260710 11:07:51.234579 31114 raft_consensus.cc:2468] T 46acaab5fd664c76bd8b8047724c669a P b122ab51bcc4470eaa75c10cc52dcf92 [term 1 FOLLOWER]: Leader election vote request: Granting yes vote for candidate bfe59096ce674f2181b4e310ffb8d610 in term 1.
I20260710 11:07:51.246228 31114 tablet_service.cc:1917] Received RequestConsensusVote() RPC: tablet_id: "bb5069912d4b46fb9f177dd66ca90277" candidate_uuid: "90c8cb315d2247efb260929d6a6de71b" candidate_term: 1 candidate_status { last_received { term: 0 index: 0 } } ignore_live_leader: false dest_uuid: "b122ab51bcc4470eaa75c10cc52dcf92"
I20260710 11:07:51.227692 31304 tablet_bootstrap.cc:492] T 229c73190ef748afa5615b11cbddb66d P b122ab51bcc4470eaa75c10cc52dcf92: No bootstrap required, opened a new log
I20260710 11:07:51.249671 31304 ts_tablet_manager.cc:1403] T 229c73190ef748afa5615b11cbddb66d P b122ab51bcc4470eaa75c10cc52dcf92: Time spent bootstrapping tablet: real 0.103s	user 0.017s	sys 0.015s
I20260710 11:07:51.238402 31306 ts_tablet_manager.cc:1434] T 94e2c2cb4025403ab4d57e07e38be9cb P 90c8cb315d2247efb260929d6a6de71b: Time spent starting tablet: real 0.008s	user 0.006s	sys 0.000s
I20260710 11:07:51.252188 31306 tablet_bootstrap.cc:492] T 4792f5799fce4554a528ea189f5cb8ca P 90c8cb315d2247efb260929d6a6de71b: Bootstrap starting.
I20260710 11:07:51.253096 31339 leader_election.cc:290] T 229c73190ef748afa5615b11cbddb66d P bfe59096ce674f2181b4e310ffb8d610 [CANDIDATE]: Term 1 election: Requested vote from peers b122ab51bcc4470eaa75c10cc52dcf92 (127.29.75.193:35873), 90c8cb315d2247efb260929d6a6de71b (127.29.75.194:36057)
I20260710 11:07:51.250085 31190 tablet_service.cc:1917] Received RequestConsensusVote() RPC: tablet_id: "8779a3e1557a4bf38bf82df4cebbe5a9" candidate_uuid: "bfe59096ce674f2181b4e310ffb8d610" candidate_term: 1 candidate_status { last_received { term: 0 index: 0 } } ignore_live_leader: false dest_uuid: "90c8cb315d2247efb260929d6a6de71b" is_pre_election: true
I20260710 11:07:51.248026 31264 tablet_service.cc:1917] Received RequestConsensusVote() RPC: tablet_id: "bb5069912d4b46fb9f177dd66ca90277" candidate_uuid: "90c8cb315d2247efb260929d6a6de71b" candidate_term: 1 candidate_status { last_received { term: 0 index: 0 } } ignore_live_leader: false dest_uuid: "bfe59096ce674f2181b4e310ffb8d610"
W20260710 11:07:51.259500 31154 leader_election.cc:343] T bb5069912d4b46fb9f177dd66ca90277 P 90c8cb315d2247efb260929d6a6de71b [CANDIDATE]: Term 1 election: Tablet error from VoteRequest() call to peer b122ab51bcc4470eaa75c10cc52dcf92 (127.29.75.193:35873): Illegal state: must be running to vote when last-logged opid is not known
I20260710 11:07:51.262207 31264 raft_consensus.cc:3060] T bb5069912d4b46fb9f177dd66ca90277 P bfe59096ce674f2181b4e310ffb8d610 [term 0 FOLLOWER]: Advancing to term 1
I20260710 11:07:51.276384 31340 consensus_queue.cc:1048] T 765a38bf3c314b0e8927e8b0bfb7e8ea P b122ab51bcc4470eaa75c10cc52dcf92 [LEADER]: Connected to new peer: Peer: permanent_uuid: "bfe59096ce674f2181b4e310ffb8d610" member_type: VOTER last_known_addr { host: "127.29.75.195" port: 39347 }, Status: LMP_MISMATCH, Last received: 0.0, Next index: 1, Last known committed idx: 0, Time since last communication: 0.000s
W20260710 11:07:51.274071 31228 leader_election.cc:343] T 8779a3e1557a4bf38bf82df4cebbe5a9 P bfe59096ce674f2181b4e310ffb8d610 [CANDIDATE]: Term 1 pre-election: Tablet error from VoteRequest() call to peer 90c8cb315d2247efb260929d6a6de71b (127.29.75.194:36057): Illegal state: must be running to vote when last-logged opid is not known
I20260710 11:07:51.285709 31228 leader_election.cc:304] T 8779a3e1557a4bf38bf82df4cebbe5a9 P bfe59096ce674f2181b4e310ffb8d610 [CANDIDATE]: Term 1 pre-election: Election decided. Result: candidate lost. Election summary: received 3 responses out of 3 voters: 1 yes votes; 2 no votes. yes voters: bfe59096ce674f2181b4e310ffb8d610; no voters: 90c8cb315d2247efb260929d6a6de71b, b122ab51bcc4470eaa75c10cc52dcf92
I20260710 11:07:51.286638 31419 raft_consensus.cc:2749] T 8779a3e1557a4bf38bf82df4cebbe5a9 P bfe59096ce674f2181b4e310ffb8d610 [term 0 FOLLOWER]: Leader pre-election lost for term 1. Reason: could not achieve majority
I20260710 11:07:51.281095 31312 raft_consensus.cc:493] T 94e2c2cb4025403ab4d57e07e38be9cb P 90c8cb315d2247efb260929d6a6de71b [term 0 FOLLOWER]: Starting pre-election (no leader contacted us within the election timeout)
I20260710 11:07:51.271731 31189 tablet_service.cc:1917] Received RequestConsensusVote() RPC: tablet_id: "229c73190ef748afa5615b11cbddb66d" candidate_uuid: "bfe59096ce674f2181b4e310ffb8d610" candidate_term: 1 candidate_status { last_received { term: 0 index: 0 } } ignore_live_leader: false dest_uuid: "90c8cb315d2247efb260929d6a6de71b"
I20260710 11:07:51.295778 31189 raft_consensus.cc:3060] T 229c73190ef748afa5615b11cbddb66d P 90c8cb315d2247efb260929d6a6de71b [term 0 FOLLOWER]: Advancing to term 1
I20260710 11:07:51.295387 31312 raft_consensus.cc:515] T 94e2c2cb4025403ab4d57e07e38be9cb P 90c8cb315d2247efb260929d6a6de71b [term 0 FOLLOWER]: Starting pre-election with config: opid_index: -1 OBSOLETE_local: false peers { permanent_uuid: "b122ab51bcc4470eaa75c10cc52dcf92" member_type: VOTER last_known_addr { host: "127.29.75.193" port: 35873 } } peers { permanent_uuid: "90c8cb315d2247efb260929d6a6de71b" member_type: VOTER last_known_addr { host: "127.29.75.194" port: 36057 } } peers { permanent_uuid: "bfe59096ce674f2181b4e310ffb8d610" member_type: VOTER last_known_addr { host: "127.29.75.195" port: 39347 } }
I20260710 11:07:51.320547 31312 leader_election.cc:290] T 94e2c2cb4025403ab4d57e07e38be9cb P 90c8cb315d2247efb260929d6a6de71b [CANDIDATE]: Term 1 pre-election: Requested pre-vote from peers b122ab51bcc4470eaa75c10cc52dcf92 (127.29.75.193:35873), bfe59096ce674f2181b4e310ffb8d610 (127.29.75.195:39347)
I20260710 11:07:51.321465 31114 tablet_service.cc:1917] Received RequestConsensusVote() RPC: tablet_id: "94e2c2cb4025403ab4d57e07e38be9cb" candidate_uuid: "90c8cb315d2247efb260929d6a6de71b" candidate_term: 1 candidate_status { last_received { term: 0 index: 0 } } ignore_live_leader: false dest_uuid: "b122ab51bcc4470eaa75c10cc52dcf92" is_pre_election: true
W20260710 11:07:51.323139 31154 leader_election.cc:343] T 94e2c2cb4025403ab4d57e07e38be9cb P 90c8cb315d2247efb260929d6a6de71b [CANDIDATE]: Term 1 pre-election: Tablet error from VoteRequest() call to peer b122ab51bcc4470eaa75c10cc52dcf92 (127.29.75.193:35873): Illegal state: must be running to vote when last-logged opid is not known
I20260710 11:07:51.324015 31189 raft_consensus.cc:2468] T 229c73190ef748afa5615b11cbddb66d P 90c8cb315d2247efb260929d6a6de71b [term 1 FOLLOWER]: Leader election vote request: Granting yes vote for candidate bfe59096ce674f2181b4e310ffb8d610 in term 1.
I20260710 11:07:51.333101 31261 tablet_service.cc:1917] Received RequestConsensusVote() RPC: tablet_id: "94e2c2cb4025403ab4d57e07e38be9cb" candidate_uuid: "90c8cb315d2247efb260929d6a6de71b" candidate_term: 1 candidate_status { last_received { term: 0 index: 0 } } ignore_live_leader: false dest_uuid: "bfe59096ce674f2181b4e310ffb8d610" is_pre_election: true
I20260710 11:07:51.341670 31333 raft_consensus.cc:493] T 9ad6ac4d11554fc2adb0144ac6863e68 P bfe59096ce674f2181b4e310ffb8d610 [term 0 FOLLOWER]: Starting pre-election (no leader contacted us within the election timeout)
I20260710 11:07:51.342136 31333 raft_consensus.cc:515] T 9ad6ac4d11554fc2adb0144ac6863e68 P bfe59096ce674f2181b4e310ffb8d610 [term 0 FOLLOWER]: Starting pre-election with config: opid_index: -1 OBSOLETE_local: false peers { permanent_uuid: "b122ab51bcc4470eaa75c10cc52dcf92" member_type: VOTER last_known_addr { host: "127.29.75.193" port: 35873 } } peers { permanent_uuid: "90c8cb315d2247efb260929d6a6de71b" member_type: VOTER last_known_addr { host: "127.29.75.194" port: 36057 } } peers { permanent_uuid: "bfe59096ce674f2181b4e310ffb8d610" member_type: VOTER last_known_addr { host: "127.29.75.195" port: 39347 } }
I20260710 11:07:51.342046 31264 raft_consensus.cc:2468] T bb5069912d4b46fb9f177dd66ca90277 P bfe59096ce674f2181b4e310ffb8d610 [term 1 FOLLOWER]: Leader election vote request: Granting yes vote for candidate 90c8cb315d2247efb260929d6a6de71b in term 1.
I20260710 11:07:51.344879 31333 leader_election.cc:290] T 9ad6ac4d11554fc2adb0144ac6863e68 P bfe59096ce674f2181b4e310ffb8d610 [CANDIDATE]: Term 1 pre-election: Requested pre-vote from peers b122ab51bcc4470eaa75c10cc52dcf92 (127.29.75.193:35873), 90c8cb315d2247efb260929d6a6de71b (127.29.75.194:36057)
I20260710 11:07:51.344973 31114 tablet_service.cc:1917] Received RequestConsensusVote() RPC: tablet_id: "9ad6ac4d11554fc2adb0144ac6863e68" candidate_uuid: "bfe59096ce674f2181b4e310ffb8d610" candidate_term: 1 candidate_status { last_received { term: 0 index: 0 } } ignore_live_leader: false dest_uuid: "b122ab51bcc4470eaa75c10cc52dcf92" is_pre_election: true
W20260710 11:07:51.346263 31228 leader_election.cc:343] T 9ad6ac4d11554fc2adb0144ac6863e68 P bfe59096ce674f2181b4e310ffb8d610 [CANDIDATE]: Term 1 pre-election: Tablet error from VoteRequest() call to peer b122ab51bcc4470eaa75c10cc52dcf92 (127.29.75.193:35873): Illegal state: must be running to vote when last-logged opid is not known
I20260710 11:07:51.346213 31009 catalog_manager.cc:5697] T 46acaab5fd664c76bd8b8047724c669a P bfe59096ce674f2181b4e310ffb8d610 reported cstate change: term changed from 0 to 1, leader changed from <none> to bfe59096ce674f2181b4e310ffb8d610 (127.29.75.195). New cstate: current_term: 1 leader_uuid: "bfe59096ce674f2181b4e310ffb8d610" committed_config { opid_index: -1 OBSOLETE_local: false peers { permanent_uuid: "b122ab51bcc4470eaa75c10cc52dcf92" member_type: VOTER last_known_addr { host: "127.29.75.193" port: 35873 } health_report { overall_health: UNKNOWN } } peers { permanent_uuid: "90c8cb315d2247efb260929d6a6de71b" member_type: VOTER last_known_addr { host: "127.29.75.194" port: 36057 } health_report { overall_health: UNKNOWN } } peers { permanent_uuid: "bfe59096ce674f2181b4e310ffb8d610" member_type: VOTER last_known_addr { host: "127.29.75.195" port: 39347 } health_report { overall_health: HEALTHY } } }
I20260710 11:07:51.347973 31304 raft_consensus.cc:359] T 229c73190ef748afa5615b11cbddb66d P b122ab51bcc4470eaa75c10cc52dcf92 [term 0 FOLLOWER]: Replica starting. Triggering 0 pending ops. Active config: opid_index: -1 OBSOLETE_local: false peers { permanent_uuid: "b122ab51bcc4470eaa75c10cc52dcf92" member_type: VOTER last_known_addr { host: "127.29.75.193" port: 35873 } } peers { permanent_uuid: "90c8cb315d2247efb260929d6a6de71b" member_type: VOTER last_known_addr { host: "127.29.75.194" port: 36057 } } peers { permanent_uuid: "bfe59096ce674f2181b4e310ffb8d610" member_type: VOTER last_known_addr { host: "127.29.75.195" port: 39347 } }
I20260710 11:07:51.348595 31304 raft_consensus.cc:385] T 229c73190ef748afa5615b11cbddb66d P b122ab51bcc4470eaa75c10cc52dcf92 [term 0 FOLLOWER]: Consensus starting up: Expiring failure detector timer to make a prompt election more likely
I20260710 11:07:51.348865 31304 raft_consensus.cc:740] T 229c73190ef748afa5615b11cbddb66d P b122ab51bcc4470eaa75c10cc52dcf92 [term 0 FOLLOWER]: Becoming Follower/Learner. State: Replica: b122ab51bcc4470eaa75c10cc52dcf92, State: Initialized, Role: FOLLOWER
I20260710 11:07:51.349488 31304 consensus_queue.cc:260] T 229c73190ef748afa5615b11cbddb66d P b122ab51bcc4470eaa75c10cc52dcf92 [NON_LEADER]: Queue going to NON_LEADER mode. State: All replicated index: 0, Majority replicated index: 0, Committed index: 0, Last appended: 0.0, Last appended by leader: 0, Current term: 0, Majority size: -1, State: 0, Mode: NON_LEADER, active raft config: opid_index: -1 OBSOLETE_local: false peers { permanent_uuid: "b122ab51bcc4470eaa75c10cc52dcf92" member_type: VOTER last_known_addr { host: "127.29.75.193" port: 35873 } } peers { permanent_uuid: "90c8cb315d2247efb260929d6a6de71b" member_type: VOTER last_known_addr { host: "127.29.75.194" port: 36057 } } peers { permanent_uuid: "bfe59096ce674f2181b4e310ffb8d610" member_type: VOTER last_known_addr { host: "127.29.75.195" port: 39347 } }
I20260710 11:07:51.350931 31304 ts_tablet_manager.cc:1434] T 229c73190ef748afa5615b11cbddb66d P b122ab51bcc4470eaa75c10cc52dcf92: Time spent starting tablet: real 0.101s	user 0.004s	sys 0.000s
I20260710 11:07:51.351722 31304 tablet_bootstrap.cc:492] T 5723efe67f4941d9bb38a563dfc54c1c P b122ab51bcc4470eaa75c10cc52dcf92: Bootstrap starting.
I20260710 11:07:51.361961 31378 consensus_queue.cc:1048] T 74d9dab035ee4ead8ff095a8cd88cdcd P 90c8cb315d2247efb260929d6a6de71b [LEADER]: Connected to new peer: Peer: permanent_uuid: "bfe59096ce674f2181b4e310ffb8d610" member_type: VOTER last_known_addr { host: "127.29.75.195" port: 39347 }, Status: LMP_MISMATCH, Last received: 0.0, Next index: 1, Last known committed idx: 0, Time since last communication: 0.000s
I20260710 11:07:51.368820 31305 tablet_bootstrap.cc:492] T 4792f5799fce4554a528ea189f5cb8ca P bfe59096ce674f2181b4e310ffb8d610: No bootstrap required, opened a new log
I20260710 11:07:51.369226 31305 ts_tablet_manager.cc:1403] T 4792f5799fce4554a528ea189f5cb8ca P bfe59096ce674f2181b4e310ffb8d610: Time spent bootstrapping tablet: real 0.185s	user 0.088s	sys 0.073s
W20260710 11:07:51.368677 31153 leader_election.cc:343] T 94e2c2cb4025403ab4d57e07e38be9cb P 90c8cb315d2247efb260929d6a6de71b [CANDIDATE]: Term 1 pre-election: Tablet error from VoteRequest() call to peer bfe59096ce674f2181b4e310ffb8d610 (127.29.75.195:39347): Illegal state: must be running to vote when last-logged opid is not known
I20260710 11:07:51.370842 31310 consensus_queue.cc:1048] T 765a38bf3c314b0e8927e8b0bfb7e8ea P b122ab51bcc4470eaa75c10cc52dcf92 [LEADER]: Connected to new peer: Peer: permanent_uuid: "90c8cb315d2247efb260929d6a6de71b" member_type: VOTER last_known_addr { host: "127.29.75.194" port: 36057 }, Status: LMP_MISMATCH, Last received: 0.0, Next index: 1, Last known committed idx: 0, Time since last communication: 0.000s
I20260710 11:07:51.372092 31305 raft_consensus.cc:359] T 4792f5799fce4554a528ea189f5cb8ca P bfe59096ce674f2181b4e310ffb8d610 [term 0 FOLLOWER]: Replica starting. Triggering 0 pending ops. Active config: opid_index: -1 OBSOLETE_local: false peers { permanent_uuid: "b122ab51bcc4470eaa75c10cc52dcf92" member_type: VOTER last_known_addr { host: "127.29.75.193" port: 35873 } } peers { permanent_uuid: "90c8cb315d2247efb260929d6a6de71b" member_type: VOTER last_known_addr { host: "127.29.75.194" port: 36057 } } peers { permanent_uuid: "bfe59096ce674f2181b4e310ffb8d610" member_type: VOTER last_known_addr { host: "127.29.75.195" port: 39347 } }
I20260710 11:07:51.372761 31305 raft_consensus.cc:385] T 4792f5799fce4554a528ea189f5cb8ca P bfe59096ce674f2181b4e310ffb8d610 [term 0 FOLLOWER]: Consensus starting up: Expiring failure detector timer to make a prompt election more likely
I20260710 11:07:51.373046 31305 raft_consensus.cc:740] T 4792f5799fce4554a528ea189f5cb8ca P bfe59096ce674f2181b4e310ffb8d610 [term 0 FOLLOWER]: Becoming Follower/Learner. State: Replica: bfe59096ce674f2181b4e310ffb8d610, State: Initialized, Role: FOLLOWER
I20260710 11:07:51.373939 31305 consensus_queue.cc:260] T 4792f5799fce4554a528ea189f5cb8ca P bfe59096ce674f2181b4e310ffb8d610 [NON_LEADER]: Queue going to NON_LEADER mode. State: All replicated index: 0, Majority replicated index: 0, Committed index: 0, Last appended: 0.0, Last appended by leader: 0, Current term: 0, Majority size: -1, State: 0, Mode: NON_LEADER, active raft config: opid_index: -1 OBSOLETE_local: false peers { permanent_uuid: "b122ab51bcc4470eaa75c10cc52dcf92" member_type: VOTER last_known_addr { host: "127.29.75.193" port: 35873 } } peers { permanent_uuid: "90c8cb315d2247efb260929d6a6de71b" member_type: VOTER last_known_addr { host: "127.29.75.194" port: 36057 } } peers { permanent_uuid: "bfe59096ce674f2181b4e310ffb8d610" member_type: VOTER last_known_addr { host: "127.29.75.195" port: 39347 } }
I20260710 11:07:51.376555 31305 ts_tablet_manager.cc:1434] T 4792f5799fce4554a528ea189f5cb8ca P bfe59096ce674f2181b4e310ffb8d610: Time spent starting tablet: real 0.007s	user 0.006s	sys 0.001s
I20260710 11:07:51.377447 31305 tablet_bootstrap.cc:492] T 94e2c2cb4025403ab4d57e07e38be9cb P bfe59096ce674f2181b4e310ffb8d610: Bootstrap starting.
I20260710 11:07:51.379632 31306 tablet_bootstrap.cc:654] T 4792f5799fce4554a528ea189f5cb8ca P 90c8cb315d2247efb260929d6a6de71b: Neither blocks nor log segments found. Creating new log.
I20260710 11:07:51.369897 31153 leader_election.cc:304] T 94e2c2cb4025403ab4d57e07e38be9cb P 90c8cb315d2247efb260929d6a6de71b [CANDIDATE]: Term 1 pre-election: Election decided. Result: candidate lost. Election summary: received 3 responses out of 3 voters: 1 yes votes; 2 no votes. yes voters: 90c8cb315d2247efb260929d6a6de71b; no voters: b122ab51bcc4470eaa75c10cc52dcf92, bfe59096ce674f2181b4e310ffb8d610
I20260710 11:07:51.389613 31305 tablet_bootstrap.cc:654] T 94e2c2cb4025403ab4d57e07e38be9cb P bfe59096ce674f2181b4e310ffb8d610: Neither blocks nor log segments found. Creating new log.
I20260710 11:07:51.393945 31314 raft_consensus.cc:2749] T 94e2c2cb4025403ab4d57e07e38be9cb P 90c8cb315d2247efb260929d6a6de71b [term 0 FOLLOWER]: Leader pre-election lost for term 1. Reason: could not achieve majority
I20260710 11:07:51.393167 31153 leader_election.cc:304] T bb5069912d4b46fb9f177dd66ca90277 P 90c8cb315d2247efb260929d6a6de71b [CANDIDATE]: Term 1 election: Election decided. Result: candidate won. Election summary: received 3 responses out of 3 voters: 2 yes votes; 1 no votes. yes voters: 90c8cb315d2247efb260929d6a6de71b, bfe59096ce674f2181b4e310ffb8d610; no voters: b122ab51bcc4470eaa75c10cc52dcf92
I20260710 11:07:51.395668 31314 raft_consensus.cc:2804] T bb5069912d4b46fb9f177dd66ca90277 P 90c8cb315d2247efb260929d6a6de71b [term 1 FOLLOWER]: Leader election won for term 1
I20260710 11:07:51.403657 31314 raft_consensus.cc:697] T bb5069912d4b46fb9f177dd66ca90277 P 90c8cb315d2247efb260929d6a6de71b [term 1 LEADER]: Becoming Leader. State: Replica: 90c8cb315d2247efb260929d6a6de71b, State: Running, Role: LEADER
I20260710 11:07:51.404738 31314 consensus_queue.cc:237] T bb5069912d4b46fb9f177dd66ca90277 P 90c8cb315d2247efb260929d6a6de71b [LEADER]: Queue going to LEADER mode. State: All replicated index: 0, Majority replicated index: 0, Committed index: 0, Last appended: 0.0, Last appended by leader: 0, Current term: 1, Majority size: 2, State: 0, Mode: LEADER, active raft config: opid_index: -1 OBSOLETE_local: false peers { permanent_uuid: "b122ab51bcc4470eaa75c10cc52dcf92" member_type: VOTER last_known_addr { host: "127.29.75.193" port: 35873 } } peers { permanent_uuid: "90c8cb315d2247efb260929d6a6de71b" member_type: VOTER last_known_addr { host: "127.29.75.194" port: 36057 } } peers { permanent_uuid: "bfe59096ce674f2181b4e310ffb8d610" member_type: VOTER last_known_addr { host: "127.29.75.195" port: 39347 } }
I20260710 11:07:51.412616 31228 leader_election.cc:304] T 229c73190ef748afa5615b11cbddb66d P bfe59096ce674f2181b4e310ffb8d610 [CANDIDATE]: Term 1 election: Election decided. Result: candidate won. Election summary: received 3 responses out of 3 voters: 2 yes votes; 1 no votes. yes voters: 90c8cb315d2247efb260929d6a6de71b, bfe59096ce674f2181b4e310ffb8d610; no voters: b122ab51bcc4470eaa75c10cc52dcf92
I20260710 11:07:51.414041 31333 raft_consensus.cc:2804] T 229c73190ef748afa5615b11cbddb66d P bfe59096ce674f2181b4e310ffb8d610 [term 1 FOLLOWER]: Leader election won for term 1
I20260710 11:07:51.414652 31333 raft_consensus.cc:697] T 229c73190ef748afa5615b11cbddb66d P bfe59096ce674f2181b4e310ffb8d610 [term 1 LEADER]: Becoming Leader. State: Replica: bfe59096ce674f2181b4e310ffb8d610, State: Running, Role: LEADER
I20260710 11:07:51.415681 31333 consensus_queue.cc:237] T 229c73190ef748afa5615b11cbddb66d P bfe59096ce674f2181b4e310ffb8d610 [LEADER]: Queue going to LEADER mode. State: All replicated index: 0, Majority replicated index: 0, Committed index: 0, Last appended: 0.0, Last appended by leader: 0, Current term: 1, Majority size: 2, State: 0, Mode: LEADER, active raft config: opid_index: -1 OBSOLETE_local: false peers { permanent_uuid: "b122ab51bcc4470eaa75c10cc52dcf92" member_type: VOTER last_known_addr { host: "127.29.75.193" port: 35873 } } peers { permanent_uuid: "90c8cb315d2247efb260929d6a6de71b" member_type: VOTER last_known_addr { host: "127.29.75.194" port: 36057 } } peers { permanent_uuid: "bfe59096ce674f2181b4e310ffb8d610" member_type: VOTER last_known_addr { host: "127.29.75.195" port: 39347 } }
I20260710 11:07:51.432615 31304 tablet_bootstrap.cc:654] T 5723efe67f4941d9bb38a563dfc54c1c P b122ab51bcc4470eaa75c10cc52dcf92: Neither blocks nor log segments found. Creating new log.
I20260710 11:07:51.435482 31010 catalog_manager.cc:5697] T 229c73190ef748afa5615b11cbddb66d P bfe59096ce674f2181b4e310ffb8d610 reported cstate change: term changed from 0 to 1, leader changed from <none> to bfe59096ce674f2181b4e310ffb8d610 (127.29.75.195). New cstate: current_term: 1 leader_uuid: "bfe59096ce674f2181b4e310ffb8d610" committed_config { opid_index: -1 OBSOLETE_local: false peers { permanent_uuid: "b122ab51bcc4470eaa75c10cc52dcf92" member_type: VOTER last_known_addr { host: "127.29.75.193" port: 35873 } health_report { overall_health: UNKNOWN } } peers { permanent_uuid: "90c8cb315d2247efb260929d6a6de71b" member_type: VOTER last_known_addr { host: "127.29.75.194" port: 36057 } health_report { overall_health: UNKNOWN } } peers { permanent_uuid: "bfe59096ce674f2181b4e310ffb8d610" member_type: VOTER last_known_addr { host: "127.29.75.195" port: 39347 } health_report { overall_health: HEALTHY } } }
I20260710 11:07:51.439145 31190 tablet_service.cc:1917] Received RequestConsensusVote() RPC: tablet_id: "9ad6ac4d11554fc2adb0144ac6863e68" candidate_uuid: "bfe59096ce674f2181b4e310ffb8d610" candidate_term: 1 candidate_status { last_received { term: 0 index: 0 } } ignore_live_leader: false dest_uuid: "90c8cb315d2247efb260929d6a6de71b" is_pre_election: true
W20260710 11:07:51.440671 31228 leader_election.cc:343] T 9ad6ac4d11554fc2adb0144ac6863e68 P bfe59096ce674f2181b4e310ffb8d610 [CANDIDATE]: Term 1 pre-election: Tablet error from VoteRequest() call to peer 90c8cb315d2247efb260929d6a6de71b (127.29.75.194:36057): Illegal state: must be running to vote when last-logged opid is not known
I20260710 11:07:51.441236 31228 leader_election.cc:304] T 9ad6ac4d11554fc2adb0144ac6863e68 P bfe59096ce674f2181b4e310ffb8d610 [CANDIDATE]: Term 1 pre-election: Election decided. Result: candidate lost. Election summary: received 3 responses out of 3 voters: 1 yes votes; 2 no votes. yes voters: bfe59096ce674f2181b4e310ffb8d610; no voters: 90c8cb315d2247efb260929d6a6de71b, b122ab51bcc4470eaa75c10cc52dcf92
I20260710 11:07:51.443449 31333 raft_consensus.cc:2749] T 9ad6ac4d11554fc2adb0144ac6863e68 P bfe59096ce674f2181b4e310ffb8d610 [term 0 FOLLOWER]: Leader pre-election lost for term 1. Reason: could not achieve majority
I20260710 11:07:51.450314 31306 tablet_bootstrap.cc:492] T 4792f5799fce4554a528ea189f5cb8ca P 90c8cb315d2247efb260929d6a6de71b: No bootstrap required, opened a new log
I20260710 11:07:51.450817 31306 ts_tablet_manager.cc:1403] T 4792f5799fce4554a528ea189f5cb8ca P 90c8cb315d2247efb260929d6a6de71b: Time spent bootstrapping tablet: real 0.199s	user 0.008s	sys 0.003s
I20260710 11:07:51.474483 31304 tablet_bootstrap.cc:492] T 5723efe67f4941d9bb38a563dfc54c1c P b122ab51bcc4470eaa75c10cc52dcf92: No bootstrap required, opened a new log
I20260710 11:07:51.474710 31305 tablet_bootstrap.cc:492] T 94e2c2cb4025403ab4d57e07e38be9cb P bfe59096ce674f2181b4e310ffb8d610: No bootstrap required, opened a new log
I20260710 11:07:51.474936 31304 ts_tablet_manager.cc:1403] T 5723efe67f4941d9bb38a563dfc54c1c P b122ab51bcc4470eaa75c10cc52dcf92: Time spent bootstrapping tablet: real 0.123s	user 0.010s	sys 0.001s
I20260710 11:07:51.475138 31305 ts_tablet_manager.cc:1403] T 94e2c2cb4025403ab4d57e07e38be9cb P bfe59096ce674f2181b4e310ffb8d610: Time spent bootstrapping tablet: real 0.098s	user 0.025s	sys 0.052s
I20260710 11:07:51.477015 31333 consensus_queue.cc:1048] T 3b6ec778d25f43ceb26dca2ba32e1bfe P bfe59096ce674f2181b4e310ffb8d610 [LEADER]: Connected to new peer: Peer: permanent_uuid: "b122ab51bcc4470eaa75c10cc52dcf92" member_type: VOTER last_known_addr { host: "127.29.75.193" port: 35873 }, Status: LMP_MISMATCH, Last received: 0.0, Next index: 1, Last known committed idx: 0, Time since last communication: 0.000s
I20260710 11:07:51.479373 31304 raft_consensus.cc:359] T 5723efe67f4941d9bb38a563dfc54c1c P b122ab51bcc4470eaa75c10cc52dcf92 [term 0 FOLLOWER]: Replica starting. Triggering 0 pending ops. Active config: opid_index: -1 OBSOLETE_local: false peers { permanent_uuid: "b122ab51bcc4470eaa75c10cc52dcf92" member_type: VOTER last_known_addr { host: "127.29.75.193" port: 35873 } } peers { permanent_uuid: "90c8cb315d2247efb260929d6a6de71b" member_type: VOTER last_known_addr { host: "127.29.75.194" port: 36057 } } peers { permanent_uuid: "bfe59096ce674f2181b4e310ffb8d610" member_type: VOTER last_known_addr { host: "127.29.75.195" port: 39347 } }
I20260710 11:07:51.480049 31304 raft_consensus.cc:385] T 5723efe67f4941d9bb38a563dfc54c1c P b122ab51bcc4470eaa75c10cc52dcf92 [term 0 FOLLOWER]: Consensus starting up: Expiring failure detector timer to make a prompt election more likely
I20260710 11:07:51.480351 31304 raft_consensus.cc:740] T 5723efe67f4941d9bb38a563dfc54c1c P b122ab51bcc4470eaa75c10cc52dcf92 [term 0 FOLLOWER]: Becoming Follower/Learner. State: Replica: b122ab51bcc4470eaa75c10cc52dcf92, State: Initialized, Role: FOLLOWER
I20260710 11:07:51.481020 31305 raft_consensus.cc:359] T 94e2c2cb4025403ab4d57e07e38be9cb P bfe59096ce674f2181b4e310ffb8d610 [term 0 FOLLOWER]: Replica starting. Triggering 0 pending ops. Active config: opid_index: -1 OBSOLETE_local: false peers { permanent_uuid: "b122ab51bcc4470eaa75c10cc52dcf92" member_type: VOTER last_known_addr { host: "127.29.75.193" port: 35873 } } peers { permanent_uuid: "90c8cb315d2247efb260929d6a6de71b" member_type: VOTER last_known_addr { host: "127.29.75.194" port: 36057 } } peers { permanent_uuid: "bfe59096ce674f2181b4e310ffb8d610" member_type: VOTER last_known_addr { host: "127.29.75.195" port: 39347 } }
I20260710 11:07:51.481025 31304 consensus_queue.cc:260] T 5723efe67f4941d9bb38a563dfc54c1c P b122ab51bcc4470eaa75c10cc52dcf92 [NON_LEADER]: Queue going to NON_LEADER mode. State: All replicated index: 0, Majority replicated index: 0, Committed index: 0, Last appended: 0.0, Last appended by leader: 0, Current term: 0, Majority size: -1, State: 0, Mode: NON_LEADER, active raft config: opid_index: -1 OBSOLETE_local: false peers { permanent_uuid: "b122ab51bcc4470eaa75c10cc52dcf92" member_type: VOTER last_known_addr { host: "127.29.75.193" port: 35873 } } peers { permanent_uuid: "90c8cb315d2247efb260929d6a6de71b" member_type: VOTER last_known_addr { host: "127.29.75.194" port: 36057 } } peers { permanent_uuid: "bfe59096ce674f2181b4e310ffb8d610" member_type: VOTER last_known_addr { host: "127.29.75.195" port: 39347 } }
I20260710 11:07:51.481964 31305 raft_consensus.cc:385] T 94e2c2cb4025403ab4d57e07e38be9cb P bfe59096ce674f2181b4e310ffb8d610 [term 0 FOLLOWER]: Consensus starting up: Expiring failure detector timer to make a prompt election more likely
I20260710 11:07:51.482306 31305 raft_consensus.cc:740] T 94e2c2cb4025403ab4d57e07e38be9cb P bfe59096ce674f2181b4e310ffb8d610 [term 0 FOLLOWER]: Becoming Follower/Learner. State: Replica: bfe59096ce674f2181b4e310ffb8d610, State: Initialized, Role: FOLLOWER
I20260710 11:07:51.483335 31304 ts_tablet_manager.cc:1434] T 5723efe67f4941d9bb38a563dfc54c1c P b122ab51bcc4470eaa75c10cc52dcf92: Time spent starting tablet: real 0.008s	user 0.006s	sys 0.000s
I20260710 11:07:51.482985 31305 consensus_queue.cc:260] T 94e2c2cb4025403ab4d57e07e38be9cb P bfe59096ce674f2181b4e310ffb8d610 [NON_LEADER]: Queue going to NON_LEADER mode. State: All replicated index: 0, Majority replicated index: 0, Committed index: 0, Last appended: 0.0, Last appended by leader: 0, Current term: 0, Majority size: -1, State: 0, Mode: NON_LEADER, active raft config: opid_index: -1 OBSOLETE_local: false peers { permanent_uuid: "b122ab51bcc4470eaa75c10cc52dcf92" member_type: VOTER last_known_addr { host: "127.29.75.193" port: 35873 } } peers { permanent_uuid: "90c8cb315d2247efb260929d6a6de71b" member_type: VOTER last_known_addr { host: "127.29.75.194" port: 36057 } } peers { permanent_uuid: "bfe59096ce674f2181b4e310ffb8d610" member_type: VOTER last_known_addr { host: "127.29.75.195" port: 39347 } }
I20260710 11:07:51.484189 31304 tablet_bootstrap.cc:492] T 8779a3e1557a4bf38bf82df4cebbe5a9 P b122ab51bcc4470eaa75c10cc52dcf92: Bootstrap starting.
I20260710 11:07:51.485460 31305 ts_tablet_manager.cc:1434] T 94e2c2cb4025403ab4d57e07e38be9cb P bfe59096ce674f2181b4e310ffb8d610: Time spent starting tablet: real 0.010s	user 0.007s	sys 0.000s
I20260710 11:07:51.486419 31305 tablet_bootstrap.cc:492] T ce6eb2ea6dbd4a1fa17f40d4c42894be P bfe59096ce674f2181b4e310ffb8d610: Bootstrap starting.
I20260710 11:07:51.479539 31306 raft_consensus.cc:359] T 4792f5799fce4554a528ea189f5cb8ca P 90c8cb315d2247efb260929d6a6de71b [term 0 FOLLOWER]: Replica starting. Triggering 0 pending ops. Active config: opid_index: -1 OBSOLETE_local: false peers { permanent_uuid: "b122ab51bcc4470eaa75c10cc52dcf92" member_type: VOTER last_known_addr { host: "127.29.75.193" port: 35873 } } peers { permanent_uuid: "90c8cb315d2247efb260929d6a6de71b" member_type: VOTER last_known_addr { host: "127.29.75.194" port: 36057 } } peers { permanent_uuid: "bfe59096ce674f2181b4e310ffb8d610" member_type: VOTER last_known_addr { host: "127.29.75.195" port: 39347 } }
I20260710 11:07:51.488708 31306 raft_consensus.cc:385] T 4792f5799fce4554a528ea189f5cb8ca P 90c8cb315d2247efb260929d6a6de71b [term 0 FOLLOWER]: Consensus starting up: Expiring failure detector timer to make a prompt election more likely
I20260710 11:07:51.488999 31306 raft_consensus.cc:740] T 4792f5799fce4554a528ea189f5cb8ca P 90c8cb315d2247efb260929d6a6de71b [term 0 FOLLOWER]: Becoming Follower/Learner. State: Replica: 90c8cb315d2247efb260929d6a6de71b, State: Initialized, Role: FOLLOWER
I20260710 11:07:51.489699 31306 consensus_queue.cc:260] T 4792f5799fce4554a528ea189f5cb8ca P 90c8cb315d2247efb260929d6a6de71b [NON_LEADER]: Queue going to NON_LEADER mode. State: All replicated index: 0, Majority replicated index: 0, Committed index: 0, Last appended: 0.0, Last appended by leader: 0, Current term: 0, Majority size: -1, State: 0, Mode: NON_LEADER, active raft config: opid_index: -1 OBSOLETE_local: false peers { permanent_uuid: "b122ab51bcc4470eaa75c10cc52dcf92" member_type: VOTER last_known_addr { host: "127.29.75.193" port: 35873 } } peers { permanent_uuid: "90c8cb315d2247efb260929d6a6de71b" member_type: VOTER last_known_addr { host: "127.29.75.194" port: 36057 } } peers { permanent_uuid: "bfe59096ce674f2181b4e310ffb8d610" member_type: VOTER last_known_addr { host: "127.29.75.195" port: 39347 } }
I20260710 11:07:51.491852 31305 tablet_bootstrap.cc:654] T ce6eb2ea6dbd4a1fa17f40d4c42894be P bfe59096ce674f2181b4e310ffb8d610: Neither blocks nor log segments found. Creating new log.
I20260710 11:07:51.491866 31306 ts_tablet_manager.cc:1434] T 4792f5799fce4554a528ea189f5cb8ca P 90c8cb315d2247efb260929d6a6de71b: Time spent starting tablet: real 0.041s	user 0.007s	sys 0.000s
I20260710 11:07:51.492959 31306 tablet_bootstrap.cc:492] T 8779a3e1557a4bf38bf82df4cebbe5a9 P 90c8cb315d2247efb260929d6a6de71b: Bootstrap starting.
I20260710 11:07:51.498247 31306 tablet_bootstrap.cc:654] T 8779a3e1557a4bf38bf82df4cebbe5a9 P 90c8cb315d2247efb260929d6a6de71b: Neither blocks nor log segments found. Creating new log.
I20260710 11:07:51.496474 31304 tablet_bootstrap.cc:654] T 8779a3e1557a4bf38bf82df4cebbe5a9 P b122ab51bcc4470eaa75c10cc52dcf92: Neither blocks nor log segments found. Creating new log.
I20260710 11:07:51.500216 31419 consensus_queue.cc:1048] T 3b6ec778d25f43ceb26dca2ba32e1bfe P bfe59096ce674f2181b4e310ffb8d610 [LEADER]: Connected to new peer: Peer: permanent_uuid: "90c8cb315d2247efb260929d6a6de71b" member_type: VOTER last_known_addr { host: "127.29.75.194" port: 36057 }, Status: LMP_MISMATCH, Last received: 0.0, Next index: 1, Last known committed idx: 0, Time since last communication: 0.000s
I20260710 11:07:51.513058 31304 tablet_bootstrap.cc:492] T 8779a3e1557a4bf38bf82df4cebbe5a9 P b122ab51bcc4470eaa75c10cc52dcf92: No bootstrap required, opened a new log
I20260710 11:07:51.513597 31304 ts_tablet_manager.cc:1403] T 8779a3e1557a4bf38bf82df4cebbe5a9 P b122ab51bcc4470eaa75c10cc52dcf92: Time spent bootstrapping tablet: real 0.030s	user 0.016s	sys 0.002s
I20260710 11:07:51.517175 31304 raft_consensus.cc:359] T 8779a3e1557a4bf38bf82df4cebbe5a9 P b122ab51bcc4470eaa75c10cc52dcf92 [term 0 FOLLOWER]: Replica starting. Triggering 0 pending ops. Active config: opid_index: -1 OBSOLETE_local: false peers { permanent_uuid: "b122ab51bcc4470eaa75c10cc52dcf92" member_type: VOTER last_known_addr { host: "127.29.75.193" port: 35873 } } peers { permanent_uuid: "90c8cb315d2247efb260929d6a6de71b" member_type: VOTER last_known_addr { host: "127.29.75.194" port: 36057 } } peers { permanent_uuid: "bfe59096ce674f2181b4e310ffb8d610" member_type: VOTER last_known_addr { host: "127.29.75.195" port: 39347 } }
I20260710 11:07:51.518029 31304 raft_consensus.cc:385] T 8779a3e1557a4bf38bf82df4cebbe5a9 P b122ab51bcc4470eaa75c10cc52dcf92 [term 0 FOLLOWER]: Consensus starting up: Expiring failure detector timer to make a prompt election more likely
I20260710 11:07:51.518361 31304 raft_consensus.cc:740] T 8779a3e1557a4bf38bf82df4cebbe5a9 P b122ab51bcc4470eaa75c10cc52dcf92 [term 0 FOLLOWER]: Becoming Follower/Learner. State: Replica: b122ab51bcc4470eaa75c10cc52dcf92, State: Initialized, Role: FOLLOWER
I20260710 11:07:51.519102 31304 consensus_queue.cc:260] T 8779a3e1557a4bf38bf82df4cebbe5a9 P b122ab51bcc4470eaa75c10cc52dcf92 [NON_LEADER]: Queue going to NON_LEADER mode. State: All replicated index: 0, Majority replicated index: 0, Committed index: 0, Last appended: 0.0, Last appended by leader: 0, Current term: 0, Majority size: -1, State: 0, Mode: NON_LEADER, active raft config: opid_index: -1 OBSOLETE_local: false peers { permanent_uuid: "b122ab51bcc4470eaa75c10cc52dcf92" member_type: VOTER last_known_addr { host: "127.29.75.193" port: 35873 } } peers { permanent_uuid: "90c8cb315d2247efb260929d6a6de71b" member_type: VOTER last_known_addr { host: "127.29.75.194" port: 36057 } } peers { permanent_uuid: "bfe59096ce674f2181b4e310ffb8d610" member_type: VOTER last_known_addr { host: "127.29.75.195" port: 39347 } }
I20260710 11:07:51.520825 31304 ts_tablet_manager.cc:1434] T 8779a3e1557a4bf38bf82df4cebbe5a9 P b122ab51bcc4470eaa75c10cc52dcf92: Time spent starting tablet: real 0.007s	user 0.008s	sys 0.000s
I20260710 11:07:51.520689 31011 catalog_manager.cc:5697] T bb5069912d4b46fb9f177dd66ca90277 P 90c8cb315d2247efb260929d6a6de71b reported cstate change: term changed from 0 to 1, leader changed from <none> to 90c8cb315d2247efb260929d6a6de71b (127.29.75.194). New cstate: current_term: 1 leader_uuid: "90c8cb315d2247efb260929d6a6de71b" committed_config { opid_index: -1 OBSOLETE_local: false peers { permanent_uuid: "b122ab51bcc4470eaa75c10cc52dcf92" member_type: VOTER last_known_addr { host: "127.29.75.193" port: 35873 } health_report { overall_health: UNKNOWN } } peers { permanent_uuid: "90c8cb315d2247efb260929d6a6de71b" member_type: VOTER last_known_addr { host: "127.29.75.194" port: 36057 } health_report { overall_health: HEALTHY } } peers { permanent_uuid: "bfe59096ce674f2181b4e310ffb8d610" member_type: VOTER last_known_addr { host: "127.29.75.195" port: 39347 } health_report { overall_health: UNKNOWN } } }
I20260710 11:07:51.521936 31304 tablet_bootstrap.cc:492] T bb5069912d4b46fb9f177dd66ca90277 P b122ab51bcc4470eaa75c10cc52dcf92: Bootstrap starting.
I20260710 11:07:51.525432 31113 raft_consensus.cc:3060] T 5723efe67f4941d9bb38a563dfc54c1c P b122ab51bcc4470eaa75c10cc52dcf92 [term 0 FOLLOWER]: Advancing to term 1
I20260710 11:07:51.539660 31304 tablet_bootstrap.cc:654] T bb5069912d4b46fb9f177dd66ca90277 P b122ab51bcc4470eaa75c10cc52dcf92: Neither blocks nor log segments found. Creating new log.
I20260710 11:07:51.542137 31342 raft_consensus.cc:493] T 5723efe67f4941d9bb38a563dfc54c1c P b122ab51bcc4470eaa75c10cc52dcf92 [term 1 FOLLOWER]: Starting pre-election (no leader contacted us within the election timeout)
I20260710 11:07:51.542685 31342 raft_consensus.cc:515] T 5723efe67f4941d9bb38a563dfc54c1c P b122ab51bcc4470eaa75c10cc52dcf92 [term 1 FOLLOWER]: Starting pre-election with config: opid_index: -1 OBSOLETE_local: false peers { permanent_uuid: "b122ab51bcc4470eaa75c10cc52dcf92" member_type: VOTER last_known_addr { host: "127.29.75.193" port: 35873 } } peers { permanent_uuid: "90c8cb315d2247efb260929d6a6de71b" member_type: VOTER last_known_addr { host: "127.29.75.194" port: 36057 } } peers { permanent_uuid: "bfe59096ce674f2181b4e310ffb8d610" member_type: VOTER last_known_addr { host: "127.29.75.195" port: 39347 } }
I20260710 11:07:51.544546 31306 tablet_bootstrap.cc:492] T 8779a3e1557a4bf38bf82df4cebbe5a9 P 90c8cb315d2247efb260929d6a6de71b: No bootstrap required, opened a new log
I20260710 11:07:51.544950 31306 ts_tablet_manager.cc:1403] T 8779a3e1557a4bf38bf82df4cebbe5a9 P 90c8cb315d2247efb260929d6a6de71b: Time spent bootstrapping tablet: real 0.052s	user 0.004s	sys 0.010s
I20260710 11:07:51.546581 31340 raft_consensus.cc:493] T 229c73190ef748afa5615b11cbddb66d P b122ab51bcc4470eaa75c10cc52dcf92 [term 0 FOLLOWER]: Starting pre-election (no leader contacted us within the election timeout)
I20260710 11:07:51.547046 31340 raft_consensus.cc:515] T 229c73190ef748afa5615b11cbddb66d P b122ab51bcc4470eaa75c10cc52dcf92 [term 0 FOLLOWER]: Starting pre-election with config: opid_index: -1 OBSOLETE_local: false peers { permanent_uuid: "b122ab51bcc4470eaa75c10cc52dcf92" member_type: VOTER last_known_addr { host: "127.29.75.193" port: 35873 } } peers { permanent_uuid: "90c8cb315d2247efb260929d6a6de71b" member_type: VOTER last_known_addr { host: "127.29.75.194" port: 36057 } } peers { permanent_uuid: "bfe59096ce674f2181b4e310ffb8d610" member_type: VOTER last_known_addr { host: "127.29.75.195" port: 39347 } }
I20260710 11:07:51.547317 31306 raft_consensus.cc:359] T 8779a3e1557a4bf38bf82df4cebbe5a9 P 90c8cb315d2247efb260929d6a6de71b [term 0 FOLLOWER]: Replica starting. Triggering 0 pending ops. Active config: opid_index: -1 OBSOLETE_local: false peers { permanent_uuid: "b122ab51bcc4470eaa75c10cc52dcf92" member_type: VOTER last_known_addr { host: "127.29.75.193" port: 35873 } } peers { permanent_uuid: "90c8cb315d2247efb260929d6a6de71b" member_type: VOTER last_known_addr { host: "127.29.75.194" port: 36057 } } peers { permanent_uuid: "bfe59096ce674f2181b4e310ffb8d610" member_type: VOTER last_known_addr { host: "127.29.75.195" port: 39347 } }
I20260710 11:07:51.547602 31190 tablet_service.cc:1917] Received RequestConsensusVote() RPC: tablet_id: "5723efe67f4941d9bb38a563dfc54c1c" candidate_uuid: "b122ab51bcc4470eaa75c10cc52dcf92" candidate_term: 2 candidate_status { last_received { term: 0 index: 0 } } ignore_live_leader: false dest_uuid: "90c8cb315d2247efb260929d6a6de71b" is_pre_election: true
I20260710 11:07:51.548460 31305 tablet_bootstrap.cc:492] T ce6eb2ea6dbd4a1fa17f40d4c42894be P bfe59096ce674f2181b4e310ffb8d610: No bootstrap required, opened a new log
I20260710 11:07:51.548878 31305 ts_tablet_manager.cc:1403] T ce6eb2ea6dbd4a1fa17f40d4c42894be P bfe59096ce674f2181b4e310ffb8d610: Time spent bootstrapping tablet: real 0.063s	user 0.027s	sys 0.007s
I20260710 11:07:51.549002 31340 leader_election.cc:290] T 229c73190ef748afa5615b11cbddb66d P b122ab51bcc4470eaa75c10cc52dcf92 [CANDIDATE]: Term 1 pre-election: Requested pre-vote from peers 90c8cb315d2247efb260929d6a6de71b (127.29.75.194:36057), bfe59096ce674f2181b4e310ffb8d610 (127.29.75.195:39347)
I20260710 11:07:51.549827 31342 leader_election.cc:290] T 5723efe67f4941d9bb38a563dfc54c1c P b122ab51bcc4470eaa75c10cc52dcf92 [CANDIDATE]: Term 2 pre-election: Requested pre-vote from peers 90c8cb315d2247efb260929d6a6de71b (127.29.75.194:36057), bfe59096ce674f2181b4e310ffb8d610 (127.29.75.195:39347)
I20260710 11:07:51.547936 31306 raft_consensus.cc:385] T 8779a3e1557a4bf38bf82df4cebbe5a9 P 90c8cb315d2247efb260929d6a6de71b [term 0 FOLLOWER]: Consensus starting up: Expiring failure detector timer to make a prompt election more likely
I20260710 11:07:51.550566 31306 raft_consensus.cc:740] T 8779a3e1557a4bf38bf82df4cebbe5a9 P 90c8cb315d2247efb260929d6a6de71b [term 0 FOLLOWER]: Becoming Follower/Learner. State: Replica: 90c8cb315d2247efb260929d6a6de71b, State: Initialized, Role: FOLLOWER
I20260710 11:07:51.551297 31305 raft_consensus.cc:359] T ce6eb2ea6dbd4a1fa17f40d4c42894be P bfe59096ce674f2181b4e310ffb8d610 [term 0 FOLLOWER]: Replica starting. Triggering 0 pending ops. Active config: opid_index: -1 OBSOLETE_local: false peers { permanent_uuid: "b122ab51bcc4470eaa75c10cc52dcf92" member_type: VOTER last_known_addr { host: "127.29.75.193" port: 35873 } } peers { permanent_uuid: "90c8cb315d2247efb260929d6a6de71b" member_type: VOTER last_known_addr { host: "127.29.75.194" port: 36057 } } peers { permanent_uuid: "bfe59096ce674f2181b4e310ffb8d610" member_type: VOTER last_known_addr { host: "127.29.75.195" port: 39347 } }
I20260710 11:07:51.551983 31305 raft_consensus.cc:385] T ce6eb2ea6dbd4a1fa17f40d4c42894be P bfe59096ce674f2181b4e310ffb8d610 [term 0 FOLLOWER]: Consensus starting up: Expiring failure detector timer to make a prompt election more likely
I20260710 11:07:51.551448 31306 consensus_queue.cc:260] T 8779a3e1557a4bf38bf82df4cebbe5a9 P 90c8cb315d2247efb260929d6a6de71b [NON_LEADER]: Queue going to NON_LEADER mode. State: All replicated index: 0, Majority replicated index: 0, Committed index: 0, Last appended: 0.0, Last appended by leader: 0, Current term: 0, Majority size: -1, State: 0, Mode: NON_LEADER, active raft config: opid_index: -1 OBSOLETE_local: false peers { permanent_uuid: "b122ab51bcc4470eaa75c10cc52dcf92" member_type: VOTER last_known_addr { host: "127.29.75.193" port: 35873 } } peers { permanent_uuid: "90c8cb315d2247efb260929d6a6de71b" member_type: VOTER last_known_addr { host: "127.29.75.194" port: 36057 } } peers { permanent_uuid: "bfe59096ce674f2181b4e310ffb8d610" member_type: VOTER last_known_addr { host: "127.29.75.195" port: 39347 } }
I20260710 11:07:51.552278 31305 raft_consensus.cc:740] T ce6eb2ea6dbd4a1fa17f40d4c42894be P bfe59096ce674f2181b4e310ffb8d610 [term 0 FOLLOWER]: Becoming Follower/Learner. State: Replica: bfe59096ce674f2181b4e310ffb8d610, State: Initialized, Role: FOLLOWER
I20260710 11:07:51.552778 31263 tablet_service.cc:1917] Received RequestConsensusVote() RPC: tablet_id: "229c73190ef748afa5615b11cbddb66d" candidate_uuid: "b122ab51bcc4470eaa75c10cc52dcf92" candidate_term: 1 candidate_status { last_received { term: 0 index: 0 } } ignore_live_leader: false dest_uuid: "bfe59096ce674f2181b4e310ffb8d610" is_pre_election: true
I20260710 11:07:51.554034 31314 consensus_queue.cc:1048] T 5723efe67f4941d9bb38a563dfc54c1c P 90c8cb315d2247efb260929d6a6de71b [LEADER]: Connected to new peer: Peer: permanent_uuid: "b122ab51bcc4470eaa75c10cc52dcf92" member_type: VOTER last_known_addr { host: "127.29.75.193" port: 35873 }, Status: LMP_MISMATCH, Last received: 0.0, Next index: 1, Last known committed idx: 0, Time since last communication: 0.001s
I20260710 11:07:51.554741 31190 tablet_service.cc:1917] Received RequestConsensusVote() RPC: tablet_id: "229c73190ef748afa5615b11cbddb66d" candidate_uuid: "b122ab51bcc4470eaa75c10cc52dcf92" candidate_term: 1 candidate_status { last_received { term: 0 index: 0 } } ignore_live_leader: false dest_uuid: "90c8cb315d2247efb260929d6a6de71b" is_pre_election: true
I20260710 11:07:51.555466 31190 raft_consensus.cc:2393] T 229c73190ef748afa5615b11cbddb66d P 90c8cb315d2247efb260929d6a6de71b [term 1 FOLLOWER]: Leader pre-election vote request: Denying vote to candidate b122ab51bcc4470eaa75c10cc52dcf92 in current term 1: Already voted for candidate bfe59096ce674f2181b4e310ffb8d610 in this term.
I20260710 11:07:51.555896 31305 consensus_queue.cc:260] T ce6eb2ea6dbd4a1fa17f40d4c42894be P bfe59096ce674f2181b4e310ffb8d610 [NON_LEADER]: Queue going to NON_LEADER mode. State: All replicated index: 0, Majority replicated index: 0, Committed index: 0, Last appended: 0.0, Last appended by leader: 0, Current term: 0, Majority size: -1, State: 0, Mode: NON_LEADER, active raft config: opid_index: -1 OBSOLETE_local: false peers { permanent_uuid: "b122ab51bcc4470eaa75c10cc52dcf92" member_type: VOTER last_known_addr { host: "127.29.75.193" port: 35873 } } peers { permanent_uuid: "90c8cb315d2247efb260929d6a6de71b" member_type: VOTER last_known_addr { host: "127.29.75.194" port: 36057 } } peers { permanent_uuid: "bfe59096ce674f2181b4e310ffb8d610" member_type: VOTER last_known_addr { host: "127.29.75.195" port: 39347 } }
I20260710 11:07:51.554069 31264 tablet_service.cc:1917] Received RequestConsensusVote() RPC: tablet_id: "5723efe67f4941d9bb38a563dfc54c1c" candidate_uuid: "b122ab51bcc4470eaa75c10cc52dcf92" candidate_term: 2 candidate_status { last_received { term: 0 index: 0 } } ignore_live_leader: false dest_uuid: "bfe59096ce674f2181b4e310ffb8d610" is_pre_election: true
I20260710 11:07:51.557013 31264 raft_consensus.cc:2468] T 5723efe67f4941d9bb38a563dfc54c1c P bfe59096ce674f2181b4e310ffb8d610 [term 1 FOLLOWER]: Leader pre-election vote request: Granting yes vote for candidate b122ab51bcc4470eaa75c10cc52dcf92 in term 1.
I20260710 11:07:51.557799 31305 ts_tablet_manager.cc:1434] T ce6eb2ea6dbd4a1fa17f40d4c42894be P bfe59096ce674f2181b4e310ffb8d610: Time spent starting tablet: real 0.009s	user 0.005s	sys 0.000s
I20260710 11:07:51.559949 31306 ts_tablet_manager.cc:1434] T 8779a3e1557a4bf38bf82df4cebbe5a9 P 90c8cb315d2247efb260929d6a6de71b: Time spent starting tablet: real 0.015s	user 0.004s	sys 0.003s
I20260710 11:07:51.560359 31078 leader_election.cc:304] T 229c73190ef748afa5615b11cbddb66d P b122ab51bcc4470eaa75c10cc52dcf92 [CANDIDATE]: Term 1 pre-election: Election decided. Result: candidate lost. Election summary: received 3 responses out of 3 voters: 1 yes votes; 2 no votes. yes voters: b122ab51bcc4470eaa75c10cc52dcf92; no voters: 90c8cb315d2247efb260929d6a6de71b, bfe59096ce674f2181b4e310ffb8d610
I20260710 11:07:51.561640 31078 leader_election.cc:304] T 5723efe67f4941d9bb38a563dfc54c1c P b122ab51bcc4470eaa75c10cc52dcf92 [CANDIDATE]: Term 2 pre-election: Election decided. Result: candidate won. Election summary: received 3 responses out of 3 voters: 2 yes votes; 1 no votes. yes voters: b122ab51bcc4470eaa75c10cc52dcf92, bfe59096ce674f2181b4e310ffb8d610; no voters: 90c8cb315d2247efb260929d6a6de71b
I20260710 11:07:51.562649 31340 raft_consensus.cc:3060] T 229c73190ef748afa5615b11cbddb66d P b122ab51bcc4470eaa75c10cc52dcf92 [term 0 FOLLOWER]: Advancing to term 1
I20260710 11:07:51.568584 31305 tablet_bootstrap.cc:492] T d365a568770f4ee19967b481bab192b8 P bfe59096ce674f2181b4e310ffb8d610: Bootstrap starting.
I20260710 11:07:51.570215 31340 raft_consensus.cc:2749] T 229c73190ef748afa5615b11cbddb66d P b122ab51bcc4470eaa75c10cc52dcf92 [term 1 FOLLOWER]: Leader pre-election lost for term 1. Reason: could not achieve majority
I20260710 11:07:51.572896 31306 tablet_bootstrap.cc:492] T ce6eb2ea6dbd4a1fa17f40d4c42894be P 90c8cb315d2247efb260929d6a6de71b: Bootstrap starting.
I20260710 11:07:51.576347 31402 raft_consensus.cc:493] T 8779a3e1557a4bf38bf82df4cebbe5a9 P 90c8cb315d2247efb260929d6a6de71b [term 0 FOLLOWER]: Starting pre-election (no leader contacted us within the election timeout)
I20260710 11:07:51.577378 31402 raft_consensus.cc:515] T 8779a3e1557a4bf38bf82df4cebbe5a9 P 90c8cb315d2247efb260929d6a6de71b [term 0 FOLLOWER]: Starting pre-election with config: opid_index: -1 OBSOLETE_local: false peers { permanent_uuid: "b122ab51bcc4470eaa75c10cc52dcf92" member_type: VOTER last_known_addr { host: "127.29.75.193" port: 35873 } } peers { permanent_uuid: "90c8cb315d2247efb260929d6a6de71b" member_type: VOTER last_known_addr { host: "127.29.75.194" port: 36057 } } peers { permanent_uuid: "bfe59096ce674f2181b4e310ffb8d610" member_type: VOTER last_known_addr { host: "127.29.75.195" port: 39347 } }
I20260710 11:07:51.577548 31342 raft_consensus.cc:2804] T 5723efe67f4941d9bb38a563dfc54c1c P b122ab51bcc4470eaa75c10cc52dcf92 [term 1 FOLLOWER]: Leader pre-election won for term 2
I20260710 11:07:51.581029 31342 raft_consensus.cc:493] T 5723efe67f4941d9bb38a563dfc54c1c P b122ab51bcc4470eaa75c10cc52dcf92 [term 1 FOLLOWER]: Starting leader election (detected failure of leader 90c8cb315d2247efb260929d6a6de71b)
