I20260710 11:07:58.318382  2426 raft_consensus.cc:2272] T 5bacd1411ce241e29803566d9bc2ea02 P e6564c55cfbb4826bdcbd7b87a634671 [term 1 FOLLOWER]: Raft consensus is shut down!
I20260710 11:07:58.310654  2189 raft_consensus.cc:1275] T 07c8703af578471bb25acd8f8d84eebc P 47d1decef9e64dd7b7c90e6e43ccfb92 [term 1 FOLLOWER]: Refusing update from remote peer 11865c9ee2504f199f86ab1f1bf8170e: Log matching property violated. Preceding OpId in replica: term: 1 index: 3. Preceding OpId from leader: term: 1 index: 4. (index mismatch)
I20260710 11:07:58.322773  2426 ts_tablet_manager.cc:1916] T 5bacd1411ce241e29803566d9bc2ea02 P e6564c55cfbb4826bdcbd7b87a634671: Deleting tablet data with delete state TABLET_DATA_TOMBSTONED
I20260710 11:07:58.323089  2378 consensus_queue.cc:1048] T 07c8703af578471bb25acd8f8d84eebc P 11865c9ee2504f199f86ab1f1bf8170e [LEADER]: Connected to new peer: Peer: permanent_uuid: "47d1decef9e64dd7b7c90e6e43ccfb92" member_type: VOTER last_known_addr { host: "127.0.164.132" port: 41813 } attrs { promote: false }, Status: LMP_MISMATCH, Last received: 0.0, Next index: 4, Last known committed idx: 3, Time since last communication: 0.000s
I20260710 11:07:58.328150  2418 raft_consensus.cc:2955] T 07c8703af578471bb25acd8f8d84eebc P 11865c9ee2504f199f86ab1f1bf8170e [term 1 LEADER]: Committing config change with OpId 1.4: config changed from index 3 to 4, VOTER 2b74489a0ea9448e8eee63a3942e48a8 (127.0.164.129) evicted. New config: { opid_index: 4 OBSOLETE_local: false peers { permanent_uuid: "11865c9ee2504f199f86ab1f1bf8170e" member_type: VOTER last_known_addr { host: "127.0.164.130" port: 44345 } } peers { permanent_uuid: "e6564c55cfbb4826bdcbd7b87a634671" member_type: VOTER last_known_addr { host: "127.0.164.131" port: 43701 } } peers { permanent_uuid: "47d1decef9e64dd7b7c90e6e43ccfb92" member_type: VOTER last_known_addr { host: "127.0.164.132" port: 41813 } attrs { promote: false } } }
I20260710 11:07:58.333806  1905 raft_consensus.cc:2955] T 07c8703af578471bb25acd8f8d84eebc P e6564c55cfbb4826bdcbd7b87a634671 [term 1 FOLLOWER]: Committing config change with OpId 1.4: config changed from index 3 to 4, VOTER 2b74489a0ea9448e8eee63a3942e48a8 (127.0.164.129) evicted. New config: { opid_index: 4 OBSOLETE_local: false peers { permanent_uuid: "11865c9ee2504f199f86ab1f1bf8170e" member_type: VOTER last_known_addr { host: "127.0.164.130" port: 44345 } } peers { permanent_uuid: "e6564c55cfbb4826bdcbd7b87a634671" member_type: VOTER last_known_addr { host: "127.0.164.131" port: 43701 } } peers { permanent_uuid: "47d1decef9e64dd7b7c90e6e43ccfb92" member_type: VOTER last_known_addr { host: "127.0.164.132" port: 41813 } attrs { promote: false } } }
I20260710 11:07:58.335212  2189 raft_consensus.cc:2955] T 07c8703af578471bb25acd8f8d84eebc P 47d1decef9e64dd7b7c90e6e43ccfb92 [term 1 FOLLOWER]: Committing config change with OpId 1.4: config changed from index 3 to 4, VOTER 2b74489a0ea9448e8eee63a3942e48a8 (127.0.164.129) evicted. New config: { opid_index: 4 OBSOLETE_local: false peers { permanent_uuid: "11865c9ee2504f199f86ab1f1bf8170e" member_type: VOTER last_known_addr { host: "127.0.164.130" port: 44345 } } peers { permanent_uuid: "e6564c55cfbb4826bdcbd7b87a634671" member_type: VOTER last_known_addr { host: "127.0.164.131" port: 43701 } } peers { permanent_uuid: "47d1decef9e64dd7b7c90e6e43ccfb92" member_type: VOTER last_known_addr { host: "127.0.164.132" port: 41813 } attrs { promote: false } } }
I20260710 11:07:58.336972  2426 ts_tablet_manager.cc:1929] T 5bacd1411ce241e29803566d9bc2ea02 P e6564c55cfbb4826bdcbd7b87a634671: tablet deleted with delete type TABLET_DATA_TOMBSTONED: last-logged OpId 1.3
I20260710 11:07:58.337438  2426 log.cc:1199] T 5bacd1411ce241e29803566d9bc2ea02 P e6564c55cfbb4826bdcbd7b87a634671: Deleting WAL directory at /tmp/dist-test-taski9OLfM/test-tmp/auto_leader_rebalancer-test.0.LeaderRebalancerTest.AddTserver.1783681641690115-658-0/minicluster-data/ts-2-root/wals/5bacd1411ce241e29803566d9bc2ea02
I20260710 11:07:58.339059  1644 catalog_manager.cc:5028] TS e6564c55cfbb4826bdcbd7b87a634671 (127.0.164.131:43701): tablet 5bacd1411ce241e29803566d9bc2ea02 (table test-workload [id=cf330382c7e3444bbccd0ff5a0d07626]) successfully deleted
I20260710 11:07:58.345052  1645 catalog_manager.cc:5210] ChangeConfig:REMOVE_PEER RPC for tablet 07c8703af578471bb25acd8f8d84eebc with cas_config_opid_index 3: ChangeConfig:REMOVE_PEER succeeded (attempt 1)
I20260710 11:07:58.352012  1654 catalog_manager.cc:5697] T 07c8703af578471bb25acd8f8d84eebc P 47d1decef9e64dd7b7c90e6e43ccfb92 reported cstate change: config changed from index 3 to 4, VOTER 2b74489a0ea9448e8eee63a3942e48a8 (127.0.164.129) evicted. New cstate: current_term: 1 leader_uuid: "11865c9ee2504f199f86ab1f1bf8170e" committed_config { opid_index: 4 OBSOLETE_local: false peers { permanent_uuid: "11865c9ee2504f199f86ab1f1bf8170e" member_type: VOTER last_known_addr { host: "127.0.164.130" port: 44345 } } peers { permanent_uuid: "e6564c55cfbb4826bdcbd7b87a634671" member_type: VOTER last_known_addr { host: "127.0.164.131" port: 43701 } } peers { permanent_uuid: "47d1decef9e64dd7b7c90e6e43ccfb92" member_type: VOTER last_known_addr { host: "127.0.164.132" port: 41813 } attrs { promote: false } } }
I20260710 11:07:58.362205  1749 tablet_service.cc:1558] Processing DeleteTablet for tablet 07c8703af578471bb25acd8f8d84eebc with delete_type TABLET_DATA_TOMBSTONED (TS 2b74489a0ea9448e8eee63a3942e48a8 not found in new config with opid_index 4) from {username='slave'} at 127.0.0.1:37980
I20260710 11:07:58.364126  2424 tablet_replica.cc:333] T 07c8703af578471bb25acd8f8d84eebc P 2b74489a0ea9448e8eee63a3942e48a8: stopping tablet replica
I20260710 11:07:58.364962  2424 raft_consensus.cc:2243] T 07c8703af578471bb25acd8f8d84eebc P 2b74489a0ea9448e8eee63a3942e48a8 [term 1 FOLLOWER]: Raft consensus shutting down.
I20260710 11:07:58.365653  2424 raft_consensus.cc:2272] T 07c8703af578471bb25acd8f8d84eebc P 2b74489a0ea9448e8eee63a3942e48a8 [term 1 FOLLOWER]: Raft consensus is shut down!
I20260710 11:07:58.368893  2424 ts_tablet_manager.cc:1916] T 07c8703af578471bb25acd8f8d84eebc P 2b74489a0ea9448e8eee63a3942e48a8: Deleting tablet data with delete state TABLET_DATA_TOMBSTONED
I20260710 11:07:58.379820  2424 ts_tablet_manager.cc:1929] T 07c8703af578471bb25acd8f8d84eebc P 2b74489a0ea9448e8eee63a3942e48a8: tablet deleted with delete type TABLET_DATA_TOMBSTONED: last-logged OpId 1.3
I20260710 11:07:58.380091  2424 log.cc:1199] T 07c8703af578471bb25acd8f8d84eebc P 2b74489a0ea9448e8eee63a3942e48a8: Deleting WAL directory at /tmp/dist-test-taski9OLfM/test-tmp/auto_leader_rebalancer-test.0.LeaderRebalancerTest.AddTserver.1783681641690115-658-0/minicluster-data/ts-0-root/wals/07c8703af578471bb25acd8f8d84eebc
I20260710 11:07:58.381620  1643 catalog_manager.cc:5028] TS 2b74489a0ea9448e8eee63a3942e48a8 (127.0.164.129:39957): tablet 07c8703af578471bb25acd8f8d84eebc (table test-workload [id=cf330382c7e3444bbccd0ff5a0d07626]) successfully deleted
I20260710 11:07:59.393622  1760 consensus_queue.cc:237] T bbe0282a6af54356a5900b8892f0a39e P 2b74489a0ea9448e8eee63a3942e48a8 [LEADER]: Queue going to LEADER mode. State: All replicated index: 0, Majority replicated index: 1, Committed index: 1, Last appended: 1.1, Last appended by leader: 0, Current term: 1, Majority size: 2, State: 0, Mode: LEADER, active raft config: opid_index: 2 OBSOLETE_local: false peers { permanent_uuid: "2b74489a0ea9448e8eee63a3942e48a8" member_type: VOTER last_known_addr { host: "127.0.164.129" port: 39957 } } peers { permanent_uuid: "11865c9ee2504f199f86ab1f1bf8170e" member_type: VOTER last_known_addr { host: "127.0.164.130" port: 44345 } } peers { permanent_uuid: "e6564c55cfbb4826bdcbd7b87a634671" member_type: VOTER last_known_addr { host: "127.0.164.131" port: 43701 } attrs { replace: true } } peers { permanent_uuid: "47d1decef9e64dd7b7c90e6e43ccfb92" member_type: NON_VOTER last_known_addr { host: "127.0.164.132" port: 41813 } attrs { promote: true } }
I20260710 11:07:59.399886  1905 raft_consensus.cc:1275] T bbe0282a6af54356a5900b8892f0a39e P e6564c55cfbb4826bdcbd7b87a634671 [term 1 FOLLOWER]: Refusing update from remote peer 2b74489a0ea9448e8eee63a3942e48a8: Log matching property violated. Preceding OpId in replica: term: 1 index: 1. Preceding OpId from leader: term: 1 index: 2. (index mismatch)
I20260710 11:07:59.400859  1832 raft_consensus.cc:1275] T bbe0282a6af54356a5900b8892f0a39e P 11865c9ee2504f199f86ab1f1bf8170e [term 1 FOLLOWER]: Refusing update from remote peer 2b74489a0ea9448e8eee63a3942e48a8: Log matching property violated. Preceding OpId in replica: term: 1 index: 1. Preceding OpId from leader: term: 1 index: 2. (index mismatch)
W20260710 11:07:59.401816  1724 consensus_peers.cc:597] T bbe0282a6af54356a5900b8892f0a39e P 2b74489a0ea9448e8eee63a3942e48a8 -> Peer 47d1decef9e64dd7b7c90e6e43ccfb92 (127.0.164.132:41813): Couldn't send request to peer 47d1decef9e64dd7b7c90e6e43ccfb92. Error code: TABLET_NOT_FOUND (6). Status: Not found: Tablet not found: bbe0282a6af54356a5900b8892f0a39e. This is attempt 1: this message will repeat every 5th retry.
I20260710 11:07:59.402027  2429 consensus_queue.cc:1048] T bbe0282a6af54356a5900b8892f0a39e P 2b74489a0ea9448e8eee63a3942e48a8 [LEADER]: Connected to new peer: Peer: permanent_uuid: "e6564c55cfbb4826bdcbd7b87a634671" member_type: VOTER last_known_addr { host: "127.0.164.131" port: 43701 } attrs { replace: true }, Status: LMP_MISMATCH, Last received: 0.0, Next index: 2, Last known committed idx: 1, Time since last communication: 0.000s
I20260710 11:07:59.403007  2380 consensus_queue.cc:1048] T bbe0282a6af54356a5900b8892f0a39e P 2b74489a0ea9448e8eee63a3942e48a8 [LEADER]: Connected to new peer: Peer: permanent_uuid: "11865c9ee2504f199f86ab1f1bf8170e" member_type: VOTER last_known_addr { host: "127.0.164.130" port: 44345 }, Status: LMP_MISMATCH, Last received: 0.0, Next index: 2, Last known committed idx: 1, Time since last communication: 0.000s
I20260710 11:07:59.414995  2380 raft_consensus.cc:2955] T bbe0282a6af54356a5900b8892f0a39e P 2b74489a0ea9448e8eee63a3942e48a8 [term 1 LEADER]: Committing config change with OpId 1.2: config changed from index -1 to 2, NON_VOTER 47d1decef9e64dd7b7c90e6e43ccfb92 (127.0.164.132) added. New config: { opid_index: 2 OBSOLETE_local: false peers { permanent_uuid: "2b74489a0ea9448e8eee63a3942e48a8" member_type: VOTER last_known_addr { host: "127.0.164.129" port: 39957 } } peers { permanent_uuid: "11865c9ee2504f199f86ab1f1bf8170e" member_type: VOTER last_known_addr { host: "127.0.164.130" port: 44345 } } peers { permanent_uuid: "e6564c55cfbb4826bdcbd7b87a634671" member_type: VOTER last_known_addr { host: "127.0.164.131" port: 43701 } attrs { replace: true } } peers { permanent_uuid: "47d1decef9e64dd7b7c90e6e43ccfb92" member_type: NON_VOTER last_known_addr { host: "127.0.164.132" port: 41813 } attrs { promote: true } } }
I20260710 11:07:59.808404  1658 catalog_manager.cc:5697] T bbe0282a6af54356a5900b8892f0a39e P 2b74489a0ea9448e8eee63a3942e48a8 reported cstate change: config changed from index -1 to 2, NON_VOTER 47d1decef9e64dd7b7c90e6e43ccfb92 (127.0.164.132) added. New cstate: current_term: 1 leader_uuid: "2b74489a0ea9448e8eee63a3942e48a8" committed_config { opid_index: 2 OBSOLETE_local: false peers { permanent_uuid: "2b74489a0ea9448e8eee63a3942e48a8" member_type: VOTER last_known_addr { host: "127.0.164.129" port: 39957 } health_report { overall_health: HEALTHY } } peers { permanent_uuid: "11865c9ee2504f199f86ab1f1bf8170e" member_type: VOTER last_known_addr { host: "127.0.164.130" port: 44345 } health_report { overall_health: HEALTHY } } peers { permanent_uuid: "e6564c55cfbb4826bdcbd7b87a634671" member_type: VOTER last_known_addr { host: "127.0.164.131" port: 43701 } attrs { replace: true } health_report { overall_health: UNKNOWN } } peers { permanent_uuid: "47d1decef9e64dd7b7c90e6e43ccfb92" member_type: NON_VOTER last_known_addr { host: "127.0.164.132" port: 41813 } attrs { promote: true } health_report { overall_health: UNKNOWN } } }
I20260710 11:07:59.826699  1832 raft_consensus.cc:2955] T bbe0282a6af54356a5900b8892f0a39e P 11865c9ee2504f199f86ab1f1bf8170e [term 1 FOLLOWER]: Committing config change with OpId 1.2: config changed from index -1 to 2, NON_VOTER 47d1decef9e64dd7b7c90e6e43ccfb92 (127.0.164.132) added. New config: { opid_index: 2 OBSOLETE_local: false peers { permanent_uuid: "2b74489a0ea9448e8eee63a3942e48a8" member_type: VOTER last_known_addr { host: "127.0.164.129" port: 39957 } } peers { permanent_uuid: "11865c9ee2504f199f86ab1f1bf8170e" member_type: VOTER last_known_addr { host: "127.0.164.130" port: 44345 } } peers { permanent_uuid: "e6564c55cfbb4826bdcbd7b87a634671" member_type: VOTER last_known_addr { host: "127.0.164.131" port: 43701 } attrs { replace: true } } peers { permanent_uuid: "47d1decef9e64dd7b7c90e6e43ccfb92" member_type: NON_VOTER last_known_addr { host: "127.0.164.132" port: 41813 } attrs { promote: true } } }
I20260710 11:07:59.861214  1905 raft_consensus.cc:2955] T bbe0282a6af54356a5900b8892f0a39e P e6564c55cfbb4826bdcbd7b87a634671 [term 1 FOLLOWER]: Committing config change with OpId 1.2: config changed from index -1 to 2, NON_VOTER 47d1decef9e64dd7b7c90e6e43ccfb92 (127.0.164.132) added. New config: { opid_index: 2 OBSOLETE_local: false peers { permanent_uuid: "2b74489a0ea9448e8eee63a3942e48a8" member_type: VOTER last_known_addr { host: "127.0.164.129" port: 39957 } } peers { permanent_uuid: "11865c9ee2504f199f86ab1f1bf8170e" member_type: VOTER last_known_addr { host: "127.0.164.130" port: 44345 } } peers { permanent_uuid: "e6564c55cfbb4826bdcbd7b87a634671" member_type: VOTER last_known_addr { host: "127.0.164.131" port: 43701 } attrs { replace: true } } peers { permanent_uuid: "47d1decef9e64dd7b7c90e6e43ccfb92" member_type: NON_VOTER last_known_addr { host: "127.0.164.132" port: 41813 } attrs { promote: true } } }
I20260710 11:07:59.886356  2444 ts_tablet_manager.cc:933] T bbe0282a6af54356a5900b8892f0a39e P 47d1decef9e64dd7b7c90e6e43ccfb92: Initiating tablet copy from peer 2b74489a0ea9448e8eee63a3942e48a8 (127.0.164.129:39957)
I20260710 11:07:59.894954  1905 consensus_queue.cc:237] T 069f382461494094886bbc1127d8e634 P e6564c55cfbb4826bdcbd7b87a634671 [LEADER]: Queue going to LEADER mode. State: All replicated index: 0, Majority replicated index: 1, Committed index: 1, Last appended: 1.1, Last appended by leader: 0, Current term: 1, Majority size: 2, State: 0, Mode: LEADER, active raft config: opid_index: 2 OBSOLETE_local: false peers { permanent_uuid: "2b74489a0ea9448e8eee63a3942e48a8" member_type: VOTER last_known_addr { host: "127.0.164.129" port: 39957 } } peers { permanent_uuid: "11865c9ee2504f199f86ab1f1bf8170e" member_type: VOTER last_known_addr { host: "127.0.164.130" port: 44345 } attrs { replace: true } } peers { permanent_uuid: "e6564c55cfbb4826bdcbd7b87a634671" member_type: VOTER last_known_addr { host: "127.0.164.131" port: 43701 } } peers { permanent_uuid: "47d1decef9e64dd7b7c90e6e43ccfb92" member_type: NON_VOTER last_known_addr { host: "127.0.164.132" port: 41813 } attrs { promote: true } }
I20260710 11:07:59.900604  2444 tablet_copy_client.cc:323] T bbe0282a6af54356a5900b8892f0a39e P 47d1decef9e64dd7b7c90e6e43ccfb92: tablet copy: Beginning tablet copy session from remote peer at address 127.0.164.129:39957
I20260710 11:07:59.904464  1831 raft_consensus.cc:1275] T 069f382461494094886bbc1127d8e634 P 11865c9ee2504f199f86ab1f1bf8170e [term 1 FOLLOWER]: Refusing update from remote peer e6564c55cfbb4826bdcbd7b87a634671: Log matching property violated. Preceding OpId in replica: term: 1 index: 1. Preceding OpId from leader: term: 1 index: 2. (index mismatch)
W20260710 11:07:59.905347  1873 consensus_peers.cc:597] T 069f382461494094886bbc1127d8e634 P e6564c55cfbb4826bdcbd7b87a634671 -> Peer 47d1decef9e64dd7b7c90e6e43ccfb92 (127.0.164.132:41813): Couldn't send request to peer 47d1decef9e64dd7b7c90e6e43ccfb92. Error code: TABLET_NOT_FOUND (6). Status: Not found: Tablet not found: 069f382461494094886bbc1127d8e634. This is attempt 1: this message will repeat every 5th retry.
I20260710 11:07:59.905540  1755 raft_consensus.cc:1275] T 069f382461494094886bbc1127d8e634 P 2b74489a0ea9448e8eee63a3942e48a8 [term 1 FOLLOWER]: Refusing update from remote peer e6564c55cfbb4826bdcbd7b87a634671: Log matching property violated. Preceding OpId in replica: term: 1 index: 1. Preceding OpId from leader: term: 1 index: 2. (index mismatch)
I20260710 11:07:59.908896  1770 tablet_copy_service.cc:140] P 2b74489a0ea9448e8eee63a3942e48a8: Received BeginTabletCopySession request for tablet bbe0282a6af54356a5900b8892f0a39e from peer 47d1decef9e64dd7b7c90e6e43ccfb92 ({username='slave'} at 127.0.0.1:45254)
I20260710 11:07:59.909246  2427 consensus_queue.cc:1048] T 069f382461494094886bbc1127d8e634 P e6564c55cfbb4826bdcbd7b87a634671 [LEADER]: Connected to new peer: Peer: permanent_uuid: "11865c9ee2504f199f86ab1f1bf8170e" member_type: VOTER last_known_addr { host: "127.0.164.130" port: 44345 } attrs { replace: true }, Status: LMP_MISMATCH, Last received: 0.0, Next index: 2, Last known committed idx: 1, Time since last communication: 0.000s
I20260710 11:07:59.909411  1770 tablet_copy_service.cc:161] P 2b74489a0ea9448e8eee63a3942e48a8: Beginning new tablet copy session on tablet bbe0282a6af54356a5900b8892f0a39e from peer 47d1decef9e64dd7b7c90e6e43ccfb92 at {username='slave'} at 127.0.0.1:45254: session id = 47d1decef9e64dd7b7c90e6e43ccfb92-bbe0282a6af54356a5900b8892f0a39e
I20260710 11:07:59.913398  2334 consensus_queue.cc:1048] T 069f382461494094886bbc1127d8e634 P e6564c55cfbb4826bdcbd7b87a634671 [LEADER]: Connected to new peer: Peer: permanent_uuid: "2b74489a0ea9448e8eee63a3942e48a8" member_type: VOTER last_known_addr { host: "127.0.164.129" port: 39957 }, Status: LMP_MISMATCH, Last received: 0.0, Next index: 2, Last known committed idx: 1, Time since last communication: 0.000s
I20260710 11:07:59.916567  1770 tablet_copy_source_session.cc:215] T bbe0282a6af54356a5900b8892f0a39e P 2b74489a0ea9448e8eee63a3942e48a8: Tablet Copy: opened 0 blocks and 1 log segments
I20260710 11:07:59.916785  2427 raft_consensus.cc:2955] T 069f382461494094886bbc1127d8e634 P e6564c55cfbb4826bdcbd7b87a634671 [term 1 LEADER]: Committing config change with OpId 1.2: config changed from index -1 to 2, NON_VOTER 47d1decef9e64dd7b7c90e6e43ccfb92 (127.0.164.132) added. New config: { opid_index: 2 OBSOLETE_local: false peers { permanent_uuid: "2b74489a0ea9448e8eee63a3942e48a8" member_type: VOTER last_known_addr { host: "127.0.164.129" port: 39957 } } peers { permanent_uuid: "11865c9ee2504f199f86ab1f1bf8170e" member_type: VOTER last_known_addr { host: "127.0.164.130" port: 44345 } attrs { replace: true } } peers { permanent_uuid: "e6564c55cfbb4826bdcbd7b87a634671" member_type: VOTER last_known_addr { host: "127.0.164.131" port: 43701 } } peers { permanent_uuid: "47d1decef9e64dd7b7c90e6e43ccfb92" member_type: NON_VOTER last_known_addr { host: "127.0.164.132" port: 41813 } attrs { promote: true } } }
I20260710 11:07:59.918433  1831 raft_consensus.cc:2955] T 069f382461494094886bbc1127d8e634 P 11865c9ee2504f199f86ab1f1bf8170e [term 1 FOLLOWER]: Committing config change with OpId 1.2: config changed from index -1 to 2, NON_VOTER 47d1decef9e64dd7b7c90e6e43ccfb92 (127.0.164.132) added. New config: { opid_index: 2 OBSOLETE_local: false peers { permanent_uuid: "2b74489a0ea9448e8eee63a3942e48a8" member_type: VOTER last_known_addr { host: "127.0.164.129" port: 39957 } } peers { permanent_uuid: "11865c9ee2504f199f86ab1f1bf8170e" member_type: VOTER last_known_addr { host: "127.0.164.130" port: 44345 } attrs { replace: true } } peers { permanent_uuid: "e6564c55cfbb4826bdcbd7b87a634671" member_type: VOTER last_known_addr { host: "127.0.164.131" port: 43701 } } peers { permanent_uuid: "47d1decef9e64dd7b7c90e6e43ccfb92" member_type: NON_VOTER last_known_addr { host: "127.0.164.132" port: 41813 } attrs { promote: true } } }
I20260710 11:07:59.920099  2444 data_dirs.cc:400] Could only allocate 1 dirs of requested 3 for tablet bbe0282a6af54356a5900b8892f0a39e. 1 dirs total, 0 dirs full, 0 dirs failed
I20260710 11:07:59.930460  1905 consensus_queue.cc:237] T 6769b8bd7ea34267b24d3e9b8eb35c82 P e6564c55cfbb4826bdcbd7b87a634671 [LEADER]: Queue going to LEADER mode. State: All replicated index: 0, Majority replicated index: 1, Committed index: 1, Last appended: 1.1, Last appended by leader: 0, Current term: 1, Majority size: 2, State: 0, Mode: LEADER, active raft config: opid_index: 2 OBSOLETE_local: false peers { permanent_uuid: "2b74489a0ea9448e8eee63a3942e48a8" member_type: VOTER last_known_addr { host: "127.0.164.129" port: 39957 } attrs { replace: true } } peers { permanent_uuid: "11865c9ee2504f199f86ab1f1bf8170e" member_type: VOTER last_known_addr { host: "127.0.164.130" port: 44345 } } peers { permanent_uuid: "e6564c55cfbb4826bdcbd7b87a634671" member_type: VOTER last_known_addr { host: "127.0.164.131" port: 43701 } } peers { permanent_uuid: "47d1decef9e64dd7b7c90e6e43ccfb92" member_type: NON_VOTER last_known_addr { host: "127.0.164.132" port: 41813 } attrs { promote: true } }
I20260710 11:07:59.938863  1657 catalog_manager.cc:5697] T 069f382461494094886bbc1127d8e634 P e6564c55cfbb4826bdcbd7b87a634671 reported cstate change: config changed from index -1 to 2, NON_VOTER 47d1decef9e64dd7b7c90e6e43ccfb92 (127.0.164.132) added. New cstate: current_term: 1 leader_uuid: "e6564c55cfbb4826bdcbd7b87a634671" committed_config { opid_index: 2 OBSOLETE_local: false peers { permanent_uuid: "2b74489a0ea9448e8eee63a3942e48a8" member_type: VOTER last_known_addr { host: "127.0.164.129" port: 39957 } health_report { overall_health: UNKNOWN } } peers { permanent_uuid: "11865c9ee2504f199f86ab1f1bf8170e" member_type: VOTER last_known_addr { host: "127.0.164.130" port: 44345 } attrs { replace: true } health_report { overall_health: HEALTHY } } peers { permanent_uuid: "e6564c55cfbb4826bdcbd7b87a634671" member_type: VOTER last_known_addr { host: "127.0.164.131" port: 43701 } health_report { overall_health: HEALTHY } } peers { permanent_uuid: "47d1decef9e64dd7b7c90e6e43ccfb92" member_type: NON_VOTER last_known_addr { host: "127.0.164.132" port: 41813 } attrs { promote: true } health_report { overall_health: UNKNOWN } } }
I20260710 11:07:59.940833  2444 tablet_copy_client.cc:806] T bbe0282a6af54356a5900b8892f0a39e P 47d1decef9e64dd7b7c90e6e43ccfb92: tablet copy: Starting download of 0 data blocks...
W20260710 11:07:59.944568  1873 consensus_peers.cc:597] T 6769b8bd7ea34267b24d3e9b8eb35c82 P e6564c55cfbb4826bdcbd7b87a634671 -> Peer 47d1decef9e64dd7b7c90e6e43ccfb92 (127.0.164.132:41813): Couldn't send request to peer 47d1decef9e64dd7b7c90e6e43ccfb92. Error code: TABLET_NOT_FOUND (6). Status: Not found: Tablet not found: 6769b8bd7ea34267b24d3e9b8eb35c82. This is attempt 1: this message will repeat every 5th retry.
I20260710 11:07:59.944621  2444 tablet_copy_client.cc:670] T bbe0282a6af54356a5900b8892f0a39e P 47d1decef9e64dd7b7c90e6e43ccfb92: tablet copy: Starting download of 1 WAL segments...
I20260710 11:07:59.945871  1831 raft_consensus.cc:1275] T 6769b8bd7ea34267b24d3e9b8eb35c82 P 11865c9ee2504f199f86ab1f1bf8170e [term 1 FOLLOWER]: Refusing update from remote peer e6564c55cfbb4826bdcbd7b87a634671: Log matching property violated. Preceding OpId in replica: term: 1 index: 1. Preceding OpId from leader: term: 1 index: 2. (index mismatch)
I20260710 11:07:59.944942  1755 raft_consensus.cc:2955] T 069f382461494094886bbc1127d8e634 P 2b74489a0ea9448e8eee63a3942e48a8 [term 1 FOLLOWER]: Committing config change with OpId 1.2: config changed from index -1 to 2, NON_VOTER 47d1decef9e64dd7b7c90e6e43ccfb92 (127.0.164.132) added. New config: { opid_index: 2 OBSOLETE_local: false peers { permanent_uuid: "2b74489a0ea9448e8eee63a3942e48a8" member_type: VOTER last_known_addr { host: "127.0.164.129" port: 39957 } } peers { permanent_uuid: "11865c9ee2504f199f86ab1f1bf8170e" member_type: VOTER last_known_addr { host: "127.0.164.130" port: 44345 } attrs { replace: true } } peers { permanent_uuid: "e6564c55cfbb4826bdcbd7b87a634671" member_type: VOTER last_known_addr { host: "127.0.164.131" port: 43701 } } peers { permanent_uuid: "47d1decef9e64dd7b7c90e6e43ccfb92" member_type: NON_VOTER last_known_addr { host: "127.0.164.132" port: 41813 } attrs { promote: true } } }
I20260710 11:07:59.947327  2436 consensus_queue.cc:1048] T 6769b8bd7ea34267b24d3e9b8eb35c82 P e6564c55cfbb4826bdcbd7b87a634671 [LEADER]: Connected to new peer: Peer: permanent_uuid: "11865c9ee2504f199f86ab1f1bf8170e" member_type: VOTER last_known_addr { host: "127.0.164.130" port: 44345 }, Status: LMP_MISMATCH, Last received: 0.0, Next index: 2, Last known committed idx: 1, Time since last communication: 0.000s
I20260710 11:07:59.948513  2444 tablet_copy_client.cc:538] T bbe0282a6af54356a5900b8892f0a39e P 47d1decef9e64dd7b7c90e6e43ccfb92: tablet copy: Tablet Copy complete. Replacing tablet superblock.
I20260710 11:07:59.957648  1755 raft_consensus.cc:1275] T 6769b8bd7ea34267b24d3e9b8eb35c82 P 2b74489a0ea9448e8eee63a3942e48a8 [term 1 FOLLOWER]: Refusing update from remote peer e6564c55cfbb4826bdcbd7b87a634671: Log matching property violated. Preceding OpId in replica: term: 1 index: 1. Preceding OpId from leader: term: 1 index: 2. (index mismatch)
I20260710 11:07:59.958626  2444 tablet_bootstrap.cc:492] T bbe0282a6af54356a5900b8892f0a39e P 47d1decef9e64dd7b7c90e6e43ccfb92: Bootstrap starting.
I20260710 11:07:59.959050  2436 consensus_queue.cc:1048] T 6769b8bd7ea34267b24d3e9b8eb35c82 P e6564c55cfbb4826bdcbd7b87a634671 [LEADER]: Connected to new peer: Peer: permanent_uuid: "2b74489a0ea9448e8eee63a3942e48a8" member_type: VOTER last_known_addr { host: "127.0.164.129" port: 39957 } attrs { replace: true }, Status: LMP_MISMATCH, Last received: 0.0, Next index: 2, Last known committed idx: 1, Time since last communication: 0.000s
I20260710 11:07:59.970144  2334 raft_consensus.cc:2955] T 6769b8bd7ea34267b24d3e9b8eb35c82 P e6564c55cfbb4826bdcbd7b87a634671 [term 1 LEADER]: Committing config change with OpId 1.2: config changed from index -1 to 2, NON_VOTER 47d1decef9e64dd7b7c90e6e43ccfb92 (127.0.164.132) added. New config: { opid_index: 2 OBSOLETE_local: false peers { permanent_uuid: "2b74489a0ea9448e8eee63a3942e48a8" member_type: VOTER last_known_addr { host: "127.0.164.129" port: 39957 } attrs { replace: true } } peers { permanent_uuid: "11865c9ee2504f199f86ab1f1bf8170e" member_type: VOTER last_known_addr { host: "127.0.164.130" port: 44345 } } peers { permanent_uuid: "e6564c55cfbb4826bdcbd7b87a634671" member_type: VOTER last_known_addr { host: "127.0.164.131" port: 43701 } } peers { permanent_uuid: "47d1decef9e64dd7b7c90e6e43ccfb92" member_type: NON_VOTER last_known_addr { host: "127.0.164.132" port: 41813 } attrs { promote: true } } }
I20260710 11:07:59.971946  1754 raft_consensus.cc:2955] T 6769b8bd7ea34267b24d3e9b8eb35c82 P 2b74489a0ea9448e8eee63a3942e48a8 [term 1 FOLLOWER]: Committing config change with OpId 1.2: config changed from index -1 to 2, NON_VOTER 47d1decef9e64dd7b7c90e6e43ccfb92 (127.0.164.132) added. New config: { opid_index: 2 OBSOLETE_local: false peers { permanent_uuid: "2b74489a0ea9448e8eee63a3942e48a8" member_type: VOTER last_known_addr { host: "127.0.164.129" port: 39957 } attrs { replace: true } } peers { permanent_uuid: "11865c9ee2504f199f86ab1f1bf8170e" member_type: VOTER last_known_addr { host: "127.0.164.130" port: 44345 } } peers { permanent_uuid: "e6564c55cfbb4826bdcbd7b87a634671" member_type: VOTER last_known_addr { host: "127.0.164.131" port: 43701 } } peers { permanent_uuid: "47d1decef9e64dd7b7c90e6e43ccfb92" member_type: NON_VOTER last_known_addr { host: "127.0.164.132" port: 41813 } attrs { promote: true } } }
I20260710 11:07:59.978219  1832 raft_consensus.cc:2955] T 6769b8bd7ea34267b24d3e9b8eb35c82 P 11865c9ee2504f199f86ab1f1bf8170e [term 1 FOLLOWER]: Committing config change with OpId 1.2: config changed from index -1 to 2, NON_VOTER 47d1decef9e64dd7b7c90e6e43ccfb92 (127.0.164.132) added. New config: { opid_index: 2 OBSOLETE_local: false peers { permanent_uuid: "2b74489a0ea9448e8eee63a3942e48a8" member_type: VOTER last_known_addr { host: "127.0.164.129" port: 39957 } attrs { replace: true } } peers { permanent_uuid: "11865c9ee2504f199f86ab1f1bf8170e" member_type: VOTER last_known_addr { host: "127.0.164.130" port: 44345 } } peers { permanent_uuid: "e6564c55cfbb4826bdcbd7b87a634671" member_type: VOTER last_known_addr { host: "127.0.164.131" port: 43701 } } peers { permanent_uuid: "47d1decef9e64dd7b7c90e6e43ccfb92" member_type: NON_VOTER last_known_addr { host: "127.0.164.132" port: 41813 } attrs { promote: true } } }
I20260710 11:07:59.985383  1657 catalog_manager.cc:5697] T 6769b8bd7ea34267b24d3e9b8eb35c82 P 2b74489a0ea9448e8eee63a3942e48a8 reported cstate change: config changed from index -1 to 2, NON_VOTER 47d1decef9e64dd7b7c90e6e43ccfb92 (127.0.164.132) added. New cstate: current_term: 1 leader_uuid: "e6564c55cfbb4826bdcbd7b87a634671" committed_config { opid_index: 2 OBSOLETE_local: false peers { permanent_uuid: "2b74489a0ea9448e8eee63a3942e48a8" member_type: VOTER last_known_addr { host: "127.0.164.129" port: 39957 } attrs { replace: true } } peers { permanent_uuid: "11865c9ee2504f199f86ab1f1bf8170e" member_type: VOTER last_known_addr { host: "127.0.164.130" port: 44345 } } peers { permanent_uuid: "e6564c55cfbb4826bdcbd7b87a634671" member_type: VOTER last_known_addr { host: "127.0.164.131" port: 43701 } } peers { permanent_uuid: "47d1decef9e64dd7b7c90e6e43ccfb92" member_type: NON_VOTER last_known_addr { host: "127.0.164.132" port: 41813 } attrs { promote: true } } }
I20260710 11:07:59.987929  1755 consensus_queue.cc:237] T 54f85918e77c4e42868301e48b5be914 P 2b74489a0ea9448e8eee63a3942e48a8 [LEADER]: Queue going to LEADER mode. State: All replicated index: 0, Majority replicated index: 1, Committed index: 1, Last appended: 1.1, Last appended by leader: 0, Current term: 1, Majority size: 2, State: 0, Mode: LEADER, active raft config: opid_index: 2 OBSOLETE_local: false peers { permanent_uuid: "2b74489a0ea9448e8eee63a3942e48a8" member_type: VOTER last_known_addr { host: "127.0.164.129" port: 39957 } } peers { permanent_uuid: "11865c9ee2504f199f86ab1f1bf8170e" member_type: VOTER last_known_addr { host: "127.0.164.130" port: 44345 } } peers { permanent_uuid: "e6564c55cfbb4826bdcbd7b87a634671" member_type: VOTER last_known_addr { host: "127.0.164.131" port: 43701 } attrs { replace: true } } peers { permanent_uuid: "47d1decef9e64dd7b7c90e6e43ccfb92" member_type: NON_VOTER last_known_addr { host: "127.0.164.132" port: 41813 } attrs { promote: true } }
I20260710 11:08:00.001397  1905 raft_consensus.cc:1275] T 54f85918e77c4e42868301e48b5be914 P e6564c55cfbb4826bdcbd7b87a634671 [term 1 FOLLOWER]: Refusing update from remote peer 2b74489a0ea9448e8eee63a3942e48a8: Log matching property violated. Preceding OpId in replica: term: 1 index: 1. Preceding OpId from leader: term: 1 index: 2. (index mismatch)
I20260710 11:08:00.002082  1832 raft_consensus.cc:1275] T 54f85918e77c4e42868301e48b5be914 P 11865c9ee2504f199f86ab1f1bf8170e [term 1 FOLLOWER]: Refusing update from remote peer 2b74489a0ea9448e8eee63a3942e48a8: Log matching property violated. Preceding OpId in replica: term: 1 index: 1. Preceding OpId from leader: term: 1 index: 2. (index mismatch)
I20260710 11:08:00.002354  2444 tablet_bootstrap.cc:492] T bbe0282a6af54356a5900b8892f0a39e P 47d1decef9e64dd7b7c90e6e43ccfb92: Bootstrap replayed 1/1 log segments. Stats: ops{read=2 overwritten=0 applied=2 ignored=0} inserts{seen=0 ignored=0} mutations{seen=0 ignored=0} orphaned_commits=0. Pending: 0 replicates
I20260710 11:08:00.003309  2444 tablet_bootstrap.cc:492] T bbe0282a6af54356a5900b8892f0a39e P 47d1decef9e64dd7b7c90e6e43ccfb92: Bootstrap complete.
I20260710 11:08:00.003463  2410 consensus_queue.cc:1048] T 54f85918e77c4e42868301e48b5be914 P 2b74489a0ea9448e8eee63a3942e48a8 [LEADER]: Connected to new peer: Peer: permanent_uuid: "11865c9ee2504f199f86ab1f1bf8170e" member_type: VOTER last_known_addr { host: "127.0.164.130" port: 44345 }, Status: LMP_MISMATCH, Last received: 0.0, Next index: 2, Last known committed idx: 1, Time since last communication: 0.000s
I20260710 11:08:00.004045  2444 ts_tablet_manager.cc:1403] T bbe0282a6af54356a5900b8892f0a39e P 47d1decef9e64dd7b7c90e6e43ccfb92: Time spent bootstrapping tablet: real 0.046s	user 0.040s	sys 0.003s
I20260710 11:08:00.007019  2429 consensus_queue.cc:1048] T 54f85918e77c4e42868301e48b5be914 P 2b74489a0ea9448e8eee63a3942e48a8 [LEADER]: Connected to new peer: Peer: permanent_uuid: "e6564c55cfbb4826bdcbd7b87a634671" member_type: VOTER last_known_addr { host: "127.0.164.131" port: 43701 } attrs { replace: true }, Status: LMP_MISMATCH, Last received: 0.0, Next index: 2, Last known committed idx: 1, Time since last communication: 0.000s
W20260710 11:08:00.007972  1724 consensus_peers.cc:597] T 54f85918e77c4e42868301e48b5be914 P 2b74489a0ea9448e8eee63a3942e48a8 -> Peer 47d1decef9e64dd7b7c90e6e43ccfb92 (127.0.164.132:41813): Couldn't send request to peer 47d1decef9e64dd7b7c90e6e43ccfb92. Error code: TABLET_NOT_FOUND (6). Status: Not found: Tablet not found: 54f85918e77c4e42868301e48b5be914. This is attempt 1: this message will repeat every 5th retry.
I20260710 11:08:00.008105  2444 raft_consensus.cc:359] T bbe0282a6af54356a5900b8892f0a39e P 47d1decef9e64dd7b7c90e6e43ccfb92 [term 1 LEARNER]: Replica starting. Triggering 0 pending ops. Active config: opid_index: 2 OBSOLETE_local: false peers { permanent_uuid: "2b74489a0ea9448e8eee63a3942e48a8" member_type: VOTER last_known_addr { host: "127.0.164.129" port: 39957 } } peers { permanent_uuid: "11865c9ee2504f199f86ab1f1bf8170e" member_type: VOTER last_known_addr { host: "127.0.164.130" port: 44345 } } peers { permanent_uuid: "e6564c55cfbb4826bdcbd7b87a634671" member_type: VOTER last_known_addr { host: "127.0.164.131" port: 43701 } attrs { replace: true } } peers { permanent_uuid: "47d1decef9e64dd7b7c90e6e43ccfb92" member_type: NON_VOTER last_known_addr { host: "127.0.164.132" port: 41813 } attrs { promote: true } }
I20260710 11:08:00.009178  2444 raft_consensus.cc:740] T bbe0282a6af54356a5900b8892f0a39e P 47d1decef9e64dd7b7c90e6e43ccfb92 [term 1 LEARNER]: Becoming Follower/Learner. State: Replica: 47d1decef9e64dd7b7c90e6e43ccfb92, State: Initialized, Role: LEARNER
I20260710 11:08:00.009819  2444 consensus_queue.cc:260] T bbe0282a6af54356a5900b8892f0a39e P 47d1decef9e64dd7b7c90e6e43ccfb92 [NON_LEADER]: Queue going to NON_LEADER mode. State: All replicated index: 0, Majority replicated index: 0, Committed index: 2, Last appended: 1.2, Last appended by leader: 2, Current term: 0, Majority size: -1, State: 0, Mode: NON_LEADER, active raft config: opid_index: 2 OBSOLETE_local: false peers { permanent_uuid: "2b74489a0ea9448e8eee63a3942e48a8" member_type: VOTER last_known_addr { host: "127.0.164.129" port: 39957 } } peers { permanent_uuid: "11865c9ee2504f199f86ab1f1bf8170e" member_type: VOTER last_known_addr { host: "127.0.164.130" port: 44345 } } peers { permanent_uuid: "e6564c55cfbb4826bdcbd7b87a634671" member_type: VOTER last_known_addr { host: "127.0.164.131" port: 43701 } attrs { replace: true } } peers { permanent_uuid: "47d1decef9e64dd7b7c90e6e43ccfb92" member_type: NON_VOTER last_known_addr { host: "127.0.164.132" port: 41813 } attrs { promote: true } }
I20260710 11:08:00.027127  2444 ts_tablet_manager.cc:1434] T bbe0282a6af54356a5900b8892f0a39e P 47d1decef9e64dd7b7c90e6e43ccfb92: Time spent starting tablet: real 0.023s	user 0.002s	sys 0.019s
I20260710 11:08:00.029942  1770 tablet_copy_service.cc:342] P 2b74489a0ea9448e8eee63a3942e48a8: Request end of tablet copy session 47d1decef9e64dd7b7c90e6e43ccfb92-bbe0282a6af54356a5900b8892f0a39e received from {username='slave'} at 127.0.0.1:45254
I20260710 11:08:00.029121  2435 raft_consensus.cc:2955] T 54f85918e77c4e42868301e48b5be914 P 2b74489a0ea9448e8eee63a3942e48a8 [term 1 LEADER]: Committing config change with OpId 1.2: config changed from index -1 to 2, NON_VOTER 47d1decef9e64dd7b7c90e6e43ccfb92 (127.0.164.132) added. New config: { opid_index: 2 OBSOLETE_local: false peers { permanent_uuid: "2b74489a0ea9448e8eee63a3942e48a8" member_type: VOTER last_known_addr { host: "127.0.164.129" port: 39957 } } peers { permanent_uuid: "11865c9ee2504f199f86ab1f1bf8170e" member_type: VOTER last_known_addr { host: "127.0.164.130" port: 44345 } } peers { permanent_uuid: "e6564c55cfbb4826bdcbd7b87a634671" member_type: VOTER last_known_addr { host: "127.0.164.131" port: 43701 } attrs { replace: true } } peers { permanent_uuid: "47d1decef9e64dd7b7c90e6e43ccfb92" member_type: NON_VOTER last_known_addr { host: "127.0.164.132" port: 41813 } attrs { promote: true } } }
I20260710 11:08:00.030366  1770 tablet_copy_service.cc:434] P 2b74489a0ea9448e8eee63a3942e48a8: ending tablet copy session 47d1decef9e64dd7b7c90e6e43ccfb92-bbe0282a6af54356a5900b8892f0a39e on tablet bbe0282a6af54356a5900b8892f0a39e with peer 47d1decef9e64dd7b7c90e6e43ccfb92
I20260710 11:08:00.032348  1832 raft_consensus.cc:2955] T 54f85918e77c4e42868301e48b5be914 P 11865c9ee2504f199f86ab1f1bf8170e [term 1 FOLLOWER]: Committing config change with OpId 1.2: config changed from index -1 to 2, NON_VOTER 47d1decef9e64dd7b7c90e6e43ccfb92 (127.0.164.132) added. New config: { opid_index: 2 OBSOLETE_local: false peers { permanent_uuid: "2b74489a0ea9448e8eee63a3942e48a8" member_type: VOTER last_known_addr { host: "127.0.164.129" port: 39957 } } peers { permanent_uuid: "11865c9ee2504f199f86ab1f1bf8170e" member_type: VOTER last_known_addr { host: "127.0.164.130" port: 44345 } } peers { permanent_uuid: "e6564c55cfbb4826bdcbd7b87a634671" member_type: VOTER last_known_addr { host: "127.0.164.131" port: 43701 } attrs { replace: true } } peers { permanent_uuid: "47d1decef9e64dd7b7c90e6e43ccfb92" member_type: NON_VOTER last_known_addr { host: "127.0.164.132" port: 41813 } attrs { promote: true } } }
I20260710 11:08:00.032562  1905 raft_consensus.cc:2955] T 54f85918e77c4e42868301e48b5be914 P e6564c55cfbb4826bdcbd7b87a634671 [term 1 FOLLOWER]: Committing config change with OpId 1.2: config changed from index -1 to 2, NON_VOTER 47d1decef9e64dd7b7c90e6e43ccfb92 (127.0.164.132) added. New config: { opid_index: 2 OBSOLETE_local: false peers { permanent_uuid: "2b74489a0ea9448e8eee63a3942e48a8" member_type: VOTER last_known_addr { host: "127.0.164.129" port: 39957 } } peers { permanent_uuid: "11865c9ee2504f199f86ab1f1bf8170e" member_type: VOTER last_known_addr { host: "127.0.164.130" port: 44345 } } peers { permanent_uuid: "e6564c55cfbb4826bdcbd7b87a634671" member_type: VOTER last_known_addr { host: "127.0.164.131" port: 43701 } attrs { replace: true } } peers { permanent_uuid: "47d1decef9e64dd7b7c90e6e43ccfb92" member_type: NON_VOTER last_known_addr { host: "127.0.164.132" port: 41813 } attrs { promote: true } } }
I20260710 11:08:00.052161  1654 catalog_manager.cc:5697] T 54f85918e77c4e42868301e48b5be914 P 2b74489a0ea9448e8eee63a3942e48a8 reported cstate change: config changed from index -1 to 2, NON_VOTER 47d1decef9e64dd7b7c90e6e43ccfb92 (127.0.164.132) added. New cstate: current_term: 1 leader_uuid: "2b74489a0ea9448e8eee63a3942e48a8" committed_config { opid_index: 2 OBSOLETE_local: false peers { permanent_uuid: "2b74489a0ea9448e8eee63a3942e48a8" member_type: VOTER last_known_addr { host: "127.0.164.129" port: 39957 } health_report { overall_health: HEALTHY } } peers { permanent_uuid: "11865c9ee2504f199f86ab1f1bf8170e" member_type: VOTER last_known_addr { host: "127.0.164.130" port: 44345 } health_report { overall_health: HEALTHY } } peers { permanent_uuid: "e6564c55cfbb4826bdcbd7b87a634671" member_type: VOTER last_known_addr { host: "127.0.164.131" port: 43701 } attrs { replace: true } health_report { overall_health: HEALTHY } } peers { permanent_uuid: "47d1decef9e64dd7b7c90e6e43ccfb92" member_type: NON_VOTER last_known_addr { host: "127.0.164.132" port: 41813 } attrs { promote: true } health_report { overall_health: UNKNOWN } } }
I20260710 11:08:00.375572  2444 ts_tablet_manager.cc:933] T 6769b8bd7ea34267b24d3e9b8eb35c82 P 47d1decef9e64dd7b7c90e6e43ccfb92: Initiating tablet copy from peer e6564c55cfbb4826bdcbd7b87a634671 (127.0.164.131:43701)
I20260710 11:08:00.377378  2444 tablet_copy_client.cc:323] T 6769b8bd7ea34267b24d3e9b8eb35c82 P 47d1decef9e64dd7b7c90e6e43ccfb92: tablet copy: Beginning tablet copy session from remote peer at address 127.0.164.131:43701
I20260710 11:08:00.378750  1919 tablet_copy_service.cc:140] P e6564c55cfbb4826bdcbd7b87a634671: Received BeginTabletCopySession request for tablet 6769b8bd7ea34267b24d3e9b8eb35c82 from peer 47d1decef9e64dd7b7c90e6e43ccfb92 ({username='slave'} at 127.0.0.1:38816)
I20260710 11:08:00.379207  1919 tablet_copy_service.cc:161] P e6564c55cfbb4826bdcbd7b87a634671: Beginning new tablet copy session on tablet 6769b8bd7ea34267b24d3e9b8eb35c82 from peer 47d1decef9e64dd7b7c90e6e43ccfb92 at {username='slave'} at 127.0.0.1:38816: session id = 47d1decef9e64dd7b7c90e6e43ccfb92-6769b8bd7ea34267b24d3e9b8eb35c82
I20260710 11:08:00.384061  1919 tablet_copy_source_session.cc:215] T 6769b8bd7ea34267b24d3e9b8eb35c82 P e6564c55cfbb4826bdcbd7b87a634671: Tablet Copy: opened 0 blocks and 1 log segments
I20260710 11:08:00.388084  2444 data_dirs.cc:400] Could only allocate 1 dirs of requested 3 for tablet 6769b8bd7ea34267b24d3e9b8eb35c82. 1 dirs total, 0 dirs full, 0 dirs failed
I20260710 11:08:00.403967  2444 tablet_copy_client.cc:806] T 6769b8bd7ea34267b24d3e9b8eb35c82 P 47d1decef9e64dd7b7c90e6e43ccfb92: tablet copy: Starting download of 0 data blocks...
I20260710 11:08:00.404635  2444 tablet_copy_client.cc:670] T 6769b8bd7ea34267b24d3e9b8eb35c82 P 47d1decef9e64dd7b7c90e6e43ccfb92: tablet copy: Starting download of 1 WAL segments...
I20260710 11:08:00.408829  2444 tablet_copy_client.cc:538] T 6769b8bd7ea34267b24d3e9b8eb35c82 P 47d1decef9e64dd7b7c90e6e43ccfb92: tablet copy: Tablet Copy complete. Replacing tablet superblock.
I20260710 11:08:00.415835  2444 tablet_bootstrap.cc:492] T 6769b8bd7ea34267b24d3e9b8eb35c82 P 47d1decef9e64dd7b7c90e6e43ccfb92: Bootstrap starting.
I20260710 11:08:00.447120  2444 tablet_bootstrap.cc:492] T 6769b8bd7ea34267b24d3e9b8eb35c82 P 47d1decef9e64dd7b7c90e6e43ccfb92: Bootstrap replayed 1/1 log segments. Stats: ops{read=2 overwritten=0 applied=2 ignored=0} inserts{seen=0 ignored=0} mutations{seen=0 ignored=0} orphaned_commits=0. Pending: 0 replicates
I20260710 11:08:00.447853  2444 tablet_bootstrap.cc:492] T 6769b8bd7ea34267b24d3e9b8eb35c82 P 47d1decef9e64dd7b7c90e6e43ccfb92: Bootstrap complete.
I20260710 11:08:00.448458  2444 ts_tablet_manager.cc:1403] T 6769b8bd7ea34267b24d3e9b8eb35c82 P 47d1decef9e64dd7b7c90e6e43ccfb92: Time spent bootstrapping tablet: real 0.033s	user 0.019s	sys 0.011s
I20260710 11:08:00.450703  2444 raft_consensus.cc:359] T 6769b8bd7ea34267b24d3e9b8eb35c82 P 47d1decef9e64dd7b7c90e6e43ccfb92 [term 1 LEARNER]: Replica starting. Triggering 0 pending ops. Active config: opid_index: 2 OBSOLETE_local: false peers { permanent_uuid: "2b74489a0ea9448e8eee63a3942e48a8" member_type: VOTER last_known_addr { host: "127.0.164.129" port: 39957 } attrs { replace: true } } peers { permanent_uuid: "11865c9ee2504f199f86ab1f1bf8170e" member_type: VOTER last_known_addr { host: "127.0.164.130" port: 44345 } } peers { permanent_uuid: "e6564c55cfbb4826bdcbd7b87a634671" member_type: VOTER last_known_addr { host: "127.0.164.131" port: 43701 } } peers { permanent_uuid: "47d1decef9e64dd7b7c90e6e43ccfb92" member_type: NON_VOTER last_known_addr { host: "127.0.164.132" port: 41813 } attrs { promote: true } }
I20260710 11:08:00.451385  2444 raft_consensus.cc:740] T 6769b8bd7ea34267b24d3e9b8eb35c82 P 47d1decef9e64dd7b7c90e6e43ccfb92 [term 1 LEARNER]: Becoming Follower/Learner. State: Replica: 47d1decef9e64dd7b7c90e6e43ccfb92, State: Initialized, Role: LEARNER
I20260710 11:08:00.451892  2444 consensus_queue.cc:260] T 6769b8bd7ea34267b24d3e9b8eb35c82 P 47d1decef9e64dd7b7c90e6e43ccfb92 [NON_LEADER]: Queue going to NON_LEADER mode. State: All replicated index: 0, Majority replicated index: 0, Committed index: 2, Last appended: 1.2, Last appended by leader: 2, Current term: 0, Majority size: -1, State: 0, Mode: NON_LEADER, active raft config: opid_index: 2 OBSOLETE_local: false peers { permanent_uuid: "2b74489a0ea9448e8eee63a3942e48a8" member_type: VOTER last_known_addr { host: "127.0.164.129" port: 39957 } attrs { replace: true } } peers { permanent_uuid: "11865c9ee2504f199f86ab1f1bf8170e" member_type: VOTER last_known_addr { host: "127.0.164.130" port: 44345 } } peers { permanent_uuid: "e6564c55cfbb4826bdcbd7b87a634671" member_type: VOTER last_known_addr { host: "127.0.164.131" port: 43701 } } peers { permanent_uuid: "47d1decef9e64dd7b7c90e6e43ccfb92" member_type: NON_VOTER last_known_addr { host: "127.0.164.132" port: 41813 } attrs { promote: true } }
I20260710 11:08:00.453847  2444 ts_tablet_manager.cc:1434] T 6769b8bd7ea34267b24d3e9b8eb35c82 P 47d1decef9e64dd7b7c90e6e43ccfb92: Time spent starting tablet: real 0.005s	user 0.002s	sys 0.003s
I20260710 11:08:00.455220  1919 tablet_copy_service.cc:342] P e6564c55cfbb4826bdcbd7b87a634671: Request end of tablet copy session 47d1decef9e64dd7b7c90e6e43ccfb92-6769b8bd7ea34267b24d3e9b8eb35c82 received from {username='slave'} at 127.0.0.1:38816
I20260710 11:08:00.455569  1919 tablet_copy_service.cc:434] P e6564c55cfbb4826bdcbd7b87a634671: ending tablet copy session 47d1decef9e64dd7b7c90e6e43ccfb92-6769b8bd7ea34267b24d3e9b8eb35c82 on tablet 6769b8bd7ea34267b24d3e9b8eb35c82 with peer 47d1decef9e64dd7b7c90e6e43ccfb92
I20260710 11:08:00.463622  2190 raft_consensus.cc:1217] T bbe0282a6af54356a5900b8892f0a39e P 47d1decef9e64dd7b7c90e6e43ccfb92 [term 1 LEARNER]: Deduplicated request from leader. Original: 1.1->[1.2-1.2]   Dedup: 1.2->[]
I20260710 11:08:00.488260  2444 ts_tablet_manager.cc:933] T 54f85918e77c4e42868301e48b5be914 P 47d1decef9e64dd7b7c90e6e43ccfb92: Initiating tablet copy from peer 2b74489a0ea9448e8eee63a3942e48a8 (127.0.164.129:39957)
I20260710 11:08:00.490263  2444 tablet_copy_client.cc:323] T 54f85918e77c4e42868301e48b5be914 P 47d1decef9e64dd7b7c90e6e43ccfb92: tablet copy: Beginning tablet copy session from remote peer at address 127.0.164.129:39957
I20260710 11:08:00.491719  1770 tablet_copy_service.cc:140] P 2b74489a0ea9448e8eee63a3942e48a8: Received BeginTabletCopySession request for tablet 54f85918e77c4e42868301e48b5be914 from peer 47d1decef9e64dd7b7c90e6e43ccfb92 ({username='slave'} at 127.0.0.1:45254)
I20260710 11:08:00.492136  1770 tablet_copy_service.cc:161] P 2b74489a0ea9448e8eee63a3942e48a8: Beginning new tablet copy session on tablet 54f85918e77c4e42868301e48b5be914 from peer 47d1decef9e64dd7b7c90e6e43ccfb92 at {username='slave'} at 127.0.0.1:45254: session id = 47d1decef9e64dd7b7c90e6e43ccfb92-54f85918e77c4e42868301e48b5be914
I20260710 11:08:00.496857  1770 tablet_copy_source_session.cc:215] T 54f85918e77c4e42868301e48b5be914 P 2b74489a0ea9448e8eee63a3942e48a8: Tablet Copy: opened 0 blocks and 1 log segments
I20260710 11:08:00.499241  2444 data_dirs.cc:400] Could only allocate 1 dirs of requested 3 for tablet 54f85918e77c4e42868301e48b5be914. 1 dirs total, 0 dirs full, 0 dirs failed
I20260710 11:08:00.508548  2462 ts_tablet_manager.cc:933] T 069f382461494094886bbc1127d8e634 P 47d1decef9e64dd7b7c90e6e43ccfb92: Initiating tablet copy from peer e6564c55cfbb4826bdcbd7b87a634671 (127.0.164.131:43701)
I20260710 11:08:00.510265  2462 tablet_copy_client.cc:323] T 069f382461494094886bbc1127d8e634 P 47d1decef9e64dd7b7c90e6e43ccfb92: tablet copy: Beginning tablet copy session from remote peer at address 127.0.164.131:43701
I20260710 11:08:00.511206  2444 tablet_copy_client.cc:806] T 54f85918e77c4e42868301e48b5be914 P 47d1decef9e64dd7b7c90e6e43ccfb92: tablet copy: Starting download of 0 data blocks...
I20260710 11:08:00.511755  2444 tablet_copy_client.cc:670] T 54f85918e77c4e42868301e48b5be914 P 47d1decef9e64dd7b7c90e6e43ccfb92: tablet copy: Starting download of 1 WAL segments...
I20260710 11:08:00.511837  1919 tablet_copy_service.cc:140] P e6564c55cfbb4826bdcbd7b87a634671: Received BeginTabletCopySession request for tablet 069f382461494094886bbc1127d8e634 from peer 47d1decef9e64dd7b7c90e6e43ccfb92 ({username='slave'} at 127.0.0.1:38816)
I20260710 11:08:00.512403  1919 tablet_copy_service.cc:161] P e6564c55cfbb4826bdcbd7b87a634671: Beginning new tablet copy session on tablet 069f382461494094886bbc1127d8e634 from peer 47d1decef9e64dd7b7c90e6e43ccfb92 at {username='slave'} at 127.0.0.1:38816: session id = 47d1decef9e64dd7b7c90e6e43ccfb92-069f382461494094886bbc1127d8e634
I20260710 11:08:00.515882  2444 tablet_copy_client.cc:538] T 54f85918e77c4e42868301e48b5be914 P 47d1decef9e64dd7b7c90e6e43ccfb92: tablet copy: Tablet Copy complete. Replacing tablet superblock.
I20260710 11:08:00.519237  1919 tablet_copy_source_session.cc:215] T 069f382461494094886bbc1127d8e634 P e6564c55cfbb4826bdcbd7b87a634671: Tablet Copy: opened 0 blocks and 1 log segments
I20260710 11:08:00.520936  2444 tablet_bootstrap.cc:492] T 54f85918e77c4e42868301e48b5be914 P 47d1decef9e64dd7b7c90e6e43ccfb92: Bootstrap starting.
I20260710 11:08:00.522063  2462 data_dirs.cc:400] Could only allocate 1 dirs of requested 3 for tablet 069f382461494094886bbc1127d8e634. 1 dirs total, 0 dirs full, 0 dirs failed
W20260710 11:08:00.534704  1930 debug-util.cc:398] Leaking SignalData structure 0x7b08000844a0 after lost signal to thread 661
W20260710 11:08:00.535696  1930 debug-util.cc:398] Leaking SignalData structure 0x7b08001521e0 after lost signal to thread 1692
I20260710 11:08:00.536753  2462 tablet_copy_client.cc:806] T 069f382461494094886bbc1127d8e634 P 47d1decef9e64dd7b7c90e6e43ccfb92: tablet copy: Starting download of 0 data blocks...
W20260710 11:08:00.536777  1930 debug-util.cc:398] Leaking SignalData structure 0x7b0800242780 after lost signal to thread 1784
