I20260710 11:07:47.064284 11755 consensus_queue.cc:260] T ee22fbf1c93948d0a844a26997801144 P a405d48c69cc444fb35be9f5fa870f99 [NON_LEADER]: Queue going to NON_LEADER mode. State: All replicated index: 0, Majority replicated index: 0, Committed index: 0, Last appended: 0.0, Last appended by leader: 0, Current term: 0, Majority size: -1, State: 0, Mode: NON_LEADER, active raft config: opid_index: -1 OBSOLETE_local: false peers { permanent_uuid: "5a98d7ef318e41238feff8f431e81cbb" member_type: VOTER last_known_addr { host: "127.10.55.1" port: 45241 } } peers { permanent_uuid: "afb2ba4ab07545438042dcda972212e9" member_type: VOTER last_known_addr { host: "127.10.55.2" port: 44247 } } peers { permanent_uuid: "a405d48c69cc444fb35be9f5fa870f99" member_type: VOTER last_known_addr { host: "127.10.55.3" port: 37955 } }
I20260710 11:07:47.065308 11757 ts_tablet_manager.cc:1434] T 5d498da1d8b44e8a93908186bdc9a062 P afb2ba4ab07545438042dcda972212e9: Time spent starting tablet: real 0.016s	user 0.007s	sys 0.000s
I20260710 11:07:47.065269 11791 raft_consensus.cc:2749] T 9bc80c5435a1434782ea4de7a06dfe80 P a405d48c69cc444fb35be9f5fa870f99 [term 0 FOLLOWER]: Leader pre-election lost for term 1. Reason: could not achieve majority
I20260710 11:07:47.066282 11757 tablet_bootstrap.cc:492] T 79b6330c761b4b92a09ae2140495ccf5 P afb2ba4ab07545438042dcda972212e9: Bootstrap starting.
I20260710 11:07:47.067889 11765 raft_consensus.cc:493] T ee22fbf1c93948d0a844a26997801144 P 5a98d7ef318e41238feff8f431e81cbb [term 0 FOLLOWER]: Starting pre-election (no leader contacted us within the election timeout)
I20260710 11:07:47.068341 11765 raft_consensus.cc:515] T ee22fbf1c93948d0a844a26997801144 P 5a98d7ef318e41238feff8f431e81cbb [term 0 FOLLOWER]: Starting pre-election with config: opid_index: -1 OBSOLETE_local: false peers { permanent_uuid: "5a98d7ef318e41238feff8f431e81cbb" member_type: VOTER last_known_addr { host: "127.10.55.1" port: 45241 } } peers { permanent_uuid: "afb2ba4ab07545438042dcda972212e9" member_type: VOTER last_known_addr { host: "127.10.55.2" port: 44247 } } peers { permanent_uuid: "a405d48c69cc444fb35be9f5fa870f99" member_type: VOTER last_known_addr { host: "127.10.55.3" port: 37955 } }
I20260710 11:07:47.070178 11765 leader_election.cc:290] T ee22fbf1c93948d0a844a26997801144 P 5a98d7ef318e41238feff8f431e81cbb [CANDIDATE]: Term 1 pre-election: Requested pre-vote from peers afb2ba4ab07545438042dcda972212e9 (127.10.55.2:44247), a405d48c69cc444fb35be9f5fa870f99 (127.10.55.3:37955)
I20260710 11:07:47.062937 11712 tablet_service.cc:1917] Received RequestConsensusVote() RPC: tablet_id: "7550fc85a423482586334456fb2e050c" candidate_uuid: "5a98d7ef318e41238feff8f431e81cbb" candidate_term: 1 candidate_status { last_received { term: 0 index: 0 } } ignore_live_leader: false dest_uuid: "a405d48c69cc444fb35be9f5fa870f99"
I20260710 11:07:47.071393 11712 raft_consensus.cc:3060] T 7550fc85a423482586334456fb2e050c P a405d48c69cc444fb35be9f5fa870f99 [term 0 FOLLOWER]: Advancing to term 1
I20260710 11:07:47.071691 11757 tablet_bootstrap.cc:654] T 79b6330c761b4b92a09ae2140495ccf5 P afb2ba4ab07545438042dcda972212e9: Neither blocks nor log segments found. Creating new log.
I20260710 11:07:47.074753 11755 ts_tablet_manager.cc:1434] T ee22fbf1c93948d0a844a26997801144 P a405d48c69cc444fb35be9f5fa870f99: Time spent starting tablet: real 0.017s	user 0.002s	sys 0.004s
I20260710 11:07:47.085489 11639 tablet_service.cc:1917] Received RequestConsensusVote() RPC: tablet_id: "ee22fbf1c93948d0a844a26997801144" candidate_uuid: "5a98d7ef318e41238feff8f431e81cbb" candidate_term: 1 candidate_status { last_received { term: 0 index: 0 } } ignore_live_leader: false dest_uuid: "afb2ba4ab07545438042dcda972212e9" is_pre_election: true
I20260710 11:07:47.086139 11639 raft_consensus.cc:2468] T ee22fbf1c93948d0a844a26997801144 P afb2ba4ab07545438042dcda972212e9 [term 0 FOLLOWER]: Leader pre-election vote request: Granting yes vote for candidate 5a98d7ef318e41238feff8f431e81cbb in term 0.
I20260710 11:07:47.087881 11755 tablet_bootstrap.cc:492] T 7750a38e8b4c4a83a5e7aa0574ea8f76 P a405d48c69cc444fb35be9f5fa870f99: Bootstrap starting.
I20260710 11:07:47.092809 11714 tablet_service.cc:1917] Received RequestConsensusVote() RPC: tablet_id: "ee22fbf1c93948d0a844a26997801144" candidate_uuid: "5a98d7ef318e41238feff8f431e81cbb" candidate_term: 1 candidate_status { last_received { term: 0 index: 0 } } ignore_live_leader: false dest_uuid: "a405d48c69cc444fb35be9f5fa870f99" is_pre_election: true
I20260710 11:07:47.093694 11714 raft_consensus.cc:2468] T ee22fbf1c93948d0a844a26997801144 P a405d48c69cc444fb35be9f5fa870f99 [term 0 FOLLOWER]: Leader pre-election vote request: Granting yes vote for candidate 5a98d7ef318e41238feff8f431e81cbb in term 0.
I20260710 11:07:47.101707 11755 tablet_bootstrap.cc:654] T 7750a38e8b4c4a83a5e7aa0574ea8f76 P a405d48c69cc444fb35be9f5fa870f99: Neither blocks nor log segments found. Creating new log.
I20260710 11:07:47.109015 11640 raft_consensus.cc:2468] T 7550fc85a423482586334456fb2e050c P afb2ba4ab07545438042dcda972212e9 [term 1 FOLLOWER]: Leader election vote request: Granting yes vote for candidate 5a98d7ef318e41238feff8f431e81cbb in term 1.
I20260710 11:07:47.107756 11530 leader_election.cc:304] T ee22fbf1c93948d0a844a26997801144 P 5a98d7ef318e41238feff8f431e81cbb [CANDIDATE]: Term 1 pre-election: Election decided. Result: candidate won. Election summary: received 2 responses out of 3 voters: 2 yes votes; 0 no votes. yes voters: 5a98d7ef318e41238feff8f431e81cbb, afb2ba4ab07545438042dcda972212e9; no voters: 
I20260710 11:07:47.116451 11797 raft_consensus.cc:2804] T ee22fbf1c93948d0a844a26997801144 P 5a98d7ef318e41238feff8f431e81cbb [term 0 FOLLOWER]: Leader pre-election won for term 1
I20260710 11:07:47.116925 11797 raft_consensus.cc:493] T ee22fbf1c93948d0a844a26997801144 P 5a98d7ef318e41238feff8f431e81cbb [term 0 FOLLOWER]: Starting leader election (no leader contacted us within the election timeout)
I20260710 11:07:47.117211 11755 tablet_bootstrap.cc:492] T 7750a38e8b4c4a83a5e7aa0574ea8f76 P a405d48c69cc444fb35be9f5fa870f99: No bootstrap required, opened a new log
I20260710 11:07:47.117337 11797 raft_consensus.cc:3060] T ee22fbf1c93948d0a844a26997801144 P 5a98d7ef318e41238feff8f431e81cbb [term 0 FOLLOWER]: Advancing to term 1
I20260710 11:07:47.118652 11755 ts_tablet_manager.cc:1403] T 7750a38e8b4c4a83a5e7aa0574ea8f76 P a405d48c69cc444fb35be9f5fa870f99: Time spent bootstrapping tablet: real 0.031s	user 0.017s	sys 0.003s
I20260710 11:07:47.122377 11755 raft_consensus.cc:359] T 7750a38e8b4c4a83a5e7aa0574ea8f76 P a405d48c69cc444fb35be9f5fa870f99 [term 0 FOLLOWER]: Replica starting. Triggering 0 pending ops. Active config: opid_index: -1 OBSOLETE_local: false peers { permanent_uuid: "5a98d7ef318e41238feff8f431e81cbb" member_type: VOTER last_known_addr { host: "127.10.55.1" port: 45241 } } peers { permanent_uuid: "afb2ba4ab07545438042dcda972212e9" member_type: VOTER last_known_addr { host: "127.10.55.2" port: 44247 } } peers { permanent_uuid: "a405d48c69cc444fb35be9f5fa870f99" member_type: VOTER last_known_addr { host: "127.10.55.3" port: 37955 } }
I20260710 11:07:47.123744 11755 raft_consensus.cc:385] T 7750a38e8b4c4a83a5e7aa0574ea8f76 P a405d48c69cc444fb35be9f5fa870f99 [term 0 FOLLOWER]: Consensus starting up: Expiring failure detector timer to make a prompt election more likely
I20260710 11:07:47.124173 11755 raft_consensus.cc:740] T 7750a38e8b4c4a83a5e7aa0574ea8f76 P a405d48c69cc444fb35be9f5fa870f99 [term 0 FOLLOWER]: Becoming Follower/Learner. State: Replica: a405d48c69cc444fb35be9f5fa870f99, State: Initialized, Role: FOLLOWER
I20260710 11:07:47.125659 11755 consensus_queue.cc:260] T 7750a38e8b4c4a83a5e7aa0574ea8f76 P a405d48c69cc444fb35be9f5fa870f99 [NON_LEADER]: Queue going to NON_LEADER mode. State: All replicated index: 0, Majority replicated index: 0, Committed index: 0, Last appended: 0.0, Last appended by leader: 0, Current term: 0, Majority size: -1, State: 0, Mode: NON_LEADER, active raft config: opid_index: -1 OBSOLETE_local: false peers { permanent_uuid: "5a98d7ef318e41238feff8f431e81cbb" member_type: VOTER last_known_addr { host: "127.10.55.1" port: 45241 } } peers { permanent_uuid: "afb2ba4ab07545438042dcda972212e9" member_type: VOTER last_known_addr { host: "127.10.55.2" port: 44247 } } peers { permanent_uuid: "a405d48c69cc444fb35be9f5fa870f99" member_type: VOTER last_known_addr { host: "127.10.55.3" port: 37955 } }
I20260710 11:07:47.129882 11797 raft_consensus.cc:515] T ee22fbf1c93948d0a844a26997801144 P 5a98d7ef318e41238feff8f431e81cbb [term 1 FOLLOWER]: Starting leader election with config: opid_index: -1 OBSOLETE_local: false peers { permanent_uuid: "5a98d7ef318e41238feff8f431e81cbb" member_type: VOTER last_known_addr { host: "127.10.55.1" port: 45241 } } peers { permanent_uuid: "afb2ba4ab07545438042dcda972212e9" member_type: VOTER last_known_addr { host: "127.10.55.2" port: 44247 } } peers { permanent_uuid: "a405d48c69cc444fb35be9f5fa870f99" member_type: VOTER last_known_addr { host: "127.10.55.3" port: 37955 } }
I20260710 11:07:47.133580 11639 tablet_service.cc:1917] Received RequestConsensusVote() RPC: tablet_id: "ee22fbf1c93948d0a844a26997801144" candidate_uuid: "5a98d7ef318e41238feff8f431e81cbb" candidate_term: 1 candidate_status { last_received { term: 0 index: 0 } } ignore_live_leader: false dest_uuid: "afb2ba4ab07545438042dcda972212e9"
I20260710 11:07:47.134101 11639 raft_consensus.cc:3060] T ee22fbf1c93948d0a844a26997801144 P afb2ba4ab07545438042dcda972212e9 [term 0 FOLLOWER]: Advancing to term 1
I20260710 11:07:47.135493 11530 leader_election.cc:304] T 7550fc85a423482586334456fb2e050c P 5a98d7ef318e41238feff8f431e81cbb [CANDIDATE]: Term 1 election: Election decided. Result: candidate won. Election summary: received 2 responses out of 3 voters: 2 yes votes; 0 no votes. yes voters: 5a98d7ef318e41238feff8f431e81cbb, afb2ba4ab07545438042dcda972212e9; no voters: 
I20260710 11:07:47.103152 11464 catalog_manager.cc:5697] T 2dc8632212474952803a49460ab73c8c P 5a98d7ef318e41238feff8f431e81cbb reported cstate change: term changed from 0 to 1, leader changed from <none> to 5a98d7ef318e41238feff8f431e81cbb (127.10.55.1). New cstate: current_term: 1 leader_uuid: "5a98d7ef318e41238feff8f431e81cbb" committed_config { opid_index: -1 OBSOLETE_local: false peers { permanent_uuid: "5a98d7ef318e41238feff8f431e81cbb" member_type: VOTER last_known_addr { host: "127.10.55.1" port: 45241 } health_report { overall_health: HEALTHY } } peers { permanent_uuid: "afb2ba4ab07545438042dcda972212e9" member_type: VOTER last_known_addr { host: "127.10.55.2" port: 44247 } health_report { overall_health: UNKNOWN } } peers { permanent_uuid: "a405d48c69cc444fb35be9f5fa870f99" member_type: VOTER last_known_addr { host: "127.10.55.3" port: 37955 } health_report { overall_health: UNKNOWN } } }
I20260710 11:07:47.138506 11797 leader_election.cc:290] T ee22fbf1c93948d0a844a26997801144 P 5a98d7ef318e41238feff8f431e81cbb [CANDIDATE]: Term 1 election: Requested vote from peers afb2ba4ab07545438042dcda972212e9 (127.10.55.2:44247), a405d48c69cc444fb35be9f5fa870f99 (127.10.55.3:37955)
I20260710 11:07:47.139022 11797 raft_consensus.cc:2804] T 7550fc85a423482586334456fb2e050c P 5a98d7ef318e41238feff8f431e81cbb [term 1 FOLLOWER]: Leader election won for term 1
I20260710 11:07:47.115954 11712 raft_consensus.cc:2468] T 7550fc85a423482586334456fb2e050c P a405d48c69cc444fb35be9f5fa870f99 [term 1 FOLLOWER]: Leader election vote request: Granting yes vote for candidate 5a98d7ef318e41238feff8f431e81cbb in term 1.
I20260710 11:07:47.140425 11714 tablet_service.cc:1917] Received RequestConsensusVote() RPC: tablet_id: "ee22fbf1c93948d0a844a26997801144" candidate_uuid: "5a98d7ef318e41238feff8f431e81cbb" candidate_term: 1 candidate_status { last_received { term: 0 index: 0 } } ignore_live_leader: false dest_uuid: "a405d48c69cc444fb35be9f5fa870f99"
I20260710 11:07:47.140990 11714 raft_consensus.cc:3060] T ee22fbf1c93948d0a844a26997801144 P a405d48c69cc444fb35be9f5fa870f99 [term 0 FOLLOWER]: Advancing to term 1
I20260710 11:07:47.144083 11755 ts_tablet_manager.cc:1434] T 7750a38e8b4c4a83a5e7aa0574ea8f76 P a405d48c69cc444fb35be9f5fa870f99: Time spent starting tablet: real 0.025s	user 0.004s	sys 0.003s
I20260710 11:07:47.147645 11714 raft_consensus.cc:2468] T ee22fbf1c93948d0a844a26997801144 P a405d48c69cc444fb35be9f5fa870f99 [term 1 FOLLOWER]: Leader election vote request: Granting yes vote for candidate 5a98d7ef318e41238feff8f431e81cbb in term 1.
I20260710 11:07:47.140405 11639 raft_consensus.cc:2468] T ee22fbf1c93948d0a844a26997801144 P afb2ba4ab07545438042dcda972212e9 [term 1 FOLLOWER]: Leader election vote request: Granting yes vote for candidate 5a98d7ef318e41238feff8f431e81cbb in term 1.
I20260710 11:07:47.154877 11755 tablet_bootstrap.cc:492] T 2dc8632212474952803a49460ab73c8c P a405d48c69cc444fb35be9f5fa870f99: Bootstrap starting.
I20260710 11:07:47.156814 11530 leader_election.cc:304] T ee22fbf1c93948d0a844a26997801144 P 5a98d7ef318e41238feff8f431e81cbb [CANDIDATE]: Term 1 election: Election decided. Result: candidate won. Election summary: received 2 responses out of 3 voters: 2 yes votes; 0 no votes. yes voters: 5a98d7ef318e41238feff8f431e81cbb, afb2ba4ab07545438042dcda972212e9; no voters: 
I20260710 11:07:47.158408 11765 raft_consensus.cc:2804] T ee22fbf1c93948d0a844a26997801144 P 5a98d7ef318e41238feff8f431e81cbb [term 1 FOLLOWER]: Leader election won for term 1
I20260710 11:07:47.159035 11765 raft_consensus.cc:697] T ee22fbf1c93948d0a844a26997801144 P 5a98d7ef318e41238feff8f431e81cbb [term 1 LEADER]: Becoming Leader. State: Replica: 5a98d7ef318e41238feff8f431e81cbb, State: Running, Role: LEADER
I20260710 11:07:47.160055 11765 consensus_queue.cc:237] T ee22fbf1c93948d0a844a26997801144 P 5a98d7ef318e41238feff8f431e81cbb [LEADER]: Queue going to LEADER mode. State: All replicated index: 0, Majority replicated index: 0, Committed index: 0, Last appended: 0.0, Last appended by leader: 0, Current term: 1, Majority size: 2, State: 0, Mode: LEADER, active raft config: opid_index: -1 OBSOLETE_local: false peers { permanent_uuid: "5a98d7ef318e41238feff8f431e81cbb" member_type: VOTER last_known_addr { host: "127.10.55.1" port: 45241 } } peers { permanent_uuid: "afb2ba4ab07545438042dcda972212e9" member_type: VOTER last_known_addr { host: "127.10.55.2" port: 44247 } } peers { permanent_uuid: "a405d48c69cc444fb35be9f5fa870f99" member_type: VOTER last_known_addr { host: "127.10.55.3" port: 37955 } }
I20260710 11:07:47.169517 11755 tablet_bootstrap.cc:654] T 2dc8632212474952803a49460ab73c8c P a405d48c69cc444fb35be9f5fa870f99: Neither blocks nor log segments found. Creating new log.
I20260710 11:07:47.175410 11797 raft_consensus.cc:697] T 7550fc85a423482586334456fb2e050c P 5a98d7ef318e41238feff8f431e81cbb [term 1 LEADER]: Becoming Leader. State: Replica: 5a98d7ef318e41238feff8f431e81cbb, State: Running, Role: LEADER
I20260710 11:07:47.177489 11797 consensus_queue.cc:237] T 7550fc85a423482586334456fb2e050c P 5a98d7ef318e41238feff8f431e81cbb [LEADER]: Queue going to LEADER mode. State: All replicated index: 0, Majority replicated index: 0, Committed index: 0, Last appended: 0.0, Last appended by leader: 0, Current term: 1, Majority size: 2, State: 0, Mode: LEADER, active raft config: opid_index: -1 OBSOLETE_local: false peers { permanent_uuid: "5a98d7ef318e41238feff8f431e81cbb" member_type: VOTER last_known_addr { host: "127.10.55.1" port: 45241 } } peers { permanent_uuid: "afb2ba4ab07545438042dcda972212e9" member_type: VOTER last_known_addr { host: "127.10.55.2" port: 44247 } } peers { permanent_uuid: "a405d48c69cc444fb35be9f5fa870f99" member_type: VOTER last_known_addr { host: "127.10.55.3" port: 37955 } }
I20260710 11:07:47.183687 11755 tablet_bootstrap.cc:492] T 2dc8632212474952803a49460ab73c8c P a405d48c69cc444fb35be9f5fa870f99: No bootstrap required, opened a new log
I20260710 11:07:47.184391 11755 ts_tablet_manager.cc:1403] T 2dc8632212474952803a49460ab73c8c P a405d48c69cc444fb35be9f5fa870f99: Time spent bootstrapping tablet: real 0.030s	user 0.012s	sys 0.008s
I20260710 11:07:47.189296 11757 tablet_bootstrap.cc:492] T 79b6330c761b4b92a09ae2140495ccf5 P afb2ba4ab07545438042dcda972212e9: No bootstrap required, opened a new log
I20260710 11:07:47.189720 11757 ts_tablet_manager.cc:1403] T 79b6330c761b4b92a09ae2140495ccf5 P afb2ba4ab07545438042dcda972212e9: Time spent bootstrapping tablet: real 0.124s	user 0.050s	sys 0.071s
I20260710 11:07:47.189879 11758 tablet_bootstrap.cc:492] T 7750a38e8b4c4a83a5e7aa0574ea8f76 P 5a98d7ef318e41238feff8f431e81cbb: No bootstrap required, opened a new log
I20260710 11:07:47.190382 11758 ts_tablet_manager.cc:1403] T 7750a38e8b4c4a83a5e7aa0574ea8f76 P 5a98d7ef318e41238feff8f431e81cbb: Time spent bootstrapping tablet: real 0.136s	user 0.064s	sys 0.046s
I20260710 11:07:47.189733 11755 raft_consensus.cc:359] T 2dc8632212474952803a49460ab73c8c P a405d48c69cc444fb35be9f5fa870f99 [term 0 FOLLOWER]: Replica starting. Triggering 0 pending ops. Active config: opid_index: -1 OBSOLETE_local: false peers { permanent_uuid: "5a98d7ef318e41238feff8f431e81cbb" member_type: VOTER last_known_addr { host: "127.10.55.1" port: 45241 } } peers { permanent_uuid: "afb2ba4ab07545438042dcda972212e9" member_type: VOTER last_known_addr { host: "127.10.55.2" port: 44247 } } peers { permanent_uuid: "a405d48c69cc444fb35be9f5fa870f99" member_type: VOTER last_known_addr { host: "127.10.55.3" port: 37955 } }
I20260710 11:07:47.190901 11755 raft_consensus.cc:385] T 2dc8632212474952803a49460ab73c8c P a405d48c69cc444fb35be9f5fa870f99 [term 0 FOLLOWER]: Consensus starting up: Expiring failure detector timer to make a prompt election more likely
I20260710 11:07:47.191243 11755 raft_consensus.cc:740] T 2dc8632212474952803a49460ab73c8c P a405d48c69cc444fb35be9f5fa870f99 [term 0 FOLLOWER]: Becoming Follower/Learner. State: Replica: a405d48c69cc444fb35be9f5fa870f99, State: Initialized, Role: FOLLOWER
I20260710 11:07:47.192312 11757 raft_consensus.cc:359] T 79b6330c761b4b92a09ae2140495ccf5 P afb2ba4ab07545438042dcda972212e9 [term 0 FOLLOWER]: Replica starting. Triggering 0 pending ops. Active config: opid_index: -1 OBSOLETE_local: false peers { permanent_uuid: "5a98d7ef318e41238feff8f431e81cbb" member_type: VOTER last_known_addr { host: "127.10.55.1" port: 45241 } } peers { permanent_uuid: "afb2ba4ab07545438042dcda972212e9" member_type: VOTER last_known_addr { host: "127.10.55.2" port: 44247 } } peers { permanent_uuid: "a405d48c69cc444fb35be9f5fa870f99" member_type: VOTER last_known_addr { host: "127.10.55.3" port: 37955 } }
I20260710 11:07:47.192065 11755 consensus_queue.cc:260] T 2dc8632212474952803a49460ab73c8c P a405d48c69cc444fb35be9f5fa870f99 [NON_LEADER]: Queue going to NON_LEADER mode. State: All replicated index: 0, Majority replicated index: 0, Committed index: 0, Last appended: 0.0, Last appended by leader: 0, Current term: 0, Majority size: -1, State: 0, Mode: NON_LEADER, active raft config: opid_index: -1 OBSOLETE_local: false peers { permanent_uuid: "5a98d7ef318e41238feff8f431e81cbb" member_type: VOTER last_known_addr { host: "127.10.55.1" port: 45241 } } peers { permanent_uuid: "afb2ba4ab07545438042dcda972212e9" member_type: VOTER last_known_addr { host: "127.10.55.2" port: 44247 } } peers { permanent_uuid: "a405d48c69cc444fb35be9f5fa870f99" member_type: VOTER last_known_addr { host: "127.10.55.3" port: 37955 } }
I20260710 11:07:47.192945 11757 raft_consensus.cc:385] T 79b6330c761b4b92a09ae2140495ccf5 P afb2ba4ab07545438042dcda972212e9 [term 0 FOLLOWER]: Consensus starting up: Expiring failure detector timer to make a prompt election more likely
I20260710 11:07:47.192771 11758 raft_consensus.cc:359] T 7750a38e8b4c4a83a5e7aa0574ea8f76 P 5a98d7ef318e41238feff8f431e81cbb [term 0 FOLLOWER]: Replica starting. Triggering 0 pending ops. Active config: opid_index: -1 OBSOLETE_local: false peers { permanent_uuid: "5a98d7ef318e41238feff8f431e81cbb" member_type: VOTER last_known_addr { host: "127.10.55.1" port: 45241 } } peers { permanent_uuid: "afb2ba4ab07545438042dcda972212e9" member_type: VOTER last_known_addr { host: "127.10.55.2" port: 44247 } } peers { permanent_uuid: "a405d48c69cc444fb35be9f5fa870f99" member_type: VOTER last_known_addr { host: "127.10.55.3" port: 37955 } }
I20260710 11:07:47.193233 11757 raft_consensus.cc:740] T 79b6330c761b4b92a09ae2140495ccf5 P afb2ba4ab07545438042dcda972212e9 [term 0 FOLLOWER]: Becoming Follower/Learner. State: Replica: afb2ba4ab07545438042dcda972212e9, State: Initialized, Role: FOLLOWER
I20260710 11:07:47.193401 11758 raft_consensus.cc:385] T 7750a38e8b4c4a83a5e7aa0574ea8f76 P 5a98d7ef318e41238feff8f431e81cbb [term 0 FOLLOWER]: Consensus starting up: Expiring failure detector timer to make a prompt election more likely
I20260710 11:07:47.193666 11758 raft_consensus.cc:740] T 7750a38e8b4c4a83a5e7aa0574ea8f76 P 5a98d7ef318e41238feff8f431e81cbb [term 0 FOLLOWER]: Becoming Follower/Learner. State: Replica: 5a98d7ef318e41238feff8f431e81cbb, State: Initialized, Role: FOLLOWER
I20260710 11:07:47.193975 11757 consensus_queue.cc:260] T 79b6330c761b4b92a09ae2140495ccf5 P afb2ba4ab07545438042dcda972212e9 [NON_LEADER]: Queue going to NON_LEADER mode. State: All replicated index: 0, Majority replicated index: 0, Committed index: 0, Last appended: 0.0, Last appended by leader: 0, Current term: 0, Majority size: -1, State: 0, Mode: NON_LEADER, active raft config: opid_index: -1 OBSOLETE_local: false peers { permanent_uuid: "5a98d7ef318e41238feff8f431e81cbb" member_type: VOTER last_known_addr { host: "127.10.55.1" port: 45241 } } peers { permanent_uuid: "afb2ba4ab07545438042dcda972212e9" member_type: VOTER last_known_addr { host: "127.10.55.2" port: 44247 } } peers { permanent_uuid: "a405d48c69cc444fb35be9f5fa870f99" member_type: VOTER last_known_addr { host: "127.10.55.3" port: 37955 } }
I20260710 11:07:47.194366 11758 consensus_queue.cc:260] T 7750a38e8b4c4a83a5e7aa0574ea8f76 P 5a98d7ef318e41238feff8f431e81cbb [NON_LEADER]: Queue going to NON_LEADER mode. State: All replicated index: 0, Majority replicated index: 0, Committed index: 0, Last appended: 0.0, Last appended by leader: 0, Current term: 0, Majority size: -1, State: 0, Mode: NON_LEADER, active raft config: opid_index: -1 OBSOLETE_local: false peers { permanent_uuid: "5a98d7ef318e41238feff8f431e81cbb" member_type: VOTER last_known_addr { host: "127.10.55.1" port: 45241 } } peers { permanent_uuid: "afb2ba4ab07545438042dcda972212e9" member_type: VOTER last_known_addr { host: "127.10.55.2" port: 44247 } } peers { permanent_uuid: "a405d48c69cc444fb35be9f5fa870f99" member_type: VOTER last_known_addr { host: "127.10.55.3" port: 37955 } }
I20260710 11:07:47.198007 11758 ts_tablet_manager.cc:1434] T 7750a38e8b4c4a83a5e7aa0574ea8f76 P 5a98d7ef318e41238feff8f431e81cbb: Time spent starting tablet: real 0.006s	user 0.006s	sys 0.001s
I20260710 11:07:47.198855 11758 tablet_bootstrap.cc:492] T 5d498da1d8b44e8a93908186bdc9a062 P 5a98d7ef318e41238feff8f431e81cbb: Bootstrap starting.
I20260710 11:07:47.200412 11765 consensus_queue.cc:1048] T b1a40a510f434f75bf09248809bb3a4d P 5a98d7ef318e41238feff8f431e81cbb [LEADER]: Connected to new peer: Peer: permanent_uuid: "afb2ba4ab07545438042dcda972212e9" member_type: VOTER last_known_addr { host: "127.10.55.2" port: 44247 }, Status: LMP_MISMATCH, Last received: 0.0, Next index: 1, Last known committed idx: 0, Time since last communication: 0.000s
I20260710 11:07:47.205147 11758 tablet_bootstrap.cc:654] T 5d498da1d8b44e8a93908186bdc9a062 P 5a98d7ef318e41238feff8f431e81cbb: Neither blocks nor log segments found. Creating new log.
I20260710 11:07:47.211887 11757 ts_tablet_manager.cc:1434] T 79b6330c761b4b92a09ae2140495ccf5 P afb2ba4ab07545438042dcda972212e9: Time spent starting tablet: real 0.022s	user 0.006s	sys 0.000s
I20260710 11:07:47.213068 11757 tablet_bootstrap.cc:492] T 7750a38e8b4c4a83a5e7aa0574ea8f76 P afb2ba4ab07545438042dcda972212e9: Bootstrap starting.
W20260710 11:07:47.229468 11680 consensus_peers.cc:597] T 5bf7a7f55bb241038de7bb4c867efda9 P a405d48c69cc444fb35be9f5fa870f99 -> Peer 5a98d7ef318e41238feff8f431e81cbb (127.10.55.1:45241): Couldn't send request to peer 5a98d7ef318e41238feff8f431e81cbb. Error code: TABLET_NOT_RUNNING (12). Status: Illegal state: Tablet not RUNNING: INITIALIZED. This is attempt 1: this message will repeat every 5th retry.
I20260710 11:07:47.232403 11714 raft_consensus.cc:3060] T 9bc80c5435a1434782ea4de7a06dfe80 P a405d48c69cc444fb35be9f5fa870f99 [term 0 FOLLOWER]: Advancing to term 1
I20260710 11:07:47.235239 11824 raft_consensus.cc:493] T 79b6330c761b4b92a09ae2140495ccf5 P afb2ba4ab07545438042dcda972212e9 [term 0 FOLLOWER]: Starting pre-election (no leader contacted us within the election timeout)
I20260710 11:07:47.235859 11824 raft_consensus.cc:515] T 79b6330c761b4b92a09ae2140495ccf5 P afb2ba4ab07545438042dcda972212e9 [term 0 FOLLOWER]: Starting pre-election with config: opid_index: -1 OBSOLETE_local: false peers { permanent_uuid: "5a98d7ef318e41238feff8f431e81cbb" member_type: VOTER last_known_addr { host: "127.10.55.1" port: 45241 } } peers { permanent_uuid: "afb2ba4ab07545438042dcda972212e9" member_type: VOTER last_known_addr { host: "127.10.55.2" port: 44247 } } peers { permanent_uuid: "a405d48c69cc444fb35be9f5fa870f99" member_type: VOTER last_known_addr { host: "127.10.55.3" port: 37955 } }
I20260710 11:07:47.238449 11824 leader_election.cc:290] T 79b6330c761b4b92a09ae2140495ccf5 P afb2ba4ab07545438042dcda972212e9 [CANDIDATE]: Term 1 pre-election: Requested pre-vote from peers 5a98d7ef318e41238feff8f431e81cbb (127.10.55.1:45241), a405d48c69cc444fb35be9f5fa870f99 (127.10.55.3:37955)
I20260710 11:07:47.240545 11566 tablet_service.cc:1917] Received RequestConsensusVote() RPC: tablet_id: "79b6330c761b4b92a09ae2140495ccf5" candidate_uuid: "afb2ba4ab07545438042dcda972212e9" candidate_term: 1 candidate_status { last_received { term: 0 index: 0 } } ignore_live_leader: false dest_uuid: "5a98d7ef318e41238feff8f431e81cbb" is_pre_election: true
W20260710 11:07:47.242272 11606 leader_election.cc:343] T 79b6330c761b4b92a09ae2140495ccf5 P afb2ba4ab07545438042dcda972212e9 [CANDIDATE]: Term 1 pre-election: Tablet error from VoteRequest() call to peer 5a98d7ef318e41238feff8f431e81cbb (127.10.55.1:45241): Illegal state: must be running to vote when last-logged opid is not known
I20260710 11:07:47.246519 11755 ts_tablet_manager.cc:1434] T 2dc8632212474952803a49460ab73c8c P a405d48c69cc444fb35be9f5fa870f99: Time spent starting tablet: real 0.062s	user 0.005s	sys 0.004s
I20260710 11:07:47.248874 11755 tablet_bootstrap.cc:492] T 5d498da1d8b44e8a93908186bdc9a062 P a405d48c69cc444fb35be9f5fa870f99: Bootstrap starting.
I20260710 11:07:47.247356 11712 tablet_service.cc:1917] Received RequestConsensusVote() RPC: tablet_id: "79b6330c761b4b92a09ae2140495ccf5" candidate_uuid: "afb2ba4ab07545438042dcda972212e9" candidate_term: 1 candidate_status { last_received { term: 0 index: 0 } } ignore_live_leader: false dest_uuid: "a405d48c69cc444fb35be9f5fa870f99" is_pre_election: true
I20260710 11:07:47.248711 11765 consensus_queue.cc:1048] T b1a40a510f434f75bf09248809bb3a4d P 5a98d7ef318e41238feff8f431e81cbb [LEADER]: Connected to new peer: Peer: permanent_uuid: "a405d48c69cc444fb35be9f5fa870f99" member_type: VOTER last_known_addr { host: "127.10.55.3" port: 37955 }, Status: LMP_MISMATCH, Last received: 0.0, Next index: 1, Last known committed idx: 0, Time since last communication: 0.001s
I20260710 11:07:47.248418 11757 tablet_bootstrap.cc:654] T 7750a38e8b4c4a83a5e7aa0574ea8f76 P afb2ba4ab07545438042dcda972212e9: Neither blocks nor log segments found. Creating new log.
W20260710 11:07:47.254479 11605 leader_election.cc:343] T 79b6330c761b4b92a09ae2140495ccf5 P afb2ba4ab07545438042dcda972212e9 [CANDIDATE]: Term 1 pre-election: Tablet error from VoteRequest() call to peer a405d48c69cc444fb35be9f5fa870f99 (127.10.55.3:37955): Illegal state: must be running to vote when last-logged opid is not known
I20260710 11:07:47.254956 11605 leader_election.cc:304] T 79b6330c761b4b92a09ae2140495ccf5 P afb2ba4ab07545438042dcda972212e9 [CANDIDATE]: Term 1 pre-election: Election decided. Result: candidate lost. Election summary: received 3 responses out of 3 voters: 1 yes votes; 2 no votes. yes voters: afb2ba4ab07545438042dcda972212e9; no voters: 5a98d7ef318e41238feff8f431e81cbb, a405d48c69cc444fb35be9f5fa870f99
I20260710 11:07:47.255681 11824 raft_consensus.cc:2749] T 79b6330c761b4b92a09ae2140495ccf5 P afb2ba4ab07545438042dcda972212e9 [term 0 FOLLOWER]: Leader pre-election lost for term 1. Reason: could not achieve majority
I20260710 11:07:47.272579 11757 tablet_bootstrap.cc:492] T 7750a38e8b4c4a83a5e7aa0574ea8f76 P afb2ba4ab07545438042dcda972212e9: No bootstrap required, opened a new log
I20260710 11:07:47.278376 11757 ts_tablet_manager.cc:1403] T 7750a38e8b4c4a83a5e7aa0574ea8f76 P afb2ba4ab07545438042dcda972212e9: Time spent bootstrapping tablet: real 0.066s	user 0.011s	sys 0.005s
I20260710 11:07:47.284294 11757 raft_consensus.cc:359] T 7750a38e8b4c4a83a5e7aa0574ea8f76 P afb2ba4ab07545438042dcda972212e9 [term 0 FOLLOWER]: Replica starting. Triggering 0 pending ops. Active config: opid_index: -1 OBSOLETE_local: false peers { permanent_uuid: "5a98d7ef318e41238feff8f431e81cbb" member_type: VOTER last_known_addr { host: "127.10.55.1" port: 45241 } } peers { permanent_uuid: "afb2ba4ab07545438042dcda972212e9" member_type: VOTER last_known_addr { host: "127.10.55.2" port: 44247 } } peers { permanent_uuid: "a405d48c69cc444fb35be9f5fa870f99" member_type: VOTER last_known_addr { host: "127.10.55.3" port: 37955 } }
I20260710 11:07:47.285075 11757 raft_consensus.cc:385] T 7750a38e8b4c4a83a5e7aa0574ea8f76 P afb2ba4ab07545438042dcda972212e9 [term 0 FOLLOWER]: Consensus starting up: Expiring failure detector timer to make a prompt election more likely
I20260710 11:07:47.285331 11757 raft_consensus.cc:740] T 7750a38e8b4c4a83a5e7aa0574ea8f76 P afb2ba4ab07545438042dcda972212e9 [term 0 FOLLOWER]: Becoming Follower/Learner. State: Replica: afb2ba4ab07545438042dcda972212e9, State: Initialized, Role: FOLLOWER
I20260710 11:07:47.286052 11757 consensus_queue.cc:260] T 7750a38e8b4c4a83a5e7aa0574ea8f76 P afb2ba4ab07545438042dcda972212e9 [NON_LEADER]: Queue going to NON_LEADER mode. State: All replicated index: 0, Majority replicated index: 0, Committed index: 0, Last appended: 0.0, Last appended by leader: 0, Current term: 0, Majority size: -1, State: 0, Mode: NON_LEADER, active raft config: opid_index: -1 OBSOLETE_local: false peers { permanent_uuid: "5a98d7ef318e41238feff8f431e81cbb" member_type: VOTER last_known_addr { host: "127.10.55.1" port: 45241 } } peers { permanent_uuid: "afb2ba4ab07545438042dcda972212e9" member_type: VOTER last_known_addr { host: "127.10.55.2" port: 44247 } } peers { permanent_uuid: "a405d48c69cc444fb35be9f5fa870f99" member_type: VOTER last_known_addr { host: "127.10.55.3" port: 37955 } }
I20260710 11:07:47.286962 11806 raft_consensus.cc:493] T 5d498da1d8b44e8a93908186bdc9a062 P afb2ba4ab07545438042dcda972212e9 [term 0 FOLLOWER]: Starting pre-election (no leader contacted us within the election timeout)
I20260710 11:07:47.287379 11806 raft_consensus.cc:515] T 5d498da1d8b44e8a93908186bdc9a062 P afb2ba4ab07545438042dcda972212e9 [term 0 FOLLOWER]: Starting pre-election with config: opid_index: -1 OBSOLETE_local: false peers { permanent_uuid: "5a98d7ef318e41238feff8f431e81cbb" member_type: VOTER last_known_addr { host: "127.10.55.1" port: 45241 } } peers { permanent_uuid: "afb2ba4ab07545438042dcda972212e9" member_type: VOTER last_known_addr { host: "127.10.55.2" port: 44247 } } peers { permanent_uuid: "a405d48c69cc444fb35be9f5fa870f99" member_type: VOTER last_known_addr { host: "127.10.55.3" port: 37955 } }
I20260710 11:07:47.289384 11806 leader_election.cc:290] T 5d498da1d8b44e8a93908186bdc9a062 P afb2ba4ab07545438042dcda972212e9 [CANDIDATE]: Term 1 pre-election: Requested pre-vote from peers 5a98d7ef318e41238feff8f431e81cbb (127.10.55.1:45241), a405d48c69cc444fb35be9f5fa870f99 (127.10.55.3:37955)
I20260710 11:07:47.290114 11464 catalog_manager.cc:5697] T 7550fc85a423482586334456fb2e050c P 5a98d7ef318e41238feff8f431e81cbb reported cstate change: term changed from 0 to 1, leader changed from <none> to 5a98d7ef318e41238feff8f431e81cbb (127.10.55.1). New cstate: current_term: 1 leader_uuid: "5a98d7ef318e41238feff8f431e81cbb" committed_config { opid_index: -1 OBSOLETE_local: false peers { permanent_uuid: "5a98d7ef318e41238feff8f431e81cbb" member_type: VOTER last_known_addr { host: "127.10.55.1" port: 45241 } health_report { overall_health: HEALTHY } } peers { permanent_uuid: "afb2ba4ab07545438042dcda972212e9" member_type: VOTER last_known_addr { host: "127.10.55.2" port: 44247 } health_report { overall_health: UNKNOWN } } peers { permanent_uuid: "a405d48c69cc444fb35be9f5fa870f99" member_type: VOTER last_known_addr { host: "127.10.55.3" port: 37955 } health_report { overall_health: UNKNOWN } } }
I20260710 11:07:47.292469 11464 catalog_manager.cc:5697] T ee22fbf1c93948d0a844a26997801144 P 5a98d7ef318e41238feff8f431e81cbb reported cstate change: term changed from 0 to 1, leader changed from <none> to 5a98d7ef318e41238feff8f431e81cbb (127.10.55.1). New cstate: current_term: 1 leader_uuid: "5a98d7ef318e41238feff8f431e81cbb" committed_config { opid_index: -1 OBSOLETE_local: false peers { permanent_uuid: "5a98d7ef318e41238feff8f431e81cbb" member_type: VOTER last_known_addr { host: "127.10.55.1" port: 45241 } health_report { overall_health: HEALTHY } } peers { permanent_uuid: "afb2ba4ab07545438042dcda972212e9" member_type: VOTER last_known_addr { host: "127.10.55.2" port: 44247 } health_report { overall_health: UNKNOWN } } peers { permanent_uuid: "a405d48c69cc444fb35be9f5fa870f99" member_type: VOTER last_known_addr { host: "127.10.55.3" port: 37955 } health_report { overall_health: UNKNOWN } } }
I20260710 11:07:47.296422 11712 tablet_service.cc:1917] Received RequestConsensusVote() RPC: tablet_id: "5d498da1d8b44e8a93908186bdc9a062" candidate_uuid: "afb2ba4ab07545438042dcda972212e9" candidate_term: 1 candidate_status { last_received { term: 0 index: 0 } } ignore_live_leader: false dest_uuid: "a405d48c69cc444fb35be9f5fa870f99" is_pre_election: true
I20260710 11:07:47.297495 11566 tablet_service.cc:1917] Received RequestConsensusVote() RPC: tablet_id: "5d498da1d8b44e8a93908186bdc9a062" candidate_uuid: "afb2ba4ab07545438042dcda972212e9" candidate_term: 1 candidate_status { last_received { term: 0 index: 0 } } ignore_live_leader: false dest_uuid: "5a98d7ef318e41238feff8f431e81cbb" is_pre_election: true
W20260710 11:07:47.297720 11605 leader_election.cc:343] T 5d498da1d8b44e8a93908186bdc9a062 P afb2ba4ab07545438042dcda972212e9 [CANDIDATE]: Term 1 pre-election: Tablet error from VoteRequest() call to peer a405d48c69cc444fb35be9f5fa870f99 (127.10.55.3:37955): Illegal state: must be running to vote when last-logged opid is not known
W20260710 11:07:47.299104 11606 leader_election.cc:343] T 5d498da1d8b44e8a93908186bdc9a062 P afb2ba4ab07545438042dcda972212e9 [CANDIDATE]: Term 1 pre-election: Tablet error from VoteRequest() call to peer 5a98d7ef318e41238feff8f431e81cbb (127.10.55.1:45241): Illegal state: must be running to vote when last-logged opid is not known
I20260710 11:07:47.299664 11755 tablet_bootstrap.cc:654] T 5d498da1d8b44e8a93908186bdc9a062 P a405d48c69cc444fb35be9f5fa870f99: Neither blocks nor log segments found. Creating new log.
I20260710 11:07:47.299508 11606 leader_election.cc:304] T 5d498da1d8b44e8a93908186bdc9a062 P afb2ba4ab07545438042dcda972212e9 [CANDIDATE]: Term 1 pre-election: Election decided. Result: candidate lost. Election summary: received 3 responses out of 3 voters: 1 yes votes; 2 no votes. yes voters: afb2ba4ab07545438042dcda972212e9; no voters: 5a98d7ef318e41238feff8f431e81cbb, a405d48c69cc444fb35be9f5fa870f99
I20260710 11:07:47.300431 11824 raft_consensus.cc:2749] T 5d498da1d8b44e8a93908186bdc9a062 P afb2ba4ab07545438042dcda972212e9 [term 0 FOLLOWER]: Leader pre-election lost for term 1. Reason: could not achieve majority
I20260710 11:07:47.301924 11757 ts_tablet_manager.cc:1434] T 7750a38e8b4c4a83a5e7aa0574ea8f76 P afb2ba4ab07545438042dcda972212e9: Time spent starting tablet: real 0.023s	user 0.006s	sys 0.000s
I20260710 11:07:47.303052 11757 tablet_bootstrap.cc:492] T f832ef59445546d0aa7a1d0e3bc00af0 P afb2ba4ab07545438042dcda972212e9: Bootstrap starting.
I20260710 11:07:47.307307 11758 tablet_bootstrap.cc:492] T 5d498da1d8b44e8a93908186bdc9a062 P 5a98d7ef318e41238feff8f431e81cbb: No bootstrap required, opened a new log
I20260710 11:07:47.307871 11758 ts_tablet_manager.cc:1403] T 5d498da1d8b44e8a93908186bdc9a062 P 5a98d7ef318e41238feff8f431e81cbb: Time spent bootstrapping tablet: real 0.109s	user 0.038s	sys 0.027s
I20260710 11:07:47.310482 11758 raft_consensus.cc:359] T 5d498da1d8b44e8a93908186bdc9a062 P 5a98d7ef318e41238feff8f431e81cbb [term 0 FOLLOWER]: Replica starting. Triggering 0 pending ops. Active config: opid_index: -1 OBSOLETE_local: false peers { permanent_uuid: "5a98d7ef318e41238feff8f431e81cbb" member_type: VOTER last_known_addr { host: "127.10.55.1" port: 45241 } } peers { permanent_uuid: "afb2ba4ab07545438042dcda972212e9" member_type: VOTER last_known_addr { host: "127.10.55.2" port: 44247 } } peers { permanent_uuid: "a405d48c69cc444fb35be9f5fa870f99" member_type: VOTER last_known_addr { host: "127.10.55.3" port: 37955 } }
I20260710 11:07:47.311120 11758 raft_consensus.cc:385] T 5d498da1d8b44e8a93908186bdc9a062 P 5a98d7ef318e41238feff8f431e81cbb [term 0 FOLLOWER]: Consensus starting up: Expiring failure detector timer to make a prompt election more likely
I20260710 11:07:47.311379 11758 raft_consensus.cc:740] T 5d498da1d8b44e8a93908186bdc9a062 P 5a98d7ef318e41238feff8f431e81cbb [term 0 FOLLOWER]: Becoming Follower/Learner. State: Replica: 5a98d7ef318e41238feff8f431e81cbb, State: Initialized, Role: FOLLOWER
I20260710 11:07:47.312471 11758 consensus_queue.cc:260] T 5d498da1d8b44e8a93908186bdc9a062 P 5a98d7ef318e41238feff8f431e81cbb [NON_LEADER]: Queue going to NON_LEADER mode. State: All replicated index: 0, Majority replicated index: 0, Committed index: 0, Last appended: 0.0, Last appended by leader: 0, Current term: 0, Majority size: -1, State: 0, Mode: NON_LEADER, active raft config: opid_index: -1 OBSOLETE_local: false peers { permanent_uuid: "5a98d7ef318e41238feff8f431e81cbb" member_type: VOTER last_known_addr { host: "127.10.55.1" port: 45241 } } peers { permanent_uuid: "afb2ba4ab07545438042dcda972212e9" member_type: VOTER last_known_addr { host: "127.10.55.2" port: 44247 } } peers { permanent_uuid: "a405d48c69cc444fb35be9f5fa870f99" member_type: VOTER last_known_addr { host: "127.10.55.3" port: 37955 } }
I20260710 11:07:47.314582 11758 ts_tablet_manager.cc:1434] T 5d498da1d8b44e8a93908186bdc9a062 P 5a98d7ef318e41238feff8f431e81cbb: Time spent starting tablet: real 0.006s	user 0.005s	sys 0.001s
I20260710 11:07:47.314139 11790 consensus_queue.cc:1048] T 5bf7a7f55bb241038de7bb4c867efda9 P a405d48c69cc444fb35be9f5fa870f99 [LEADER]: Connected to new peer: Peer: permanent_uuid: "afb2ba4ab07545438042dcda972212e9" member_type: VOTER last_known_addr { host: "127.10.55.2" port: 44247 }, Status: LMP_MISMATCH, Last received: 0.0, Next index: 1, Last known committed idx: 0, Time since last communication: 0.001s
I20260710 11:07:47.315470 11758 tablet_bootstrap.cc:492] T 5bf7a7f55bb241038de7bb4c867efda9 P 5a98d7ef318e41238feff8f431e81cbb: Bootstrap starting.
I20260710 11:07:47.321854 11758 tablet_bootstrap.cc:654] T 5bf7a7f55bb241038de7bb4c867efda9 P 5a98d7ef318e41238feff8f431e81cbb: Neither blocks nor log segments found. Creating new log.
I20260710 11:07:47.331885 11790 raft_consensus.cc:493] T 2dc8632212474952803a49460ab73c8c P a405d48c69cc444fb35be9f5fa870f99 [term 0 FOLLOWER]: Starting pre-election (no leader contacted us within the election timeout)
I20260710 11:07:47.333439 11790 raft_consensus.cc:515] T 2dc8632212474952803a49460ab73c8c P a405d48c69cc444fb35be9f5fa870f99 [term 0 FOLLOWER]: Starting pre-election with config: opid_index: -1 OBSOLETE_local: false peers { permanent_uuid: "5a98d7ef318e41238feff8f431e81cbb" member_type: VOTER last_known_addr { host: "127.10.55.1" port: 45241 } } peers { permanent_uuid: "afb2ba4ab07545438042dcda972212e9" member_type: VOTER last_known_addr { host: "127.10.55.2" port: 44247 } } peers { permanent_uuid: "a405d48c69cc444fb35be9f5fa870f99" member_type: VOTER last_known_addr { host: "127.10.55.3" port: 37955 } }
I20260710 11:07:47.337138 11566 tablet_service.cc:1917] Received RequestConsensusVote() RPC: tablet_id: "2dc8632212474952803a49460ab73c8c" candidate_uuid: "a405d48c69cc444fb35be9f5fa870f99" candidate_term: 1 candidate_status { last_received { term: 0 index: 0 } } ignore_live_leader: false dest_uuid: "5a98d7ef318e41238feff8f431e81cbb" is_pre_election: true
I20260710 11:07:47.341053 11638 tablet_service.cc:1917] Received RequestConsensusVote() RPC: tablet_id: "2dc8632212474952803a49460ab73c8c" candidate_uuid: "a405d48c69cc444fb35be9f5fa870f99" candidate_term: 1 candidate_status { last_received { term: 0 index: 0 } } ignore_live_leader: false dest_uuid: "afb2ba4ab07545438042dcda972212e9" is_pre_election: true
I20260710 11:07:47.342181 11638 raft_consensus.cc:2393] T 2dc8632212474952803a49460ab73c8c P afb2ba4ab07545438042dcda972212e9 [term 1 FOLLOWER]: Leader pre-election vote request: Denying vote to candidate a405d48c69cc444fb35be9f5fa870f99 in current term 1: Already voted for candidate 5a98d7ef318e41238feff8f431e81cbb in this term.
I20260710 11:07:47.343695 11679 leader_election.cc:304] T 2dc8632212474952803a49460ab73c8c P a405d48c69cc444fb35be9f5fa870f99 [CANDIDATE]: Term 1 pre-election: Election decided. Result: candidate lost. Election summary: received 3 responses out of 3 voters: 1 yes votes; 2 no votes. yes voters: a405d48c69cc444fb35be9f5fa870f99; no voters: 5a98d7ef318e41238feff8f431e81cbb, afb2ba4ab07545438042dcda972212e9
I20260710 11:07:47.344830 11762 raft_consensus.cc:3060] T 2dc8632212474952803a49460ab73c8c P a405d48c69cc444fb35be9f5fa870f99 [term 0 FOLLOWER]: Advancing to term 1
I20260710 11:07:47.346776 11757 tablet_bootstrap.cc:654] T f832ef59445546d0aa7a1d0e3bc00af0 P afb2ba4ab07545438042dcda972212e9: Neither blocks nor log segments found. Creating new log.
I20260710 11:07:47.354828 11762 raft_consensus.cc:2749] T 2dc8632212474952803a49460ab73c8c P a405d48c69cc444fb35be9f5fa870f99 [term 1 FOLLOWER]: Leader pre-election lost for term 1. Reason: could not achieve majority
I20260710 11:07:47.355870 11790 leader_election.cc:290] T 2dc8632212474952803a49460ab73c8c P a405d48c69cc444fb35be9f5fa870f99 [CANDIDATE]: Term 1 pre-election: Requested pre-vote from peers 5a98d7ef318e41238feff8f431e81cbb (127.10.55.1:45241), afb2ba4ab07545438042dcda972212e9 (127.10.55.2:44247)
I20260710 11:07:47.343726 11758 tablet_bootstrap.cc:492] T 5bf7a7f55bb241038de7bb4c867efda9 P 5a98d7ef318e41238feff8f431e81cbb: No bootstrap required, opened a new log
I20260710 11:07:47.356868 11758 ts_tablet_manager.cc:1403] T 5bf7a7f55bb241038de7bb4c867efda9 P 5a98d7ef318e41238feff8f431e81cbb: Time spent bootstrapping tablet: real 0.042s	user 0.017s	sys 0.000s
I20260710 11:07:47.358748 11757 tablet_bootstrap.cc:492] T f832ef59445546d0aa7a1d0e3bc00af0 P afb2ba4ab07545438042dcda972212e9: No bootstrap required, opened a new log
I20260710 11:07:47.358709 11758 raft_consensus.cc:359] T 5bf7a7f55bb241038de7bb4c867efda9 P 5a98d7ef318e41238feff8f431e81cbb [term 0 FOLLOWER]: Replica starting. Triggering 0 pending ops. Active config: opid_index: -1 OBSOLETE_local: false peers { permanent_uuid: "5a98d7ef318e41238feff8f431e81cbb" member_type: VOTER last_known_addr { host: "127.10.55.1" port: 45241 } } peers { permanent_uuid: "afb2ba4ab07545438042dcda972212e9" member_type: VOTER last_known_addr { host: "127.10.55.2" port: 44247 } } peers { permanent_uuid: "a405d48c69cc444fb35be9f5fa870f99" member_type: VOTER last_known_addr { host: "127.10.55.3" port: 37955 } }
I20260710 11:07:47.359314 11758 raft_consensus.cc:385] T 5bf7a7f55bb241038de7bb4c867efda9 P 5a98d7ef318e41238feff8f431e81cbb [term 0 FOLLOWER]: Consensus starting up: Expiring failure detector timer to make a prompt election more likely
I20260710 11:07:47.359547 11758 raft_consensus.cc:740] T 5bf7a7f55bb241038de7bb4c867efda9 P 5a98d7ef318e41238feff8f431e81cbb [term 0 FOLLOWER]: Becoming Follower/Learner. State: Replica: 5a98d7ef318e41238feff8f431e81cbb, State: Initialized, Role: FOLLOWER
I20260710 11:07:47.359990 11757 ts_tablet_manager.cc:1403] T f832ef59445546d0aa7a1d0e3bc00af0 P afb2ba4ab07545438042dcda972212e9: Time spent bootstrapping tablet: real 0.057s	user 0.015s	sys 0.003s
I20260710 11:07:47.360134 11758 consensus_queue.cc:260] T 5bf7a7f55bb241038de7bb4c867efda9 P 5a98d7ef318e41238feff8f431e81cbb [NON_LEADER]: Queue going to NON_LEADER mode. State: All replicated index: 0, Majority replicated index: 0, Committed index: 0, Last appended: 0.0, Last appended by leader: 0, Current term: 0, Majority size: -1, State: 0, Mode: NON_LEADER, active raft config: opid_index: -1 OBSOLETE_local: false peers { permanent_uuid: "5a98d7ef318e41238feff8f431e81cbb" member_type: VOTER last_known_addr { host: "127.10.55.1" port: 45241 } } peers { permanent_uuid: "afb2ba4ab07545438042dcda972212e9" member_type: VOTER last_known_addr { host: "127.10.55.2" port: 44247 } } peers { permanent_uuid: "a405d48c69cc444fb35be9f5fa870f99" member_type: VOTER last_known_addr { host: "127.10.55.3" port: 37955 } }
W20260710 11:07:47.361387 11874 log.cc:927] Time spent T b1a40a510f434f75bf09248809bb3a4d P afb2ba4ab07545438042dcda972212e9: Append to log took a long time: real 0.052s	user 0.001s	sys 0.000s
I20260710 11:07:47.363467 11757 raft_consensus.cc:359] T f832ef59445546d0aa7a1d0e3bc00af0 P afb2ba4ab07545438042dcda972212e9 [term 0 FOLLOWER]: Replica starting. Triggering 0 pending ops. Active config: opid_index: -1 OBSOLETE_local: false peers { permanent_uuid: "5a98d7ef318e41238feff8f431e81cbb" member_type: VOTER last_known_addr { host: "127.10.55.1" port: 45241 } } peers { permanent_uuid: "afb2ba4ab07545438042dcda972212e9" member_type: VOTER last_known_addr { host: "127.10.55.2" port: 44247 } } peers { permanent_uuid: "a405d48c69cc444fb35be9f5fa870f99" member_type: VOTER last_known_addr { host: "127.10.55.3" port: 37955 } }
I20260710 11:07:47.364336 11757 raft_consensus.cc:385] T f832ef59445546d0aa7a1d0e3bc00af0 P afb2ba4ab07545438042dcda972212e9 [term 0 FOLLOWER]: Consensus starting up: Expiring failure detector timer to make a prompt election more likely
I20260710 11:07:47.364585 11757 raft_consensus.cc:740] T f832ef59445546d0aa7a1d0e3bc00af0 P afb2ba4ab07545438042dcda972212e9 [term 0 FOLLOWER]: Becoming Follower/Learner. State: Replica: afb2ba4ab07545438042dcda972212e9, State: Initialized, Role: FOLLOWER
I20260710 11:07:47.365808 11758 ts_tablet_manager.cc:1434] T 5bf7a7f55bb241038de7bb4c867efda9 P 5a98d7ef318e41238feff8f431e81cbb: Time spent starting tablet: real 0.009s	user 0.004s	sys 0.000s
I20260710 11:07:47.365276 11757 consensus_queue.cc:260] T f832ef59445546d0aa7a1d0e3bc00af0 P afb2ba4ab07545438042dcda972212e9 [NON_LEADER]: Queue going to NON_LEADER mode. State: All replicated index: 0, Majority replicated index: 0, Committed index: 0, Last appended: 0.0, Last appended by leader: 0, Current term: 0, Majority size: -1, State: 0, Mode: NON_LEADER, active raft config: opid_index: -1 OBSOLETE_local: false peers { permanent_uuid: "5a98d7ef318e41238feff8f431e81cbb" member_type: VOTER last_known_addr { host: "127.10.55.1" port: 45241 } } peers { permanent_uuid: "afb2ba4ab07545438042dcda972212e9" member_type: VOTER last_known_addr { host: "127.10.55.2" port: 44247 } } peers { permanent_uuid: "a405d48c69cc444fb35be9f5fa870f99" member_type: VOTER last_known_addr { host: "127.10.55.3" port: 37955 } }
I20260710 11:07:47.366698 11758 tablet_bootstrap.cc:492] T 4a9be562471748388d328745074ed1a0 P 5a98d7ef318e41238feff8f431e81cbb: Bootstrap starting.
I20260710 11:07:47.368240 11757 ts_tablet_manager.cc:1434] T f832ef59445546d0aa7a1d0e3bc00af0 P afb2ba4ab07545438042dcda972212e9: Time spent starting tablet: real 0.008s	user 0.006s	sys 0.000s
I20260710 11:07:47.369364 11757 tablet_bootstrap.cc:492] T 640d00d34026451fa8c4b7c074e51916 P afb2ba4ab07545438042dcda972212e9: Bootstrap starting.
I20260710 11:07:47.372097 11797 raft_consensus.cc:493] T b2154d09462047b1b3d5c71f8f13bfb0 P 5a98d7ef318e41238feff8f431e81cbb [term 0 FOLLOWER]: Starting pre-election (no leader contacted us within the election timeout)
I20260710 11:07:47.372596 11758 tablet_bootstrap.cc:654] T 4a9be562471748388d328745074ed1a0 P 5a98d7ef318e41238feff8f431e81cbb: Neither blocks nor log segments found. Creating new log.
I20260710 11:07:47.372704 11797 raft_consensus.cc:515] T b2154d09462047b1b3d5c71f8f13bfb0 P 5a98d7ef318e41238feff8f431e81cbb [term 0 FOLLOWER]: Starting pre-election with config: opid_index: -1 OBSOLETE_local: false peers { permanent_uuid: "5a98d7ef318e41238feff8f431e81cbb" member_type: VOTER last_known_addr { host: "127.10.55.1" port: 45241 } } peers { permanent_uuid: "afb2ba4ab07545438042dcda972212e9" member_type: VOTER last_known_addr { host: "127.10.55.2" port: 44247 } } peers { permanent_uuid: "a405d48c69cc444fb35be9f5fa870f99" member_type: VOTER last_known_addr { host: "127.10.55.3" port: 37955 } }
I20260710 11:07:47.375309 11797 leader_election.cc:290] T b2154d09462047b1b3d5c71f8f13bfb0 P 5a98d7ef318e41238feff8f431e81cbb [CANDIDATE]: Term 1 pre-election: Requested pre-vote from peers afb2ba4ab07545438042dcda972212e9 (127.10.55.2:44247), a405d48c69cc444fb35be9f5fa870f99 (127.10.55.3:37955)
I20260710 11:07:47.377204 11638 tablet_service.cc:1917] Received RequestConsensusVote() RPC: tablet_id: "b2154d09462047b1b3d5c71f8f13bfb0" candidate_uuid: "5a98d7ef318e41238feff8f431e81cbb" candidate_term: 1 candidate_status { last_received { term: 0 index: 0 } } ignore_live_leader: false dest_uuid: "afb2ba4ab07545438042dcda972212e9" is_pre_election: true
