I20260710 11:07:49.008818 31809 raft_consensus.cc:1275] T e4b2b6043ecd4d258e04783b488681ee P d0fdea1f1309442c97e7b12c25fcfc6e [term 1 FOLLOWER]: Refusing update from remote peer c71de6d252c74b15aa6f6d9a1b778adf: Log matching property violated. Preceding OpId in replica: term: 1 index: 1. Preceding OpId from leader: term: 1 index: 2. (index mismatch)
I20260710 11:07:49.013618 31890 consensus_queue.cc:1048] T e4b2b6043ecd4d258e04783b488681ee P c71de6d252c74b15aa6f6d9a1b778adf [LEADER]: Connected to new peer: Peer: permanent_uuid: "d0fdea1f1309442c97e7b12c25fcfc6e" member_type: VOTER last_known_addr { host: "127.29.212.67" port: 43285 }, Status: LMP_MISMATCH, Last received: 0.0, Next index: 2, Last known committed idx: 1, Time since last communication: 0.000s
I20260710 11:07:49.019279 31890 raft_consensus.cc:2955] T e4b2b6043ecd4d258e04783b488681ee P c71de6d252c74b15aa6f6d9a1b778adf [term 1 LEADER]: Committing config change with OpId 1.2: config changed from index -1 to 2, NON_VOTER e97321375abb416b9cf14805c122768b (127.29.212.68) added. New config: { opid_index: 2 OBSOLETE_local: false peers { permanent_uuid: "c71de6d252c74b15aa6f6d9a1b778adf" member_type: VOTER last_known_addr { host: "127.29.212.65" port: 45503 } } peers { permanent_uuid: "bb56a86987c14c41b29ced6c45a911b7" member_type: VOTER last_known_addr { host: "127.29.212.66" port: 34373 } attrs { replace: true } } peers { permanent_uuid: "d0fdea1f1309442c97e7b12c25fcfc6e" member_type: VOTER last_known_addr { host: "127.29.212.67" port: 43285 } } peers { permanent_uuid: "e97321375abb416b9cf14805c122768b" member_type: NON_VOTER last_known_addr { host: "127.29.212.68" port: 40515 } attrs { promote: true } } }
I20260710 11:07:49.024164 31809 raft_consensus.cc:2955] T e4b2b6043ecd4d258e04783b488681ee P d0fdea1f1309442c97e7b12c25fcfc6e [term 1 FOLLOWER]: Committing config change with OpId 1.2: config changed from index -1 to 2, NON_VOTER e97321375abb416b9cf14805c122768b (127.29.212.68) added. New config: { opid_index: 2 OBSOLETE_local: false peers { permanent_uuid: "c71de6d252c74b15aa6f6d9a1b778adf" member_type: VOTER last_known_addr { host: "127.29.212.65" port: 45503 } } peers { permanent_uuid: "bb56a86987c14c41b29ced6c45a911b7" member_type: VOTER last_known_addr { host: "127.29.212.66" port: 34373 } attrs { replace: true } } peers { permanent_uuid: "d0fdea1f1309442c97e7b12c25fcfc6e" member_type: VOTER last_known_addr { host: "127.29.212.67" port: 43285 } } peers { permanent_uuid: "e97321375abb416b9cf14805c122768b" member_type: NON_VOTER last_known_addr { host: "127.29.212.68" port: 40515 } attrs { promote: true } } }
I20260710 11:07:49.030035 31736 raft_consensus.cc:2955] T e4b2b6043ecd4d258e04783b488681ee P bb56a86987c14c41b29ced6c45a911b7 [term 1 FOLLOWER]: Committing config change with OpId 1.2: config changed from index -1 to 2, NON_VOTER e97321375abb416b9cf14805c122768b (127.29.212.68) added. New config: { opid_index: 2 OBSOLETE_local: false peers { permanent_uuid: "c71de6d252c74b15aa6f6d9a1b778adf" member_type: VOTER last_known_addr { host: "127.29.212.65" port: 45503 } } peers { permanent_uuid: "bb56a86987c14c41b29ced6c45a911b7" member_type: VOTER last_known_addr { host: "127.29.212.66" port: 34373 } attrs { replace: true } } peers { permanent_uuid: "d0fdea1f1309442c97e7b12c25fcfc6e" member_type: VOTER last_known_addr { host: "127.29.212.67" port: 43285 } } peers { permanent_uuid: "e97321375abb416b9cf14805c122768b" member_type: NON_VOTER last_known_addr { host: "127.29.212.68" port: 40515 } attrs { promote: true } } }
I20260710 11:07:49.039074 31561 catalog_manager.cc:5697] T e4b2b6043ecd4d258e04783b488681ee P c71de6d252c74b15aa6f6d9a1b778adf reported cstate change: config changed from index -1 to 2, NON_VOTER e97321375abb416b9cf14805c122768b (127.29.212.68) added. New cstate: current_term: 1 leader_uuid: "c71de6d252c74b15aa6f6d9a1b778adf" committed_config { opid_index: 2 OBSOLETE_local: false peers { permanent_uuid: "c71de6d252c74b15aa6f6d9a1b778adf" member_type: VOTER last_known_addr { host: "127.29.212.65" port: 45503 } health_report { overall_health: HEALTHY } } peers { permanent_uuid: "bb56a86987c14c41b29ced6c45a911b7" member_type: VOTER last_known_addr { host: "127.29.212.66" port: 34373 } attrs { replace: true } health_report { overall_health: HEALTHY } } peers { permanent_uuid: "d0fdea1f1309442c97e7b12c25fcfc6e" member_type: VOTER last_known_addr { host: "127.29.212.67" port: 43285 } health_report { overall_health: HEALTHY } } peers { permanent_uuid: "e97321375abb416b9cf14805c122768b" member_type: NON_VOTER last_known_addr { host: "127.29.212.68" port: 40515 } attrs { promote: true } health_report { overall_health: UNKNOWN } } }
I20260710 11:07:49.338094 32109 heartbeater.cc:499] Master 127.29.212.126:43551 was elected leader, sending a full tablet report...
I20260710 11:07:49.381891 32141 ts_tablet_manager.cc:933] T 2e64f569501d4b678e9e2b3518ee5af1 P e97321375abb416b9cf14805c122768b: Initiating tablet copy from peer c71de6d252c74b15aa6f6d9a1b778adf (127.29.212.65:45503)
I20260710 11:07:49.383661 32141 tablet_copy_client.cc:323] T 2e64f569501d4b678e9e2b3518ee5af1 P e97321375abb416b9cf14805c122768b: tablet copy: Beginning tablet copy session from remote peer at address 127.29.212.65:45503
I20260710 11:07:49.394083 31673 tablet_copy_service.cc:140] P c71de6d252c74b15aa6f6d9a1b778adf: Received BeginTabletCopySession request for tablet 2e64f569501d4b678e9e2b3518ee5af1 from peer e97321375abb416b9cf14805c122768b ({username='slave'} at 127.0.0.1:43670)
I20260710 11:07:49.394672 31673 tablet_copy_service.cc:161] P c71de6d252c74b15aa6f6d9a1b778adf: Beginning new tablet copy session on tablet 2e64f569501d4b678e9e2b3518ee5af1 from peer e97321375abb416b9cf14805c122768b at {username='slave'} at 127.0.0.1:43670: session id = e97321375abb416b9cf14805c122768b-2e64f569501d4b678e9e2b3518ee5af1
I20260710 11:07:49.401990 31673 tablet_copy_source_session.cc:215] T 2e64f569501d4b678e9e2b3518ee5af1 P c71de6d252c74b15aa6f6d9a1b778adf: Tablet Copy: opened 0 blocks and 1 log segments
I20260710 11:07:49.405386 32145 ts_tablet_manager.cc:933] T 147ed79bc3f5446faf03d6ee8d054aeb P e97321375abb416b9cf14805c122768b: Initiating tablet copy from peer bb56a86987c14c41b29ced6c45a911b7 (127.29.212.66:34373)
I20260710 11:07:49.405840 32141 data_dirs.cc:400] Could only allocate 1 dirs of requested 3 for tablet 2e64f569501d4b678e9e2b3518ee5af1. 1 dirs total, 0 dirs full, 0 dirs failed
I20260710 11:07:49.407023 32145 tablet_copy_client.cc:323] T 147ed79bc3f5446faf03d6ee8d054aeb P e97321375abb416b9cf14805c122768b: tablet copy: Beginning tablet copy session from remote peer at address 127.29.212.66:34373
I20260710 11:07:49.418157 31748 tablet_copy_service.cc:140] P bb56a86987c14c41b29ced6c45a911b7: Received BeginTabletCopySession request for tablet 147ed79bc3f5446faf03d6ee8d054aeb from peer e97321375abb416b9cf14805c122768b ({username='slave'} at 127.0.0.1:51050)
I20260710 11:07:49.418687 31748 tablet_copy_service.cc:161] P bb56a86987c14c41b29ced6c45a911b7: Beginning new tablet copy session on tablet 147ed79bc3f5446faf03d6ee8d054aeb from peer e97321375abb416b9cf14805c122768b at {username='slave'} at 127.0.0.1:51050: session id = e97321375abb416b9cf14805c122768b-147ed79bc3f5446faf03d6ee8d054aeb
I20260710 11:07:49.419752 32141 tablet_copy_client.cc:806] T 2e64f569501d4b678e9e2b3518ee5af1 P e97321375abb416b9cf14805c122768b: tablet copy: Starting download of 0 data blocks...
I20260710 11:07:49.420372 32141 tablet_copy_client.cc:670] T 2e64f569501d4b678e9e2b3518ee5af1 P e97321375abb416b9cf14805c122768b: tablet copy: Starting download of 1 WAL segments...
I20260710 11:07:49.424855 32141 tablet_copy_client.cc:538] T 2e64f569501d4b678e9e2b3518ee5af1 P e97321375abb416b9cf14805c122768b: tablet copy: Tablet Copy complete. Replacing tablet superblock.
I20260710 11:07:49.425498 31748 tablet_copy_source_session.cc:215] T 147ed79bc3f5446faf03d6ee8d054aeb P bb56a86987c14c41b29ced6c45a911b7: Tablet Copy: opened 0 blocks and 1 log segments
I20260710 11:07:49.434973 32141 tablet_bootstrap.cc:492] T 2e64f569501d4b678e9e2b3518ee5af1 P e97321375abb416b9cf14805c122768b: Bootstrap starting.
I20260710 11:07:49.437041 32145 data_dirs.cc:400] Could only allocate 1 dirs of requested 3 for tablet 147ed79bc3f5446faf03d6ee8d054aeb. 1 dirs total, 0 dirs full, 0 dirs failed
I20260710 11:07:49.442112 32148 ts_tablet_manager.cc:933] T e4b2b6043ecd4d258e04783b488681ee P e97321375abb416b9cf14805c122768b: Initiating tablet copy from peer c71de6d252c74b15aa6f6d9a1b778adf (127.29.212.65:45503)
I20260710 11:07:49.454986 32145 tablet_copy_client.cc:806] T 147ed79bc3f5446faf03d6ee8d054aeb P e97321375abb416b9cf14805c122768b: tablet copy: Starting download of 0 data blocks...
I20260710 11:07:49.455593 32145 tablet_copy_client.cc:670] T 147ed79bc3f5446faf03d6ee8d054aeb P e97321375abb416b9cf14805c122768b: tablet copy: Starting download of 1 WAL segments...
I20260710 11:07:49.457744 32148 tablet_copy_client.cc:323] T e4b2b6043ecd4d258e04783b488681ee P e97321375abb416b9cf14805c122768b: tablet copy: Beginning tablet copy session from remote peer at address 127.29.212.65:45503
I20260710 11:07:49.459977 31673 tablet_copy_service.cc:140] P c71de6d252c74b15aa6f6d9a1b778adf: Received BeginTabletCopySession request for tablet e4b2b6043ecd4d258e04783b488681ee from peer e97321375abb416b9cf14805c122768b ({username='slave'} at 127.0.0.1:43670)
I20260710 11:07:49.460203 32145 tablet_copy_client.cc:538] T 147ed79bc3f5446faf03d6ee8d054aeb P e97321375abb416b9cf14805c122768b: tablet copy: Tablet Copy complete. Replacing tablet superblock.
I20260710 11:07:49.460506 31673 tablet_copy_service.cc:161] P c71de6d252c74b15aa6f6d9a1b778adf: Beginning new tablet copy session on tablet e4b2b6043ecd4d258e04783b488681ee from peer e97321375abb416b9cf14805c122768b at {username='slave'} at 127.0.0.1:43670: session id = e97321375abb416b9cf14805c122768b-e4b2b6043ecd4d258e04783b488681ee
I20260710 11:07:49.467119 32141 tablet_bootstrap.cc:492] T 2e64f569501d4b678e9e2b3518ee5af1 P e97321375abb416b9cf14805c122768b: Bootstrap replayed 1/1 log segments. Stats: ops{read=2 overwritten=0 applied=2 ignored=0} inserts{seen=0 ignored=0} mutations{seen=0 ignored=0} orphaned_commits=0. Pending: 0 replicates
I20260710 11:07:49.468997 32141 tablet_bootstrap.cc:492] T 2e64f569501d4b678e9e2b3518ee5af1 P e97321375abb416b9cf14805c122768b: Bootstrap complete.
I20260710 11:07:49.469694 32141 ts_tablet_manager.cc:1403] T 2e64f569501d4b678e9e2b3518ee5af1 P e97321375abb416b9cf14805c122768b: Time spent bootstrapping tablet: real 0.035s	user 0.021s	sys 0.005s
I20260710 11:07:49.471830 31673 tablet_copy_source_session.cc:215] T e4b2b6043ecd4d258e04783b488681ee P c71de6d252c74b15aa6f6d9a1b778adf: Tablet Copy: opened 0 blocks and 1 log segments
I20260710 11:07:49.473050 32141 raft_consensus.cc:359] T 2e64f569501d4b678e9e2b3518ee5af1 P e97321375abb416b9cf14805c122768b [term 1 LEARNER]: Replica starting. Triggering 0 pending ops. Active config: opid_index: 2 OBSOLETE_local: false peers { permanent_uuid: "c71de6d252c74b15aa6f6d9a1b778adf" member_type: VOTER last_known_addr { host: "127.29.212.65" port: 45503 } } peers { permanent_uuid: "bb56a86987c14c41b29ced6c45a911b7" member_type: VOTER last_known_addr { host: "127.29.212.66" port: 34373 } attrs { replace: true } } peers { permanent_uuid: "d0fdea1f1309442c97e7b12c25fcfc6e" member_type: VOTER last_known_addr { host: "127.29.212.67" port: 43285 } } peers { permanent_uuid: "e97321375abb416b9cf14805c122768b" member_type: NON_VOTER last_known_addr { host: "127.29.212.68" port: 40515 } attrs { promote: true } }
I20260710 11:07:49.474030 32141 raft_consensus.cc:740] T 2e64f569501d4b678e9e2b3518ee5af1 P e97321375abb416b9cf14805c122768b [term 1 LEARNER]: Becoming Follower/Learner. State: Replica: e97321375abb416b9cf14805c122768b, State: Initialized, Role: LEARNER
I20260710 11:07:49.474797 32141 consensus_queue.cc:260] T 2e64f569501d4b678e9e2b3518ee5af1 P e97321375abb416b9cf14805c122768b [NON_LEADER]: Queue going to NON_LEADER mode. State: All replicated index: 0, Majority replicated index: 0, Committed index: 2, Last appended: 1.2, Last appended by leader: 2, Current term: 0, Majority size: -1, State: 0, Mode: NON_LEADER, active raft config: opid_index: 2 OBSOLETE_local: false peers { permanent_uuid: "c71de6d252c74b15aa6f6d9a1b778adf" member_type: VOTER last_known_addr { host: "127.29.212.65" port: 45503 } } peers { permanent_uuid: "bb56a86987c14c41b29ced6c45a911b7" member_type: VOTER last_known_addr { host: "127.29.212.66" port: 34373 } attrs { replace: true } } peers { permanent_uuid: "d0fdea1f1309442c97e7b12c25fcfc6e" member_type: VOTER last_known_addr { host: "127.29.212.67" port: 43285 } } peers { permanent_uuid: "e97321375abb416b9cf14805c122768b" member_type: NON_VOTER last_known_addr { host: "127.29.212.68" port: 40515 } attrs { promote: true } }
I20260710 11:07:49.475731 32148 data_dirs.cc:400] Could only allocate 1 dirs of requested 3 for tablet e4b2b6043ecd4d258e04783b488681ee. 1 dirs total, 0 dirs full, 0 dirs failed
I20260710 11:07:49.478878 32145 tablet_bootstrap.cc:492] T 147ed79bc3f5446faf03d6ee8d054aeb P e97321375abb416b9cf14805c122768b: Bootstrap starting.
I20260710 11:07:49.487092 32141 ts_tablet_manager.cc:1434] T 2e64f569501d4b678e9e2b3518ee5af1 P e97321375abb416b9cf14805c122768b: Time spent starting tablet: real 0.017s	user 0.009s	sys 0.005s
I20260710 11:07:49.493813 31672 tablet_copy_service.cc:342] P c71de6d252c74b15aa6f6d9a1b778adf: Request end of tablet copy session e97321375abb416b9cf14805c122768b-2e64f569501d4b678e9e2b3518ee5af1 received from {username='slave'} at 127.0.0.1:43670
I20260710 11:07:49.494341 31672 tablet_copy_service.cc:434] P c71de6d252c74b15aa6f6d9a1b778adf: ending tablet copy session e97321375abb416b9cf14805c122768b-2e64f569501d4b678e9e2b3518ee5af1 on tablet 2e64f569501d4b678e9e2b3518ee5af1 with peer e97321375abb416b9cf14805c122768b
I20260710 11:07:49.497437 32141 ts_tablet_manager.cc:933] T 90e295f45d2944a890491bf879cfb51f P e97321375abb416b9cf14805c122768b: Initiating tablet copy from peer bb56a86987c14c41b29ced6c45a911b7 (127.29.212.66:34373)
I20260710 11:07:49.503190 32148 tablet_copy_client.cc:806] T e4b2b6043ecd4d258e04783b488681ee P e97321375abb416b9cf14805c122768b: tablet copy: Starting download of 0 data blocks...
I20260710 11:07:49.503852 32141 tablet_copy_client.cc:323] T 90e295f45d2944a890491bf879cfb51f P e97321375abb416b9cf14805c122768b: tablet copy: Beginning tablet copy session from remote peer at address 127.29.212.66:34373
I20260710 11:07:49.505009 32148 tablet_copy_client.cc:670] T e4b2b6043ecd4d258e04783b488681ee P e97321375abb416b9cf14805c122768b: tablet copy: Starting download of 1 WAL segments...
I20260710 11:07:49.506088 31748 tablet_copy_service.cc:140] P bb56a86987c14c41b29ced6c45a911b7: Received BeginTabletCopySession request for tablet 90e295f45d2944a890491bf879cfb51f from peer e97321375abb416b9cf14805c122768b ({username='slave'} at 127.0.0.1:51050)
I20260710 11:07:49.506776 31748 tablet_copy_service.cc:161] P bb56a86987c14c41b29ced6c45a911b7: Beginning new tablet copy session on tablet 90e295f45d2944a890491bf879cfb51f from peer e97321375abb416b9cf14805c122768b at {username='slave'} at 127.0.0.1:51050: session id = e97321375abb416b9cf14805c122768b-90e295f45d2944a890491bf879cfb51f
I20260710 11:07:49.511445 32145 tablet_bootstrap.cc:492] T 147ed79bc3f5446faf03d6ee8d054aeb P e97321375abb416b9cf14805c122768b: Bootstrap replayed 1/1 log segments. Stats: ops{read=2 overwritten=0 applied=2 ignored=0} inserts{seen=0 ignored=0} mutations{seen=0 ignored=0} orphaned_commits=0. Pending: 0 replicates
I20260710 11:07:49.512370 32145 tablet_bootstrap.cc:492] T 147ed79bc3f5446faf03d6ee8d054aeb P e97321375abb416b9cf14805c122768b: Bootstrap complete.
I20260710 11:07:49.513010 32145 ts_tablet_manager.cc:1403] T 147ed79bc3f5446faf03d6ee8d054aeb P e97321375abb416b9cf14805c122768b: Time spent bootstrapping tablet: real 0.034s	user 0.013s	sys 0.008s
I20260710 11:07:49.516692 32148 tablet_copy_client.cc:538] T e4b2b6043ecd4d258e04783b488681ee P e97321375abb416b9cf14805c122768b: tablet copy: Tablet Copy complete. Replacing tablet superblock.
I20260710 11:07:49.516491 32145 raft_consensus.cc:359] T 147ed79bc3f5446faf03d6ee8d054aeb P e97321375abb416b9cf14805c122768b [term 2 LEARNER]: Replica starting. Triggering 0 pending ops. Active config: opid_index: 2 OBSOLETE_local: false peers { permanent_uuid: "c71de6d252c74b15aa6f6d9a1b778adf" member_type: VOTER last_known_addr { host: "127.29.212.65" port: 45503 } } peers { permanent_uuid: "bb56a86987c14c41b29ced6c45a911b7" member_type: VOTER last_known_addr { host: "127.29.212.66" port: 34373 } } peers { permanent_uuid: "d0fdea1f1309442c97e7b12c25fcfc6e" member_type: VOTER last_known_addr { host: "127.29.212.67" port: 43285 } attrs { replace: true } } peers { permanent_uuid: "e97321375abb416b9cf14805c122768b" member_type: NON_VOTER last_known_addr { host: "127.29.212.68" port: 40515 } attrs { promote: true } }
I20260710 11:07:49.517470 32145 raft_consensus.cc:740] T 147ed79bc3f5446faf03d6ee8d054aeb P e97321375abb416b9cf14805c122768b [term 2 LEARNER]: Becoming Follower/Learner. State: Replica: e97321375abb416b9cf14805c122768b, State: Initialized, Role: LEARNER
I20260710 11:07:49.518167 32145 consensus_queue.cc:260] T 147ed79bc3f5446faf03d6ee8d054aeb P e97321375abb416b9cf14805c122768b [NON_LEADER]: Queue going to NON_LEADER mode. State: All replicated index: 0, Majority replicated index: 0, Committed index: 2, Last appended: 2.2, Last appended by leader: 2, Current term: 0, Majority size: -1, State: 0, Mode: NON_LEADER, active raft config: opid_index: 2 OBSOLETE_local: false peers { permanent_uuid: "c71de6d252c74b15aa6f6d9a1b778adf" member_type: VOTER last_known_addr { host: "127.29.212.65" port: 45503 } } peers { permanent_uuid: "bb56a86987c14c41b29ced6c45a911b7" member_type: VOTER last_known_addr { host: "127.29.212.66" port: 34373 } } peers { permanent_uuid: "d0fdea1f1309442c97e7b12c25fcfc6e" member_type: VOTER last_known_addr { host: "127.29.212.67" port: 43285 } attrs { replace: true } } peers { permanent_uuid: "e97321375abb416b9cf14805c122768b" member_type: NON_VOTER last_known_addr { host: "127.29.212.68" port: 40515 } attrs { promote: true } }
I20260710 11:07:49.518950 31748 tablet_copy_source_session.cc:215] T 90e295f45d2944a890491bf879cfb51f P bb56a86987c14c41b29ced6c45a911b7: Tablet Copy: opened 0 blocks and 1 log segments
I20260710 11:07:49.522447 32141 data_dirs.cc:400] Could only allocate 1 dirs of requested 3 for tablet 90e295f45d2944a890491bf879cfb51f. 1 dirs total, 0 dirs full, 0 dirs failed
I20260710 11:07:49.525629 32148 tablet_bootstrap.cc:492] T e4b2b6043ecd4d258e04783b488681ee P e97321375abb416b9cf14805c122768b: Bootstrap starting.
I20260710 11:07:49.526295 32145 ts_tablet_manager.cc:1434] T 147ed79bc3f5446faf03d6ee8d054aeb P e97321375abb416b9cf14805c122768b: Time spent starting tablet: real 0.013s	user 0.005s	sys 0.004s
I20260710 11:07:49.535235 31748 tablet_copy_service.cc:342] P bb56a86987c14c41b29ced6c45a911b7: Request end of tablet copy session e97321375abb416b9cf14805c122768b-147ed79bc3f5446faf03d6ee8d054aeb received from {username='slave'} at 127.0.0.1:51050
I20260710 11:07:49.535791 31748 tablet_copy_service.cc:434] P bb56a86987c14c41b29ced6c45a911b7: ending tablet copy session e97321375abb416b9cf14805c122768b-147ed79bc3f5446faf03d6ee8d054aeb on tablet 147ed79bc3f5446faf03d6ee8d054aeb with peer e97321375abb416b9cf14805c122768b
I20260710 11:07:49.539929 32141 tablet_copy_client.cc:806] T 90e295f45d2944a890491bf879cfb51f P e97321375abb416b9cf14805c122768b: tablet copy: Starting download of 0 data blocks...
I20260710 11:07:49.540478 32141 tablet_copy_client.cc:670] T 90e295f45d2944a890491bf879cfb51f P e97321375abb416b9cf14805c122768b: tablet copy: Starting download of 1 WAL segments...
I20260710 11:07:49.543924 32141 tablet_copy_client.cc:538] T 90e295f45d2944a890491bf879cfb51f P e97321375abb416b9cf14805c122768b: tablet copy: Tablet Copy complete. Replacing tablet superblock.
I20260710 11:07:49.553351 32141 tablet_bootstrap.cc:492] T 90e295f45d2944a890491bf879cfb51f P e97321375abb416b9cf14805c122768b: Bootstrap starting.
I20260710 11:07:49.557700 32148 tablet_bootstrap.cc:492] T e4b2b6043ecd4d258e04783b488681ee P e97321375abb416b9cf14805c122768b: Bootstrap replayed 1/1 log segments. Stats: ops{read=2 overwritten=0 applied=2 ignored=0} inserts{seen=0 ignored=0} mutations{seen=0 ignored=0} orphaned_commits=0. Pending: 0 replicates
I20260710 11:07:49.558377 32148 tablet_bootstrap.cc:492] T e4b2b6043ecd4d258e04783b488681ee P e97321375abb416b9cf14805c122768b: Bootstrap complete.
I20260710 11:07:49.558897 32148 ts_tablet_manager.cc:1403] T e4b2b6043ecd4d258e04783b488681ee P e97321375abb416b9cf14805c122768b: Time spent bootstrapping tablet: real 0.034s	user 0.020s	sys 0.003s
I20260710 11:07:49.561053 32148 raft_consensus.cc:359] T e4b2b6043ecd4d258e04783b488681ee P e97321375abb416b9cf14805c122768b [term 1 LEARNER]: Replica starting. Triggering 0 pending ops. Active config: opid_index: 2 OBSOLETE_local: false peers { permanent_uuid: "c71de6d252c74b15aa6f6d9a1b778adf" member_type: VOTER last_known_addr { host: "127.29.212.65" port: 45503 } } peers { permanent_uuid: "bb56a86987c14c41b29ced6c45a911b7" member_type: VOTER last_known_addr { host: "127.29.212.66" port: 34373 } attrs { replace: true } } peers { permanent_uuid: "d0fdea1f1309442c97e7b12c25fcfc6e" member_type: VOTER last_known_addr { host: "127.29.212.67" port: 43285 } } peers { permanent_uuid: "e97321375abb416b9cf14805c122768b" member_type: NON_VOTER last_known_addr { host: "127.29.212.68" port: 40515 } attrs { promote: true } }
I20260710 11:07:49.561712 32148 raft_consensus.cc:740] T e4b2b6043ecd4d258e04783b488681ee P e97321375abb416b9cf14805c122768b [term 1 LEARNER]: Becoming Follower/Learner. State: Replica: e97321375abb416b9cf14805c122768b, State: Initialized, Role: LEARNER
I20260710 11:07:49.562269 32148 consensus_queue.cc:260] T e4b2b6043ecd4d258e04783b488681ee P e97321375abb416b9cf14805c122768b [NON_LEADER]: Queue going to NON_LEADER mode. State: All replicated index: 0, Majority replicated index: 0, Committed index: 2, Last appended: 1.2, Last appended by leader: 2, Current term: 0, Majority size: -1, State: 0, Mode: NON_LEADER, active raft config: opid_index: 2 OBSOLETE_local: false peers { permanent_uuid: "c71de6d252c74b15aa6f6d9a1b778adf" member_type: VOTER last_known_addr { host: "127.29.212.65" port: 45503 } } peers { permanent_uuid: "bb56a86987c14c41b29ced6c45a911b7" member_type: VOTER last_known_addr { host: "127.29.212.66" port: 34373 } attrs { replace: true } } peers { permanent_uuid: "d0fdea1f1309442c97e7b12c25fcfc6e" member_type: VOTER last_known_addr { host: "127.29.212.67" port: 43285 } } peers { permanent_uuid: "e97321375abb416b9cf14805c122768b" member_type: NON_VOTER last_known_addr { host: "127.29.212.68" port: 40515 } attrs { promote: true } }
I20260710 11:07:49.564706 32148 ts_tablet_manager.cc:1434] T e4b2b6043ecd4d258e04783b488681ee P e97321375abb416b9cf14805c122768b: Time spent starting tablet: real 0.006s	user 0.006s	sys 0.000s
I20260710 11:07:49.566721 31673 tablet_copy_service.cc:342] P c71de6d252c74b15aa6f6d9a1b778adf: Request end of tablet copy session e97321375abb416b9cf14805c122768b-e4b2b6043ecd4d258e04783b488681ee received from {username='slave'} at 127.0.0.1:43670
I20260710 11:07:49.567113 31673 tablet_copy_service.cc:434] P c71de6d252c74b15aa6f6d9a1b778adf: ending tablet copy session e97321375abb416b9cf14805c122768b-e4b2b6043ecd4d258e04783b488681ee on tablet e4b2b6043ecd4d258e04783b488681ee with peer e97321375abb416b9cf14805c122768b
I20260710 11:07:49.576472 32141 tablet_bootstrap.cc:492] T 90e295f45d2944a890491bf879cfb51f P e97321375abb416b9cf14805c122768b: Bootstrap replayed 1/1 log segments. Stats: ops{read=2 overwritten=0 applied=2 ignored=0} inserts{seen=0 ignored=0} mutations{seen=0 ignored=0} orphaned_commits=0. Pending: 0 replicates
I20260710 11:07:49.577332 32141 tablet_bootstrap.cc:492] T 90e295f45d2944a890491bf879cfb51f P e97321375abb416b9cf14805c122768b: Bootstrap complete.
I20260710 11:07:49.578297 32141 ts_tablet_manager.cc:1403] T 90e295f45d2944a890491bf879cfb51f P e97321375abb416b9cf14805c122768b: Time spent bootstrapping tablet: real 0.025s	user 0.016s	sys 0.008s
I20260710 11:07:49.580272 32141 raft_consensus.cc:359] T 90e295f45d2944a890491bf879cfb51f P e97321375abb416b9cf14805c122768b [term 1 LEARNER]: Replica starting. Triggering 0 pending ops. Active config: opid_index: 2 OBSOLETE_local: false peers { permanent_uuid: "c71de6d252c74b15aa6f6d9a1b778adf" member_type: VOTER last_known_addr { host: "127.29.212.65" port: 45503 } attrs { replace: true } } peers { permanent_uuid: "bb56a86987c14c41b29ced6c45a911b7" member_type: VOTER last_known_addr { host: "127.29.212.66" port: 34373 } } peers { permanent_uuid: "d0fdea1f1309442c97e7b12c25fcfc6e" member_type: VOTER last_known_addr { host: "127.29.212.67" port: 43285 } } peers { permanent_uuid: "e97321375abb416b9cf14805c122768b" member_type: NON_VOTER last_known_addr { host: "127.29.212.68" port: 40515 } attrs { promote: true } }
I20260710 11:07:49.581099 32141 raft_consensus.cc:740] T 90e295f45d2944a890491bf879cfb51f P e97321375abb416b9cf14805c122768b [term 1 LEARNER]: Becoming Follower/Learner. State: Replica: e97321375abb416b9cf14805c122768b, State: Initialized, Role: LEARNER
I20260710 11:07:49.581780 32141 consensus_queue.cc:260] T 90e295f45d2944a890491bf879cfb51f P e97321375abb416b9cf14805c122768b [NON_LEADER]: Queue going to NON_LEADER mode. State: All replicated index: 0, Majority replicated index: 0, Committed index: 2, Last appended: 1.2, Last appended by leader: 2, Current term: 0, Majority size: -1, State: 0, Mode: NON_LEADER, active raft config: opid_index: 2 OBSOLETE_local: false peers { permanent_uuid: "c71de6d252c74b15aa6f6d9a1b778adf" member_type: VOTER last_known_addr { host: "127.29.212.65" port: 45503 } attrs { replace: true } } peers { permanent_uuid: "bb56a86987c14c41b29ced6c45a911b7" member_type: VOTER last_known_addr { host: "127.29.212.66" port: 34373 } } peers { permanent_uuid: "d0fdea1f1309442c97e7b12c25fcfc6e" member_type: VOTER last_known_addr { host: "127.29.212.67" port: 43285 } } peers { permanent_uuid: "e97321375abb416b9cf14805c122768b" member_type: NON_VOTER last_known_addr { host: "127.29.212.68" port: 40515 } attrs { promote: true } }
I20260710 11:07:49.583823 32141 ts_tablet_manager.cc:1434] T 90e295f45d2944a890491bf879cfb51f P e97321375abb416b9cf14805c122768b: Time spent starting tablet: real 0.005s	user 0.004s	sys 0.000s
I20260710 11:07:49.585433 31748 tablet_copy_service.cc:342] P bb56a86987c14c41b29ced6c45a911b7: Request end of tablet copy session e97321375abb416b9cf14805c122768b-90e295f45d2944a890491bf879cfb51f received from {username='slave'} at 127.0.0.1:51050
I20260710 11:07:49.585865 31748 tablet_copy_service.cc:434] P bb56a86987c14c41b29ced6c45a911b7: ending tablet copy session e97321375abb416b9cf14805c122768b-90e295f45d2944a890491bf879cfb51f on tablet 90e295f45d2944a890491bf879cfb51f with peer e97321375abb416b9cf14805c122768b
I20260710 11:07:49.757061 32084 raft_consensus.cc:1217] T 2e64f569501d4b678e9e2b3518ee5af1 P e97321375abb416b9cf14805c122768b [term 1 LEARNER]: Deduplicated request from leader. Original: 1.1->[1.2-1.2]   Dedup: 1.2->[]
I20260710 11:07:49.907557 32084 raft_consensus.cc:1217] T 90e295f45d2944a890491bf879cfb51f P e97321375abb416b9cf14805c122768b [term 1 LEARNER]: Deduplicated request from leader. Original: 1.1->[1.2-1.2]   Dedup: 1.2->[]
I20260710 11:07:49.959417 32084 raft_consensus.cc:1217] T e4b2b6043ecd4d258e04783b488681ee P e97321375abb416b9cf14805c122768b [term 1 LEARNER]: Deduplicated request from leader. Original: 1.1->[1.2-1.2]   Dedup: 1.2->[]
I20260710 11:07:50.022933 32084 raft_consensus.cc:1217] T 147ed79bc3f5446faf03d6ee8d054aeb P e97321375abb416b9cf14805c122768b [term 2 LEARNER]: Deduplicated request from leader. Original: 2.1->[2.2-2.2]   Dedup: 2.2->[]
I20260710 11:07:50.221503 31890 raft_consensus.cc:1064] T 2e64f569501d4b678e9e2b3518ee5af1 P c71de6d252c74b15aa6f6d9a1b778adf: attempting to promote NON_VOTER e97321375abb416b9cf14805c122768b to VOTER
I20260710 11:07:50.223217 31890 consensus_queue.cc:237] T 2e64f569501d4b678e9e2b3518ee5af1 P c71de6d252c74b15aa6f6d9a1b778adf [LEADER]: Queue going to LEADER mode. State: All replicated index: 0, Majority replicated index: 2, Committed index: 2, Last appended: 1.2, Last appended by leader: 0, Current term: 1, Majority size: 3, State: 0, Mode: LEADER, active raft config: opid_index: 3 OBSOLETE_local: false peers { permanent_uuid: "c71de6d252c74b15aa6f6d9a1b778adf" member_type: VOTER last_known_addr { host: "127.29.212.65" port: 45503 } } peers { permanent_uuid: "bb56a86987c14c41b29ced6c45a911b7" member_type: VOTER last_known_addr { host: "127.29.212.66" port: 34373 } attrs { replace: true } } peers { permanent_uuid: "d0fdea1f1309442c97e7b12c25fcfc6e" member_type: VOTER last_known_addr { host: "127.29.212.67" port: 43285 } } peers { permanent_uuid: "e97321375abb416b9cf14805c122768b" member_type: VOTER last_known_addr { host: "127.29.212.68" port: 40515 } attrs { promote: false } }
I20260710 11:07:50.229450 31809 raft_consensus.cc:1275] T 2e64f569501d4b678e9e2b3518ee5af1 P d0fdea1f1309442c97e7b12c25fcfc6e [term 1 FOLLOWER]: Refusing update from remote peer c71de6d252c74b15aa6f6d9a1b778adf: Log matching property violated. Preceding OpId in replica: term: 1 index: 2. Preceding OpId from leader: term: 1 index: 3. (index mismatch)
I20260710 11:07:50.229705 32084 raft_consensus.cc:1275] T 2e64f569501d4b678e9e2b3518ee5af1 P e97321375abb416b9cf14805c122768b [term 1 LEARNER]: Refusing update from remote peer c71de6d252c74b15aa6f6d9a1b778adf: Log matching property violated. Preceding OpId in replica: term: 1 index: 2. Preceding OpId from leader: term: 1 index: 3. (index mismatch)
I20260710 11:07:50.230729 31738 raft_consensus.cc:1275] T 2e64f569501d4b678e9e2b3518ee5af1 P bb56a86987c14c41b29ced6c45a911b7 [term 1 FOLLOWER]: Refusing update from remote peer c71de6d252c74b15aa6f6d9a1b778adf: Log matching property violated. Preceding OpId in replica: term: 1 index: 2. Preceding OpId from leader: term: 1 index: 3. (index mismatch)
I20260710 11:07:50.231078 32160 consensus_queue.cc:1048] T 2e64f569501d4b678e9e2b3518ee5af1 P c71de6d252c74b15aa6f6d9a1b778adf [LEADER]: Connected to new peer: Peer: permanent_uuid: "e97321375abb416b9cf14805c122768b" member_type: VOTER last_known_addr { host: "127.29.212.68" port: 40515 } attrs { promote: false }, Status: LMP_MISMATCH, Last received: 0.0, Next index: 3, Last known committed idx: 2, Time since last communication: 0.000s
I20260710 11:07:50.232043 32114 consensus_queue.cc:1048] T 2e64f569501d4b678e9e2b3518ee5af1 P c71de6d252c74b15aa6f6d9a1b778adf [LEADER]: Connected to new peer: Peer: permanent_uuid: "bb56a86987c14c41b29ced6c45a911b7" member_type: VOTER last_known_addr { host: "127.29.212.66" port: 34373 } attrs { replace: true }, Status: LMP_MISMATCH, Last received: 0.0, Next index: 3, Last known committed idx: 2, Time since last communication: 0.000s
I20260710 11:07:50.232846 31890 consensus_queue.cc:1048] T 2e64f569501d4b678e9e2b3518ee5af1 P c71de6d252c74b15aa6f6d9a1b778adf [LEADER]: Connected to new peer: Peer: permanent_uuid: "d0fdea1f1309442c97e7b12c25fcfc6e" member_type: VOTER last_known_addr { host: "127.29.212.67" port: 43285 }, Status: LMP_MISMATCH, Last received: 0.0, Next index: 3, Last known committed idx: 2, Time since last communication: 0.000s
I20260710 11:07:50.252096 32157 raft_consensus.cc:2955] T 2e64f569501d4b678e9e2b3518ee5af1 P c71de6d252c74b15aa6f6d9a1b778adf [term 1 LEADER]: Committing config change with OpId 1.3: config changed from index 2 to 3, e97321375abb416b9cf14805c122768b (127.29.212.68) changed from NON_VOTER to VOTER. New config: { opid_index: 3 OBSOLETE_local: false peers { permanent_uuid: "c71de6d252c74b15aa6f6d9a1b778adf" member_type: VOTER last_known_addr { host: "127.29.212.65" port: 45503 } } peers { permanent_uuid: "bb56a86987c14c41b29ced6c45a911b7" member_type: VOTER last_known_addr { host: "127.29.212.66" port: 34373 } attrs { replace: true } } peers { permanent_uuid: "d0fdea1f1309442c97e7b12c25fcfc6e" member_type: VOTER last_known_addr { host: "127.29.212.67" port: 43285 } } peers { permanent_uuid: "e97321375abb416b9cf14805c122768b" member_type: VOTER last_known_addr { host: "127.29.212.68" port: 40515 } attrs { promote: false } } }
I20260710 11:07:50.253662 32084 raft_consensus.cc:2955] T 2e64f569501d4b678e9e2b3518ee5af1 P e97321375abb416b9cf14805c122768b [term 1 FOLLOWER]: Committing config change with OpId 1.3: config changed from index 2 to 3, e97321375abb416b9cf14805c122768b (127.29.212.68) changed from NON_VOTER to VOTER. New config: { opid_index: 3 OBSOLETE_local: false peers { permanent_uuid: "c71de6d252c74b15aa6f6d9a1b778adf" member_type: VOTER last_known_addr { host: "127.29.212.65" port: 45503 } } peers { permanent_uuid: "bb56a86987c14c41b29ced6c45a911b7" member_type: VOTER last_known_addr { host: "127.29.212.66" port: 34373 } attrs { replace: true } } peers { permanent_uuid: "d0fdea1f1309442c97e7b12c25fcfc6e" member_type: VOTER last_known_addr { host: "127.29.212.67" port: 43285 } } peers { permanent_uuid: "e97321375abb416b9cf14805c122768b" member_type: VOTER last_known_addr { host: "127.29.212.68" port: 40515 } attrs { promote: false } } }
I20260710 11:07:50.261977 31738 raft_consensus.cc:2955] T 2e64f569501d4b678e9e2b3518ee5af1 P bb56a86987c14c41b29ced6c45a911b7 [term 1 FOLLOWER]: Committing config change with OpId 1.3: config changed from index 2 to 3, e97321375abb416b9cf14805c122768b (127.29.212.68) changed from NON_VOTER to VOTER. New config: { opid_index: 3 OBSOLETE_local: false peers { permanent_uuid: "c71de6d252c74b15aa6f6d9a1b778adf" member_type: VOTER last_known_addr { host: "127.29.212.65" port: 45503 } } peers { permanent_uuid: "bb56a86987c14c41b29ced6c45a911b7" member_type: VOTER last_known_addr { host: "127.29.212.66" port: 34373 } attrs { replace: true } } peers { permanent_uuid: "d0fdea1f1309442c97e7b12c25fcfc6e" member_type: VOTER last_known_addr { host: "127.29.212.67" port: 43285 } } peers { permanent_uuid: "e97321375abb416b9cf14805c122768b" member_type: VOTER last_known_addr { host: "127.29.212.68" port: 40515 } attrs { promote: false } } }
I20260710 11:07:50.266556 31560 catalog_manager.cc:5697] T 2e64f569501d4b678e9e2b3518ee5af1 P e97321375abb416b9cf14805c122768b reported cstate change: config changed from index 2 to 3, e97321375abb416b9cf14805c122768b (127.29.212.68) changed from NON_VOTER to VOTER. New cstate: current_term: 1 leader_uuid: "c71de6d252c74b15aa6f6d9a1b778adf" committed_config { opid_index: 3 OBSOLETE_local: false peers { permanent_uuid: "c71de6d252c74b15aa6f6d9a1b778adf" member_type: VOTER last_known_addr { host: "127.29.212.65" port: 45503 } } peers { permanent_uuid: "bb56a86987c14c41b29ced6c45a911b7" member_type: VOTER last_known_addr { host: "127.29.212.66" port: 34373 } attrs { replace: true } } peers { permanent_uuid: "d0fdea1f1309442c97e7b12c25fcfc6e" member_type: VOTER last_known_addr { host: "127.29.212.67" port: 43285 } } peers { permanent_uuid: "e97321375abb416b9cf14805c122768b" member_type: VOTER last_known_addr { host: "127.29.212.68" port: 40515 } attrs { promote: false } } }
I20260710 11:07:50.271404 31809 raft_consensus.cc:2955] T 2e64f569501d4b678e9e2b3518ee5af1 P d0fdea1f1309442c97e7b12c25fcfc6e [term 1 FOLLOWER]: Committing config change with OpId 1.3: config changed from index 2 to 3, e97321375abb416b9cf14805c122768b (127.29.212.68) changed from NON_VOTER to VOTER. New config: { opid_index: 3 OBSOLETE_local: false peers { permanent_uuid: "c71de6d252c74b15aa6f6d9a1b778adf" member_type: VOTER last_known_addr { host: "127.29.212.65" port: 45503 } } peers { permanent_uuid: "bb56a86987c14c41b29ced6c45a911b7" member_type: VOTER last_known_addr { host: "127.29.212.66" port: 34373 } attrs { replace: true } } peers { permanent_uuid: "d0fdea1f1309442c97e7b12c25fcfc6e" member_type: VOTER last_known_addr { host: "127.29.212.67" port: 43285 } } peers { permanent_uuid: "e97321375abb416b9cf14805c122768b" member_type: VOTER last_known_addr { host: "127.29.212.68" port: 40515 } attrs { promote: false } } }
I20260710 11:07:50.297060 31661 consensus_queue.cc:237] T 2e64f569501d4b678e9e2b3518ee5af1 P c71de6d252c74b15aa6f6d9a1b778adf [LEADER]: Queue going to LEADER mode. State: All replicated index: 0, Majority replicated index: 3, Committed index: 3, Last appended: 1.3, Last appended by leader: 0, Current term: 1, Majority size: 2, State: 0, Mode: LEADER, active raft config: opid_index: 4 OBSOLETE_local: false peers { permanent_uuid: "c71de6d252c74b15aa6f6d9a1b778adf" member_type: VOTER last_known_addr { host: "127.29.212.65" port: 45503 } } peers { permanent_uuid: "d0fdea1f1309442c97e7b12c25fcfc6e" member_type: VOTER last_known_addr { host: "127.29.212.67" port: 43285 } } peers { permanent_uuid: "e97321375abb416b9cf14805c122768b" member_type: VOTER last_known_addr { host: "127.29.212.68" port: 40515 } attrs { promote: false } }
I20260710 11:07:50.302802 32084 raft_consensus.cc:1275] T 2e64f569501d4b678e9e2b3518ee5af1 P e97321375abb416b9cf14805c122768b [term 1 FOLLOWER]: Refusing update from remote peer c71de6d252c74b15aa6f6d9a1b778adf: Log matching property violated. Preceding OpId in replica: term: 1 index: 3. Preceding OpId from leader: term: 1 index: 4. (index mismatch)
I20260710 11:07:50.304253 31809 raft_consensus.cc:1275] T 2e64f569501d4b678e9e2b3518ee5af1 P d0fdea1f1309442c97e7b12c25fcfc6e [term 1 FOLLOWER]: Refusing update from remote peer c71de6d252c74b15aa6f6d9a1b778adf: Log matching property violated. Preceding OpId in replica: term: 1 index: 3. Preceding OpId from leader: term: 1 index: 4. (index mismatch)
I20260710 11:07:50.304361 32160 consensus_queue.cc:1048] T 2e64f569501d4b678e9e2b3518ee5af1 P c71de6d252c74b15aa6f6d9a1b778adf [LEADER]: Connected to new peer: Peer: permanent_uuid: "e97321375abb416b9cf14805c122768b" member_type: VOTER last_known_addr { host: "127.29.212.68" port: 40515 } attrs { promote: false }, Status: LMP_MISMATCH, Last received: 0.0, Next index: 4, Last known committed idx: 3, Time since last communication: 0.000s
I20260710 11:07:50.305807 32114 consensus_queue.cc:1048] T 2e64f569501d4b678e9e2b3518ee5af1 P c71de6d252c74b15aa6f6d9a1b778adf [LEADER]: Connected to new peer: Peer: permanent_uuid: "d0fdea1f1309442c97e7b12c25fcfc6e" member_type: VOTER last_known_addr { host: "127.29.212.67" port: 43285 }, Status: LMP_MISMATCH, Last received: 0.0, Next index: 4, Last known committed idx: 3, Time since last communication: 0.000s
I20260710 11:07:50.314579 31890 raft_consensus.cc:2955] T 2e64f569501d4b678e9e2b3518ee5af1 P c71de6d252c74b15aa6f6d9a1b778adf [term 1 LEADER]: Committing config change with OpId 1.4: config changed from index 3 to 4, VOTER bb56a86987c14c41b29ced6c45a911b7 (127.29.212.66) evicted. New config: { opid_index: 4 OBSOLETE_local: false peers { permanent_uuid: "c71de6d252c74b15aa6f6d9a1b778adf" member_type: VOTER last_known_addr { host: "127.29.212.65" port: 45503 } } peers { permanent_uuid: "d0fdea1f1309442c97e7b12c25fcfc6e" member_type: VOTER last_known_addr { host: "127.29.212.67" port: 43285 } } peers { permanent_uuid: "e97321375abb416b9cf14805c122768b" member_type: VOTER last_known_addr { host: "127.29.212.68" port: 40515 } attrs { promote: false } } }
I20260710 11:07:50.315110 31809 raft_consensus.cc:2955] T 2e64f569501d4b678e9e2b3518ee5af1 P d0fdea1f1309442c97e7b12c25fcfc6e [term 1 FOLLOWER]: Committing config change with OpId 1.4: config changed from index 3 to 4, VOTER bb56a86987c14c41b29ced6c45a911b7 (127.29.212.66) evicted. New config: { opid_index: 4 OBSOLETE_local: false peers { permanent_uuid: "c71de6d252c74b15aa6f6d9a1b778adf" member_type: VOTER last_known_addr { host: "127.29.212.65" port: 45503 } } peers { permanent_uuid: "d0fdea1f1309442c97e7b12c25fcfc6e" member_type: VOTER last_known_addr { host: "127.29.212.67" port: 43285 } } peers { permanent_uuid: "e97321375abb416b9cf14805c122768b" member_type: VOTER last_known_addr { host: "127.29.212.68" port: 40515 } attrs { promote: false } } }
I20260710 11:07:50.315285 32084 raft_consensus.cc:2955] T 2e64f569501d4b678e9e2b3518ee5af1 P e97321375abb416b9cf14805c122768b [term 1 FOLLOWER]: Committing config change with OpId 1.4: config changed from index 3 to 4, VOTER bb56a86987c14c41b29ced6c45a911b7 (127.29.212.66) evicted. New config: { opid_index: 4 OBSOLETE_local: false peers { permanent_uuid: "c71de6d252c74b15aa6f6d9a1b778adf" member_type: VOTER last_known_addr { host: "127.29.212.65" port: 45503 } } peers { permanent_uuid: "d0fdea1f1309442c97e7b12c25fcfc6e" member_type: VOTER last_known_addr { host: "127.29.212.67" port: 43285 } } peers { permanent_uuid: "e97321375abb416b9cf14805c122768b" member_type: VOTER last_known_addr { host: "127.29.212.68" port: 40515 } attrs { promote: false } } }
I20260710 11:07:50.324735 31545 catalog_manager.cc:5210] ChangeConfig:REMOVE_PEER RPC for tablet 2e64f569501d4b678e9e2b3518ee5af1 with cas_config_opid_index 3: ChangeConfig:REMOVE_PEER succeeded (attempt 1)
I20260710 11:07:50.334506 31559 catalog_manager.cc:5697] T 2e64f569501d4b678e9e2b3518ee5af1 P c71de6d252c74b15aa6f6d9a1b778adf reported cstate change: config changed from index 3 to 4, VOTER bb56a86987c14c41b29ced6c45a911b7 (127.29.212.66) evicted. New cstate: current_term: 1 leader_uuid: "c71de6d252c74b15aa6f6d9a1b778adf" committed_config { opid_index: 4 OBSOLETE_local: false peers { permanent_uuid: "c71de6d252c74b15aa6f6d9a1b778adf" member_type: VOTER last_known_addr { host: "127.29.212.65" port: 45503 } health_report { overall_health: HEALTHY } } peers { permanent_uuid: "d0fdea1f1309442c97e7b12c25fcfc6e" member_type: VOTER last_known_addr { host: "127.29.212.67" port: 43285 } health_report { overall_health: HEALTHY } } peers { permanent_uuid: "e97321375abb416b9cf14805c122768b" member_type: VOTER last_known_addr { host: "127.29.212.68" port: 40515 } attrs { promote: false } health_report { overall_health: HEALTHY } } }
I20260710 11:07:50.347540 31727 tablet_service.cc:1558] Processing DeleteTablet for tablet 2e64f569501d4b678e9e2b3518ee5af1 with delete_type TABLET_DATA_TOMBSTONED (TS bb56a86987c14c41b29ced6c45a911b7 not found in new config with opid_index 4) from {username='slave'} at 127.0.0.1:55582
I20260710 11:07:50.352209 32170 tablet_replica.cc:333] T 2e64f569501d4b678e9e2b3518ee5af1 P bb56a86987c14c41b29ced6c45a911b7: stopping tablet replica
I20260710 11:07:50.353173 32170 raft_consensus.cc:2243] T 2e64f569501d4b678e9e2b3518ee5af1 P bb56a86987c14c41b29ced6c45a911b7 [term 1 FOLLOWER]: Raft consensus shutting down.
I20260710 11:07:50.353925 32170 raft_consensus.cc:2272] T 2e64f569501d4b678e9e2b3518ee5af1 P bb56a86987c14c41b29ced6c45a911b7 [term 1 FOLLOWER]: Raft consensus is shut down!
I20260710 11:07:50.356822 32170 ts_tablet_manager.cc:1916] T 2e64f569501d4b678e9e2b3518ee5af1 P bb56a86987c14c41b29ced6c45a911b7: Deleting tablet data with delete state TABLET_DATA_TOMBSTONED
I20260710 11:07:50.372558 32170 ts_tablet_manager.cc:1929] T 2e64f569501d4b678e9e2b3518ee5af1 P bb56a86987c14c41b29ced6c45a911b7: tablet deleted with delete type TABLET_DATA_TOMBSTONED: last-logged OpId 1.3
I20260710 11:07:50.372964 32170 log.cc:1199] T 2e64f569501d4b678e9e2b3518ee5af1 P bb56a86987c14c41b29ced6c45a911b7: Deleting WAL directory at /tmp/dist-test-taskJfjH9t/test-tmp/auto_leader_rebalancer-test.0.LeaderRebalancerTest.AddTserver.1783681640379893-30545-0/minicluster-data/ts-1-root/wals/2e64f569501d4b678e9e2b3518ee5af1
I20260710 11:07:50.374481 31547 catalog_manager.cc:5028] TS bb56a86987c14c41b29ced6c45a911b7 (127.29.212.66:34373): tablet 2e64f569501d4b678e9e2b3518ee5af1 (table test-workload [id=76964223b72c47a886313bd2fc2ac4d4]) successfully deleted
I20260710 11:07:50.463200 32157 raft_consensus.cc:1064] T e4b2b6043ecd4d258e04783b488681ee P c71de6d252c74b15aa6f6d9a1b778adf: attempting to promote NON_VOTER e97321375abb416b9cf14805c122768b to VOTER
I20260710 11:07:50.465438 32157 consensus_queue.cc:237] T e4b2b6043ecd4d258e04783b488681ee P c71de6d252c74b15aa6f6d9a1b778adf [LEADER]: Queue going to LEADER mode. State: All replicated index: 0, Majority replicated index: 2, Committed index: 2, Last appended: 1.2, Last appended by leader: 0, Current term: 1, Majority size: 3, State: 0, Mode: LEADER, active raft config: opid_index: 3 OBSOLETE_local: false peers { permanent_uuid: "c71de6d252c74b15aa6f6d9a1b778adf" member_type: VOTER last_known_addr { host: "127.29.212.65" port: 45503 } } peers { permanent_uuid: "bb56a86987c14c41b29ced6c45a911b7" member_type: VOTER last_known_addr { host: "127.29.212.66" port: 34373 } attrs { replace: true } } peers { permanent_uuid: "d0fdea1f1309442c97e7b12c25fcfc6e" member_type: VOTER last_known_addr { host: "127.29.212.67" port: 43285 } } peers { permanent_uuid: "e97321375abb416b9cf14805c122768b" member_type: VOTER last_known_addr { host: "127.29.212.68" port: 40515 } attrs { promote: false } }
I20260710 11:07:50.471872 32084 raft_consensus.cc:1275] T e4b2b6043ecd4d258e04783b488681ee P e97321375abb416b9cf14805c122768b [term 1 LEARNER]: Refusing update from remote peer c71de6d252c74b15aa6f6d9a1b778adf: Log matching property violated. Preceding OpId in replica: term: 1 index: 2. Preceding OpId from leader: term: 1 index: 3. (index mismatch)
I20260710 11:07:50.472239 31809 raft_consensus.cc:1275] T e4b2b6043ecd4d258e04783b488681ee P d0fdea1f1309442c97e7b12c25fcfc6e [term 1 FOLLOWER]: Refusing update from remote peer c71de6d252c74b15aa6f6d9a1b778adf: Log matching property violated. Preceding OpId in replica: term: 1 index: 2. Preceding OpId from leader: term: 1 index: 3. (index mismatch)
I20260710 11:07:50.474085 32157 consensus_queue.cc:1048] T e4b2b6043ecd4d258e04783b488681ee P c71de6d252c74b15aa6f6d9a1b778adf [LEADER]: Connected to new peer: Peer: permanent_uuid: "d0fdea1f1309442c97e7b12c25fcfc6e" member_type: VOTER last_known_addr { host: "127.29.212.67" port: 43285 }, Status: LMP_MISMATCH, Last received: 0.0, Next index: 3, Last known committed idx: 2, Time since last communication: 0.000s
I20260710 11:07:50.474316 31738 raft_consensus.cc:1275] T e4b2b6043ecd4d258e04783b488681ee P bb56a86987c14c41b29ced6c45a911b7 [term 1 FOLLOWER]: Refusing update from remote peer c71de6d252c74b15aa6f6d9a1b778adf: Log matching property violated. Preceding OpId in replica: term: 1 index: 2. Preceding OpId from leader: term: 1 index: 3. (index mismatch)
I20260710 11:07:50.475102 32160 consensus_queue.cc:1048] T e4b2b6043ecd4d258e04783b488681ee P c71de6d252c74b15aa6f6d9a1b778adf [LEADER]: Connected to new peer: Peer: permanent_uuid: "e97321375abb416b9cf14805c122768b" member_type: VOTER last_known_addr { host: "127.29.212.68" port: 40515 } attrs { promote: false }, Status: LMP_MISMATCH, Last received: 0.0, Next index: 3, Last known committed idx: 2, Time since last communication: 0.000s
I20260710 11:07:50.475977 31890 consensus_queue.cc:1048] T e4b2b6043ecd4d258e04783b488681ee P c71de6d252c74b15aa6f6d9a1b778adf [LEADER]: Connected to new peer: Peer: permanent_uuid: "bb56a86987c14c41b29ced6c45a911b7" member_type: VOTER last_known_addr { host: "127.29.212.66" port: 34373 } attrs { replace: true }, Status: LMP_MISMATCH, Last received: 0.0, Next index: 3, Last known committed idx: 2, Time since last communication: 0.000s
I20260710 11:07:50.496672 32157 raft_consensus.cc:2955] T e4b2b6043ecd4d258e04783b488681ee P c71de6d252c74b15aa6f6d9a1b778adf [term 1 LEADER]: Committing config change with OpId 1.3: config changed from index 2 to 3, e97321375abb416b9cf14805c122768b (127.29.212.68) changed from NON_VOTER to VOTER. New config: { opid_index: 3 OBSOLETE_local: false peers { permanent_uuid: "c71de6d252c74b15aa6f6d9a1b778adf" member_type: VOTER last_known_addr { host: "127.29.212.65" port: 45503 } } peers { permanent_uuid: "bb56a86987c14c41b29ced6c45a911b7" member_type: VOTER last_known_addr { host: "127.29.212.66" port: 34373 } attrs { replace: true } } peers { permanent_uuid: "d0fdea1f1309442c97e7b12c25fcfc6e" member_type: VOTER last_known_addr { host: "127.29.212.67" port: 43285 } } peers { permanent_uuid: "e97321375abb416b9cf14805c122768b" member_type: VOTER last_known_addr { host: "127.29.212.68" port: 40515 } attrs { promote: false } } }
I20260710 11:07:50.498921 31738 raft_consensus.cc:2955] T e4b2b6043ecd4d258e04783b488681ee P bb56a86987c14c41b29ced6c45a911b7 [term 1 FOLLOWER]: Committing config change with OpId 1.3: config changed from index 2 to 3, e97321375abb416b9cf14805c122768b (127.29.212.68) changed from NON_VOTER to VOTER. New config: { opid_index: 3 OBSOLETE_local: false peers { permanent_uuid: "c71de6d252c74b15aa6f6d9a1b778adf" member_type: VOTER last_known_addr { host: "127.29.212.65" port: 45503 } } peers { permanent_uuid: "bb56a86987c14c41b29ced6c45a911b7" member_type: VOTER last_known_addr { host: "127.29.212.66" port: 34373 } attrs { replace: true } } peers { permanent_uuid: "d0fdea1f1309442c97e7b12c25fcfc6e" member_type: VOTER last_known_addr { host: "127.29.212.67" port: 43285 } } peers { permanent_uuid: "e97321375abb416b9cf14805c122768b" member_type: VOTER last_known_addr { host: "127.29.212.68" port: 40515 } attrs { promote: false } } }
I20260710 11:07:50.505968 32159 raft_consensus.cc:1064] T 90e295f45d2944a890491bf879cfb51f P bb56a86987c14c41b29ced6c45a911b7: attempting to promote NON_VOTER e97321375abb416b9cf14805c122768b to VOTER
