I20260710 11:07:45.241407 29028 raft_consensus.cc:515] T b5ef61b89f004869a17fc2f3244253ef P 1c16ca5b992944eeb0ad1871155dadec [term 1 FOLLOWER]: Starting leader election with config: opid_index: -1 OBSOLETE_local: false peers { permanent_uuid: "1c16ca5b992944eeb0ad1871155dadec" member_type: VOTER last_known_addr { host: "127.27.1.1" port: 39261 } } peers { permanent_uuid: "f4e6b8d0361e4ac7a1fbe17385e45b76" member_type: VOTER last_known_addr { host: "127.27.1.2" port: 45553 } } peers { permanent_uuid: "29cbf5538f154cc1a509e3ce7ab05725" member_type: VOTER last_known_addr { host: "127.27.1.3" port: 33611 } }
I20260710 11:07:45.241950 28862 leader_election.cc:304] T cfae6a538efb426b9f41e813dff086ed P 29cbf5538f154cc1a509e3ce7ab05725 [CANDIDATE]: Term 1 election: Election decided. Result: candidate won. Election summary: received 2 responses out of 3 voters: 2 yes votes; 0 no votes. yes voters: 1c16ca5b992944eeb0ad1871155dadec, 29cbf5538f154cc1a509e3ce7ab05725; no voters: 
I20260710 11:07:45.242831 29038 raft_consensus.cc:2804] T cfae6a538efb426b9f41e813dff086ed P 29cbf5538f154cc1a509e3ce7ab05725 [term 1 FOLLOWER]: Leader election won for term 1
I20260710 11:07:45.243263 29038 raft_consensus.cc:697] T cfae6a538efb426b9f41e813dff086ed P 29cbf5538f154cc1a509e3ce7ab05725 [term 1 LEADER]: Becoming Leader. State: Replica: 29cbf5538f154cc1a509e3ce7ab05725, State: Running, Role: LEADER
I20260710 11:07:45.244517 28821 raft_consensus.cc:2468] T cfae6a538efb426b9f41e813dff086ed P f4e6b8d0361e4ac7a1fbe17385e45b76 [term 1 FOLLOWER]: Leader election vote request: Granting yes vote for candidate 29cbf5538f154cc1a509e3ce7ab05725 in term 1.
I20260710 11:07:45.244410 29038 consensus_queue.cc:237] T cfae6a538efb426b9f41e813dff086ed P 29cbf5538f154cc1a509e3ce7ab05725 [LEADER]: Queue going to LEADER mode. State: All replicated index: 0, Majority replicated index: 0, Committed index: 0, Last appended: 0.0, Last appended by leader: 0, Current term: 1, Majority size: 2, State: 0, Mode: LEADER, active raft config: opid_index: -1 OBSOLETE_local: false peers { permanent_uuid: "1c16ca5b992944eeb0ad1871155dadec" member_type: VOTER last_known_addr { host: "127.27.1.1" port: 39261 } } peers { permanent_uuid: "f4e6b8d0361e4ac7a1fbe17385e45b76" member_type: VOTER last_known_addr { host: "127.27.1.2" port: 45553 } } peers { permanent_uuid: "29cbf5538f154cc1a509e3ce7ab05725" member_type: VOTER last_known_addr { host: "127.27.1.3" port: 33611 } }
I20260710 11:07:45.246716 28819 tablet_service.cc:1917] Received RequestConsensusVote() RPC: tablet_id: "b5ef61b89f004869a17fc2f3244253ef" candidate_uuid: "1c16ca5b992944eeb0ad1871155dadec" candidate_term: 1 candidate_status { last_received { term: 0 index: 0 } } ignore_live_leader: false dest_uuid: "f4e6b8d0361e4ac7a1fbe17385e45b76"
I20260710 11:07:45.247880 29028 leader_election.cc:290] T b5ef61b89f004869a17fc2f3244253ef P 1c16ca5b992944eeb0ad1871155dadec [CANDIDATE]: Term 1 election: Requested vote from peers f4e6b8d0361e4ac7a1fbe17385e45b76 (127.27.1.2:45553), 29cbf5538f154cc1a509e3ce7ab05725 (127.27.1.3:33611)
I20260710 11:07:45.248306 28819 raft_consensus.cc:3060] T b5ef61b89f004869a17fc2f3244253ef P f4e6b8d0361e4ac7a1fbe17385e45b76 [term 0 FOLLOWER]: Advancing to term 1
I20260710 11:07:45.249801 28895 tablet_service.cc:1917] Received RequestConsensusVote() RPC: tablet_id: "b5ef61b89f004869a17fc2f3244253ef" candidate_uuid: "1c16ca5b992944eeb0ad1871155dadec" candidate_term: 1 candidate_status { last_received { term: 0 index: 0 } } ignore_live_leader: false dest_uuid: "29cbf5538f154cc1a509e3ce7ab05725"
W20260710 11:07:45.250787 28713 leader_election.cc:343] T b5ef61b89f004869a17fc2f3244253ef P 1c16ca5b992944eeb0ad1871155dadec [CANDIDATE]: Term 1 election: Tablet error from VoteRequest() call to peer 29cbf5538f154cc1a509e3ce7ab05725 (127.27.1.3:33611): Illegal state: must be running to vote when last-logged opid is not known
I20260710 11:07:45.253031 28936 tablet_bootstrap.cc:492] T 728fb3dcbca84a1c89225d6f646f2058 P f4e6b8d0361e4ac7a1fbe17385e45b76: No bootstrap required, opened a new log
I20260710 11:07:45.253433 28936 ts_tablet_manager.cc:1403] T 728fb3dcbca84a1c89225d6f646f2058 P f4e6b8d0361e4ac7a1fbe17385e45b76: Time spent bootstrapping tablet: real 0.031s	user 0.012s	sys 0.000s
I20260710 11:07:45.253571 28819 raft_consensus.cc:2468] T b5ef61b89f004869a17fc2f3244253ef P f4e6b8d0361e4ac7a1fbe17385e45b76 [term 1 FOLLOWER]: Leader election vote request: Granting yes vote for candidate 1c16ca5b992944eeb0ad1871155dadec in term 1.
I20260710 11:07:45.247741 28937 tablet_bootstrap.cc:492] T b5ef61b89f004869a17fc2f3244253ef P 29cbf5538f154cc1a509e3ce7ab05725: No bootstrap required, opened a new log
I20260710 11:07:45.254590 28937 ts_tablet_manager.cc:1403] T b5ef61b89f004869a17fc2f3244253ef P 29cbf5538f154cc1a509e3ce7ab05725: Time spent bootstrapping tablet: real 0.043s	user 0.014s	sys 0.000s
I20260710 11:07:45.254566 28713 leader_election.cc:304] T b5ef61b89f004869a17fc2f3244253ef P 1c16ca5b992944eeb0ad1871155dadec [CANDIDATE]: Term 1 election: Election decided. Result: candidate won. Election summary: received 3 responses out of 3 voters: 2 yes votes; 1 no votes. yes voters: 1c16ca5b992944eeb0ad1871155dadec, f4e6b8d0361e4ac7a1fbe17385e45b76; no voters: 29cbf5538f154cc1a509e3ce7ab05725
I20260710 11:07:45.258107 28944 raft_consensus.cc:2804] T b5ef61b89f004869a17fc2f3244253ef P 1c16ca5b992944eeb0ad1871155dadec [term 1 FOLLOWER]: Leader election won for term 1
I20260710 11:07:45.258610 28944 raft_consensus.cc:697] T b5ef61b89f004869a17fc2f3244253ef P 1c16ca5b992944eeb0ad1871155dadec [term 1 LEADER]: Becoming Leader. State: Replica: 1c16ca5b992944eeb0ad1871155dadec, State: Running, Role: LEADER
I20260710 11:07:45.259351 28944 consensus_queue.cc:237] T b5ef61b89f004869a17fc2f3244253ef P 1c16ca5b992944eeb0ad1871155dadec [LEADER]: Queue going to LEADER mode. State: All replicated index: 0, Majority replicated index: 0, Committed index: 0, Last appended: 0.0, Last appended by leader: 0, Current term: 1, Majority size: 2, State: 0, Mode: LEADER, active raft config: opid_index: -1 OBSOLETE_local: false peers { permanent_uuid: "1c16ca5b992944eeb0ad1871155dadec" member_type: VOTER last_known_addr { host: "127.27.1.1" port: 39261 } } peers { permanent_uuid: "f4e6b8d0361e4ac7a1fbe17385e45b76" member_type: VOTER last_known_addr { host: "127.27.1.2" port: 45553 } } peers { permanent_uuid: "29cbf5538f154cc1a509e3ce7ab05725" member_type: VOTER last_known_addr { host: "127.27.1.3" port: 33611 } }
I20260710 11:07:45.260226 28937 raft_consensus.cc:359] T b5ef61b89f004869a17fc2f3244253ef P 29cbf5538f154cc1a509e3ce7ab05725 [term 0 FOLLOWER]: Replica starting. Triggering 0 pending ops. Active config: opid_index: -1 OBSOLETE_local: false peers { permanent_uuid: "1c16ca5b992944eeb0ad1871155dadec" member_type: VOTER last_known_addr { host: "127.27.1.1" port: 39261 } } peers { permanent_uuid: "f4e6b8d0361e4ac7a1fbe17385e45b76" member_type: VOTER last_known_addr { host: "127.27.1.2" port: 45553 } } peers { permanent_uuid: "29cbf5538f154cc1a509e3ce7ab05725" member_type: VOTER last_known_addr { host: "127.27.1.3" port: 33611 } }
I20260710 11:07:45.255944 28936 raft_consensus.cc:359] T 728fb3dcbca84a1c89225d6f646f2058 P f4e6b8d0361e4ac7a1fbe17385e45b76 [term 0 FOLLOWER]: Replica starting. Triggering 0 pending ops. Active config: opid_index: -1 OBSOLETE_local: false peers { permanent_uuid: "1c16ca5b992944eeb0ad1871155dadec" member_type: VOTER last_known_addr { host: "127.27.1.1" port: 39261 } } peers { permanent_uuid: "f4e6b8d0361e4ac7a1fbe17385e45b76" member_type: VOTER last_known_addr { host: "127.27.1.2" port: 45553 } } peers { permanent_uuid: "29cbf5538f154cc1a509e3ce7ab05725" member_type: VOTER last_known_addr { host: "127.27.1.3" port: 33611 } }
I20260710 11:07:45.260509 28993 raft_consensus.cc:493] T f6350ddb5ee94ac7abaa4f078bf62729 P f4e6b8d0361e4ac7a1fbe17385e45b76 [term 0 FOLLOWER]: Starting pre-election (no leader contacted us within the election timeout)
I20260710 11:07:45.260859 28937 raft_consensus.cc:385] T b5ef61b89f004869a17fc2f3244253ef P 29cbf5538f154cc1a509e3ce7ab05725 [term 0 FOLLOWER]: Consensus starting up: Expiring failure detector timer to make a prompt election more likely
I20260710 11:07:45.261137 28937 raft_consensus.cc:740] T b5ef61b89f004869a17fc2f3244253ef P 29cbf5538f154cc1a509e3ce7ab05725 [term 0 FOLLOWER]: Becoming Follower/Learner. State: Replica: 29cbf5538f154cc1a509e3ce7ab05725, State: Initialized, Role: FOLLOWER
I20260710 11:07:45.261042 28993 raft_consensus.cc:515] T f6350ddb5ee94ac7abaa4f078bf62729 P f4e6b8d0361e4ac7a1fbe17385e45b76 [term 0 FOLLOWER]: Starting pre-election with config: opid_index: -1 OBSOLETE_local: false peers { permanent_uuid: "1c16ca5b992944eeb0ad1871155dadec" member_type: VOTER last_known_addr { host: "127.27.1.1" port: 39261 } } peers { permanent_uuid: "f4e6b8d0361e4ac7a1fbe17385e45b76" member_type: VOTER last_known_addr { host: "127.27.1.2" port: 45553 } } peers { permanent_uuid: "29cbf5538f154cc1a509e3ce7ab05725" member_type: VOTER last_known_addr { host: "127.27.1.3" port: 33611 } }
I20260710 11:07:45.261865 28937 consensus_queue.cc:260] T b5ef61b89f004869a17fc2f3244253ef P 29cbf5538f154cc1a509e3ce7ab05725 [NON_LEADER]: Queue going to NON_LEADER mode. State: All replicated index: 0, Majority replicated index: 0, Committed index: 0, Last appended: 0.0, Last appended by leader: 0, Current term: 0, Majority size: -1, State: 0, Mode: NON_LEADER, active raft config: opid_index: -1 OBSOLETE_local: false peers { permanent_uuid: "1c16ca5b992944eeb0ad1871155dadec" member_type: VOTER last_known_addr { host: "127.27.1.1" port: 39261 } } peers { permanent_uuid: "f4e6b8d0361e4ac7a1fbe17385e45b76" member_type: VOTER last_known_addr { host: "127.27.1.2" port: 45553 } } peers { permanent_uuid: "29cbf5538f154cc1a509e3ce7ab05725" member_type: VOTER last_known_addr { host: "127.27.1.3" port: 33611 } }
I20260710 11:07:45.262974 28993 leader_election.cc:290] T f6350ddb5ee94ac7abaa4f078bf62729 P f4e6b8d0361e4ac7a1fbe17385e45b76 [CANDIDATE]: Term 1 pre-election: Requested pre-vote from peers 1c16ca5b992944eeb0ad1871155dadec (127.27.1.1:39261), 29cbf5538f154cc1a509e3ce7ab05725 (127.27.1.3:33611)
I20260710 11:07:45.263226 28642 catalog_manager.cc:5697] T cfae6a538efb426b9f41e813dff086ed P 29cbf5538f154cc1a509e3ce7ab05725 reported cstate change: term changed from 0 to 1, leader changed from <none> to 29cbf5538f154cc1a509e3ce7ab05725 (127.27.1.3). New cstate: current_term: 1 leader_uuid: "29cbf5538f154cc1a509e3ce7ab05725" committed_config { opid_index: -1 OBSOLETE_local: false peers { permanent_uuid: "1c16ca5b992944eeb0ad1871155dadec" member_type: VOTER last_known_addr { host: "127.27.1.1" port: 39261 } health_report { overall_health: UNKNOWN } } peers { permanent_uuid: "f4e6b8d0361e4ac7a1fbe17385e45b76" member_type: VOTER last_known_addr { host: "127.27.1.2" port: 45553 } health_report { overall_health: UNKNOWN } } peers { permanent_uuid: "29cbf5538f154cc1a509e3ce7ab05725" member_type: VOTER last_known_addr { host: "127.27.1.3" port: 33611 } health_report { overall_health: HEALTHY } } }
I20260710 11:07:45.264320 28937 ts_tablet_manager.cc:1434] T b5ef61b89f004869a17fc2f3244253ef P 29cbf5538f154cc1a509e3ce7ab05725: Time spent starting tablet: real 0.007s	user 0.004s	sys 0.002s
I20260710 11:07:45.264329 28747 tablet_service.cc:1917] Received RequestConsensusVote() RPC: tablet_id: "f6350ddb5ee94ac7abaa4f078bf62729" candidate_uuid: "f4e6b8d0361e4ac7a1fbe17385e45b76" candidate_term: 1 candidate_status { last_received { term: 0 index: 0 } } ignore_live_leader: false dest_uuid: "1c16ca5b992944eeb0ad1871155dadec" is_pre_election: true
I20260710 11:07:45.264616 28895 tablet_service.cc:1917] Received RequestConsensusVote() RPC: tablet_id: "f6350ddb5ee94ac7abaa4f078bf62729" candidate_uuid: "f4e6b8d0361e4ac7a1fbe17385e45b76" candidate_term: 1 candidate_status { last_received { term: 0 index: 0 } } ignore_live_leader: false dest_uuid: "29cbf5538f154cc1a509e3ce7ab05725" is_pre_election: true
I20260710 11:07:45.265480 28937 tablet_bootstrap.cc:492] T 728fb3dcbca84a1c89225d6f646f2058 P 29cbf5538f154cc1a509e3ce7ab05725: Bootstrap starting.
I20260710 11:07:45.265748 28936 raft_consensus.cc:385] T 728fb3dcbca84a1c89225d6f646f2058 P f4e6b8d0361e4ac7a1fbe17385e45b76 [term 0 FOLLOWER]: Consensus starting up: Expiring failure detector timer to make a prompt election more likely
I20260710 11:07:45.255084 29028 raft_consensus.cc:493] T 7c024db7a18d4352bd95aa84ec11960c P 1c16ca5b992944eeb0ad1871155dadec [term 0 FOLLOWER]: Starting pre-election (no leader contacted us within the election timeout)
I20260710 11:07:45.266077 28788 leader_election.cc:304] T f6350ddb5ee94ac7abaa4f078bf62729 P f4e6b8d0361e4ac7a1fbe17385e45b76 [CANDIDATE]: Term 1 pre-election: Election decided. Result: candidate lost. Election summary: received 3 responses out of 3 voters: 1 yes votes; 2 no votes. yes voters: f4e6b8d0361e4ac7a1fbe17385e45b76; no voters: 1c16ca5b992944eeb0ad1871155dadec, 29cbf5538f154cc1a509e3ce7ab05725
I20260710 11:07:45.266629 29028 raft_consensus.cc:515] T 7c024db7a18d4352bd95aa84ec11960c P 1c16ca5b992944eeb0ad1871155dadec [term 0 FOLLOWER]: Starting pre-election with config: opid_index: -1 OBSOLETE_local: false peers { permanent_uuid: "1c16ca5b992944eeb0ad1871155dadec" member_type: VOTER last_known_addr { host: "127.27.1.1" port: 39261 } } peers { permanent_uuid: "f4e6b8d0361e4ac7a1fbe17385e45b76" member_type: VOTER last_known_addr { host: "127.27.1.2" port: 45553 } } peers { permanent_uuid: "29cbf5538f154cc1a509e3ce7ab05725" member_type: VOTER last_known_addr { host: "127.27.1.3" port: 33611 } }
I20260710 11:07:45.267134 28993 raft_consensus.cc:2749] T f6350ddb5ee94ac7abaa4f078bf62729 P f4e6b8d0361e4ac7a1fbe17385e45b76 [term 0 FOLLOWER]: Leader pre-election lost for term 1. Reason: could not achieve majority
I20260710 11:07:45.266059 28936 raft_consensus.cc:740] T 728fb3dcbca84a1c89225d6f646f2058 P f4e6b8d0361e4ac7a1fbe17385e45b76 [term 0 FOLLOWER]: Becoming Follower/Learner. State: Replica: f4e6b8d0361e4ac7a1fbe17385e45b76, State: Initialized, Role: FOLLOWER
I20260710 11:07:45.268601 28936 consensus_queue.cc:260] T 728fb3dcbca84a1c89225d6f646f2058 P f4e6b8d0361e4ac7a1fbe17385e45b76 [NON_LEADER]: Queue going to NON_LEADER mode. State: All replicated index: 0, Majority replicated index: 0, Committed index: 0, Last appended: 0.0, Last appended by leader: 0, Current term: 0, Majority size: -1, State: 0, Mode: NON_LEADER, active raft config: opid_index: -1 OBSOLETE_local: false peers { permanent_uuid: "1c16ca5b992944eeb0ad1871155dadec" member_type: VOTER last_known_addr { host: "127.27.1.1" port: 39261 } } peers { permanent_uuid: "f4e6b8d0361e4ac7a1fbe17385e45b76" member_type: VOTER last_known_addr { host: "127.27.1.2" port: 45553 } } peers { permanent_uuid: "29cbf5538f154cc1a509e3ce7ab05725" member_type: VOTER last_known_addr { host: "127.27.1.3" port: 33611 } }
I20260710 11:07:45.271194 28937 tablet_bootstrap.cc:654] T 728fb3dcbca84a1c89225d6f646f2058 P 29cbf5538f154cc1a509e3ce7ab05725: Neither blocks nor log segments found. Creating new log.
I20260710 11:07:45.271139 28895 tablet_service.cc:1917] Received RequestConsensusVote() RPC: tablet_id: "7c024db7a18d4352bd95aa84ec11960c" candidate_uuid: "1c16ca5b992944eeb0ad1871155dadec" candidate_term: 1 candidate_status { last_received { term: 0 index: 0 } } ignore_live_leader: false dest_uuid: "29cbf5538f154cc1a509e3ce7ab05725" is_pre_election: true
I20260710 11:07:45.271804 28895 raft_consensus.cc:2468] T 7c024db7a18d4352bd95aa84ec11960c P 29cbf5538f154cc1a509e3ce7ab05725 [term 0 FOLLOWER]: Leader pre-election vote request: Granting yes vote for candidate 1c16ca5b992944eeb0ad1871155dadec in term 0.
I20260710 11:07:45.273092 28713 leader_election.cc:304] T 7c024db7a18d4352bd95aa84ec11960c P 1c16ca5b992944eeb0ad1871155dadec [CANDIDATE]: Term 1 pre-election: Election decided. Result: candidate won. Election summary: received 2 responses out of 3 voters: 2 yes votes; 0 no votes. yes voters: 1c16ca5b992944eeb0ad1871155dadec, 29cbf5538f154cc1a509e3ce7ab05725; no voters: 
I20260710 11:07:45.273764 28956 raft_consensus.cc:2804] T 7c024db7a18d4352bd95aa84ec11960c P 1c16ca5b992944eeb0ad1871155dadec [term 0 FOLLOWER]: Leader pre-election won for term 1
I20260710 11:07:45.274101 28956 raft_consensus.cc:493] T 7c024db7a18d4352bd95aa84ec11960c P 1c16ca5b992944eeb0ad1871155dadec [term 0 FOLLOWER]: Starting leader election (no leader contacted us within the election timeout)
I20260710 11:07:45.274501 28956 raft_consensus.cc:3060] T 7c024db7a18d4352bd95aa84ec11960c P 1c16ca5b992944eeb0ad1871155dadec [term 0 FOLLOWER]: Advancing to term 1
I20260710 11:07:45.274627 29028 leader_election.cc:290] T 7c024db7a18d4352bd95aa84ec11960c P 1c16ca5b992944eeb0ad1871155dadec [CANDIDATE]: Term 1 pre-election: Requested pre-vote from peers f4e6b8d0361e4ac7a1fbe17385e45b76 (127.27.1.2:45553), 29cbf5538f154cc1a509e3ce7ab05725 (127.27.1.3:33611)
I20260710 11:07:45.282583 28819 tablet_service.cc:1917] Received RequestConsensusVote() RPC: tablet_id: "7c024db7a18d4352bd95aa84ec11960c" candidate_uuid: "1c16ca5b992944eeb0ad1871155dadec" candidate_term: 1 candidate_status { last_received { term: 0 index: 0 } } ignore_live_leader: false dest_uuid: "f4e6b8d0361e4ac7a1fbe17385e45b76" is_pre_election: true
I20260710 11:07:45.283152 28819 raft_consensus.cc:2468] T 7c024db7a18d4352bd95aa84ec11960c P f4e6b8d0361e4ac7a1fbe17385e45b76 [term 0 FOLLOWER]: Leader pre-election vote request: Granting yes vote for candidate 1c16ca5b992944eeb0ad1871155dadec in term 0.
I20260710 11:07:45.284899 28956 raft_consensus.cc:515] T 7c024db7a18d4352bd95aa84ec11960c P 1c16ca5b992944eeb0ad1871155dadec [term 1 FOLLOWER]: Starting leader election with config: opid_index: -1 OBSOLETE_local: false peers { permanent_uuid: "1c16ca5b992944eeb0ad1871155dadec" member_type: VOTER last_known_addr { host: "127.27.1.1" port: 39261 } } peers { permanent_uuid: "f4e6b8d0361e4ac7a1fbe17385e45b76" member_type: VOTER last_known_addr { host: "127.27.1.2" port: 45553 } } peers { permanent_uuid: "29cbf5538f154cc1a509e3ce7ab05725" member_type: VOTER last_known_addr { host: "127.27.1.3" port: 33611 } }
I20260710 11:07:45.286768 28956 leader_election.cc:290] T 7c024db7a18d4352bd95aa84ec11960c P 1c16ca5b992944eeb0ad1871155dadec [CANDIDATE]: Term 1 election: Requested vote from peers f4e6b8d0361e4ac7a1fbe17385e45b76 (127.27.1.2:45553), 29cbf5538f154cc1a509e3ce7ab05725 (127.27.1.3:33611)
I20260710 11:07:45.286092 28643 catalog_manager.cc:5697] T b5ef61b89f004869a17fc2f3244253ef P 1c16ca5b992944eeb0ad1871155dadec reported cstate change: term changed from 0 to 1, leader changed from <none> to 1c16ca5b992944eeb0ad1871155dadec (127.27.1.1). New cstate: current_term: 1 leader_uuid: "1c16ca5b992944eeb0ad1871155dadec" committed_config { opid_index: -1 OBSOLETE_local: false peers { permanent_uuid: "1c16ca5b992944eeb0ad1871155dadec" member_type: VOTER last_known_addr { host: "127.27.1.1" port: 39261 } health_report { overall_health: HEALTHY } } peers { permanent_uuid: "f4e6b8d0361e4ac7a1fbe17385e45b76" member_type: VOTER last_known_addr { host: "127.27.1.2" port: 45553 } health_report { overall_health: UNKNOWN } } peers { permanent_uuid: "29cbf5538f154cc1a509e3ce7ab05725" member_type: VOTER last_known_addr { host: "127.27.1.3" port: 33611 } health_report { overall_health: UNKNOWN } } }
I20260710 11:07:45.288218 28819 tablet_service.cc:1917] Received RequestConsensusVote() RPC: tablet_id: "7c024db7a18d4352bd95aa84ec11960c" candidate_uuid: "1c16ca5b992944eeb0ad1871155dadec" candidate_term: 1 candidate_status { last_received { term: 0 index: 0 } } ignore_live_leader: false dest_uuid: "f4e6b8d0361e4ac7a1fbe17385e45b76"
I20260710 11:07:45.288422 28895 tablet_service.cc:1917] Received RequestConsensusVote() RPC: tablet_id: "7c024db7a18d4352bd95aa84ec11960c" candidate_uuid: "1c16ca5b992944eeb0ad1871155dadec" candidate_term: 1 candidate_status { last_received { term: 0 index: 0 } } ignore_live_leader: false dest_uuid: "29cbf5538f154cc1a509e3ce7ab05725"
I20260710 11:07:45.288731 28819 raft_consensus.cc:3060] T 7c024db7a18d4352bd95aa84ec11960c P f4e6b8d0361e4ac7a1fbe17385e45b76 [term 0 FOLLOWER]: Advancing to term 1
I20260710 11:07:45.289162 28895 raft_consensus.cc:3060] T 7c024db7a18d4352bd95aa84ec11960c P 29cbf5538f154cc1a509e3ce7ab05725 [term 0 FOLLOWER]: Advancing to term 1
I20260710 11:07:45.294967 28819 raft_consensus.cc:2468] T 7c024db7a18d4352bd95aa84ec11960c P f4e6b8d0361e4ac7a1fbe17385e45b76 [term 1 FOLLOWER]: Leader election vote request: Granting yes vote for candidate 1c16ca5b992944eeb0ad1871155dadec in term 1.
I20260710 11:07:45.274068 28936 ts_tablet_manager.cc:1434] T 728fb3dcbca84a1c89225d6f646f2058 P f4e6b8d0361e4ac7a1fbe17385e45b76: Time spent starting tablet: real 0.020s	user 0.006s	sys 0.000s
I20260710 11:07:45.296082 28713 leader_election.cc:304] T 7c024db7a18d4352bd95aa84ec11960c P 1c16ca5b992944eeb0ad1871155dadec [CANDIDATE]: Term 1 election: Election decided. Result: candidate won. Election summary: received 2 responses out of 3 voters: 2 yes votes; 0 no votes. yes voters: 1c16ca5b992944eeb0ad1871155dadec, f4e6b8d0361e4ac7a1fbe17385e45b76; no voters: 
I20260710 11:07:45.296779 28956 raft_consensus.cc:2804] T 7c024db7a18d4352bd95aa84ec11960c P 1c16ca5b992944eeb0ad1871155dadec [term 1 FOLLOWER]: Leader election won for term 1
I20260710 11:07:45.297147 28956 raft_consensus.cc:697] T 7c024db7a18d4352bd95aa84ec11960c P 1c16ca5b992944eeb0ad1871155dadec [term 1 LEADER]: Becoming Leader. State: Replica: 1c16ca5b992944eeb0ad1871155dadec, State: Running, Role: LEADER
I20260710 11:07:45.295240 28895 raft_consensus.cc:2468] T 7c024db7a18d4352bd95aa84ec11960c P 29cbf5538f154cc1a509e3ce7ab05725 [term 1 FOLLOWER]: Leader election vote request: Granting yes vote for candidate 1c16ca5b992944eeb0ad1871155dadec in term 1.
I20260710 11:07:45.298054 28956 consensus_queue.cc:237] T 7c024db7a18d4352bd95aa84ec11960c P 1c16ca5b992944eeb0ad1871155dadec [LEADER]: Queue going to LEADER mode. State: All replicated index: 0, Majority replicated index: 0, Committed index: 0, Last appended: 0.0, Last appended by leader: 0, Current term: 1, Majority size: 2, State: 0, Mode: LEADER, active raft config: opid_index: -1 OBSOLETE_local: false peers { permanent_uuid: "1c16ca5b992944eeb0ad1871155dadec" member_type: VOTER last_known_addr { host: "127.27.1.1" port: 39261 } } peers { permanent_uuid: "f4e6b8d0361e4ac7a1fbe17385e45b76" member_type: VOTER last_known_addr { host: "127.27.1.2" port: 45553 } } peers { permanent_uuid: "29cbf5538f154cc1a509e3ce7ab05725" member_type: VOTER last_known_addr { host: "127.27.1.3" port: 33611 } }
I20260710 11:07:45.299485 28936 tablet_bootstrap.cc:492] T b1595438f2e34c168ce182ff8f302cd7 P f4e6b8d0361e4ac7a1fbe17385e45b76: Bootstrap starting.
I20260710 11:07:45.299641 28937 tablet_bootstrap.cc:492] T 728fb3dcbca84a1c89225d6f646f2058 P 29cbf5538f154cc1a509e3ce7ab05725: No bootstrap required, opened a new log
I20260710 11:07:45.300024 28937 ts_tablet_manager.cc:1403] T 728fb3dcbca84a1c89225d6f646f2058 P 29cbf5538f154cc1a509e3ce7ab05725: Time spent bootstrapping tablet: real 0.035s	user 0.014s	sys 0.000s
I20260710 11:07:45.301797 28937 raft_consensus.cc:359] T 728fb3dcbca84a1c89225d6f646f2058 P 29cbf5538f154cc1a509e3ce7ab05725 [term 0 FOLLOWER]: Replica starting. Triggering 0 pending ops. Active config: opid_index: -1 OBSOLETE_local: false peers { permanent_uuid: "1c16ca5b992944eeb0ad1871155dadec" member_type: VOTER last_known_addr { host: "127.27.1.1" port: 39261 } } peers { permanent_uuid: "f4e6b8d0361e4ac7a1fbe17385e45b76" member_type: VOTER last_known_addr { host: "127.27.1.2" port: 45553 } } peers { permanent_uuid: "29cbf5538f154cc1a509e3ce7ab05725" member_type: VOTER last_known_addr { host: "127.27.1.3" port: 33611 } }
I20260710 11:07:45.302207 28937 raft_consensus.cc:385] T 728fb3dcbca84a1c89225d6f646f2058 P 29cbf5538f154cc1a509e3ce7ab05725 [term 0 FOLLOWER]: Consensus starting up: Expiring failure detector timer to make a prompt election more likely
I20260710 11:07:45.302459 28937 raft_consensus.cc:740] T 728fb3dcbca84a1c89225d6f646f2058 P 29cbf5538f154cc1a509e3ce7ab05725 [term 0 FOLLOWER]: Becoming Follower/Learner. State: Replica: 29cbf5538f154cc1a509e3ce7ab05725, State: Initialized, Role: FOLLOWER
I20260710 11:07:45.303656 28937 consensus_queue.cc:260] T 728fb3dcbca84a1c89225d6f646f2058 P 29cbf5538f154cc1a509e3ce7ab05725 [NON_LEADER]: Queue going to NON_LEADER mode. State: All replicated index: 0, Majority replicated index: 0, Committed index: 0, Last appended: 0.0, Last appended by leader: 0, Current term: 0, Majority size: -1, State: 0, Mode: NON_LEADER, active raft config: opid_index: -1 OBSOLETE_local: false peers { permanent_uuid: "1c16ca5b992944eeb0ad1871155dadec" member_type: VOTER last_known_addr { host: "127.27.1.1" port: 39261 } } peers { permanent_uuid: "f4e6b8d0361e4ac7a1fbe17385e45b76" member_type: VOTER last_known_addr { host: "127.27.1.2" port: 45553 } } peers { permanent_uuid: "29cbf5538f154cc1a509e3ce7ab05725" member_type: VOTER last_known_addr { host: "127.27.1.3" port: 33611 } }
I20260710 11:07:45.305469 28936 tablet_bootstrap.cc:654] T b1595438f2e34c168ce182ff8f302cd7 P f4e6b8d0361e4ac7a1fbe17385e45b76: Neither blocks nor log segments found. Creating new log.
I20260710 11:07:45.305507 28937 ts_tablet_manager.cc:1434] T 728fb3dcbca84a1c89225d6f646f2058 P 29cbf5538f154cc1a509e3ce7ab05725: Time spent starting tablet: real 0.005s	user 0.004s	sys 0.000s
I20260710 11:07:45.306648 28937 tablet_bootstrap.cc:492] T b1595438f2e34c168ce182ff8f302cd7 P 29cbf5538f154cc1a509e3ce7ab05725: Bootstrap starting.
I20260710 11:07:45.310796 28993 raft_consensus.cc:493] T 728fb3dcbca84a1c89225d6f646f2058 P f4e6b8d0361e4ac7a1fbe17385e45b76 [term 0 FOLLOWER]: Starting pre-election (no leader contacted us within the election timeout)
I20260710 11:07:45.311265 28993 raft_consensus.cc:515] T 728fb3dcbca84a1c89225d6f646f2058 P f4e6b8d0361e4ac7a1fbe17385e45b76 [term 0 FOLLOWER]: Starting pre-election with config: opid_index: -1 OBSOLETE_local: false peers { permanent_uuid: "1c16ca5b992944eeb0ad1871155dadec" member_type: VOTER last_known_addr { host: "127.27.1.1" port: 39261 } } peers { permanent_uuid: "f4e6b8d0361e4ac7a1fbe17385e45b76" member_type: VOTER last_known_addr { host: "127.27.1.2" port: 45553 } } peers { permanent_uuid: "29cbf5538f154cc1a509e3ce7ab05725" member_type: VOTER last_known_addr { host: "127.27.1.3" port: 33611 } }
I20260710 11:07:45.313158 28993 leader_election.cc:290] T 728fb3dcbca84a1c89225d6f646f2058 P f4e6b8d0361e4ac7a1fbe17385e45b76 [CANDIDATE]: Term 1 pre-election: Requested pre-vote from peers 1c16ca5b992944eeb0ad1871155dadec (127.27.1.1:39261), 29cbf5538f154cc1a509e3ce7ab05725 (127.27.1.3:33611)
I20260710 11:07:45.314841 28937 tablet_bootstrap.cc:654] T b1595438f2e34c168ce182ff8f302cd7 P 29cbf5538f154cc1a509e3ce7ab05725: Neither blocks nor log segments found. Creating new log.
I20260710 11:07:45.315114 28895 tablet_service.cc:1917] Received RequestConsensusVote() RPC: tablet_id: "728fb3dcbca84a1c89225d6f646f2058" candidate_uuid: "f4e6b8d0361e4ac7a1fbe17385e45b76" candidate_term: 1 candidate_status { last_received { term: 0 index: 0 } } ignore_live_leader: false dest_uuid: "29cbf5538f154cc1a509e3ce7ab05725" is_pre_election: true
I20260710 11:07:45.315737 28895 raft_consensus.cc:2468] T 728fb3dcbca84a1c89225d6f646f2058 P 29cbf5538f154cc1a509e3ce7ab05725 [term 0 FOLLOWER]: Leader pre-election vote request: Granting yes vote for candidate f4e6b8d0361e4ac7a1fbe17385e45b76 in term 0.
I20260710 11:07:45.317548 28747 tablet_service.cc:1917] Received RequestConsensusVote() RPC: tablet_id: "728fb3dcbca84a1c89225d6f646f2058" candidate_uuid: "f4e6b8d0361e4ac7a1fbe17385e45b76" candidate_term: 1 candidate_status { last_received { term: 0 index: 0 } } ignore_live_leader: false dest_uuid: "1c16ca5b992944eeb0ad1871155dadec" is_pre_election: true
I20260710 11:07:45.318032 28788 leader_election.cc:304] T 728fb3dcbca84a1c89225d6f646f2058 P f4e6b8d0361e4ac7a1fbe17385e45b76 [CANDIDATE]: Term 1 pre-election: Election decided. Result: candidate won. Election summary: received 2 responses out of 3 voters: 2 yes votes; 0 no votes. yes voters: 29cbf5538f154cc1a509e3ce7ab05725, f4e6b8d0361e4ac7a1fbe17385e45b76; no voters: 
I20260710 11:07:45.318307 28747 raft_consensus.cc:2468] T 728fb3dcbca84a1c89225d6f646f2058 P 1c16ca5b992944eeb0ad1871155dadec [term 0 FOLLOWER]: Leader pre-election vote request: Granting yes vote for candidate f4e6b8d0361e4ac7a1fbe17385e45b76 in term 0.
I20260710 11:07:45.319021 28993 raft_consensus.cc:2804] T 728fb3dcbca84a1c89225d6f646f2058 P f4e6b8d0361e4ac7a1fbe17385e45b76 [term 0 FOLLOWER]: Leader pre-election won for term 1
I20260710 11:07:45.319437 28993 raft_consensus.cc:493] T 728fb3dcbca84a1c89225d6f646f2058 P f4e6b8d0361e4ac7a1fbe17385e45b76 [term 0 FOLLOWER]: Starting leader election (no leader contacted us within the election timeout)
I20260710 11:07:45.319823 28993 raft_consensus.cc:3060] T 728fb3dcbca84a1c89225d6f646f2058 P f4e6b8d0361e4ac7a1fbe17385e45b76 [term 0 FOLLOWER]: Advancing to term 1
I20260710 11:07:45.325080 28642 catalog_manager.cc:5697] T 7c024db7a18d4352bd95aa84ec11960c P 1c16ca5b992944eeb0ad1871155dadec reported cstate change: term changed from 0 to 1, leader changed from <none> to 1c16ca5b992944eeb0ad1871155dadec (127.27.1.1). New cstate: current_term: 1 leader_uuid: "1c16ca5b992944eeb0ad1871155dadec" committed_config { opid_index: -1 OBSOLETE_local: false peers { permanent_uuid: "1c16ca5b992944eeb0ad1871155dadec" member_type: VOTER last_known_addr { host: "127.27.1.1" port: 39261 } health_report { overall_health: HEALTHY } } peers { permanent_uuid: "f4e6b8d0361e4ac7a1fbe17385e45b76" member_type: VOTER last_known_addr { host: "127.27.1.2" port: 45553 } health_report { overall_health: UNKNOWN } } peers { permanent_uuid: "29cbf5538f154cc1a509e3ce7ab05725" member_type: VOTER last_known_addr { host: "127.27.1.3" port: 33611 } health_report { overall_health: UNKNOWN } } }
I20260710 11:07:45.330303 28993 raft_consensus.cc:515] T 728fb3dcbca84a1c89225d6f646f2058 P f4e6b8d0361e4ac7a1fbe17385e45b76 [term 1 FOLLOWER]: Starting leader election with config: opid_index: -1 OBSOLETE_local: false peers { permanent_uuid: "1c16ca5b992944eeb0ad1871155dadec" member_type: VOTER last_known_addr { host: "127.27.1.1" port: 39261 } } peers { permanent_uuid: "f4e6b8d0361e4ac7a1fbe17385e45b76" member_type: VOTER last_known_addr { host: "127.27.1.2" port: 45553 } } peers { permanent_uuid: "29cbf5538f154cc1a509e3ce7ab05725" member_type: VOTER last_known_addr { host: "127.27.1.3" port: 33611 } }
I20260710 11:07:45.332983 28936 tablet_bootstrap.cc:492] T b1595438f2e34c168ce182ff8f302cd7 P f4e6b8d0361e4ac7a1fbe17385e45b76: No bootstrap required, opened a new log
I20260710 11:07:45.332860 28747 tablet_service.cc:1917] Received RequestConsensusVote() RPC: tablet_id: "728fb3dcbca84a1c89225d6f646f2058" candidate_uuid: "f4e6b8d0361e4ac7a1fbe17385e45b76" candidate_term: 1 candidate_status { last_received { term: 0 index: 0 } } ignore_live_leader: false dest_uuid: "1c16ca5b992944eeb0ad1871155dadec"
I20260710 11:07:45.333146 28937 tablet_bootstrap.cc:492] T b1595438f2e34c168ce182ff8f302cd7 P 29cbf5538f154cc1a509e3ce7ab05725: No bootstrap required, opened a new log
I20260710 11:07:45.333395 28936 ts_tablet_manager.cc:1403] T b1595438f2e34c168ce182ff8f302cd7 P f4e6b8d0361e4ac7a1fbe17385e45b76: Time spent bootstrapping tablet: real 0.034s	user 0.008s	sys 0.016s
I20260710 11:07:45.333509 28937 ts_tablet_manager.cc:1403] T b1595438f2e34c168ce182ff8f302cd7 P 29cbf5538f154cc1a509e3ce7ab05725: Time spent bootstrapping tablet: real 0.027s	user 0.016s	sys 0.002s
I20260710 11:07:45.333427 28747 raft_consensus.cc:3060] T 728fb3dcbca84a1c89225d6f646f2058 P 1c16ca5b992944eeb0ad1871155dadec [term 0 FOLLOWER]: Advancing to term 1
I20260710 11:07:45.335850 28936 raft_consensus.cc:359] T b1595438f2e34c168ce182ff8f302cd7 P f4e6b8d0361e4ac7a1fbe17385e45b76 [term 0 FOLLOWER]: Replica starting. Triggering 0 pending ops. Active config: opid_index: -1 OBSOLETE_local: false peers { permanent_uuid: "1c16ca5b992944eeb0ad1871155dadec" member_type: VOTER last_known_addr { host: "127.27.1.1" port: 39261 } } peers { permanent_uuid: "f4e6b8d0361e4ac7a1fbe17385e45b76" member_type: VOTER last_known_addr { host: "127.27.1.2" port: 45553 } } peers { permanent_uuid: "29cbf5538f154cc1a509e3ce7ab05725" member_type: VOTER last_known_addr { host: "127.27.1.3" port: 33611 } }
I20260710 11:07:45.336061 28937 raft_consensus.cc:359] T b1595438f2e34c168ce182ff8f302cd7 P 29cbf5538f154cc1a509e3ce7ab05725 [term 0 FOLLOWER]: Replica starting. Triggering 0 pending ops. Active config: opid_index: -1 OBSOLETE_local: false peers { permanent_uuid: "1c16ca5b992944eeb0ad1871155dadec" member_type: VOTER last_known_addr { host: "127.27.1.1" port: 39261 } } peers { permanent_uuid: "f4e6b8d0361e4ac7a1fbe17385e45b76" member_type: VOTER last_known_addr { host: "127.27.1.2" port: 45553 } } peers { permanent_uuid: "29cbf5538f154cc1a509e3ce7ab05725" member_type: VOTER last_known_addr { host: "127.27.1.3" port: 33611 } }
I20260710 11:07:45.336457 28936 raft_consensus.cc:385] T b1595438f2e34c168ce182ff8f302cd7 P f4e6b8d0361e4ac7a1fbe17385e45b76 [term 0 FOLLOWER]: Consensus starting up: Expiring failure detector timer to make a prompt election more likely
I20260710 11:07:45.336639 28937 raft_consensus.cc:385] T b1595438f2e34c168ce182ff8f302cd7 P 29cbf5538f154cc1a509e3ce7ab05725 [term 0 FOLLOWER]: Consensus starting up: Expiring failure detector timer to make a prompt election more likely
I20260710 11:07:45.336716 28936 raft_consensus.cc:740] T b1595438f2e34c168ce182ff8f302cd7 P f4e6b8d0361e4ac7a1fbe17385e45b76 [term 0 FOLLOWER]: Becoming Follower/Learner. State: Replica: f4e6b8d0361e4ac7a1fbe17385e45b76, State: Initialized, Role: FOLLOWER
I20260710 11:07:45.336938 28937 raft_consensus.cc:740] T b1595438f2e34c168ce182ff8f302cd7 P 29cbf5538f154cc1a509e3ce7ab05725 [term 0 FOLLOWER]: Becoming Follower/Learner. State: Replica: 29cbf5538f154cc1a509e3ce7ab05725, State: Initialized, Role: FOLLOWER
I20260710 11:07:45.337386 28936 consensus_queue.cc:260] T b1595438f2e34c168ce182ff8f302cd7 P f4e6b8d0361e4ac7a1fbe17385e45b76 [NON_LEADER]: Queue going to NON_LEADER mode. State: All replicated index: 0, Majority replicated index: 0, Committed index: 0, Last appended: 0.0, Last appended by leader: 0, Current term: 0, Majority size: -1, State: 0, Mode: NON_LEADER, active raft config: opid_index: -1 OBSOLETE_local: false peers { permanent_uuid: "1c16ca5b992944eeb0ad1871155dadec" member_type: VOTER last_known_addr { host: "127.27.1.1" port: 39261 } } peers { permanent_uuid: "f4e6b8d0361e4ac7a1fbe17385e45b76" member_type: VOTER last_known_addr { host: "127.27.1.2" port: 45553 } } peers { permanent_uuid: "29cbf5538f154cc1a509e3ce7ab05725" member_type: VOTER last_known_addr { host: "127.27.1.3" port: 33611 } }
I20260710 11:07:45.337525 28937 consensus_queue.cc:260] T b1595438f2e34c168ce182ff8f302cd7 P 29cbf5538f154cc1a509e3ce7ab05725 [NON_LEADER]: Queue going to NON_LEADER mode. State: All replicated index: 0, Majority replicated index: 0, Committed index: 0, Last appended: 0.0, Last appended by leader: 0, Current term: 0, Majority size: -1, State: 0, Mode: NON_LEADER, active raft config: opid_index: -1 OBSOLETE_local: false peers { permanent_uuid: "1c16ca5b992944eeb0ad1871155dadec" member_type: VOTER last_known_addr { host: "127.27.1.1" port: 39261 } } peers { permanent_uuid: "f4e6b8d0361e4ac7a1fbe17385e45b76" member_type: VOTER last_known_addr { host: "127.27.1.2" port: 45553 } } peers { permanent_uuid: "29cbf5538f154cc1a509e3ce7ab05725" member_type: VOTER last_known_addr { host: "127.27.1.3" port: 33611 } }
I20260710 11:07:45.337998 28747 raft_consensus.cc:2468] T 728fb3dcbca84a1c89225d6f646f2058 P 1c16ca5b992944eeb0ad1871155dadec [term 1 FOLLOWER]: Leader election vote request: Granting yes vote for candidate f4e6b8d0361e4ac7a1fbe17385e45b76 in term 1.
I20260710 11:07:45.339351 28936 ts_tablet_manager.cc:1434] T b1595438f2e34c168ce182ff8f302cd7 P f4e6b8d0361e4ac7a1fbe17385e45b76: Time spent starting tablet: real 0.006s	user 0.005s	sys 0.000s
I20260710 11:07:45.340374 28993 leader_election.cc:290] T 728fb3dcbca84a1c89225d6f646f2058 P f4e6b8d0361e4ac7a1fbe17385e45b76 [CANDIDATE]: Term 1 election: Requested vote from peers 1c16ca5b992944eeb0ad1871155dadec (127.27.1.1:39261), 29cbf5538f154cc1a509e3ce7ab05725 (127.27.1.3:33611)
I20260710 11:07:45.339351 28937 ts_tablet_manager.cc:1434] T b1595438f2e34c168ce182ff8f302cd7 P 29cbf5538f154cc1a509e3ce7ab05725: Time spent starting tablet: real 0.005s	user 0.005s	sys 0.000s
I20260710 11:07:45.341329 28895 tablet_service.cc:1917] Received RequestConsensusVote() RPC: tablet_id: "728fb3dcbca84a1c89225d6f646f2058" candidate_uuid: "f4e6b8d0361e4ac7a1fbe17385e45b76" candidate_term: 1 candidate_status { last_received { term: 0 index: 0 } } ignore_live_leader: false dest_uuid: "29cbf5538f154cc1a509e3ce7ab05725"
I20260710 11:07:45.341821 28895 raft_consensus.cc:3060] T 728fb3dcbca84a1c89225d6f646f2058 P 29cbf5538f154cc1a509e3ce7ab05725 [term 0 FOLLOWER]: Advancing to term 1
I20260710 11:07:45.341895 28788 leader_election.cc:304] T 728fb3dcbca84a1c89225d6f646f2058 P f4e6b8d0361e4ac7a1fbe17385e45b76 [CANDIDATE]: Term 1 election: Election decided. Result: candidate won. Election summary: received 2 responses out of 3 voters: 2 yes votes; 0 no votes. yes voters: 1c16ca5b992944eeb0ad1871155dadec, f4e6b8d0361e4ac7a1fbe17385e45b76; no voters: 
I20260710 11:07:45.342701 28993 raft_consensus.cc:2804] T 728fb3dcbca84a1c89225d6f646f2058 P f4e6b8d0361e4ac7a1fbe17385e45b76 [term 1 FOLLOWER]: Leader election won for term 1
I20260710 11:07:45.343106 28993 raft_consensus.cc:697] T 728fb3dcbca84a1c89225d6f646f2058 P f4e6b8d0361e4ac7a1fbe17385e45b76 [term 1 LEADER]: Becoming Leader. State: Replica: f4e6b8d0361e4ac7a1fbe17385e45b76, State: Running, Role: LEADER
I20260710 11:07:45.343684 28993 consensus_queue.cc:237] T 728fb3dcbca84a1c89225d6f646f2058 P f4e6b8d0361e4ac7a1fbe17385e45b76 [LEADER]: Queue going to LEADER mode. State: All replicated index: 0, Majority replicated index: 0, Committed index: 0, Last appended: 0.0, Last appended by leader: 0, Current term: 1, Majority size: 2, State: 0, Mode: LEADER, active raft config: opid_index: -1 OBSOLETE_local: false peers { permanent_uuid: "1c16ca5b992944eeb0ad1871155dadec" member_type: VOTER last_known_addr { host: "127.27.1.1" port: 39261 } } peers { permanent_uuid: "f4e6b8d0361e4ac7a1fbe17385e45b76" member_type: VOTER last_known_addr { host: "127.27.1.2" port: 45553 } } peers { permanent_uuid: "29cbf5538f154cc1a509e3ce7ab05725" member_type: VOTER last_known_addr { host: "127.27.1.3" port: 33611 } }
I20260710 11:07:45.348361 28895 raft_consensus.cc:2468] T 728fb3dcbca84a1c89225d6f646f2058 P 29cbf5538f154cc1a509e3ce7ab05725 [term 1 FOLLOWER]: Leader election vote request: Granting yes vote for candidate f4e6b8d0361e4ac7a1fbe17385e45b76 in term 1.
I20260710 11:07:45.354218 29038 raft_consensus.cc:493] T b1595438f2e34c168ce182ff8f302cd7 P 29cbf5538f154cc1a509e3ce7ab05725 [term 0 FOLLOWER]: Starting pre-election (no leader contacted us within the election timeout)
I20260710 11:07:45.354662 29038 raft_consensus.cc:515] T b1595438f2e34c168ce182ff8f302cd7 P 29cbf5538f154cc1a509e3ce7ab05725 [term 0 FOLLOWER]: Starting pre-election with config: opid_index: -1 OBSOLETE_local: false peers { permanent_uuid: "1c16ca5b992944eeb0ad1871155dadec" member_type: VOTER last_known_addr { host: "127.27.1.1" port: 39261 } } peers { permanent_uuid: "f4e6b8d0361e4ac7a1fbe17385e45b76" member_type: VOTER last_known_addr { host: "127.27.1.2" port: 45553 } } peers { permanent_uuid: "29cbf5538f154cc1a509e3ce7ab05725" member_type: VOTER last_known_addr { host: "127.27.1.3" port: 33611 } }
I20260710 11:07:45.354907 28643 catalog_manager.cc:5697] T 728fb3dcbca84a1c89225d6f646f2058 P f4e6b8d0361e4ac7a1fbe17385e45b76 reported cstate change: term changed from 0 to 1, leader changed from <none> to f4e6b8d0361e4ac7a1fbe17385e45b76 (127.27.1.2). New cstate: current_term: 1 leader_uuid: "f4e6b8d0361e4ac7a1fbe17385e45b76" committed_config { opid_index: -1 OBSOLETE_local: false peers { permanent_uuid: "1c16ca5b992944eeb0ad1871155dadec" member_type: VOTER last_known_addr { host: "127.27.1.1" port: 39261 } health_report { overall_health: UNKNOWN } } peers { permanent_uuid: "f4e6b8d0361e4ac7a1fbe17385e45b76" member_type: VOTER last_known_addr { host: "127.27.1.2" port: 45553 } health_report { overall_health: HEALTHY } } peers { permanent_uuid: "29cbf5538f154cc1a509e3ce7ab05725" member_type: VOTER last_known_addr { host: "127.27.1.3" port: 33611 } health_report { overall_health: UNKNOWN } } }
I20260710 11:07:45.356591 29038 leader_election.cc:290] T b1595438f2e34c168ce182ff8f302cd7 P 29cbf5538f154cc1a509e3ce7ab05725 [CANDIDATE]: Term 1 pre-election: Requested pre-vote from peers 1c16ca5b992944eeb0ad1871155dadec (127.27.1.1:39261), f4e6b8d0361e4ac7a1fbe17385e45b76 (127.27.1.2:45553)
I20260710 11:07:45.357080 28747 tablet_service.cc:1917] Received RequestConsensusVote() RPC: tablet_id: "b1595438f2e34c168ce182ff8f302cd7" candidate_uuid: "29cbf5538f154cc1a509e3ce7ab05725" candidate_term: 1 candidate_status { last_received { term: 0 index: 0 } } ignore_live_leader: false dest_uuid: "1c16ca5b992944eeb0ad1871155dadec" is_pre_election: true
I20260710 11:07:45.357586 28747 raft_consensus.cc:2468] T b1595438f2e34c168ce182ff8f302cd7 P 1c16ca5b992944eeb0ad1871155dadec [term 0 FOLLOWER]: Leader pre-election vote request: Granting yes vote for candidate 29cbf5538f154cc1a509e3ce7ab05725 in term 0.
I20260710 11:07:45.357553 28819 tablet_service.cc:1917] Received RequestConsensusVote() RPC: tablet_id: "b1595438f2e34c168ce182ff8f302cd7" candidate_uuid: "29cbf5538f154cc1a509e3ce7ab05725" candidate_term: 1 candidate_status { last_received { term: 0 index: 0 } } ignore_live_leader: false dest_uuid: "f4e6b8d0361e4ac7a1fbe17385e45b76" is_pre_election: true
I20260710 11:07:45.358253 28819 raft_consensus.cc:2468] T b1595438f2e34c168ce182ff8f302cd7 P f4e6b8d0361e4ac7a1fbe17385e45b76 [term 0 FOLLOWER]: Leader pre-election vote request: Granting yes vote for candidate 29cbf5538f154cc1a509e3ce7ab05725 in term 0.
I20260710 11:07:45.358546 28862 leader_election.cc:304] T b1595438f2e34c168ce182ff8f302cd7 P 29cbf5538f154cc1a509e3ce7ab05725 [CANDIDATE]: Term 1 pre-election: Election decided. Result: candidate won. Election summary: received 2 responses out of 3 voters: 2 yes votes; 0 no votes. yes voters: 1c16ca5b992944eeb0ad1871155dadec, 29cbf5538f154cc1a509e3ce7ab05725; no voters: 
I20260710 11:07:45.359192 29038 raft_consensus.cc:2804] T b1595438f2e34c168ce182ff8f302cd7 P 29cbf5538f154cc1a509e3ce7ab05725 [term 0 FOLLOWER]: Leader pre-election won for term 1
I20260710 11:07:45.359457 29038 raft_consensus.cc:493] T b1595438f2e34c168ce182ff8f302cd7 P 29cbf5538f154cc1a509e3ce7ab05725 [term 0 FOLLOWER]: Starting leader election (no leader contacted us within the election timeout)
I20260710 11:07:45.359699 29038 raft_consensus.cc:3060] T b1595438f2e34c168ce182ff8f302cd7 P 29cbf5538f154cc1a509e3ce7ab05725 [term 0 FOLLOWER]: Advancing to term 1
I20260710 11:07:45.364740 29038 raft_consensus.cc:515] T b1595438f2e34c168ce182ff8f302cd7 P 29cbf5538f154cc1a509e3ce7ab05725 [term 1 FOLLOWER]: Starting leader election with config: opid_index: -1 OBSOLETE_local: false peers { permanent_uuid: "1c16ca5b992944eeb0ad1871155dadec" member_type: VOTER last_known_addr { host: "127.27.1.1" port: 39261 } } peers { permanent_uuid: "f4e6b8d0361e4ac7a1fbe17385e45b76" member_type: VOTER last_known_addr { host: "127.27.1.2" port: 45553 } } peers { permanent_uuid: "29cbf5538f154cc1a509e3ce7ab05725" member_type: VOTER last_known_addr { host: "127.27.1.3" port: 33611 } }
I20260710 11:07:45.366459 29038 leader_election.cc:290] T b1595438f2e34c168ce182ff8f302cd7 P 29cbf5538f154cc1a509e3ce7ab05725 [CANDIDATE]: Term 1 election: Requested vote from peers 1c16ca5b992944eeb0ad1871155dadec (127.27.1.1:39261), f4e6b8d0361e4ac7a1fbe17385e45b76 (127.27.1.2:45553)
I20260710 11:07:45.366863 28747 tablet_service.cc:1917] Received RequestConsensusVote() RPC: tablet_id: "b1595438f2e34c168ce182ff8f302cd7" candidate_uuid: "29cbf5538f154cc1a509e3ce7ab05725" candidate_term: 1 candidate_status { last_received { term: 0 index: 0 } } ignore_live_leader: false dest_uuid: "1c16ca5b992944eeb0ad1871155dadec"
I20260710 11:07:45.367345 28819 tablet_service.cc:1917] Received RequestConsensusVote() RPC: tablet_id: "b1595438f2e34c168ce182ff8f302cd7" candidate_uuid: "29cbf5538f154cc1a509e3ce7ab05725" candidate_term: 1 candidate_status { last_received { term: 0 index: 0 } } ignore_live_leader: false dest_uuid: "f4e6b8d0361e4ac7a1fbe17385e45b76"
I20260710 11:07:45.367355 28747 raft_consensus.cc:3060] T b1595438f2e34c168ce182ff8f302cd7 P 1c16ca5b992944eeb0ad1871155dadec [term 0 FOLLOWER]: Advancing to term 1
I20260710 11:07:45.367900 28819 raft_consensus.cc:3060] T b1595438f2e34c168ce182ff8f302cd7 P f4e6b8d0361e4ac7a1fbe17385e45b76 [term 0 FOLLOWER]: Advancing to term 1
I20260710 11:07:45.371654 28747 raft_consensus.cc:2468] T b1595438f2e34c168ce182ff8f302cd7 P 1c16ca5b992944eeb0ad1871155dadec [term 1 FOLLOWER]: Leader election vote request: Granting yes vote for candidate 29cbf5538f154cc1a509e3ce7ab05725 in term 1.
I20260710 11:07:45.371738 28819 raft_consensus.cc:2468] T b1595438f2e34c168ce182ff8f302cd7 P f4e6b8d0361e4ac7a1fbe17385e45b76 [term 1 FOLLOWER]: Leader election vote request: Granting yes vote for candidate 29cbf5538f154cc1a509e3ce7ab05725 in term 1.
I20260710 11:07:45.372452 28862 leader_election.cc:304] T b1595438f2e34c168ce182ff8f302cd7 P 29cbf5538f154cc1a509e3ce7ab05725 [CANDIDATE]: Term 1 election: Election decided. Result: candidate won. Election summary: received 2 responses out of 3 voters: 2 yes votes; 0 no votes. yes voters: 1c16ca5b992944eeb0ad1871155dadec, 29cbf5538f154cc1a509e3ce7ab05725; no voters: 
I20260710 11:07:45.372990 29038 raft_consensus.cc:2804] T b1595438f2e34c168ce182ff8f302cd7 P 29cbf5538f154cc1a509e3ce7ab05725 [term 1 FOLLOWER]: Leader election won for term 1
I20260710 11:07:45.373410 29038 raft_consensus.cc:697] T b1595438f2e34c168ce182ff8f302cd7 P 29cbf5538f154cc1a509e3ce7ab05725 [term 1 LEADER]: Becoming Leader. State: Replica: 29cbf5538f154cc1a509e3ce7ab05725, State: Running, Role: LEADER
I20260710 11:07:45.374027 29038 consensus_queue.cc:237] T b1595438f2e34c168ce182ff8f302cd7 P 29cbf5538f154cc1a509e3ce7ab05725 [LEADER]: Queue going to LEADER mode. State: All replicated index: 0, Majority replicated index: 0, Committed index: 0, Last appended: 0.0, Last appended by leader: 0, Current term: 1, Majority size: 2, State: 0, Mode: LEADER, active raft config: opid_index: -1 OBSOLETE_local: false peers { permanent_uuid: "1c16ca5b992944eeb0ad1871155dadec" member_type: VOTER last_known_addr { host: "127.27.1.1" port: 39261 } } peers { permanent_uuid: "f4e6b8d0361e4ac7a1fbe17385e45b76" member_type: VOTER last_known_addr { host: "127.27.1.2" port: 45553 } } peers { permanent_uuid: "29cbf5538f154cc1a509e3ce7ab05725" member_type: VOTER last_known_addr { host: "127.27.1.3" port: 33611 } }
I20260710 11:07:45.380016 28643 catalog_manager.cc:5697] T b1595438f2e34c168ce182ff8f302cd7 P 29cbf5538f154cc1a509e3ce7ab05725 reported cstate change: term changed from 0 to 1, leader changed from <none> to 29cbf5538f154cc1a509e3ce7ab05725 (127.27.1.3). New cstate: current_term: 1 leader_uuid: "29cbf5538f154cc1a509e3ce7ab05725" committed_config { opid_index: -1 OBSOLETE_local: false peers { permanent_uuid: "1c16ca5b992944eeb0ad1871155dadec" member_type: VOTER last_known_addr { host: "127.27.1.1" port: 39261 } health_report { overall_health: UNKNOWN } } peers { permanent_uuid: "f4e6b8d0361e4ac7a1fbe17385e45b76" member_type: VOTER last_known_addr { host: "127.27.1.2" port: 45553 } health_report { overall_health: UNKNOWN } } peers { permanent_uuid: "29cbf5538f154cc1a509e3ce7ab05725" member_type: VOTER last_known_addr { host: "127.27.1.3" port: 33611 } health_report { overall_health: HEALTHY } } }
I20260710 11:07:45.380657 28993 consensus_queue.cc:1048] T 1983b801f7904bad94d29fa81681ea28 P f4e6b8d0361e4ac7a1fbe17385e45b76 [LEADER]: Connected to new peer: Peer: permanent_uuid: "1c16ca5b992944eeb0ad1871155dadec" member_type: VOTER last_known_addr { host: "127.27.1.1" port: 39261 }, Status: LMP_MISMATCH, Last received: 0.0, Next index: 1, Last known committed idx: 0, Time since last communication: 0.000s
I20260710 11:07:45.381718 29038 raft_consensus.cc:493] T deb1bcee16bf46128ddd0b14c6e91cb8 P 29cbf5538f154cc1a509e3ce7ab05725 [term 0 FOLLOWER]: Starting pre-election (no leader contacted us within the election timeout)
I20260710 11:07:45.382138 29038 raft_consensus.cc:515] T deb1bcee16bf46128ddd0b14c6e91cb8 P 29cbf5538f154cc1a509e3ce7ab05725 [term 0 FOLLOWER]: Starting pre-election with config: opid_index: -1 OBSOLETE_local: false peers { permanent_uuid: "1c16ca5b992944eeb0ad1871155dadec" member_type: VOTER last_known_addr { host: "127.27.1.1" port: 39261 } } peers { permanent_uuid: "f4e6b8d0361e4ac7a1fbe17385e45b76" member_type: VOTER last_known_addr { host: "127.27.1.2" port: 45553 } } peers { permanent_uuid: "29cbf5538f154cc1a509e3ce7ab05725" member_type: VOTER last_known_addr { host: "127.27.1.3" port: 33611 } }
I20260710 11:07:45.383898 29038 leader_election.cc:290] T deb1bcee16bf46128ddd0b14c6e91cb8 P 29cbf5538f154cc1a509e3ce7ab05725 [CANDIDATE]: Term 1 pre-election: Requested pre-vote from peers 1c16ca5b992944eeb0ad1871155dadec (127.27.1.1:39261), f4e6b8d0361e4ac7a1fbe17385e45b76 (127.27.1.2:45553)
