I20260710 11:00:13.752550 25105 leader_election.cc:304] T 6397ae02402049ba8e7f2a667f41f0f4 P 1acafc92801949478443ce5dbdf58a45 [CANDIDATE]: Term 1 pre-election: Election decided. Result: candidate won. Election summary: received 3 responses out of 3 voters: 2 yes votes; 1 no votes. yes voters: 1acafc92801949478443ce5dbdf58a45, d00b0dc2c4b940f5a1de2bbcbe4c5eb2; no voters: 4e85fc4d3a9e4bb1be2b9064857e8c0e
I20260710 11:00:13.756757 25214 leader_election.cc:290] T 6397ae02402049ba8e7f2a667f41f0f4 P 1acafc92801949478443ce5dbdf58a45 [CANDIDATE]: Term 1 pre-election: Requested pre-vote from peers 4e85fc4d3a9e4bb1be2b9064857e8c0e (127.23.77.129:38515), d00b0dc2c4b940f5a1de2bbcbe4c5eb2 (127.23.77.130:38235)
I20260710 11:00:13.775782 25179 tablet_bootstrap.cc:492] T 48327a4e52dd4ba28f404405af7e0c32 P 1acafc92801949478443ce5dbdf58a45: No bootstrap required, opened a new log
I20260710 11:00:13.775677 24990 tablet_service.cc:1917] Received RequestConsensusVote() RPC: tablet_id: "28e86990568747d3a9804f7a0404881b" candidate_uuid: "d00b0dc2c4b940f5a1de2bbcbe4c5eb2" candidate_term: 1 candidate_status { last_received { term: 0 index: 0 } } ignore_live_leader: false dest_uuid: "4e85fc4d3a9e4bb1be2b9064857e8c0e" is_pre_election: true
I20260710 11:00:13.776355 25179 ts_tablet_manager.cc:1403] T 48327a4e52dd4ba28f404405af7e0c32 P 1acafc92801949478443ce5dbdf58a45: Time spent bootstrapping tablet: real 0.084s	user 0.022s	sys 0.010s
I20260710 11:00:13.776464 24990 raft_consensus.cc:2468] T 28e86990568747d3a9804f7a0404881b P 4e85fc4d3a9e4bb1be2b9064857e8c0e [term 0 FOLLOWER]: Leader pre-election vote request: Granting yes vote for candidate d00b0dc2c4b940f5a1de2bbcbe4c5eb2 in term 0.
I20260710 11:00:13.777895 25030 leader_election.cc:304] T 28e86990568747d3a9804f7a0404881b P d00b0dc2c4b940f5a1de2bbcbe4c5eb2 [CANDIDATE]: Term 1 pre-election: Election decided. Result: candidate won. Election summary: received 2 responses out of 3 voters: 2 yes votes; 0 no votes. yes voters: 4e85fc4d3a9e4bb1be2b9064857e8c0e, d00b0dc2c4b940f5a1de2bbcbe4c5eb2; no voters: 
I20260710 11:00:13.779088 25186 raft_consensus.cc:2804] T 28e86990568747d3a9804f7a0404881b P d00b0dc2c4b940f5a1de2bbcbe4c5eb2 [term 0 FOLLOWER]: Leader pre-election won for term 1
I20260710 11:00:13.779553 25186 raft_consensus.cc:493] T 28e86990568747d3a9804f7a0404881b P d00b0dc2c4b940f5a1de2bbcbe4c5eb2 [term 0 FOLLOWER]: Starting leader election (no leader contacted us within the election timeout)
I20260710 11:00:13.779996 25186 raft_consensus.cc:3060] T 28e86990568747d3a9804f7a0404881b P d00b0dc2c4b940f5a1de2bbcbe4c5eb2 [term 0 FOLLOWER]: Advancing to term 1
I20260710 11:00:13.782974 25139 tablet_service.cc:1917] Received RequestConsensusVote() RPC: tablet_id: "28e86990568747d3a9804f7a0404881b" candidate_uuid: "d00b0dc2c4b940f5a1de2bbcbe4c5eb2" candidate_term: 1 candidate_status { last_received { term: 0 index: 0 } } ignore_live_leader: false dest_uuid: "1acafc92801949478443ce5dbdf58a45" is_pre_election: true
I20260710 11:00:13.783677 25139 raft_consensus.cc:2468] T 28e86990568747d3a9804f7a0404881b P 1acafc92801949478443ce5dbdf58a45 [term 0 FOLLOWER]: Leader pre-election vote request: Granting yes vote for candidate d00b0dc2c4b940f5a1de2bbcbe4c5eb2 in term 0.
I20260710 11:00:13.784304 25218 raft_consensus.cc:493] T 28e86990568747d3a9804f7a0404881b P 1acafc92801949478443ce5dbdf58a45 [term 0 FOLLOWER]: Starting pre-election (no leader contacted us within the election timeout)
I20260710 11:00:13.757582 25214 raft_consensus.cc:2804] T 6397ae02402049ba8e7f2a667f41f0f4 P 1acafc92801949478443ce5dbdf58a45 [term 0 FOLLOWER]: Leader pre-election won for term 1
I20260710 11:00:13.785075 25214 raft_consensus.cc:493] T 6397ae02402049ba8e7f2a667f41f0f4 P 1acafc92801949478443ce5dbdf58a45 [term 0 FOLLOWER]: Starting leader election (no leader contacted us within the election timeout)
I20260710 11:00:13.784763 25218 raft_consensus.cc:515] T 28e86990568747d3a9804f7a0404881b P 1acafc92801949478443ce5dbdf58a45 [term 0 FOLLOWER]: Starting pre-election with config: opid_index: -1 OBSOLETE_local: false peers { permanent_uuid: "4e85fc4d3a9e4bb1be2b9064857e8c0e" member_type: VOTER last_known_addr { host: "127.23.77.129" port: 38515 } } peers { permanent_uuid: "d00b0dc2c4b940f5a1de2bbcbe4c5eb2" member_type: VOTER last_known_addr { host: "127.23.77.130" port: 38235 } } peers { permanent_uuid: "1acafc92801949478443ce5dbdf58a45" member_type: VOTER last_known_addr { host: "127.23.77.131" port: 38107 } }
I20260710 11:00:13.785488 25214 raft_consensus.cc:3060] T 6397ae02402049ba8e7f2a667f41f0f4 P 1acafc92801949478443ce5dbdf58a45 [term 0 FOLLOWER]: Advancing to term 1
I20260710 11:00:13.787798 25181 tablet_bootstrap.cc:492] T 6397ae02402049ba8e7f2a667f41f0f4 P 4e85fc4d3a9e4bb1be2b9064857e8c0e: No bootstrap required, opened a new log
I20260710 11:00:13.787923 24990 tablet_service.cc:1917] Received RequestConsensusVote() RPC: tablet_id: "28e86990568747d3a9804f7a0404881b" candidate_uuid: "1acafc92801949478443ce5dbdf58a45" candidate_term: 1 candidate_status { last_received { term: 0 index: 0 } } ignore_live_leader: false dest_uuid: "4e85fc4d3a9e4bb1be2b9064857e8c0e" is_pre_election: true
I20260710 11:00:13.788589 24990 raft_consensus.cc:2468] T 28e86990568747d3a9804f7a0404881b P 4e85fc4d3a9e4bb1be2b9064857e8c0e [term 0 FOLLOWER]: Leader pre-election vote request: Granting yes vote for candidate 1acafc92801949478443ce5dbdf58a45 in term 0.
I20260710 11:00:13.789765 25104 leader_election.cc:304] T 28e86990568747d3a9804f7a0404881b P 1acafc92801949478443ce5dbdf58a45 [CANDIDATE]: Term 1 pre-election: Election decided. Result: candidate won. Election summary: received 2 responses out of 3 voters: 2 yes votes; 0 no votes. yes voters: 1acafc92801949478443ce5dbdf58a45, 4e85fc4d3a9e4bb1be2b9064857e8c0e; no voters: 
I20260710 11:00:13.793066 25179 raft_consensus.cc:359] T 48327a4e52dd4ba28f404405af7e0c32 P 1acafc92801949478443ce5dbdf58a45 [term 0 FOLLOWER]: Replica starting. Triggering 0 pending ops. Active config: opid_index: -1 OBSOLETE_local: false peers { permanent_uuid: "4e85fc4d3a9e4bb1be2b9064857e8c0e" member_type: VOTER last_known_addr { host: "127.23.77.129" port: 38515 } } peers { permanent_uuid: "d00b0dc2c4b940f5a1de2bbcbe4c5eb2" member_type: VOTER last_known_addr { host: "127.23.77.130" port: 38235 } } peers { permanent_uuid: "1acafc92801949478443ce5dbdf58a45" member_type: VOTER last_known_addr { host: "127.23.77.131" port: 38107 } }
I20260710 11:00:13.782639 24885 catalog_manager.cc:5697] T f10d6aebee8f4395b6ffea6a11c1e843 P 1acafc92801949478443ce5dbdf58a45 reported cstate change: term changed from 0 to 1, leader changed from <none> to 1acafc92801949478443ce5dbdf58a45 (127.23.77.131). New cstate: current_term: 1 leader_uuid: "1acafc92801949478443ce5dbdf58a45" committed_config { opid_index: -1 OBSOLETE_local: false peers { permanent_uuid: "4e85fc4d3a9e4bb1be2b9064857e8c0e" member_type: VOTER last_known_addr { host: "127.23.77.129" port: 38515 } health_report { overall_health: UNKNOWN } } peers { permanent_uuid: "d00b0dc2c4b940f5a1de2bbcbe4c5eb2" member_type: VOTER last_known_addr { host: "127.23.77.130" port: 38235 } health_report { overall_health: UNKNOWN } } peers { permanent_uuid: "1acafc92801949478443ce5dbdf58a45" member_type: VOTER last_known_addr { host: "127.23.77.131" port: 38107 } health_report { overall_health: HEALTHY } } }
I20260710 11:00:13.793902 25179 raft_consensus.cc:385] T 48327a4e52dd4ba28f404405af7e0c32 P 1acafc92801949478443ce5dbdf58a45 [term 0 FOLLOWER]: Consensus starting up: Expiring failure detector timer to make a prompt election more likely
I20260710 11:00:13.794263 25179 raft_consensus.cc:740] T 48327a4e52dd4ba28f404405af7e0c32 P 1acafc92801949478443ce5dbdf58a45 [term 0 FOLLOWER]: Becoming Follower/Learner. State: Replica: 1acafc92801949478443ce5dbdf58a45, State: Initialized, Role: FOLLOWER
I20260710 11:00:13.794471 25218 leader_election.cc:290] T 28e86990568747d3a9804f7a0404881b P 1acafc92801949478443ce5dbdf58a45 [CANDIDATE]: Term 1 pre-election: Requested pre-vote from peers 4e85fc4d3a9e4bb1be2b9064857e8c0e (127.23.77.129:38515), d00b0dc2c4b940f5a1de2bbcbe4c5eb2 (127.23.77.130:38235)
I20260710 11:00:13.795054 25179 consensus_queue.cc:260] T 48327a4e52dd4ba28f404405af7e0c32 P 1acafc92801949478443ce5dbdf58a45 [NON_LEADER]: Queue going to NON_LEADER mode. State: All replicated index: 0, Majority replicated index: 0, Committed index: 0, Last appended: 0.0, Last appended by leader: 0, Current term: 0, Majority size: -1, State: 0, Mode: NON_LEADER, active raft config: opid_index: -1 OBSOLETE_local: false peers { permanent_uuid: "4e85fc4d3a9e4bb1be2b9064857e8c0e" member_type: VOTER last_known_addr { host: "127.23.77.129" port: 38515 } } peers { permanent_uuid: "d00b0dc2c4b940f5a1de2bbcbe4c5eb2" member_type: VOTER last_known_addr { host: "127.23.77.130" port: 38235 } } peers { permanent_uuid: "1acafc92801949478443ce5dbdf58a45" member_type: VOTER last_known_addr { host: "127.23.77.131" port: 38107 } }
I20260710 11:00:13.796736 25065 tablet_service.cc:1917] Received RequestConsensusVote() RPC: tablet_id: "28e86990568747d3a9804f7a0404881b" candidate_uuid: "1acafc92801949478443ce5dbdf58a45" candidate_term: 1 candidate_status { last_received { term: 0 index: 0 } } ignore_live_leader: false dest_uuid: "d00b0dc2c4b940f5a1de2bbcbe4c5eb2" is_pre_election: true
I20260710 11:00:13.793469 25180 tablet_bootstrap.cc:492] T 190755bff7c646b2b24b552ec574e9cd P d00b0dc2c4b940f5a1de2bbcbe4c5eb2: No bootstrap required, opened a new log
I20260710 11:00:13.797818 25179 ts_tablet_manager.cc:1434] T 48327a4e52dd4ba28f404405af7e0c32 P 1acafc92801949478443ce5dbdf58a45: Time spent starting tablet: real 0.021s	user 0.009s	sys 0.000s
I20260710 11:00:13.798408 25180 ts_tablet_manager.cc:1403] T 190755bff7c646b2b24b552ec574e9cd P d00b0dc2c4b940f5a1de2bbcbe4c5eb2: Time spent bootstrapping tablet: real 0.077s	user 0.021s	sys 0.023s
I20260710 11:00:13.799247 25185 raft_consensus.cc:2804] T 28e86990568747d3a9804f7a0404881b P 1acafc92801949478443ce5dbdf58a45 [term 0 FOLLOWER]: Leader pre-election won for term 1
I20260710 11:00:13.799799 25185 raft_consensus.cc:493] T 28e86990568747d3a9804f7a0404881b P 1acafc92801949478443ce5dbdf58a45 [term 0 FOLLOWER]: Starting leader election (no leader contacted us within the election timeout)
I20260710 11:00:13.799352 25219 raft_consensus.cc:493] T 3b5a2a529f7148a39a5e5457b13005ea P d00b0dc2c4b940f5a1de2bbcbe4c5eb2 [term 0 FOLLOWER]: Starting pre-election (no leader contacted us within the election timeout)
I20260710 11:00:13.800241 25185 raft_consensus.cc:3060] T 28e86990568747d3a9804f7a0404881b P 1acafc92801949478443ce5dbdf58a45 [term 0 FOLLOWER]: Advancing to term 1
I20260710 11:00:13.800933 25179 tablet_bootstrap.cc:492] T 1afbd352d2304b74bfcaae573ffcdd26 P 1acafc92801949478443ce5dbdf58a45: Bootstrap starting.
I20260710 11:00:13.789795 25186 raft_consensus.cc:515] T 28e86990568747d3a9804f7a0404881b P d00b0dc2c4b940f5a1de2bbcbe4c5eb2 [term 1 FOLLOWER]: Starting leader election with config: opid_index: -1 OBSOLETE_local: false peers { permanent_uuid: "4e85fc4d3a9e4bb1be2b9064857e8c0e" member_type: VOTER last_known_addr { host: "127.23.77.129" port: 38515 } } peers { permanent_uuid: "d00b0dc2c4b940f5a1de2bbcbe4c5eb2" member_type: VOTER last_known_addr { host: "127.23.77.130" port: 38235 } } peers { permanent_uuid: "1acafc92801949478443ce5dbdf58a45" member_type: VOTER last_known_addr { host: "127.23.77.131" port: 38107 } }
I20260710 11:00:13.804090 25065 raft_consensus.cc:2393] T 28e86990568747d3a9804f7a0404881b P d00b0dc2c4b940f5a1de2bbcbe4c5eb2 [term 1 FOLLOWER]: Leader pre-election vote request: Denying vote to candidate 1acafc92801949478443ce5dbdf58a45 in current term 1: Already voted for candidate d00b0dc2c4b940f5a1de2bbcbe4c5eb2 in this term.
I20260710 11:00:13.804812 25219 raft_consensus.cc:515] T 3b5a2a529f7148a39a5e5457b13005ea P d00b0dc2c4b940f5a1de2bbcbe4c5eb2 [term 0 FOLLOWER]: Starting pre-election with config: opid_index: -1 OBSOLETE_local: false peers { permanent_uuid: "4e85fc4d3a9e4bb1be2b9064857e8c0e" member_type: VOTER last_known_addr { host: "127.23.77.129" port: 38515 } } peers { permanent_uuid: "d00b0dc2c4b940f5a1de2bbcbe4c5eb2" member_type: VOTER last_known_addr { host: "127.23.77.130" port: 38235 } } peers { permanent_uuid: "1acafc92801949478443ce5dbdf58a45" member_type: VOTER last_known_addr { host: "127.23.77.131" port: 38107 } }
I20260710 11:00:13.811502 25186 leader_election.cc:290] T 28e86990568747d3a9804f7a0404881b P d00b0dc2c4b940f5a1de2bbcbe4c5eb2 [CANDIDATE]: Term 1 election: Requested vote from peers 4e85fc4d3a9e4bb1be2b9064857e8c0e (127.23.77.129:38515), 1acafc92801949478443ce5dbdf58a45 (127.23.77.131:38107)
I20260710 11:00:13.799602 25214 raft_consensus.cc:515] T 6397ae02402049ba8e7f2a667f41f0f4 P 1acafc92801949478443ce5dbdf58a45 [term 1 FOLLOWER]: Starting leader election with config: opid_index: -1 OBSOLETE_local: false peers { permanent_uuid: "4e85fc4d3a9e4bb1be2b9064857e8c0e" member_type: VOTER last_known_addr { host: "127.23.77.129" port: 38515 } } peers { permanent_uuid: "d00b0dc2c4b940f5a1de2bbcbe4c5eb2" member_type: VOTER last_known_addr { host: "127.23.77.130" port: 38235 } } peers { permanent_uuid: "1acafc92801949478443ce5dbdf58a45" member_type: VOTER last_known_addr { host: "127.23.77.131" port: 38107 } }
I20260710 11:00:13.788334 25181 ts_tablet_manager.cc:1403] T 6397ae02402049ba8e7f2a667f41f0f4 P 4e85fc4d3a9e4bb1be2b9064857e8c0e: Time spent bootstrapping tablet: real 0.111s	user 0.027s	sys 0.054s
I20260710 11:00:13.809540 25185 raft_consensus.cc:515] T 28e86990568747d3a9804f7a0404881b P 1acafc92801949478443ce5dbdf58a45 [term 1 FOLLOWER]: Starting leader election with config: opid_index: -1 OBSOLETE_local: false peers { permanent_uuid: "4e85fc4d3a9e4bb1be2b9064857e8c0e" member_type: VOTER last_known_addr { host: "127.23.77.129" port: 38515 } } peers { permanent_uuid: "d00b0dc2c4b940f5a1de2bbcbe4c5eb2" member_type: VOTER last_known_addr { host: "127.23.77.130" port: 38235 } } peers { permanent_uuid: "1acafc92801949478443ce5dbdf58a45" member_type: VOTER last_known_addr { host: "127.23.77.131" port: 38107 } }
I20260710 11:00:13.810160 24990 tablet_service.cc:1917] Received RequestConsensusVote() RPC: tablet_id: "28e86990568747d3a9804f7a0404881b" candidate_uuid: "d00b0dc2c4b940f5a1de2bbcbe4c5eb2" candidate_term: 1 candidate_status { last_received { term: 0 index: 0 } } ignore_live_leader: false dest_uuid: "4e85fc4d3a9e4bb1be2b9064857e8c0e"
I20260710 11:00:13.812068 25139 tablet_service.cc:1917] Received RequestConsensusVote() RPC: tablet_id: "28e86990568747d3a9804f7a0404881b" candidate_uuid: "d00b0dc2c4b940f5a1de2bbcbe4c5eb2" candidate_term: 1 candidate_status { last_received { term: 0 index: 0 } } ignore_live_leader: false dest_uuid: "1acafc92801949478443ce5dbdf58a45"
I20260710 11:00:13.812295 24990 raft_consensus.cc:3060] T 28e86990568747d3a9804f7a0404881b P 4e85fc4d3a9e4bb1be2b9064857e8c0e [term 0 FOLLOWER]: Advancing to term 1
I20260710 11:00:13.811103 25179 tablet_bootstrap.cc:654] T 1afbd352d2304b74bfcaae573ffcdd26 P 1acafc92801949478443ce5dbdf58a45: Neither blocks nor log segments found. Creating new log.
I20260710 11:00:13.810987 25180 raft_consensus.cc:359] T 190755bff7c646b2b24b552ec574e9cd P d00b0dc2c4b940f5a1de2bbcbe4c5eb2 [term 0 FOLLOWER]: Replica starting. Triggering 0 pending ops. Active config: opid_index: -1 OBSOLETE_local: false peers { permanent_uuid: "4e85fc4d3a9e4bb1be2b9064857e8c0e" member_type: VOTER last_known_addr { host: "127.23.77.129" port: 38515 } } peers { permanent_uuid: "d00b0dc2c4b940f5a1de2bbcbe4c5eb2" member_type: VOTER last_known_addr { host: "127.23.77.130" port: 38235 } } peers { permanent_uuid: "1acafc92801949478443ce5dbdf58a45" member_type: VOTER last_known_addr { host: "127.23.77.131" port: 38107 } }
I20260710 11:00:13.815208 25181 raft_consensus.cc:359] T 6397ae02402049ba8e7f2a667f41f0f4 P 4e85fc4d3a9e4bb1be2b9064857e8c0e [term 0 FOLLOWER]: Replica starting. Triggering 0 pending ops. Active config: opid_index: -1 OBSOLETE_local: false peers { permanent_uuid: "4e85fc4d3a9e4bb1be2b9064857e8c0e" member_type: VOTER last_known_addr { host: "127.23.77.129" port: 38515 } } peers { permanent_uuid: "d00b0dc2c4b940f5a1de2bbcbe4c5eb2" member_type: VOTER last_known_addr { host: "127.23.77.130" port: 38235 } } peers { permanent_uuid: "1acafc92801949478443ce5dbdf58a45" member_type: VOTER last_known_addr { host: "127.23.77.131" port: 38107 } }
I20260710 11:00:13.816077 24989 tablet_service.cc:1917] Received RequestConsensusVote() RPC: tablet_id: "3b5a2a529f7148a39a5e5457b13005ea" candidate_uuid: "d00b0dc2c4b940f5a1de2bbcbe4c5eb2" candidate_term: 1 candidate_status { last_received { term: 0 index: 0 } } ignore_live_leader: false dest_uuid: "4e85fc4d3a9e4bb1be2b9064857e8c0e" is_pre_election: true
I20260710 11:00:13.817426 25139 raft_consensus.cc:2393] T 28e86990568747d3a9804f7a0404881b P 1acafc92801949478443ce5dbdf58a45 [term 1 FOLLOWER]: Leader election vote request: Denying vote to candidate d00b0dc2c4b940f5a1de2bbcbe4c5eb2 in current term 1: Already voted for candidate 1acafc92801949478443ce5dbdf58a45 in this term.
I20260710 11:00:13.816057 25181 raft_consensus.cc:385] T 6397ae02402049ba8e7f2a667f41f0f4 P 4e85fc4d3a9e4bb1be2b9064857e8c0e [term 0 FOLLOWER]: Consensus starting up: Expiring failure detector timer to make a prompt election more likely
I20260710 11:00:13.817752 25185 leader_election.cc:290] T 28e86990568747d3a9804f7a0404881b P 1acafc92801949478443ce5dbdf58a45 [CANDIDATE]: Term 1 election: Requested vote from peers 4e85fc4d3a9e4bb1be2b9064857e8c0e (127.23.77.129:38515), d00b0dc2c4b940f5a1de2bbcbe4c5eb2 (127.23.77.130:38235)
I20260710 11:00:13.818130 25181 raft_consensus.cc:740] T 6397ae02402049ba8e7f2a667f41f0f4 P 4e85fc4d3a9e4bb1be2b9064857e8c0e [term 0 FOLLOWER]: Becoming Follower/Learner. State: Replica: 4e85fc4d3a9e4bb1be2b9064857e8c0e, State: Initialized, Role: FOLLOWER
W20260710 11:00:13.818356 25030 leader_election.cc:343] T 3b5a2a529f7148a39a5e5457b13005ea P d00b0dc2c4b940f5a1de2bbcbe4c5eb2 [CANDIDATE]: Term 1 pre-election: Tablet error from VoteRequest() call to peer 4e85fc4d3a9e4bb1be2b9064857e8c0e (127.23.77.129:38515): Illegal state: must be running to vote when last-logged opid is not known
I20260710 11:00:13.815966 25180 raft_consensus.cc:385] T 190755bff7c646b2b24b552ec574e9cd P d00b0dc2c4b940f5a1de2bbcbe4c5eb2 [term 0 FOLLOWER]: Consensus starting up: Expiring failure detector timer to make a prompt election more likely
I20260710 11:00:13.819199 25180 raft_consensus.cc:740] T 190755bff7c646b2b24b552ec574e9cd P d00b0dc2c4b940f5a1de2bbcbe4c5eb2 [term 0 FOLLOWER]: Becoming Follower/Learner. State: Replica: d00b0dc2c4b940f5a1de2bbcbe4c5eb2, State: Initialized, Role: FOLLOWER
I20260710 11:00:13.819321 25181 consensus_queue.cc:260] T 6397ae02402049ba8e7f2a667f41f0f4 P 4e85fc4d3a9e4bb1be2b9064857e8c0e [NON_LEADER]: Queue going to NON_LEADER mode. State: All replicated index: 0, Majority replicated index: 0, Committed index: 0, Last appended: 0.0, Last appended by leader: 0, Current term: 0, Majority size: -1, State: 0, Mode: NON_LEADER, active raft config: opid_index: -1 OBSOLETE_local: false peers { permanent_uuid: "4e85fc4d3a9e4bb1be2b9064857e8c0e" member_type: VOTER last_known_addr { host: "127.23.77.129" port: 38515 } } peers { permanent_uuid: "d00b0dc2c4b940f5a1de2bbcbe4c5eb2" member_type: VOTER last_known_addr { host: "127.23.77.130" port: 38235 } } peers { permanent_uuid: "1acafc92801949478443ce5dbdf58a45" member_type: VOTER last_known_addr { host: "127.23.77.131" port: 38107 } }
I20260710 11:00:13.820034 25180 consensus_queue.cc:260] T 190755bff7c646b2b24b552ec574e9cd P d00b0dc2c4b940f5a1de2bbcbe4c5eb2 [NON_LEADER]: Queue going to NON_LEADER mode. State: All replicated index: 0, Majority replicated index: 0, Committed index: 0, Last appended: 0.0, Last appended by leader: 0, Current term: 0, Majority size: -1, State: 0, Mode: NON_LEADER, active raft config: opid_index: -1 OBSOLETE_local: false peers { permanent_uuid: "4e85fc4d3a9e4bb1be2b9064857e8c0e" member_type: VOTER last_known_addr { host: "127.23.77.129" port: 38515 } } peers { permanent_uuid: "d00b0dc2c4b940f5a1de2bbcbe4c5eb2" member_type: VOTER last_known_addr { host: "127.23.77.130" port: 38235 } } peers { permanent_uuid: "1acafc92801949478443ce5dbdf58a45" member_type: VOTER last_known_addr { host: "127.23.77.131" port: 38107 } }
I20260710 11:00:13.820681 24990 raft_consensus.cc:2468] T 28e86990568747d3a9804f7a0404881b P 4e85fc4d3a9e4bb1be2b9064857e8c0e [term 1 FOLLOWER]: Leader election vote request: Granting yes vote for candidate d00b0dc2c4b940f5a1de2bbcbe4c5eb2 in term 1.
I20260710 11:00:13.820906 25219 leader_election.cc:290] T 3b5a2a529f7148a39a5e5457b13005ea P d00b0dc2c4b940f5a1de2bbcbe4c5eb2 [CANDIDATE]: Term 1 pre-election: Requested pre-vote from peers 4e85fc4d3a9e4bb1be2b9064857e8c0e (127.23.77.129:38515), 1acafc92801949478443ce5dbdf58a45 (127.23.77.131:38107)
I20260710 11:00:13.822000 25030 leader_election.cc:304] T 28e86990568747d3a9804f7a0404881b P d00b0dc2c4b940f5a1de2bbcbe4c5eb2 [CANDIDATE]: Term 1 election: Election decided. Result: candidate won. Election summary: received 2 responses out of 3 voters: 2 yes votes; 0 no votes. yes voters: 4e85fc4d3a9e4bb1be2b9064857e8c0e, d00b0dc2c4b940f5a1de2bbcbe4c5eb2; no voters: 
I20260710 11:00:13.822391 25180 ts_tablet_manager.cc:1434] T 190755bff7c646b2b24b552ec574e9cd P d00b0dc2c4b940f5a1de2bbcbe4c5eb2: Time spent starting tablet: real 0.024s	user 0.006s	sys 0.002s
I20260710 11:00:13.822638 25065 tablet_service.cc:1917] Received RequestConsensusVote() RPC: tablet_id: "28e86990568747d3a9804f7a0404881b" candidate_uuid: "1acafc92801949478443ce5dbdf58a45" candidate_term: 1 candidate_status { last_received { term: 0 index: 0 } } ignore_live_leader: false dest_uuid: "d00b0dc2c4b940f5a1de2bbcbe4c5eb2"
I20260710 11:00:13.823028 25219 raft_consensus.cc:2804] T 28e86990568747d3a9804f7a0404881b P d00b0dc2c4b940f5a1de2bbcbe4c5eb2 [term 1 FOLLOWER]: Leader election won for term 1
I20260710 11:00:13.823391 25180 tablet_bootstrap.cc:492] T 35a314e01fa047b388324964f6a0934d P d00b0dc2c4b940f5a1de2bbcbe4c5eb2: Bootstrap starting.
I20260710 11:00:13.823559 25219 raft_consensus.cc:697] T 28e86990568747d3a9804f7a0404881b P d00b0dc2c4b940f5a1de2bbcbe4c5eb2 [term 1 LEADER]: Becoming Leader. State: Replica: d00b0dc2c4b940f5a1de2bbcbe4c5eb2, State: Running, Role: LEADER
I20260710 11:00:13.824381 25219 consensus_queue.cc:237] T 28e86990568747d3a9804f7a0404881b P d00b0dc2c4b940f5a1de2bbcbe4c5eb2 [LEADER]: Queue going to LEADER mode. State: All replicated index: 0, Majority replicated index: 0, Committed index: 0, Last appended: 0.0, Last appended by leader: 0, Current term: 1, Majority size: 2, State: 0, Mode: LEADER, active raft config: opid_index: -1 OBSOLETE_local: false peers { permanent_uuid: "4e85fc4d3a9e4bb1be2b9064857e8c0e" member_type: VOTER last_known_addr { host: "127.23.77.129" port: 38515 } } peers { permanent_uuid: "d00b0dc2c4b940f5a1de2bbcbe4c5eb2" member_type: VOTER last_known_addr { host: "127.23.77.130" port: 38235 } } peers { permanent_uuid: "1acafc92801949478443ce5dbdf58a45" member_type: VOTER last_known_addr { host: "127.23.77.131" port: 38107 } }
I20260710 11:00:13.826130 25181 ts_tablet_manager.cc:1434] T 6397ae02402049ba8e7f2a667f41f0f4 P 4e85fc4d3a9e4bb1be2b9064857e8c0e: Time spent starting tablet: real 0.014s	user 0.008s	sys 0.000s
I20260710 11:00:13.829406 25181 tablet_bootstrap.cc:492] T ec7b6ea677244b8cab2b6b49c0632032 P 4e85fc4d3a9e4bb1be2b9064857e8c0e: Bootstrap starting.
I20260710 11:00:13.828209 25214 leader_election.cc:290] T 6397ae02402049ba8e7f2a667f41f0f4 P 1acafc92801949478443ce5dbdf58a45 [CANDIDATE]: Term 1 election: Requested vote from peers 4e85fc4d3a9e4bb1be2b9064857e8c0e (127.23.77.129:38515), d00b0dc2c4b940f5a1de2bbcbe4c5eb2 (127.23.77.130:38235)
I20260710 11:00:13.830914 25180 tablet_bootstrap.cc:654] T 35a314e01fa047b388324964f6a0934d P d00b0dc2c4b940f5a1de2bbcbe4c5eb2: Neither blocks nor log segments found. Creating new log.
I20260710 11:00:13.832657 25064 tablet_service.cc:1917] Received RequestConsensusVote() RPC: tablet_id: "6397ae02402049ba8e7f2a667f41f0f4" candidate_uuid: "1acafc92801949478443ce5dbdf58a45" candidate_term: 1 candidate_status { last_received { term: 0 index: 0 } } ignore_live_leader: false dest_uuid: "d00b0dc2c4b940f5a1de2bbcbe4c5eb2"
I20260710 11:00:13.838569 24989 tablet_service.cc:1917] Received RequestConsensusVote() RPC: tablet_id: "6397ae02402049ba8e7f2a667f41f0f4" candidate_uuid: "1acafc92801949478443ce5dbdf58a45" candidate_term: 1 candidate_status { last_received { term: 0 index: 0 } } ignore_live_leader: false dest_uuid: "4e85fc4d3a9e4bb1be2b9064857e8c0e"
I20260710 11:00:13.838969 25139 tablet_service.cc:1917] Received RequestConsensusVote() RPC: tablet_id: "3b5a2a529f7148a39a5e5457b13005ea" candidate_uuid: "d00b0dc2c4b940f5a1de2bbcbe4c5eb2" candidate_term: 1 candidate_status { last_received { term: 0 index: 0 } } ignore_live_leader: false dest_uuid: "1acafc92801949478443ce5dbdf58a45" is_pre_election: true
I20260710 11:00:13.836429 25064 raft_consensus.cc:3060] T 6397ae02402049ba8e7f2a667f41f0f4 P d00b0dc2c4b940f5a1de2bbcbe4c5eb2 [term 0 FOLLOWER]: Advancing to term 1
I20260710 11:00:13.841202 24989 raft_consensus.cc:3060] T 6397ae02402049ba8e7f2a667f41f0f4 P 4e85fc4d3a9e4bb1be2b9064857e8c0e [term 0 FOLLOWER]: Advancing to term 1
I20260710 11:00:13.849856 25139 raft_consensus.cc:2468] T 3b5a2a529f7148a39a5e5457b13005ea P 1acafc92801949478443ce5dbdf58a45 [term 0 FOLLOWER]: Leader pre-election vote request: Granting yes vote for candidate d00b0dc2c4b940f5a1de2bbcbe4c5eb2 in term 0.
I20260710 11:00:13.855068 25030 leader_election.cc:304] T 3b5a2a529f7148a39a5e5457b13005ea P d00b0dc2c4b940f5a1de2bbcbe4c5eb2 [CANDIDATE]: Term 1 pre-election: Election decided. Result: candidate won. Election summary: received 3 responses out of 3 voters: 2 yes votes; 1 no votes. yes voters: 1acafc92801949478443ce5dbdf58a45, d00b0dc2c4b940f5a1de2bbcbe4c5eb2; no voters: 4e85fc4d3a9e4bb1be2b9064857e8c0e
I20260710 11:00:13.855160 25214 raft_consensus.cc:493] T 48327a4e52dd4ba28f404405af7e0c32 P 1acafc92801949478443ce5dbdf58a45 [term 0 FOLLOWER]: Starting pre-election (no leader contacted us within the election timeout)
I20260710 11:00:13.855821 25214 raft_consensus.cc:515] T 48327a4e52dd4ba28f404405af7e0c32 P 1acafc92801949478443ce5dbdf58a45 [term 0 FOLLOWER]: Starting pre-election with config: opid_index: -1 OBSOLETE_local: false peers { permanent_uuid: "4e85fc4d3a9e4bb1be2b9064857e8c0e" member_type: VOTER last_known_addr { host: "127.23.77.129" port: 38515 } } peers { permanent_uuid: "d00b0dc2c4b940f5a1de2bbcbe4c5eb2" member_type: VOTER last_known_addr { host: "127.23.77.130" port: 38235 } } peers { permanent_uuid: "1acafc92801949478443ce5dbdf58a45" member_type: VOTER last_known_addr { host: "127.23.77.131" port: 38107 } }
I20260710 11:00:13.856158 24886 catalog_manager.cc:5697] T 28e86990568747d3a9804f7a0404881b P d00b0dc2c4b940f5a1de2bbcbe4c5eb2 reported cstate change: term changed from 0 to 1, leader changed from <none> to d00b0dc2c4b940f5a1de2bbcbe4c5eb2 (127.23.77.130). New cstate: current_term: 1 leader_uuid: "d00b0dc2c4b940f5a1de2bbcbe4c5eb2" committed_config { opid_index: -1 OBSOLETE_local: false peers { permanent_uuid: "4e85fc4d3a9e4bb1be2b9064857e8c0e" member_type: VOTER last_known_addr { host: "127.23.77.129" port: 38515 } health_report { overall_health: UNKNOWN } } peers { permanent_uuid: "d00b0dc2c4b940f5a1de2bbcbe4c5eb2" member_type: VOTER last_known_addr { host: "127.23.77.130" port: 38235 } health_report { overall_health: HEALTHY } } peers { permanent_uuid: "1acafc92801949478443ce5dbdf58a45" member_type: VOTER last_known_addr { host: "127.23.77.131" port: 38107 } health_report { overall_health: UNKNOWN } } }
I20260710 11:00:13.857820 25219 raft_consensus.cc:2804] T 3b5a2a529f7148a39a5e5457b13005ea P d00b0dc2c4b940f5a1de2bbcbe4c5eb2 [term 0 FOLLOWER]: Leader pre-election won for term 1
I20260710 11:00:13.859920 25219 raft_consensus.cc:493] T 3b5a2a529f7148a39a5e5457b13005ea P d00b0dc2c4b940f5a1de2bbcbe4c5eb2 [term 0 FOLLOWER]: Starting leader election (no leader contacted us within the election timeout)
I20260710 11:00:13.860280 25219 raft_consensus.cc:3060] T 3b5a2a529f7148a39a5e5457b13005ea P d00b0dc2c4b940f5a1de2bbcbe4c5eb2 [term 0 FOLLOWER]: Advancing to term 1
I20260710 11:00:13.857093 24990 tablet_service.cc:1917] Received RequestConsensusVote() RPC: tablet_id: "28e86990568747d3a9804f7a0404881b" candidate_uuid: "1acafc92801949478443ce5dbdf58a45" candidate_term: 1 candidate_status { last_received { term: 0 index: 0 } } ignore_live_leader: false dest_uuid: "4e85fc4d3a9e4bb1be2b9064857e8c0e"
I20260710 11:00:13.864234 25065 tablet_service.cc:1917] Received RequestConsensusVote() RPC: tablet_id: "48327a4e52dd4ba28f404405af7e0c32" candidate_uuid: "1acafc92801949478443ce5dbdf58a45" candidate_term: 1 candidate_status { last_received { term: 0 index: 0 } } ignore_live_leader: false dest_uuid: "d00b0dc2c4b940f5a1de2bbcbe4c5eb2" is_pre_election: true
I20260710 11:00:13.863907 24990 raft_consensus.cc:2393] T 28e86990568747d3a9804f7a0404881b P 4e85fc4d3a9e4bb1be2b9064857e8c0e [term 1 FOLLOWER]: Leader election vote request: Denying vote to candidate 1acafc92801949478443ce5dbdf58a45 in current term 1: Already voted for candidate d00b0dc2c4b940f5a1de2bbcbe4c5eb2 in this term.
I20260710 11:00:13.862351 25214 leader_election.cc:290] T 48327a4e52dd4ba28f404405af7e0c32 P 1acafc92801949478443ce5dbdf58a45 [CANDIDATE]: Term 1 pre-election: Requested pre-vote from peers 4e85fc4d3a9e4bb1be2b9064857e8c0e (127.23.77.129:38515), d00b0dc2c4b940f5a1de2bbcbe4c5eb2 (127.23.77.130:38235)
I20260710 11:00:13.866412 25179 tablet_bootstrap.cc:492] T 1afbd352d2304b74bfcaae573ffcdd26 P 1acafc92801949478443ce5dbdf58a45: No bootstrap required, opened a new log
I20260710 11:00:13.866801 25179 ts_tablet_manager.cc:1403] T 1afbd352d2304b74bfcaae573ffcdd26 P 1acafc92801949478443ce5dbdf58a45: Time spent bootstrapping tablet: real 0.066s	user 0.011s	sys 0.020s
I20260710 11:00:13.865841 24988 tablet_service.cc:1917] Received RequestConsensusVote() RPC: tablet_id: "48327a4e52dd4ba28f404405af7e0c32" candidate_uuid: "1acafc92801949478443ce5dbdf58a45" candidate_term: 1 candidate_status { last_received { term: 0 index: 0 } } ignore_live_leader: false dest_uuid: "4e85fc4d3a9e4bb1be2b9064857e8c0e" is_pre_election: true
I20260710 11:00:13.866447 25181 tablet_bootstrap.cc:654] T ec7b6ea677244b8cab2b6b49c0632032 P 4e85fc4d3a9e4bb1be2b9064857e8c0e: Neither blocks nor log segments found. Creating new log.
I20260710 11:00:13.867429 24988 raft_consensus.cc:2468] T 48327a4e52dd4ba28f404405af7e0c32 P 4e85fc4d3a9e4bb1be2b9064857e8c0e [term 0 FOLLOWER]: Leader pre-election vote request: Granting yes vote for candidate 1acafc92801949478443ce5dbdf58a45 in term 0.
I20260710 11:00:13.867535 25104 leader_election.cc:304] T 28e86990568747d3a9804f7a0404881b P 1acafc92801949478443ce5dbdf58a45 [CANDIDATE]: Term 1 election: Election decided. Result: candidate lost. Election summary: received 3 responses out of 3 voters: 1 yes votes; 2 no votes. yes voters: 1acafc92801949478443ce5dbdf58a45; no voters: 4e85fc4d3a9e4bb1be2b9064857e8c0e, d00b0dc2c4b940f5a1de2bbcbe4c5eb2
W20260710 11:00:13.868431 25105 leader_election.cc:343] T 48327a4e52dd4ba28f404405af7e0c32 P 1acafc92801949478443ce5dbdf58a45 [CANDIDATE]: Term 1 pre-election: Tablet error from VoteRequest() call to peer d00b0dc2c4b940f5a1de2bbcbe4c5eb2 (127.23.77.130:38235): Illegal state: must be running to vote when last-logged opid is not known
I20260710 11:00:13.868765 25214 raft_consensus.cc:2749] T 28e86990568747d3a9804f7a0404881b P 1acafc92801949478443ce5dbdf58a45 [term 1 FOLLOWER]: Leader election lost for term 1. Reason: could not achieve majority
I20260710 11:00:13.869608 25104 leader_election.cc:304] T 48327a4e52dd4ba28f404405af7e0c32 P 1acafc92801949478443ce5dbdf58a45 [CANDIDATE]: Term 1 pre-election: Election decided. Result: candidate won. Election summary: received 3 responses out of 3 voters: 2 yes votes; 1 no votes. yes voters: 1acafc92801949478443ce5dbdf58a45, 4e85fc4d3a9e4bb1be2b9064857e8c0e; no voters: d00b0dc2c4b940f5a1de2bbcbe4c5eb2
I20260710 11:00:13.871013 25214 raft_consensus.cc:2804] T 48327a4e52dd4ba28f404405af7e0c32 P 1acafc92801949478443ce5dbdf58a45 [term 0 FOLLOWER]: Leader pre-election won for term 1
I20260710 11:00:13.871335 25180 tablet_bootstrap.cc:492] T 35a314e01fa047b388324964f6a0934d P d00b0dc2c4b940f5a1de2bbcbe4c5eb2: No bootstrap required, opened a new log
I20260710 11:00:13.871380 25214 raft_consensus.cc:493] T 48327a4e52dd4ba28f404405af7e0c32 P 1acafc92801949478443ce5dbdf58a45 [term 0 FOLLOWER]: Starting leader election (no leader contacted us within the election timeout)
I20260710 11:00:13.871896 25180 ts_tablet_manager.cc:1403] T 35a314e01fa047b388324964f6a0934d P d00b0dc2c4b940f5a1de2bbcbe4c5eb2: Time spent bootstrapping tablet: real 0.049s	user 0.011s	sys 0.003s
I20260710 11:00:13.871871 25214 raft_consensus.cc:3060] T 48327a4e52dd4ba28f404405af7e0c32 P 1acafc92801949478443ce5dbdf58a45 [term 0 FOLLOWER]: Advancing to term 1
I20260710 11:00:13.874919 25180 raft_consensus.cc:359] T 35a314e01fa047b388324964f6a0934d P d00b0dc2c4b940f5a1de2bbcbe4c5eb2 [term 0 FOLLOWER]: Replica starting. Triggering 0 pending ops. Active config: opid_index: -1 OBSOLETE_local: false peers { permanent_uuid: "4e85fc4d3a9e4bb1be2b9064857e8c0e" member_type: VOTER last_known_addr { host: "127.23.77.129" port: 38515 } } peers { permanent_uuid: "d00b0dc2c4b940f5a1de2bbcbe4c5eb2" member_type: VOTER last_known_addr { host: "127.23.77.130" port: 38235 } } peers { permanent_uuid: "1acafc92801949478443ce5dbdf58a45" member_type: VOTER last_known_addr { host: "127.23.77.131" port: 38107 } }
I20260710 11:00:13.875731 25180 raft_consensus.cc:385] T 35a314e01fa047b388324964f6a0934d P d00b0dc2c4b940f5a1de2bbcbe4c5eb2 [term 0 FOLLOWER]: Consensus starting up: Expiring failure detector timer to make a prompt election more likely
I20260710 11:00:13.875172 25179 raft_consensus.cc:359] T 1afbd352d2304b74bfcaae573ffcdd26 P 1acafc92801949478443ce5dbdf58a45 [term 0 FOLLOWER]: Replica starting. Triggering 0 pending ops. Active config: opid_index: -1 OBSOLETE_local: false peers { permanent_uuid: "4e85fc4d3a9e4bb1be2b9064857e8c0e" member_type: VOTER last_known_addr { host: "127.23.77.129" port: 38515 } } peers { permanent_uuid: "d00b0dc2c4b940f5a1de2bbcbe4c5eb2" member_type: VOTER last_known_addr { host: "127.23.77.130" port: 38235 } } peers { permanent_uuid: "1acafc92801949478443ce5dbdf58a45" member_type: VOTER last_known_addr { host: "127.23.77.131" port: 38107 } }
I20260710 11:00:13.876065 25180 raft_consensus.cc:740] T 35a314e01fa047b388324964f6a0934d P d00b0dc2c4b940f5a1de2bbcbe4c5eb2 [term 0 FOLLOWER]: Becoming Follower/Learner. State: Replica: d00b0dc2c4b940f5a1de2bbcbe4c5eb2, State: Initialized, Role: FOLLOWER
I20260710 11:00:13.876394 25179 raft_consensus.cc:385] T 1afbd352d2304b74bfcaae573ffcdd26 P 1acafc92801949478443ce5dbdf58a45 [term 0 FOLLOWER]: Consensus starting up: Expiring failure detector timer to make a prompt election more likely
I20260710 11:00:13.876845 25179 raft_consensus.cc:740] T 1afbd352d2304b74bfcaae573ffcdd26 P 1acafc92801949478443ce5dbdf58a45 [term 0 FOLLOWER]: Becoming Follower/Learner. State: Replica: 1acafc92801949478443ce5dbdf58a45, State: Initialized, Role: FOLLOWER
I20260710 11:00:13.876971 25180 consensus_queue.cc:260] T 35a314e01fa047b388324964f6a0934d P d00b0dc2c4b940f5a1de2bbcbe4c5eb2 [NON_LEADER]: Queue going to NON_LEADER mode. State: All replicated index: 0, Majority replicated index: 0, Committed index: 0, Last appended: 0.0, Last appended by leader: 0, Current term: 0, Majority size: -1, State: 0, Mode: NON_LEADER, active raft config: opid_index: -1 OBSOLETE_local: false peers { permanent_uuid: "4e85fc4d3a9e4bb1be2b9064857e8c0e" member_type: VOTER last_known_addr { host: "127.23.77.129" port: 38515 } } peers { permanent_uuid: "d00b0dc2c4b940f5a1de2bbcbe4c5eb2" member_type: VOTER last_known_addr { host: "127.23.77.130" port: 38235 } } peers { permanent_uuid: "1acafc92801949478443ce5dbdf58a45" member_type: VOTER last_known_addr { host: "127.23.77.131" port: 38107 } }
I20260710 11:00:13.878099 25179 consensus_queue.cc:260] T 1afbd352d2304b74bfcaae573ffcdd26 P 1acafc92801949478443ce5dbdf58a45 [NON_LEADER]: Queue going to NON_LEADER mode. State: All replicated index: 0, Majority replicated index: 0, Committed index: 0, Last appended: 0.0, Last appended by leader: 0, Current term: 0, Majority size: -1, State: 0, Mode: NON_LEADER, active raft config: opid_index: -1 OBSOLETE_local: false peers { permanent_uuid: "4e85fc4d3a9e4bb1be2b9064857e8c0e" member_type: VOTER last_known_addr { host: "127.23.77.129" port: 38515 } } peers { permanent_uuid: "d00b0dc2c4b940f5a1de2bbcbe4c5eb2" member_type: VOTER last_known_addr { host: "127.23.77.130" port: 38235 } } peers { permanent_uuid: "1acafc92801949478443ce5dbdf58a45" member_type: VOTER last_known_addr { host: "127.23.77.131" port: 38107 } }
I20260710 11:00:13.879637 25180 ts_tablet_manager.cc:1434] T 35a314e01fa047b388324964f6a0934d P d00b0dc2c4b940f5a1de2bbcbe4c5eb2: Time spent starting tablet: real 0.007s	user 0.000s	sys 0.007s
I20260710 11:00:13.880661 25180 tablet_bootstrap.cc:492] T ec7b6ea677244b8cab2b6b49c0632032 P d00b0dc2c4b940f5a1de2bbcbe4c5eb2: Bootstrap starting.
I20260710 11:00:13.884532 25179 ts_tablet_manager.cc:1434] T 1afbd352d2304b74bfcaae573ffcdd26 P 1acafc92801949478443ce5dbdf58a45: Time spent starting tablet: real 0.018s	user 0.008s	sys 0.000s
I20260710 11:00:13.885110 24989 raft_consensus.cc:2468] T 6397ae02402049ba8e7f2a667f41f0f4 P 4e85fc4d3a9e4bb1be2b9064857e8c0e [term 1 FOLLOWER]: Leader election vote request: Granting yes vote for candidate 1acafc92801949478443ce5dbdf58a45 in term 1.
I20260710 11:00:13.886063 25179 tablet_bootstrap.cc:492] T 4a4fe043c45341a999a67e72efd698a9 P 1acafc92801949478443ce5dbdf58a45: Bootstrap starting.
I20260710 11:00:13.886521 25104 leader_election.cc:304] T 6397ae02402049ba8e7f2a667f41f0f4 P 1acafc92801949478443ce5dbdf58a45 [CANDIDATE]: Term 1 election: Election decided. Result: candidate won. Election summary: received 2 responses out of 3 voters: 2 yes votes; 0 no votes. yes voters: 1acafc92801949478443ce5dbdf58a45, 4e85fc4d3a9e4bb1be2b9064857e8c0e; no voters: 
I20260710 11:00:13.886868 25180 tablet_bootstrap.cc:654] T ec7b6ea677244b8cab2b6b49c0632032 P d00b0dc2c4b940f5a1de2bbcbe4c5eb2: Neither blocks nor log segments found. Creating new log.
I20260710 11:00:13.890848 25185 raft_consensus.cc:2804] T 6397ae02402049ba8e7f2a667f41f0f4 P 1acafc92801949478443ce5dbdf58a45 [term 1 FOLLOWER]: Leader election won for term 1
I20260710 11:00:13.891506 25185 raft_consensus.cc:697] T 6397ae02402049ba8e7f2a667f41f0f4 P 1acafc92801949478443ce5dbdf58a45 [term 1 LEADER]: Becoming Leader. State: Replica: 1acafc92801949478443ce5dbdf58a45, State: Running, Role: LEADER
I20260710 11:00:13.892627 25185 consensus_queue.cc:237] T 6397ae02402049ba8e7f2a667f41f0f4 P 1acafc92801949478443ce5dbdf58a45 [LEADER]: Queue going to LEADER mode. State: All replicated index: 0, Majority replicated index: 0, Committed index: 0, Last appended: 0.0, Last appended by leader: 0, Current term: 1, Majority size: 2, State: 0, Mode: LEADER, active raft config: opid_index: -1 OBSOLETE_local: false peers { permanent_uuid: "4e85fc4d3a9e4bb1be2b9064857e8c0e" member_type: VOTER last_known_addr { host: "127.23.77.129" port: 38515 } } peers { permanent_uuid: "d00b0dc2c4b940f5a1de2bbcbe4c5eb2" member_type: VOTER last_known_addr { host: "127.23.77.130" port: 38235 } } peers { permanent_uuid: "1acafc92801949478443ce5dbdf58a45" member_type: VOTER last_known_addr { host: "127.23.77.131" port: 38107 } }
I20260710 11:00:13.887524 25064 raft_consensus.cc:2468] T 6397ae02402049ba8e7f2a667f41f0f4 P d00b0dc2c4b940f5a1de2bbcbe4c5eb2 [term 1 FOLLOWER]: Leader election vote request: Granting yes vote for candidate 1acafc92801949478443ce5dbdf58a45 in term 1.
I20260710 11:00:13.888801 25214 raft_consensus.cc:515] T 48327a4e52dd4ba28f404405af7e0c32 P 1acafc92801949478443ce5dbdf58a45 [term 1 FOLLOWER]: Starting leader election with config: opid_index: -1 OBSOLETE_local: false peers { permanent_uuid: "4e85fc4d3a9e4bb1be2b9064857e8c0e" member_type: VOTER last_known_addr { host: "127.23.77.129" port: 38515 } } peers { permanent_uuid: "d00b0dc2c4b940f5a1de2bbcbe4c5eb2" member_type: VOTER last_known_addr { host: "127.23.77.130" port: 38235 } } peers { permanent_uuid: "1acafc92801949478443ce5dbdf58a45" member_type: VOTER last_known_addr { host: "127.23.77.131" port: 38107 } }
I20260710 11:00:13.896799 24989 tablet_service.cc:1917] Received RequestConsensusVote() RPC: tablet_id: "48327a4e52dd4ba28f404405af7e0c32" candidate_uuid: "1acafc92801949478443ce5dbdf58a45" candidate_term: 1 candidate_status { last_received { term: 0 index: 0 } } ignore_live_leader: false dest_uuid: "4e85fc4d3a9e4bb1be2b9064857e8c0e"
I20260710 11:00:13.897562 24989 raft_consensus.cc:3060] T 48327a4e52dd4ba28f404405af7e0c32 P 4e85fc4d3a9e4bb1be2b9064857e8c0e [term 0 FOLLOWER]: Advancing to term 1
I20260710 11:00:13.908191 25214 leader_election.cc:290] T 48327a4e52dd4ba28f404405af7e0c32 P 1acafc92801949478443ce5dbdf58a45 [CANDIDATE]: Term 1 election: Requested vote from peers 4e85fc4d3a9e4bb1be2b9064857e8c0e (127.23.77.129:38515), d00b0dc2c4b940f5a1de2bbcbe4c5eb2 (127.23.77.130:38235)
I20260710 11:00:13.908332 25064 tablet_service.cc:1917] Received RequestConsensusVote() RPC: tablet_id: "48327a4e52dd4ba28f404405af7e0c32" candidate_uuid: "1acafc92801949478443ce5dbdf58a45" candidate_term: 1 candidate_status { last_received { term: 0 index: 0 } } ignore_live_leader: false dest_uuid: "d00b0dc2c4b940f5a1de2bbcbe4c5eb2"
I20260710 11:00:13.908803 25219 raft_consensus.cc:515] T 3b5a2a529f7148a39a5e5457b13005ea P d00b0dc2c4b940f5a1de2bbcbe4c5eb2 [term 1 FOLLOWER]: Starting leader election with config: opid_index: -1 OBSOLETE_local: false peers { permanent_uuid: "4e85fc4d3a9e4bb1be2b9064857e8c0e" member_type: VOTER last_known_addr { host: "127.23.77.129" port: 38515 } } peers { permanent_uuid: "d00b0dc2c4b940f5a1de2bbcbe4c5eb2" member_type: VOTER last_known_addr { host: "127.23.77.130" port: 38235 } } peers { permanent_uuid: "1acafc92801949478443ce5dbdf58a45" member_type: VOTER last_known_addr { host: "127.23.77.131" port: 38107 } }
W20260710 11:00:13.910101 25105 leader_election.cc:343] T 48327a4e52dd4ba28f404405af7e0c32 P 1acafc92801949478443ce5dbdf58a45 [CANDIDATE]: Term 1 election: Tablet error from VoteRequest() call to peer d00b0dc2c4b940f5a1de2bbcbe4c5eb2 (127.23.77.130:38235): Illegal state: must be running to vote when last-logged opid is not known
I20260710 11:00:13.919382 24989 raft_consensus.cc:2468] T 48327a4e52dd4ba28f404405af7e0c32 P 4e85fc4d3a9e4bb1be2b9064857e8c0e [term 1 FOLLOWER]: Leader election vote request: Granting yes vote for candidate 1acafc92801949478443ce5dbdf58a45 in term 1.
I20260710 11:00:13.920181 25219 leader_election.cc:290] T 3b5a2a529f7148a39a5e5457b13005ea P d00b0dc2c4b940f5a1de2bbcbe4c5eb2 [CANDIDATE]: Term 1 election: Requested vote from peers 4e85fc4d3a9e4bb1be2b9064857e8c0e (127.23.77.129:38515), 1acafc92801949478443ce5dbdf58a45 (127.23.77.131:38107)
I20260710 11:00:13.921123 25104 leader_election.cc:304] T 48327a4e52dd4ba28f404405af7e0c32 P 1acafc92801949478443ce5dbdf58a45 [CANDIDATE]: Term 1 election: Election decided. Result: candidate won. Election summary: received 3 responses out of 3 voters: 2 yes votes; 1 no votes. yes voters: 1acafc92801949478443ce5dbdf58a45, 4e85fc4d3a9e4bb1be2b9064857e8c0e; no voters: d00b0dc2c4b940f5a1de2bbcbe4c5eb2
I20260710 11:00:13.922072 25179 tablet_bootstrap.cc:654] T 4a4fe043c45341a999a67e72efd698a9 P 1acafc92801949478443ce5dbdf58a45: Neither blocks nor log segments found. Creating new log.
I20260710 11:00:13.922022 24885 catalog_manager.cc:5697] T 6397ae02402049ba8e7f2a667f41f0f4 P 1acafc92801949478443ce5dbdf58a45 reported cstate change: term changed from 0 to 1, leader changed from <none> to 1acafc92801949478443ce5dbdf58a45 (127.23.77.131). New cstate: current_term: 1 leader_uuid: "1acafc92801949478443ce5dbdf58a45" committed_config { opid_index: -1 OBSOLETE_local: false peers { permanent_uuid: "4e85fc4d3a9e4bb1be2b9064857e8c0e" member_type: VOTER last_known_addr { host: "127.23.77.129" port: 38515 } health_report { overall_health: UNKNOWN } } peers { permanent_uuid: "d00b0dc2c4b940f5a1de2bbcbe4c5eb2" member_type: VOTER last_known_addr { host: "127.23.77.130" port: 38235 } health_report { overall_health: UNKNOWN } } peers { permanent_uuid: "1acafc92801949478443ce5dbdf58a45" member_type: VOTER last_known_addr { host: "127.23.77.131" port: 38107 } health_report { overall_health: HEALTHY } } }
I20260710 11:00:13.922986 24990 tablet_service.cc:1917] Received RequestConsensusVote() RPC: tablet_id: "3b5a2a529f7148a39a5e5457b13005ea" candidate_uuid: "d00b0dc2c4b940f5a1de2bbcbe4c5eb2" candidate_term: 1 candidate_status { last_received { term: 0 index: 0 } } ignore_live_leader: false dest_uuid: "4e85fc4d3a9e4bb1be2b9064857e8c0e"
I20260710 11:00:13.924031 25139 tablet_service.cc:1917] Received RequestConsensusVote() RPC: tablet_id: "3b5a2a529f7148a39a5e5457b13005ea" candidate_uuid: "d00b0dc2c4b940f5a1de2bbcbe4c5eb2" candidate_term: 1 candidate_status { last_received { term: 0 index: 0 } } ignore_live_leader: false dest_uuid: "1acafc92801949478443ce5dbdf58a45"
I20260710 11:00:13.924479 25185 raft_consensus.cc:2804] T 48327a4e52dd4ba28f404405af7e0c32 P 1acafc92801949478443ce5dbdf58a45 [term 1 FOLLOWER]: Leader election won for term 1
I20260710 11:00:13.924635 25139 raft_consensus.cc:3060] T 3b5a2a529f7148a39a5e5457b13005ea P 1acafc92801949478443ce5dbdf58a45 [term 0 FOLLOWER]: Advancing to term 1
I20260710 11:00:13.925021 25185 raft_consensus.cc:697] T 48327a4e52dd4ba28f404405af7e0c32 P 1acafc92801949478443ce5dbdf58a45 [term 1 LEADER]: Becoming Leader. State: Replica: 1acafc92801949478443ce5dbdf58a45, State: Running, Role: LEADER
I20260710 11:00:13.926100 25185 consensus_queue.cc:237] T 48327a4e52dd4ba28f404405af7e0c32 P 1acafc92801949478443ce5dbdf58a45 [LEADER]: Queue going to LEADER mode. State: All replicated index: 0, Majority replicated index: 0, Committed index: 0, Last appended: 0.0, Last appended by leader: 0, Current term: 1, Majority size: 2, State: 0, Mode: LEADER, active raft config: opid_index: -1 OBSOLETE_local: false peers { permanent_uuid: "4e85fc4d3a9e4bb1be2b9064857e8c0e" member_type: VOTER last_known_addr { host: "127.23.77.129" port: 38515 } } peers { permanent_uuid: "d00b0dc2c4b940f5a1de2bbcbe4c5eb2" member_type: VOTER last_known_addr { host: "127.23.77.130" port: 38235 } } peers { permanent_uuid: "1acafc92801949478443ce5dbdf58a45" member_type: VOTER last_known_addr { host: "127.23.77.131" port: 38107 } }
I20260710 11:00:13.930395 25214 raft_consensus.cc:493] T 190755bff7c646b2b24b552ec574e9cd P 1acafc92801949478443ce5dbdf58a45 [term 0 FOLLOWER]: Starting pre-election (no leader contacted us within the election timeout)
I20260710 11:00:13.917596 25181 tablet_bootstrap.cc:492] T ec7b6ea677244b8cab2b6b49c0632032 P 4e85fc4d3a9e4bb1be2b9064857e8c0e: No bootstrap required, opened a new log
I20260710 11:00:13.931125 25181 ts_tablet_manager.cc:1403] T ec7b6ea677244b8cab2b6b49c0632032 P 4e85fc4d3a9e4bb1be2b9064857e8c0e: Time spent bootstrapping tablet: real 0.102s	user 0.023s	sys 0.034s
I20260710 11:00:13.930945 25214 raft_consensus.cc:515] T 190755bff7c646b2b24b552ec574e9cd P 1acafc92801949478443ce5dbdf58a45 [term 0 FOLLOWER]: Starting pre-election with config: opid_index: -1 OBSOLETE_local: false peers { permanent_uuid: "4e85fc4d3a9e4bb1be2b9064857e8c0e" member_type: VOTER last_known_addr { host: "127.23.77.129" port: 38515 } } peers { permanent_uuid: "d00b0dc2c4b940f5a1de2bbcbe4c5eb2" member_type: VOTER last_known_addr { host: "127.23.77.130" port: 38235 } } peers { permanent_uuid: "1acafc92801949478443ce5dbdf58a45" member_type: VOTER last_known_addr { host: "127.23.77.131" port: 38107 } }
I20260710 11:00:13.933859 25181 raft_consensus.cc:359] T ec7b6ea677244b8cab2b6b49c0632032 P 4e85fc4d3a9e4bb1be2b9064857e8c0e [term 0 FOLLOWER]: Replica starting. Triggering 0 pending ops. Active config: opid_index: -1 OBSOLETE_local: false peers { permanent_uuid: "4e85fc4d3a9e4bb1be2b9064857e8c0e" member_type: VOTER last_known_addr { host: "127.23.77.129" port: 38515 } } peers { permanent_uuid: "d00b0dc2c4b940f5a1de2bbcbe4c5eb2" member_type: VOTER last_known_addr { host: "127.23.77.130" port: 38235 } } peers { permanent_uuid: "1acafc92801949478443ce5dbdf58a45" member_type: VOTER last_known_addr { host: "127.23.77.131" port: 38107 } }
I20260710 11:00:13.934280 25064 tablet_service.cc:1917] Received RequestConsensusVote() RPC: tablet_id: "190755bff7c646b2b24b552ec574e9cd" candidate_uuid: "1acafc92801949478443ce5dbdf58a45" candidate_term: 1 candidate_status { last_received { term: 0 index: 0 } } ignore_live_leader: false dest_uuid: "d00b0dc2c4b940f5a1de2bbcbe4c5eb2" is_pre_election: true
I20260710 11:00:13.934566 25181 raft_consensus.cc:385] T ec7b6ea677244b8cab2b6b49c0632032 P 4e85fc4d3a9e4bb1be2b9064857e8c0e [term 0 FOLLOWER]: Consensus starting up: Expiring failure detector timer to make a prompt election more likely
I20260710 11:00:13.934860 25214 leader_election.cc:290] T 190755bff7c646b2b24b552ec574e9cd P 1acafc92801949478443ce5dbdf58a45 [CANDIDATE]: Term 1 pre-election: Requested pre-vote from peers 4e85fc4d3a9e4bb1be2b9064857e8c0e (127.23.77.129:38515), d00b0dc2c4b940f5a1de2bbcbe4c5eb2 (127.23.77.130:38235)
I20260710 11:00:13.935007 25064 raft_consensus.cc:2468] T 190755bff7c646b2b24b552ec574e9cd P d00b0dc2c4b940f5a1de2bbcbe4c5eb2 [term 0 FOLLOWER]: Leader pre-election vote request: Granting yes vote for candidate 1acafc92801949478443ce5dbdf58a45 in term 0.
