I20260710 11:07:28.869976  7537 raft_consensus.cc:2804] T 5fe5ce67d738441fa3718e8a2796b290 P 874f9ea51dd34eb6ae993f577b53ee04 [term 5 FOLLOWER]: Leader election won for term 5
I20260710 11:07:28.870839  7537 raft_consensus.cc:697] T 5fe5ce67d738441fa3718e8a2796b290 P 874f9ea51dd34eb6ae993f577b53ee04 [term 5 LEADER]: Becoming Leader. State: Replica: 874f9ea51dd34eb6ae993f577b53ee04, State: Running, Role: LEADER
I20260710 11:07:28.871620  7537 consensus_queue.cc:237] T 5fe5ce67d738441fa3718e8a2796b290 P 874f9ea51dd34eb6ae993f577b53ee04 [LEADER]: Queue going to LEADER mode. State: All replicated index: 0, Majority replicated index: 4, Committed index: 4, Last appended: 4.4, Last appended by leader: 4, Current term: 5, Majority size: 2, State: 0, Mode: LEADER, active raft config: opid_index: -1 OBSOLETE_local: false peers { permanent_uuid: "14dfccd572e64e6a9354caa562e8e9b6" member_type: VOTER last_known_addr { host: "127.6.238.1" port: 39693 } } peers { permanent_uuid: "9cde1848fe8d4234a0970bb7d23de4af" member_type: VOTER last_known_addr { host: "127.6.238.2" port: 39265 } } peers { permanent_uuid: "874f9ea51dd34eb6ae993f577b53ee04" member_type: VOTER last_known_addr { host: "127.6.238.3" port: 43335 } }
I20260710 11:07:28.878096  7125 catalog_manager.cc:5697] T 5fe5ce67d738441fa3718e8a2796b290 P 874f9ea51dd34eb6ae993f577b53ee04 reported cstate change: term changed from 4 to 5, leader changed from 9cde1848fe8d4234a0970bb7d23de4af (127.6.238.2) to 874f9ea51dd34eb6ae993f577b53ee04 (127.6.238.3). New cstate: current_term: 5 leader_uuid: "874f9ea51dd34eb6ae993f577b53ee04" committed_config { opid_index: -1 OBSOLETE_local: false peers { permanent_uuid: "14dfccd572e64e6a9354caa562e8e9b6" member_type: VOTER last_known_addr { host: "127.6.238.1" port: 39693 } health_report { overall_health: UNKNOWN } } peers { permanent_uuid: "9cde1848fe8d4234a0970bb7d23de4af" member_type: VOTER last_known_addr { host: "127.6.238.2" port: 39265 } health_report { overall_health: UNKNOWN } } peers { permanent_uuid: "874f9ea51dd34eb6ae993f577b53ee04" member_type: VOTER last_known_addr { host: "127.6.238.3" port: 43335 } health_report { overall_health: HEALTHY } } }
I20260710 11:07:28.904830  7560 raft_consensus.cc:993] T 83b91c8ffe9f463ab3f69b67209e0ecf P 9cde1848fe8d4234a0970bb7d23de4af: : Instructing follower 14dfccd572e64e6a9354caa562e8e9b6 to start an election
I20260710 11:07:28.905232  7561 raft_consensus.cc:1081] T 83b91c8ffe9f463ab3f69b67209e0ecf P 9cde1848fe8d4234a0970bb7d23de4af [term 2 LEADER]: Signalling peer 14dfccd572e64e6a9354caa562e8e9b6 to start an election
I20260710 11:07:28.906802  7229 tablet_service.cc:2044] Received Run Leader Election RPC: tablet_id: "83b91c8ffe9f463ab3f69b67209e0ecf"
dest_uuid: "14dfccd572e64e6a9354caa562e8e9b6"
 from {username='slave'} at 127.0.0.1:56066
I20260710 11:07:28.907297  7229 raft_consensus.cc:493] T 83b91c8ffe9f463ab3f69b67209e0ecf P 14dfccd572e64e6a9354caa562e8e9b6 [term 2 FOLLOWER]: Starting forced leader election (received explicit request)
I20260710 11:07:28.907579  7229 raft_consensus.cc:3060] T 83b91c8ffe9f463ab3f69b67209e0ecf P 14dfccd572e64e6a9354caa562e8e9b6 [term 2 FOLLOWER]: Advancing to term 3
I20260710 11:07:28.912719  7229 raft_consensus.cc:515] T 83b91c8ffe9f463ab3f69b67209e0ecf P 14dfccd572e64e6a9354caa562e8e9b6 [term 3 FOLLOWER]: Starting forced leader election with config: opid_index: -1 OBSOLETE_local: false peers { permanent_uuid: "14dfccd572e64e6a9354caa562e8e9b6" member_type: VOTER last_known_addr { host: "127.6.238.1" port: 39693 } } peers { permanent_uuid: "9cde1848fe8d4234a0970bb7d23de4af" member_type: VOTER last_known_addr { host: "127.6.238.2" port: 39265 } } peers { permanent_uuid: "874f9ea51dd34eb6ae993f577b53ee04" member_type: VOTER last_known_addr { host: "127.6.238.3" port: 43335 } }
I20260710 11:07:28.915352  7229 leader_election.cc:290] T 83b91c8ffe9f463ab3f69b67209e0ecf P 14dfccd572e64e6a9354caa562e8e9b6 [CANDIDATE]: Term 3 election: Requested vote from peers 9cde1848fe8d4234a0970bb7d23de4af (127.6.238.2:39265), 874f9ea51dd34eb6ae993f577b53ee04 (127.6.238.3:43335)
I20260710 11:07:28.915465  7305 tablet_service.cc:1917] Received RequestConsensusVote() RPC: tablet_id: "83b91c8ffe9f463ab3f69b67209e0ecf" candidate_uuid: "14dfccd572e64e6a9354caa562e8e9b6" candidate_term: 3 candidate_status { last_received { term: 2 index: 2 } } ignore_live_leader: true dest_uuid: "9cde1848fe8d4234a0970bb7d23de4af"
I20260710 11:07:28.915511  7379 tablet_service.cc:1917] Received RequestConsensusVote() RPC: tablet_id: "83b91c8ffe9f463ab3f69b67209e0ecf" candidate_uuid: "14dfccd572e64e6a9354caa562e8e9b6" candidate_term: 3 candidate_status { last_received { term: 2 index: 2 } } ignore_live_leader: true dest_uuid: "874f9ea51dd34eb6ae993f577b53ee04"
I20260710 11:07:28.916049  7305 raft_consensus.cc:3055] T 83b91c8ffe9f463ab3f69b67209e0ecf P 9cde1848fe8d4234a0970bb7d23de4af [term 2 LEADER]: Stepping down as leader of term 2
I20260710 11:07:28.916206  7379 raft_consensus.cc:3060] T 83b91c8ffe9f463ab3f69b67209e0ecf P 874f9ea51dd34eb6ae993f577b53ee04 [term 2 FOLLOWER]: Advancing to term 3
I20260710 11:07:28.916532  7305 raft_consensus.cc:740] T 83b91c8ffe9f463ab3f69b67209e0ecf P 9cde1848fe8d4234a0970bb7d23de4af [term 2 LEADER]: Becoming Follower/Learner. State: Replica: 9cde1848fe8d4234a0970bb7d23de4af, State: Running, Role: LEADER
I20260710 11:07:28.917271  7305 consensus_queue.cc:260] T 83b91c8ffe9f463ab3f69b67209e0ecf P 9cde1848fe8d4234a0970bb7d23de4af [NON_LEADER]: Queue going to NON_LEADER mode. State: All replicated index: 0, Majority replicated index: 2, Committed index: 2, Last appended: 2.2, Last appended by leader: 2, Current term: 2, Majority size: -1, State: 0, Mode: NON_LEADER, active raft config: opid_index: -1 OBSOLETE_local: false peers { permanent_uuid: "14dfccd572e64e6a9354caa562e8e9b6" member_type: VOTER last_known_addr { host: "127.6.238.1" port: 39693 } } peers { permanent_uuid: "9cde1848fe8d4234a0970bb7d23de4af" member_type: VOTER last_known_addr { host: "127.6.238.2" port: 39265 } } peers { permanent_uuid: "874f9ea51dd34eb6ae993f577b53ee04" member_type: VOTER last_known_addr { host: "127.6.238.3" port: 43335 } }
I20260710 11:07:28.918062  7305 raft_consensus.cc:3060] T 83b91c8ffe9f463ab3f69b67209e0ecf P 9cde1848fe8d4234a0970bb7d23de4af [term 2 FOLLOWER]: Advancing to term 3
I20260710 11:07:28.920766  7379 raft_consensus.cc:2468] T 83b91c8ffe9f463ab3f69b67209e0ecf P 874f9ea51dd34eb6ae993f577b53ee04 [term 3 FOLLOWER]: Leader election vote request: Granting yes vote for candidate 14dfccd572e64e6a9354caa562e8e9b6 in term 3.
I20260710 11:07:28.921839  7197 leader_election.cc:304] T 83b91c8ffe9f463ab3f69b67209e0ecf P 14dfccd572e64e6a9354caa562e8e9b6 [CANDIDATE]: Term 3 election: Election decided. Result: candidate won. Election summary: received 2 responses out of 3 voters: 2 yes votes; 0 no votes. yes voters: 14dfccd572e64e6a9354caa562e8e9b6, 874f9ea51dd34eb6ae993f577b53ee04; no voters: 
I20260710 11:07:28.922614  7305 raft_consensus.cc:2468] T 83b91c8ffe9f463ab3f69b67209e0ecf P 9cde1848fe8d4234a0970bb7d23de4af [term 3 FOLLOWER]: Leader election vote request: Granting yes vote for candidate 14dfccd572e64e6a9354caa562e8e9b6 in term 3.
I20260710 11:07:28.923554  7568 raft_consensus.cc:2804] T 83b91c8ffe9f463ab3f69b67209e0ecf P 14dfccd572e64e6a9354caa562e8e9b6 [term 3 FOLLOWER]: Leader election won for term 3
I20260710 11:07:28.924507  7568 raft_consensus.cc:697] T 83b91c8ffe9f463ab3f69b67209e0ecf P 14dfccd572e64e6a9354caa562e8e9b6 [term 3 LEADER]: Becoming Leader. State: Replica: 14dfccd572e64e6a9354caa562e8e9b6, State: Running, Role: LEADER
I20260710 11:07:28.925500  7568 consensus_queue.cc:237] T 83b91c8ffe9f463ab3f69b67209e0ecf P 14dfccd572e64e6a9354caa562e8e9b6 [LEADER]: Queue going to LEADER mode. State: All replicated index: 0, Majority replicated index: 2, Committed index: 2, Last appended: 2.2, Last appended by leader: 2, Current term: 3, Majority size: 2, State: 0, Mode: LEADER, active raft config: opid_index: -1 OBSOLETE_local: false peers { permanent_uuid: "14dfccd572e64e6a9354caa562e8e9b6" member_type: VOTER last_known_addr { host: "127.6.238.1" port: 39693 } } peers { permanent_uuid: "9cde1848fe8d4234a0970bb7d23de4af" member_type: VOTER last_known_addr { host: "127.6.238.2" port: 39265 } } peers { permanent_uuid: "874f9ea51dd34eb6ae993f577b53ee04" member_type: VOTER last_known_addr { host: "127.6.238.3" port: 43335 } }
I20260710 11:07:28.931803  7125 catalog_manager.cc:5697] T 83b91c8ffe9f463ab3f69b67209e0ecf P 14dfccd572e64e6a9354caa562e8e9b6 reported cstate change: term changed from 2 to 3, leader changed from 9cde1848fe8d4234a0970bb7d23de4af (127.6.238.2) to 14dfccd572e64e6a9354caa562e8e9b6 (127.6.238.1). New cstate: current_term: 3 leader_uuid: "14dfccd572e64e6a9354caa562e8e9b6" committed_config { opid_index: -1 OBSOLETE_local: false peers { permanent_uuid: "14dfccd572e64e6a9354caa562e8e9b6" member_type: VOTER last_known_addr { host: "127.6.238.1" port: 39693 } health_report { overall_health: HEALTHY } } peers { permanent_uuid: "9cde1848fe8d4234a0970bb7d23de4af" member_type: VOTER last_known_addr { host: "127.6.238.2" port: 39265 } health_report { overall_health: UNKNOWN } } peers { permanent_uuid: "874f9ea51dd34eb6ae993f577b53ee04" member_type: VOTER last_known_addr { host: "127.6.238.3" port: 43335 } health_report { overall_health: UNKNOWN } } }
I20260710 11:07:29.113905  7560 raft_consensus.cc:993] T 3bf56778142c4b7e983b80dfdc0c0aac P 9cde1848fe8d4234a0970bb7d23de4af: : Instructing follower 14dfccd572e64e6a9354caa562e8e9b6 to start an election
I20260710 11:07:29.114327  7561 raft_consensus.cc:1081] T 3bf56778142c4b7e983b80dfdc0c0aac P 9cde1848fe8d4234a0970bb7d23de4af [term 1 LEADER]: Signalling peer 14dfccd572e64e6a9354caa562e8e9b6 to start an election
I20260710 11:07:29.115674  7229 tablet_service.cc:2044] Received Run Leader Election RPC: tablet_id: "3bf56778142c4b7e983b80dfdc0c0aac"
dest_uuid: "14dfccd572e64e6a9354caa562e8e9b6"
 from {username='slave'} at 127.0.0.1:56066
I20260710 11:07:29.116210  7229 raft_consensus.cc:493] T 3bf56778142c4b7e983b80dfdc0c0aac P 14dfccd572e64e6a9354caa562e8e9b6 [term 1 FOLLOWER]: Starting forced leader election (received explicit request)
I20260710 11:07:29.116559  7229 raft_consensus.cc:3060] T 3bf56778142c4b7e983b80dfdc0c0aac P 14dfccd572e64e6a9354caa562e8e9b6 [term 1 FOLLOWER]: Advancing to term 2
I20260710 11:07:29.120975  7229 raft_consensus.cc:515] T 3bf56778142c4b7e983b80dfdc0c0aac P 14dfccd572e64e6a9354caa562e8e9b6 [term 2 FOLLOWER]: Starting forced leader election with config: opid_index: -1 OBSOLETE_local: false peers { permanent_uuid: "14dfccd572e64e6a9354caa562e8e9b6" member_type: VOTER last_known_addr { host: "127.6.238.1" port: 39693 } } peers { permanent_uuid: "9cde1848fe8d4234a0970bb7d23de4af" member_type: VOTER last_known_addr { host: "127.6.238.2" port: 39265 } } peers { permanent_uuid: "874f9ea51dd34eb6ae993f577b53ee04" member_type: VOTER last_known_addr { host: "127.6.238.3" port: 43335 } }
I20260710 11:07:29.122418  7229 leader_election.cc:290] T 3bf56778142c4b7e983b80dfdc0c0aac P 14dfccd572e64e6a9354caa562e8e9b6 [CANDIDATE]: Term 2 election: Requested vote from peers 9cde1848fe8d4234a0970bb7d23de4af (127.6.238.2:39265), 874f9ea51dd34eb6ae993f577b53ee04 (127.6.238.3:43335)
I20260710 11:07:29.123106  7305 tablet_service.cc:1917] Received RequestConsensusVote() RPC: tablet_id: "3bf56778142c4b7e983b80dfdc0c0aac" candidate_uuid: "14dfccd572e64e6a9354caa562e8e9b6" candidate_term: 2 candidate_status { last_received { term: 1 index: 1 } } ignore_live_leader: true dest_uuid: "9cde1848fe8d4234a0970bb7d23de4af"
I20260710 11:07:29.123394  7379 tablet_service.cc:1917] Received RequestConsensusVote() RPC: tablet_id: "3bf56778142c4b7e983b80dfdc0c0aac" candidate_uuid: "14dfccd572e64e6a9354caa562e8e9b6" candidate_term: 2 candidate_status { last_received { term: 1 index: 1 } } ignore_live_leader: true dest_uuid: "874f9ea51dd34eb6ae993f577b53ee04"
I20260710 11:07:29.123590  7305 raft_consensus.cc:3055] T 3bf56778142c4b7e983b80dfdc0c0aac P 9cde1848fe8d4234a0970bb7d23de4af [term 1 LEADER]: Stepping down as leader of term 1
I20260710 11:07:29.123859  7379 raft_consensus.cc:3060] T 3bf56778142c4b7e983b80dfdc0c0aac P 874f9ea51dd34eb6ae993f577b53ee04 [term 1 FOLLOWER]: Advancing to term 2
I20260710 11:07:29.123888  7305 raft_consensus.cc:740] T 3bf56778142c4b7e983b80dfdc0c0aac P 9cde1848fe8d4234a0970bb7d23de4af [term 1 LEADER]: Becoming Follower/Learner. State: Replica: 9cde1848fe8d4234a0970bb7d23de4af, State: Running, Role: LEADER
I20260710 11:07:29.124642  7305 consensus_queue.cc:260] T 3bf56778142c4b7e983b80dfdc0c0aac P 9cde1848fe8d4234a0970bb7d23de4af [NON_LEADER]: Queue going to NON_LEADER mode. State: All replicated index: 0, Majority replicated index: 1, Committed index: 1, Last appended: 1.1, Last appended by leader: 1, Current term: 1, Majority size: -1, State: 0, Mode: NON_LEADER, active raft config: opid_index: -1 OBSOLETE_local: false peers { permanent_uuid: "14dfccd572e64e6a9354caa562e8e9b6" member_type: VOTER last_known_addr { host: "127.6.238.1" port: 39693 } } peers { permanent_uuid: "9cde1848fe8d4234a0970bb7d23de4af" member_type: VOTER last_known_addr { host: "127.6.238.2" port: 39265 } } peers { permanent_uuid: "874f9ea51dd34eb6ae993f577b53ee04" member_type: VOTER last_known_addr { host: "127.6.238.3" port: 43335 } }
I20260710 11:07:29.125416  7305 raft_consensus.cc:3060] T 3bf56778142c4b7e983b80dfdc0c0aac P 9cde1848fe8d4234a0970bb7d23de4af [term 1 FOLLOWER]: Advancing to term 2
I20260710 11:07:29.128106  7379 raft_consensus.cc:2468] T 3bf56778142c4b7e983b80dfdc0c0aac P 874f9ea51dd34eb6ae993f577b53ee04 [term 2 FOLLOWER]: Leader election vote request: Granting yes vote for candidate 14dfccd572e64e6a9354caa562e8e9b6 in term 2.
I20260710 11:07:29.129001  7197 leader_election.cc:304] T 3bf56778142c4b7e983b80dfdc0c0aac P 14dfccd572e64e6a9354caa562e8e9b6 [CANDIDATE]: Term 2 election: Election decided. Result: candidate won. Election summary: received 2 responses out of 3 voters: 2 yes votes; 0 no votes. yes voters: 14dfccd572e64e6a9354caa562e8e9b6, 874f9ea51dd34eb6ae993f577b53ee04; no voters: 
I20260710 11:07:29.129617  7568 raft_consensus.cc:2804] T 3bf56778142c4b7e983b80dfdc0c0aac P 14dfccd572e64e6a9354caa562e8e9b6 [term 2 FOLLOWER]: Leader election won for term 2
I20260710 11:07:29.130085  7568 raft_consensus.cc:697] T 3bf56778142c4b7e983b80dfdc0c0aac P 14dfccd572e64e6a9354caa562e8e9b6 [term 2 LEADER]: Becoming Leader. State: Replica: 14dfccd572e64e6a9354caa562e8e9b6, State: Running, Role: LEADER
I20260710 11:07:29.130038  7305 raft_consensus.cc:2468] T 3bf56778142c4b7e983b80dfdc0c0aac P 9cde1848fe8d4234a0970bb7d23de4af [term 2 FOLLOWER]: Leader election vote request: Granting yes vote for candidate 14dfccd572e64e6a9354caa562e8e9b6 in term 2.
I20260710 11:07:29.130997  7568 consensus_queue.cc:237] T 3bf56778142c4b7e983b80dfdc0c0aac P 14dfccd572e64e6a9354caa562e8e9b6 [LEADER]: Queue going to LEADER mode. State: All replicated index: 0, Majority replicated index: 1, Committed index: 1, Last appended: 1.1, Last appended by leader: 1, Current term: 2, Majority size: 2, State: 0, Mode: LEADER, active raft config: opid_index: -1 OBSOLETE_local: false peers { permanent_uuid: "14dfccd572e64e6a9354caa562e8e9b6" member_type: VOTER last_known_addr { host: "127.6.238.1" port: 39693 } } peers { permanent_uuid: "9cde1848fe8d4234a0970bb7d23de4af" member_type: VOTER last_known_addr { host: "127.6.238.2" port: 39265 } } peers { permanent_uuid: "874f9ea51dd34eb6ae993f577b53ee04" member_type: VOTER last_known_addr { host: "127.6.238.3" port: 43335 } }
I20260710 11:07:29.137358  7125 catalog_manager.cc:5697] T 3bf56778142c4b7e983b80dfdc0c0aac P 14dfccd572e64e6a9354caa562e8e9b6 reported cstate change: term changed from 1 to 2, leader changed from 9cde1848fe8d4234a0970bb7d23de4af (127.6.238.2) to 14dfccd572e64e6a9354caa562e8e9b6 (127.6.238.1). New cstate: current_term: 2 leader_uuid: "14dfccd572e64e6a9354caa562e8e9b6" committed_config { opid_index: -1 OBSOLETE_local: false peers { permanent_uuid: "14dfccd572e64e6a9354caa562e8e9b6" member_type: VOTER last_known_addr { host: "127.6.238.1" port: 39693 } health_report { overall_health: HEALTHY } } peers { permanent_uuid: "9cde1848fe8d4234a0970bb7d23de4af" member_type: VOTER last_known_addr { host: "127.6.238.2" port: 39265 } health_report { overall_health: UNKNOWN } } peers { permanent_uuid: "874f9ea51dd34eb6ae993f577b53ee04" member_type: VOTER last_known_addr { host: "127.6.238.3" port: 43335 } health_report { overall_health: UNKNOWN } } }
I20260710 11:07:29.170336  7560 raft_consensus.cc:993] T 414660e29af24457a38c3753b5e70a3e P 9cde1848fe8d4234a0970bb7d23de4af: : Instructing follower 14dfccd572e64e6a9354caa562e8e9b6 to start an election
I20260710 11:07:29.170974  7561 raft_consensus.cc:1081] T 414660e29af24457a38c3753b5e70a3e P 9cde1848fe8d4234a0970bb7d23de4af [term 3 LEADER]: Signalling peer 14dfccd572e64e6a9354caa562e8e9b6 to start an election
I20260710 11:07:29.172235  7229 tablet_service.cc:2044] Received Run Leader Election RPC: tablet_id: "414660e29af24457a38c3753b5e70a3e"
dest_uuid: "14dfccd572e64e6a9354caa562e8e9b6"
 from {username='slave'} at 127.0.0.1:56066
I20260710 11:07:29.172657  7229 raft_consensus.cc:493] T 414660e29af24457a38c3753b5e70a3e P 14dfccd572e64e6a9354caa562e8e9b6 [term 3 FOLLOWER]: Starting forced leader election (received explicit request)
I20260710 11:07:29.172928  7229 raft_consensus.cc:3060] T 414660e29af24457a38c3753b5e70a3e P 14dfccd572e64e6a9354caa562e8e9b6 [term 3 FOLLOWER]: Advancing to term 4
I20260710 11:07:29.177251  7229 raft_consensus.cc:515] T 414660e29af24457a38c3753b5e70a3e P 14dfccd572e64e6a9354caa562e8e9b6 [term 4 FOLLOWER]: Starting forced leader election with config: opid_index: -1 OBSOLETE_local: false peers { permanent_uuid: "14dfccd572e64e6a9354caa562e8e9b6" member_type: VOTER last_known_addr { host: "127.6.238.1" port: 39693 } } peers { permanent_uuid: "9cde1848fe8d4234a0970bb7d23de4af" member_type: VOTER last_known_addr { host: "127.6.238.2" port: 39265 } } peers { permanent_uuid: "874f9ea51dd34eb6ae993f577b53ee04" member_type: VOTER last_known_addr { host: "127.6.238.3" port: 43335 } }
I20260710 11:07:29.178679  7229 leader_election.cc:290] T 414660e29af24457a38c3753b5e70a3e P 14dfccd572e64e6a9354caa562e8e9b6 [CANDIDATE]: Term 4 election: Requested vote from peers 9cde1848fe8d4234a0970bb7d23de4af (127.6.238.2:39265), 874f9ea51dd34eb6ae993f577b53ee04 (127.6.238.3:43335)
I20260710 11:07:29.179419  7305 tablet_service.cc:1917] Received RequestConsensusVote() RPC: tablet_id: "414660e29af24457a38c3753b5e70a3e" candidate_uuid: "14dfccd572e64e6a9354caa562e8e9b6" candidate_term: 4 candidate_status { last_received { term: 3 index: 3 } } ignore_live_leader: true dest_uuid: "9cde1848fe8d4234a0970bb7d23de4af"
I20260710 11:07:29.179764  7378 tablet_service.cc:1917] Received RequestConsensusVote() RPC: tablet_id: "414660e29af24457a38c3753b5e70a3e" candidate_uuid: "14dfccd572e64e6a9354caa562e8e9b6" candidate_term: 4 candidate_status { last_received { term: 3 index: 3 } } ignore_live_leader: true dest_uuid: "874f9ea51dd34eb6ae993f577b53ee04"
I20260710 11:07:29.179953  7305 raft_consensus.cc:3055] T 414660e29af24457a38c3753b5e70a3e P 9cde1848fe8d4234a0970bb7d23de4af [term 3 LEADER]: Stepping down as leader of term 3
I20260710 11:07:29.180236  7305 raft_consensus.cc:740] T 414660e29af24457a38c3753b5e70a3e P 9cde1848fe8d4234a0970bb7d23de4af [term 3 LEADER]: Becoming Follower/Learner. State: Replica: 9cde1848fe8d4234a0970bb7d23de4af, State: Running, Role: LEADER
I20260710 11:07:29.180277  7378 raft_consensus.cc:3060] T 414660e29af24457a38c3753b5e70a3e P 874f9ea51dd34eb6ae993f577b53ee04 [term 3 FOLLOWER]: Advancing to term 4
I20260710 11:07:29.181037  7305 consensus_queue.cc:260] T 414660e29af24457a38c3753b5e70a3e P 9cde1848fe8d4234a0970bb7d23de4af [NON_LEADER]: Queue going to NON_LEADER mode. State: All replicated index: 0, Majority replicated index: 3, Committed index: 3, Last appended: 3.3, Last appended by leader: 3, Current term: 3, Majority size: -1, State: 0, Mode: NON_LEADER, active raft config: opid_index: -1 OBSOLETE_local: false peers { permanent_uuid: "14dfccd572e64e6a9354caa562e8e9b6" member_type: VOTER last_known_addr { host: "127.6.238.1" port: 39693 } } peers { permanent_uuid: "9cde1848fe8d4234a0970bb7d23de4af" member_type: VOTER last_known_addr { host: "127.6.238.2" port: 39265 } } peers { permanent_uuid: "874f9ea51dd34eb6ae993f577b53ee04" member_type: VOTER last_known_addr { host: "127.6.238.3" port: 43335 } }
I20260710 11:07:29.182161  7305 raft_consensus.cc:3060] T 414660e29af24457a38c3753b5e70a3e P 9cde1848fe8d4234a0970bb7d23de4af [term 3 FOLLOWER]: Advancing to term 4
I20260710 11:07:29.186831  7378 raft_consensus.cc:2468] T 414660e29af24457a38c3753b5e70a3e P 874f9ea51dd34eb6ae993f577b53ee04 [term 4 FOLLOWER]: Leader election vote request: Granting yes vote for candidate 14dfccd572e64e6a9354caa562e8e9b6 in term 4.
I20260710 11:07:29.187825  7305 raft_consensus.cc:2468] T 414660e29af24457a38c3753b5e70a3e P 9cde1848fe8d4234a0970bb7d23de4af [term 4 FOLLOWER]: Leader election vote request: Granting yes vote for candidate 14dfccd572e64e6a9354caa562e8e9b6 in term 4.
I20260710 11:07:29.187893  7197 leader_election.cc:304] T 414660e29af24457a38c3753b5e70a3e P 14dfccd572e64e6a9354caa562e8e9b6 [CANDIDATE]: Term 4 election: Election decided. Result: candidate won. Election summary: received 2 responses out of 3 voters: 2 yes votes; 0 no votes. yes voters: 14dfccd572e64e6a9354caa562e8e9b6, 874f9ea51dd34eb6ae993f577b53ee04; no voters: 
I20260710 11:07:29.188616  7568 raft_consensus.cc:2804] T 414660e29af24457a38c3753b5e70a3e P 14dfccd572e64e6a9354caa562e8e9b6 [term 4 FOLLOWER]: Leader election won for term 4
I20260710 11:07:29.189067  7568 raft_consensus.cc:697] T 414660e29af24457a38c3753b5e70a3e P 14dfccd572e64e6a9354caa562e8e9b6 [term 4 LEADER]: Becoming Leader. State: Replica: 14dfccd572e64e6a9354caa562e8e9b6, State: Running, Role: LEADER
I20260710 11:07:29.189778  7568 consensus_queue.cc:237] T 414660e29af24457a38c3753b5e70a3e P 14dfccd572e64e6a9354caa562e8e9b6 [LEADER]: Queue going to LEADER mode. State: All replicated index: 0, Majority replicated index: 3, Committed index: 3, Last appended: 3.3, Last appended by leader: 3, Current term: 4, Majority size: 2, State: 0, Mode: LEADER, active raft config: opid_index: -1 OBSOLETE_local: false peers { permanent_uuid: "14dfccd572e64e6a9354caa562e8e9b6" member_type: VOTER last_known_addr { host: "127.6.238.1" port: 39693 } } peers { permanent_uuid: "9cde1848fe8d4234a0970bb7d23de4af" member_type: VOTER last_known_addr { host: "127.6.238.2" port: 39265 } } peers { permanent_uuid: "874f9ea51dd34eb6ae993f577b53ee04" member_type: VOTER last_known_addr { host: "127.6.238.3" port: 43335 } }
I20260710 11:07:29.196200  7125 catalog_manager.cc:5697] T 414660e29af24457a38c3753b5e70a3e P 14dfccd572e64e6a9354caa562e8e9b6 reported cstate change: term changed from 3 to 4, leader changed from 9cde1848fe8d4234a0970bb7d23de4af (127.6.238.2) to 14dfccd572e64e6a9354caa562e8e9b6 (127.6.238.1). New cstate: current_term: 4 leader_uuid: "14dfccd572e64e6a9354caa562e8e9b6" committed_config { opid_index: -1 OBSOLETE_local: false peers { permanent_uuid: "14dfccd572e64e6a9354caa562e8e9b6" member_type: VOTER last_known_addr { host: "127.6.238.1" port: 39693 } health_report { overall_health: HEALTHY } } peers { permanent_uuid: "9cde1848fe8d4234a0970bb7d23de4af" member_type: VOTER last_known_addr { host: "127.6.238.2" port: 39265 } health_report { overall_health: UNKNOWN } } peers { permanent_uuid: "874f9ea51dd34eb6ae993f577b53ee04" member_type: VOTER last_known_addr { host: "127.6.238.3" port: 43335 } health_report { overall_health: UNKNOWN } } }
I20260710 11:07:29.198493  7561 raft_consensus.cc:993] T eea1610d646a421586c3c97cdb81dacd P 9cde1848fe8d4234a0970bb7d23de4af: : Instructing follower 874f9ea51dd34eb6ae993f577b53ee04 to start an election
I20260710 11:07:29.198989  7572 raft_consensus.cc:1081] T eea1610d646a421586c3c97cdb81dacd P 9cde1848fe8d4234a0970bb7d23de4af [term 3 LEADER]: Signalling peer 874f9ea51dd34eb6ae993f577b53ee04 to start an election
I20260710 11:07:29.200498  7378 tablet_service.cc:2044] Received Run Leader Election RPC: tablet_id: "eea1610d646a421586c3c97cdb81dacd"
dest_uuid: "874f9ea51dd34eb6ae993f577b53ee04"
 from {username='slave'} at 127.0.0.1:60748
I20260710 11:07:29.201004  7378 raft_consensus.cc:493] T eea1610d646a421586c3c97cdb81dacd P 874f9ea51dd34eb6ae993f577b53ee04 [term 3 FOLLOWER]: Starting forced leader election (received explicit request)
I20260710 11:07:29.201318  7378 raft_consensus.cc:3060] T eea1610d646a421586c3c97cdb81dacd P 874f9ea51dd34eb6ae993f577b53ee04 [term 3 FOLLOWER]: Advancing to term 4
I20260710 11:07:29.205900  7378 raft_consensus.cc:515] T eea1610d646a421586c3c97cdb81dacd P 874f9ea51dd34eb6ae993f577b53ee04 [term 4 FOLLOWER]: Starting forced leader election with config: opid_index: -1 OBSOLETE_local: false peers { permanent_uuid: "14dfccd572e64e6a9354caa562e8e9b6" member_type: VOTER last_known_addr { host: "127.6.238.1" port: 39693 } } peers { permanent_uuid: "9cde1848fe8d4234a0970bb7d23de4af" member_type: VOTER last_known_addr { host: "127.6.238.2" port: 39265 } } peers { permanent_uuid: "874f9ea51dd34eb6ae993f577b53ee04" member_type: VOTER last_known_addr { host: "127.6.238.3" port: 43335 } }
I20260710 11:07:29.207401  7378 leader_election.cc:290] T eea1610d646a421586c3c97cdb81dacd P 874f9ea51dd34eb6ae993f577b53ee04 [CANDIDATE]: Term 4 election: Requested vote from peers 14dfccd572e64e6a9354caa562e8e9b6 (127.6.238.1:39693), 9cde1848fe8d4234a0970bb7d23de4af (127.6.238.2:39265)
I20260710 11:07:29.208038  7229 tablet_service.cc:1917] Received RequestConsensusVote() RPC: tablet_id: "eea1610d646a421586c3c97cdb81dacd" candidate_uuid: "874f9ea51dd34eb6ae993f577b53ee04" candidate_term: 4 candidate_status { last_received { term: 3 index: 3 } } ignore_live_leader: true dest_uuid: "14dfccd572e64e6a9354caa562e8e9b6"
I20260710 11:07:29.208287  7305 tablet_service.cc:1917] Received RequestConsensusVote() RPC: tablet_id: "eea1610d646a421586c3c97cdb81dacd" candidate_uuid: "874f9ea51dd34eb6ae993f577b53ee04" candidate_term: 4 candidate_status { last_received { term: 3 index: 3 } } ignore_live_leader: true dest_uuid: "9cde1848fe8d4234a0970bb7d23de4af"
I20260710 11:07:29.208607  7229 raft_consensus.cc:3060] T eea1610d646a421586c3c97cdb81dacd P 14dfccd572e64e6a9354caa562e8e9b6 [term 3 FOLLOWER]: Advancing to term 4
I20260710 11:07:29.208753  7305 raft_consensus.cc:3055] T eea1610d646a421586c3c97cdb81dacd P 9cde1848fe8d4234a0970bb7d23de4af [term 3 LEADER]: Stepping down as leader of term 3
I20260710 11:07:29.209072  7305 raft_consensus.cc:740] T eea1610d646a421586c3c97cdb81dacd P 9cde1848fe8d4234a0970bb7d23de4af [term 3 LEADER]: Becoming Follower/Learner. State: Replica: 9cde1848fe8d4234a0970bb7d23de4af, State: Running, Role: LEADER
I20260710 11:07:29.209748  7305 consensus_queue.cc:260] T eea1610d646a421586c3c97cdb81dacd P 9cde1848fe8d4234a0970bb7d23de4af [NON_LEADER]: Queue going to NON_LEADER mode. State: All replicated index: 0, Majority replicated index: 3, Committed index: 3, Last appended: 3.3, Last appended by leader: 3, Current term: 3, Majority size: -1, State: 0, Mode: NON_LEADER, active raft config: opid_index: -1 OBSOLETE_local: false peers { permanent_uuid: "14dfccd572e64e6a9354caa562e8e9b6" member_type: VOTER last_known_addr { host: "127.6.238.1" port: 39693 } } peers { permanent_uuid: "9cde1848fe8d4234a0970bb7d23de4af" member_type: VOTER last_known_addr { host: "127.6.238.2" port: 39265 } } peers { permanent_uuid: "874f9ea51dd34eb6ae993f577b53ee04" member_type: VOTER last_known_addr { host: "127.6.238.3" port: 43335 } }
I20260710 11:07:29.210760  7305 raft_consensus.cc:3060] T eea1610d646a421586c3c97cdb81dacd P 9cde1848fe8d4234a0970bb7d23de4af [term 3 FOLLOWER]: Advancing to term 4
I20260710 11:07:29.214795  7229 raft_consensus.cc:2468] T eea1610d646a421586c3c97cdb81dacd P 14dfccd572e64e6a9354caa562e8e9b6 [term 4 FOLLOWER]: Leader election vote request: Granting yes vote for candidate 874f9ea51dd34eb6ae993f577b53ee04 in term 4.
I20260710 11:07:29.215824  7344 leader_election.cc:304] T eea1610d646a421586c3c97cdb81dacd P 874f9ea51dd34eb6ae993f577b53ee04 [CANDIDATE]: Term 4 election: Election decided. Result: candidate won. Election summary: received 2 responses out of 3 voters: 2 yes votes; 0 no votes. yes voters: 14dfccd572e64e6a9354caa562e8e9b6, 874f9ea51dd34eb6ae993f577b53ee04; no voters: 
I20260710 11:07:29.216147  7305 raft_consensus.cc:2468] T eea1610d646a421586c3c97cdb81dacd P 9cde1848fe8d4234a0970bb7d23de4af [term 4 FOLLOWER]: Leader election vote request: Granting yes vote for candidate 874f9ea51dd34eb6ae993f577b53ee04 in term 4.
I20260710 11:07:29.216466  7537 raft_consensus.cc:2804] T eea1610d646a421586c3c97cdb81dacd P 874f9ea51dd34eb6ae993f577b53ee04 [term 4 FOLLOWER]: Leader election won for term 4
I20260710 11:07:29.216868  7537 raft_consensus.cc:697] T eea1610d646a421586c3c97cdb81dacd P 874f9ea51dd34eb6ae993f577b53ee04 [term 4 LEADER]: Becoming Leader. State: Replica: 874f9ea51dd34eb6ae993f577b53ee04, State: Running, Role: LEADER
I20260710 11:07:29.217630  7537 consensus_queue.cc:237] T eea1610d646a421586c3c97cdb81dacd P 874f9ea51dd34eb6ae993f577b53ee04 [LEADER]: Queue going to LEADER mode. State: All replicated index: 0, Majority replicated index: 3, Committed index: 3, Last appended: 3.3, Last appended by leader: 3, Current term: 4, Majority size: 2, State: 0, Mode: LEADER, active raft config: opid_index: -1 OBSOLETE_local: false peers { permanent_uuid: "14dfccd572e64e6a9354caa562e8e9b6" member_type: VOTER last_known_addr { host: "127.6.238.1" port: 39693 } } peers { permanent_uuid: "9cde1848fe8d4234a0970bb7d23de4af" member_type: VOTER last_known_addr { host: "127.6.238.2" port: 39265 } } peers { permanent_uuid: "874f9ea51dd34eb6ae993f577b53ee04" member_type: VOTER last_known_addr { host: "127.6.238.3" port: 43335 } }
I20260710 11:07:29.223652  7125 catalog_manager.cc:5697] T eea1610d646a421586c3c97cdb81dacd P 874f9ea51dd34eb6ae993f577b53ee04 reported cstate change: term changed from 3 to 4, leader changed from 9cde1848fe8d4234a0970bb7d23de4af (127.6.238.2) to 874f9ea51dd34eb6ae993f577b53ee04 (127.6.238.3). New cstate: current_term: 4 leader_uuid: "874f9ea51dd34eb6ae993f577b53ee04" committed_config { opid_index: -1 OBSOLETE_local: false peers { permanent_uuid: "14dfccd572e64e6a9354caa562e8e9b6" member_type: VOTER last_known_addr { host: "127.6.238.1" port: 39693 } health_report { overall_health: UNKNOWN } } peers { permanent_uuid: "9cde1848fe8d4234a0970bb7d23de4af" member_type: VOTER last_known_addr { host: "127.6.238.2" port: 39265 } health_report { overall_health: UNKNOWN } } peers { permanent_uuid: "874f9ea51dd34eb6ae993f577b53ee04" member_type: VOTER last_known_addr { host: "127.6.238.3" port: 43335 } health_report { overall_health: HEALTHY } } }
I20260710 11:07:29.294476  7305 raft_consensus.cc:1275] T 5fe5ce67d738441fa3718e8a2796b290 P 9cde1848fe8d4234a0970bb7d23de4af [term 5 FOLLOWER]: Refusing update from remote peer 874f9ea51dd34eb6ae993f577b53ee04: Log matching property violated. Preceding OpId in replica: term: 4 index: 4. Preceding OpId from leader: term: 5 index: 5. (index mismatch)
I20260710 11:07:29.295961  7537 consensus_queue.cc:1048] T 5fe5ce67d738441fa3718e8a2796b290 P 874f9ea51dd34eb6ae993f577b53ee04 [LEADER]: Connected to new peer: Peer: permanent_uuid: "9cde1848fe8d4234a0970bb7d23de4af" member_type: VOTER last_known_addr { host: "127.6.238.2" port: 39265 }, Status: LMP_MISMATCH, Last received: 0.0, Next index: 5, Last known committed idx: 4, Time since last communication: 0.000s
I20260710 11:07:29.306480  7229 raft_consensus.cc:1275] T 5fe5ce67d738441fa3718e8a2796b290 P 14dfccd572e64e6a9354caa562e8e9b6 [term 5 FOLLOWER]: Refusing update from remote peer 874f9ea51dd34eb6ae993f577b53ee04: Log matching property violated. Preceding OpId in replica: term: 4 index: 4. Preceding OpId from leader: term: 5 index: 5. (index mismatch)
I20260710 11:07:29.308187  7577 consensus_queue.cc:1048] T 5fe5ce67d738441fa3718e8a2796b290 P 874f9ea51dd34eb6ae993f577b53ee04 [LEADER]: Connected to new peer: Peer: permanent_uuid: "14dfccd572e64e6a9354caa562e8e9b6" member_type: VOTER last_known_addr { host: "127.6.238.1" port: 39693 }, Status: LMP_MISMATCH, Last received: 0.0, Next index: 5, Last known committed idx: 4, Time since last communication: 0.001s
I20260710 11:07:29.332201  7305 raft_consensus.cc:1275] T 83b91c8ffe9f463ab3f69b67209e0ecf P 9cde1848fe8d4234a0970bb7d23de4af [term 3 FOLLOWER]: Refusing update from remote peer 14dfccd572e64e6a9354caa562e8e9b6: Log matching property violated. Preceding OpId in replica: term: 2 index: 2. Preceding OpId from leader: term: 3 index: 3. (index mismatch)
I20260710 11:07:29.333374  7568 consensus_queue.cc:1048] T 83b91c8ffe9f463ab3f69b67209e0ecf P 14dfccd572e64e6a9354caa562e8e9b6 [LEADER]: Connected to new peer: Peer: permanent_uuid: "9cde1848fe8d4234a0970bb7d23de4af" member_type: VOTER last_known_addr { host: "127.6.238.2" port: 39265 }, Status: LMP_MISMATCH, Last received: 0.0, Next index: 3, Last known committed idx: 2, Time since last communication: 0.000s
I20260710 11:07:29.341589  7378 raft_consensus.cc:1275] T 83b91c8ffe9f463ab3f69b67209e0ecf P 874f9ea51dd34eb6ae993f577b53ee04 [term 3 FOLLOWER]: Refusing update from remote peer 14dfccd572e64e6a9354caa562e8e9b6: Log matching property violated. Preceding OpId in replica: term: 2 index: 2. Preceding OpId from leader: term: 3 index: 3. (index mismatch)
I20260710 11:07:29.343264  7569 consensus_queue.cc:1048] T 83b91c8ffe9f463ab3f69b67209e0ecf P 14dfccd572e64e6a9354caa562e8e9b6 [LEADER]: Connected to new peer: Peer: permanent_uuid: "874f9ea51dd34eb6ae993f577b53ee04" member_type: VOTER last_known_addr { host: "127.6.238.3" port: 43335 }, Status: LMP_MISMATCH, Last received: 0.0, Next index: 3, Last known committed idx: 2, Time since last communication: 0.001s
I20260710 11:07:29.516090  7378 raft_consensus.cc:1275] T 3bf56778142c4b7e983b80dfdc0c0aac P 874f9ea51dd34eb6ae993f577b53ee04 [term 2 FOLLOWER]: Refusing update from remote peer 14dfccd572e64e6a9354caa562e8e9b6: Log matching property violated. Preceding OpId in replica: term: 1 index: 1. Preceding OpId from leader: term: 2 index: 2. (index mismatch)
I20260710 11:07:29.517248  7569 consensus_queue.cc:1048] T 3bf56778142c4b7e983b80dfdc0c0aac P 14dfccd572e64e6a9354caa562e8e9b6 [LEADER]: Connected to new peer: Peer: permanent_uuid: "874f9ea51dd34eb6ae993f577b53ee04" member_type: VOTER last_known_addr { host: "127.6.238.3" port: 43335 }, Status: LMP_MISMATCH, Last received: 0.0, Next index: 2, Last known committed idx: 1, Time since last communication: 0.000s
I20260710 11:07:29.525343  7305 raft_consensus.cc:1275] T 3bf56778142c4b7e983b80dfdc0c0aac P 9cde1848fe8d4234a0970bb7d23de4af [term 2 FOLLOWER]: Refusing update from remote peer 14dfccd572e64e6a9354caa562e8e9b6: Log matching property violated. Preceding OpId in replica: term: 1 index: 1. Preceding OpId from leader: term: 2 index: 2. (index mismatch)
I20260710 11:07:29.526968  7568 consensus_queue.cc:1048] T 3bf56778142c4b7e983b80dfdc0c0aac P 14dfccd572e64e6a9354caa562e8e9b6 [LEADER]: Connected to new peer: Peer: permanent_uuid: "9cde1848fe8d4234a0970bb7d23de4af" member_type: VOTER last_known_addr { host: "127.6.238.2" port: 39265 }, Status: LMP_MISMATCH, Last received: 0.0, Next index: 2, Last known committed idx: 1, Time since last communication: 0.000s
I20260710 11:07:29.695492  7378 raft_consensus.cc:1275] T 414660e29af24457a38c3753b5e70a3e P 874f9ea51dd34eb6ae993f577b53ee04 [term 4 FOLLOWER]: Refusing update from remote peer 14dfccd572e64e6a9354caa562e8e9b6: Log matching property violated. Preceding OpId in replica: term: 3 index: 3. Preceding OpId from leader: term: 4 index: 4. (index mismatch)
I20260710 11:07:29.696596  7568 consensus_queue.cc:1048] T 414660e29af24457a38c3753b5e70a3e P 14dfccd572e64e6a9354caa562e8e9b6 [LEADER]: Connected to new peer: Peer: permanent_uuid: "874f9ea51dd34eb6ae993f577b53ee04" member_type: VOTER last_known_addr { host: "127.6.238.3" port: 43335 }, Status: LMP_MISMATCH, Last received: 0.0, Next index: 4, Last known committed idx: 3, Time since last communication: 0.000s
I20260710 11:07:29.702234  7305 raft_consensus.cc:1275] T eea1610d646a421586c3c97cdb81dacd P 9cde1848fe8d4234a0970bb7d23de4af [term 4 FOLLOWER]: Refusing update from remote peer 874f9ea51dd34eb6ae993f577b53ee04: Log matching property violated. Preceding OpId in replica: term: 3 index: 3. Preceding OpId from leader: term: 4 index: 4. (index mismatch)
I20260710 11:07:29.704618  7577 consensus_queue.cc:1048] T eea1610d646a421586c3c97cdb81dacd P 874f9ea51dd34eb6ae993f577b53ee04 [LEADER]: Connected to new peer: Peer: permanent_uuid: "9cde1848fe8d4234a0970bb7d23de4af" member_type: VOTER last_known_addr { host: "127.6.238.2" port: 39265 }, Status: LMP_MISMATCH, Last received: 0.0, Next index: 4, Last known committed idx: 3, Time since last communication: 0.002s
I20260710 11:07:29.707427  7305 raft_consensus.cc:1275] T 414660e29af24457a38c3753b5e70a3e P 9cde1848fe8d4234a0970bb7d23de4af [term 4 FOLLOWER]: Refusing update from remote peer 14dfccd572e64e6a9354caa562e8e9b6: Log matching property violated. Preceding OpId in replica: term: 3 index: 3. Preceding OpId from leader: term: 4 index: 4. (index mismatch)
I20260710 11:07:29.708811  7569 consensus_queue.cc:1048] T 414660e29af24457a38c3753b5e70a3e P 14dfccd572e64e6a9354caa562e8e9b6 [LEADER]: Connected to new peer: Peer: permanent_uuid: "9cde1848fe8d4234a0970bb7d23de4af" member_type: VOTER last_known_addr { host: "127.6.238.2" port: 39265 }, Status: LMP_MISMATCH, Last received: 0.0, Next index: 4, Last known committed idx: 3, Time since last communication: 0.000s
I20260710 11:07:29.723917  7229 raft_consensus.cc:1275] T eea1610d646a421586c3c97cdb81dacd P 14dfccd572e64e6a9354caa562e8e9b6 [term 4 FOLLOWER]: Refusing update from remote peer 874f9ea51dd34eb6ae993f577b53ee04: Log matching property violated. Preceding OpId in replica: term: 3 index: 3. Preceding OpId from leader: term: 4 index: 4. (index mismatch)
I20260710 11:07:29.725821  7562 consensus_queue.cc:1048] T eea1610d646a421586c3c97cdb81dacd P 874f9ea51dd34eb6ae993f577b53ee04 [LEADER]: Connected to new peer: Peer: permanent_uuid: "14dfccd572e64e6a9354caa562e8e9b6" member_type: VOTER last_known_addr { host: "127.6.238.1" port: 39693 }, Status: LMP_MISMATCH, Last received: 0.0, Next index: 4, Last known committed idx: 3, Time since last communication: 0.000s
I20260710 11:07:29.745667  7096 auto_leader_rebalancer.cc:141] leader rebalance for table test-workload
I20260710 11:07:29.750831  7096 tablet_server.cc:179] TabletServer@127.6.238.1:0 shutting down...
I20260710 11:07:29.773242  7096 ts_tablet_manager.cc:1507] Shutting down tablet manager...
I20260710 11:07:29.774034  7096 tablet_replica.cc:333] T e1295008e66341a5839f8955ee0efe7d P 14dfccd572e64e6a9354caa562e8e9b6: stopping tablet replica
I20260710 11:07:29.774991  7096 raft_consensus.cc:2243] T e1295008e66341a5839f8955ee0efe7d P 14dfccd572e64e6a9354caa562e8e9b6 [term 2 FOLLOWER]: Raft consensus shutting down.
I20260710 11:07:29.775661  7096 raft_consensus.cc:2272] T e1295008e66341a5839f8955ee0efe7d P 14dfccd572e64e6a9354caa562e8e9b6 [term 2 FOLLOWER]: Raft consensus is shut down!
I20260710 11:07:29.779013  7096 tablet_replica.cc:333] T eee9bf3fec3d4c728ce8c72b6f6b4ae3 P 14dfccd572e64e6a9354caa562e8e9b6: stopping tablet replica
I20260710 11:07:29.779886  7096 raft_consensus.cc:2243] T eee9bf3fec3d4c728ce8c72b6f6b4ae3 P 14dfccd572e64e6a9354caa562e8e9b6 [term 2 FOLLOWER]: Raft consensus shutting down.
I20260710 11:07:29.780346  7096 raft_consensus.cc:2272] T eee9bf3fec3d4c728ce8c72b6f6b4ae3 P 14dfccd572e64e6a9354caa562e8e9b6 [term 2 FOLLOWER]: Raft consensus is shut down!
I20260710 11:07:29.781826  7096 tablet_replica.cc:333] T b580fc0c3884465d8024702edad1a8a3 P 14dfccd572e64e6a9354caa562e8e9b6: stopping tablet replica
I20260710 11:07:29.782389  7096 raft_consensus.cc:2243] T b580fc0c3884465d8024702edad1a8a3 P 14dfccd572e64e6a9354caa562e8e9b6 [term 2 FOLLOWER]: Raft consensus shutting down.
I20260710 11:07:29.782835  7096 raft_consensus.cc:2272] T b580fc0c3884465d8024702edad1a8a3 P 14dfccd572e64e6a9354caa562e8e9b6 [term 2 FOLLOWER]: Raft consensus is shut down!
I20260710 11:07:29.784477  7096 tablet_replica.cc:333] T d3e2d41cd0324cde9f8c35d106bf6f9e P 14dfccd572e64e6a9354caa562e8e9b6: stopping tablet replica
I20260710 11:07:29.784955  7096 raft_consensus.cc:2243] T d3e2d41cd0324cde9f8c35d106bf6f9e P 14dfccd572e64e6a9354caa562e8e9b6 [term 3 FOLLOWER]: Raft consensus shutting down.
I20260710 11:07:29.785457  7096 raft_consensus.cc:2272] T d3e2d41cd0324cde9f8c35d106bf6f9e P 14dfccd572e64e6a9354caa562e8e9b6 [term 3 FOLLOWER]: Raft consensus is shut down!
I20260710 11:07:29.786983  7096 tablet_replica.cc:333] T 83b91c8ffe9f463ab3f69b67209e0ecf P 14dfccd572e64e6a9354caa562e8e9b6: stopping tablet replica
I20260710 11:07:29.787503  7096 raft_consensus.cc:2243] T 83b91c8ffe9f463ab3f69b67209e0ecf P 14dfccd572e64e6a9354caa562e8e9b6 [term 3 LEADER]: Raft consensus shutting down.
I20260710 11:07:29.788226  7096 raft_consensus.cc:2272] T 83b91c8ffe9f463ab3f69b67209e0ecf P 14dfccd572e64e6a9354caa562e8e9b6 [term 3 FOLLOWER]: Raft consensus is shut down!
W20260710 11:07:29.790123  7344 proxy.cc:239] Call had error, refreshing address and retrying: Remote error: Service unavailable: service kudu.consensus.ConsensusService not registered on TabletServer
I20260710 11:07:29.791373  7096 tablet_replica.cc:333] T eea1610d646a421586c3c97cdb81dacd P 14dfccd572e64e6a9354caa562e8e9b6: stopping tablet replica
I20260710 11:07:29.792052  7096 raft_consensus.cc:2243] T eea1610d646a421586c3c97cdb81dacd P 14dfccd572e64e6a9354caa562e8e9b6 [term 4 FOLLOWER]: Raft consensus shutting down.
I20260710 11:07:29.792548  7096 raft_consensus.cc:2272] T eea1610d646a421586c3c97cdb81dacd P 14dfccd572e64e6a9354caa562e8e9b6 [term 4 FOLLOWER]: Raft consensus is shut down!
W20260710 11:07:29.794028  7270 consensus_peers.cc:597] T d3e2d41cd0324cde9f8c35d106bf6f9e P 9cde1848fe8d4234a0970bb7d23de4af -> Peer 14dfccd572e64e6a9354caa562e8e9b6 (127.6.238.1:39693): Couldn't send request to peer 14dfccd572e64e6a9354caa562e8e9b6. Status: Remote error: Service unavailable: service kudu.consensus.ConsensusService not registered on TabletServer. This is attempt 1: this message will repeat every 5th retry.
I20260710 11:07:29.796299  7096 tablet_replica.cc:333] T 3bf56778142c4b7e983b80dfdc0c0aac P 14dfccd572e64e6a9354caa562e8e9b6: stopping tablet replica
I20260710 11:07:29.800521  7096 raft_consensus.cc:2243] T 3bf56778142c4b7e983b80dfdc0c0aac P 14dfccd572e64e6a9354caa562e8e9b6 [term 2 LEADER]: Raft consensus shutting down.
I20260710 11:07:29.801211  7096 raft_consensus.cc:2272] T 3bf56778142c4b7e983b80dfdc0c0aac P 14dfccd572e64e6a9354caa562e8e9b6 [term 2 FOLLOWER]: Raft consensus is shut down!
I20260710 11:07:29.803002  7096 tablet_replica.cc:333] T 5fe5ce67d738441fa3718e8a2796b290 P 14dfccd572e64e6a9354caa562e8e9b6: stopping tablet replica
W20260710 11:07:29.796317  7270 consensus_peers.cc:597] T e1295008e66341a5839f8955ee0efe7d P 9cde1848fe8d4234a0970bb7d23de4af -> Peer 14dfccd572e64e6a9354caa562e8e9b6 (127.6.238.1:39693): Couldn't send request to peer 14dfccd572e64e6a9354caa562e8e9b6. Status: Remote error: Service unavailable: service kudu.consensus.ConsensusService not registered on TabletServer. This is attempt 1: this message will repeat every 5th retry.
I20260710 11:07:29.803597  7096 raft_consensus.cc:2243] T 5fe5ce67d738441fa3718e8a2796b290 P 14dfccd572e64e6a9354caa562e8e9b6 [term 5 FOLLOWER]: Raft consensus shutting down.
I20260710 11:07:29.804190  7096 raft_consensus.cc:2272] T 5fe5ce67d738441fa3718e8a2796b290 P 14dfccd572e64e6a9354caa562e8e9b6 [term 5 FOLLOWER]: Raft consensus is shut down!
W20260710 11:07:29.805269  7344 consensus_peers.cc:597] T 5fe5ce67d738441fa3718e8a2796b290 P 874f9ea51dd34eb6ae993f577b53ee04 -> Peer 14dfccd572e64e6a9354caa562e8e9b6 (127.6.238.1:39693): Couldn't send request to peer 14dfccd572e64e6a9354caa562e8e9b6. Status: Remote error: Service unavailable: service kudu.consensus.ConsensusService not registered on TabletServer. This is attempt 1: this message will repeat every 5th retry.
I20260710 11:07:29.806133  7096 tablet_replica.cc:333] T 414660e29af24457a38c3753b5e70a3e P 14dfccd572e64e6a9354caa562e8e9b6: stopping tablet replica
I20260710 11:07:29.806587  7096 raft_consensus.cc:2243] T 414660e29af24457a38c3753b5e70a3e P 14dfccd572e64e6a9354caa562e8e9b6 [term 4 LEADER]: Raft consensus shutting down.
I20260710 11:07:29.807261  7096 raft_consensus.cc:2272] T 414660e29af24457a38c3753b5e70a3e P 14dfccd572e64e6a9354caa562e8e9b6 [term 4 FOLLOWER]: Raft consensus is shut down!
I20260710 11:07:29.920107  7096 tablet_server.cc:196] TabletServer@127.6.238.1:0 shutdown complete.
W20260710 11:07:29.921327  7344 consensus_peers.cc:597] T eee9bf3fec3d4c728ce8c72b6f6b4ae3 P 874f9ea51dd34eb6ae993f577b53ee04 -> Peer 14dfccd572e64e6a9354caa562e8e9b6 (127.6.238.1:39693): Couldn't send request to peer 14dfccd572e64e6a9354caa562e8e9b6. Status: Network error: Client connection negotiation failed: client connection to 127.6.238.1:39693: connect: Connection refused (error 111). This is attempt 1: this message will repeat every 5th retry.
I20260710 11:07:29.937139  7096 tablet_server.cc:179] TabletServer@127.6.238.2:0 shutting down...
I20260710 11:07:29.955822  7096 ts_tablet_manager.cc:1507] Shutting down tablet manager...
I20260710 11:07:29.956403  7096 tablet_replica.cc:333] T e1295008e66341a5839f8955ee0efe7d P 9cde1848fe8d4234a0970bb7d23de4af: stopping tablet replica
I20260710 11:07:29.956884  7096 raft_consensus.cc:2243] T e1295008e66341a5839f8955ee0efe7d P 9cde1848fe8d4234a0970bb7d23de4af [term 2 LEADER]: Raft consensus shutting down.
I20260710 11:07:29.957813  7096 raft_consensus.cc:2272] T e1295008e66341a5839f8955ee0efe7d P 9cde1848fe8d4234a0970bb7d23de4af [term 2 FOLLOWER]: Raft consensus is shut down!
I20260710 11:07:29.959971  7096 tablet_replica.cc:333] T b580fc0c3884465d8024702edad1a8a3 P 9cde1848fe8d4234a0970bb7d23de4af: stopping tablet replica
I20260710 11:07:29.960598  7096 raft_consensus.cc:2243] T b580fc0c3884465d8024702edad1a8a3 P 9cde1848fe8d4234a0970bb7d23de4af [term 2 LEADER]: Raft consensus shutting down.
W20260710 11:07:29.961133  7343 consensus_peers.cc:597] T eee9bf3fec3d4c728ce8c72b6f6b4ae3 P 874f9ea51dd34eb6ae993f577b53ee04 -> Peer 9cde1848fe8d4234a0970bb7d23de4af (127.6.238.2:39265): Couldn't send request to peer 9cde1848fe8d4234a0970bb7d23de4af. Status: Remote error: Service unavailable: service kudu.consensus.ConsensusService not registered on TabletServer. This is attempt 1: this message will repeat every 5th retry.
I20260710 11:07:29.961395  7096 raft_consensus.cc:2272] T b580fc0c3884465d8024702edad1a8a3 P 9cde1848fe8d4234a0970bb7d23de4af [term 2 FOLLOWER]: Raft consensus is shut down!
I20260710 11:07:29.962991  7096 tablet_replica.cc:333] T eea1610d646a421586c3c97cdb81dacd P 9cde1848fe8d4234a0970bb7d23de4af: stopping tablet replica
I20260710 11:07:29.963492  7096 raft_consensus.cc:2243] T eea1610d646a421586c3c97cdb81dacd P 9cde1848fe8d4234a0970bb7d23de4af [term 4 FOLLOWER]: Raft consensus shutting down.
I20260710 11:07:29.963853  7096 raft_consensus.cc:2272] T eea1610d646a421586c3c97cdb81dacd P 9cde1848fe8d4234a0970bb7d23de4af [term 4 FOLLOWER]: Raft consensus is shut down!
I20260710 11:07:29.965950  7096 tablet_replica.cc:333] T 83b91c8ffe9f463ab3f69b67209e0ecf P 9cde1848fe8d4234a0970bb7d23de4af: stopping tablet replica
I20260710 11:07:29.966429  7096 raft_consensus.cc:2243] T 83b91c8ffe9f463ab3f69b67209e0ecf P 9cde1848fe8d4234a0970bb7d23de4af [term 3 FOLLOWER]: Raft consensus shutting down.
I20260710 11:07:29.966787  7096 raft_consensus.cc:2272] T 83b91c8ffe9f463ab3f69b67209e0ecf P 9cde1848fe8d4234a0970bb7d23de4af [term 3 FOLLOWER]: Raft consensus is shut down!
I20260710 11:07:29.968852  7096 tablet_replica.cc:333] T 414660e29af24457a38c3753b5e70a3e P 9cde1848fe8d4234a0970bb7d23de4af: stopping tablet replica
I20260710 11:07:29.969316  7096 raft_consensus.cc:2243] T 414660e29af24457a38c3753b5e70a3e P 9cde1848fe8d4234a0970bb7d23de4af [term 4 FOLLOWER]: Raft consensus shutting down.
I20260710 11:07:29.969671  7096 raft_consensus.cc:2272] T 414660e29af24457a38c3753b5e70a3e P 9cde1848fe8d4234a0970bb7d23de4af [term 4 FOLLOWER]: Raft consensus is shut down!
I20260710 11:07:29.971573  7096 tablet_replica.cc:333] T 5fe5ce67d738441fa3718e8a2796b290 P 9cde1848fe8d4234a0970bb7d23de4af: stopping tablet replica
I20260710 11:07:29.972016  7096 raft_consensus.cc:2243] T 5fe5ce67d738441fa3718e8a2796b290 P 9cde1848fe8d4234a0970bb7d23de4af [term 5 FOLLOWER]: Raft consensus shutting down.
I20260710 11:07:29.972365  7096 raft_consensus.cc:2272] T 5fe5ce67d738441fa3718e8a2796b290 P 9cde1848fe8d4234a0970bb7d23de4af [term 5 FOLLOWER]: Raft consensus is shut down!
I20260710 11:07:29.974123  7096 tablet_replica.cc:333] T 3bf56778142c4b7e983b80dfdc0c0aac P 9cde1848fe8d4234a0970bb7d23de4af: stopping tablet replica
I20260710 11:07:29.974560  7096 raft_consensus.cc:2243] T 3bf56778142c4b7e983b80dfdc0c0aac P 9cde1848fe8d4234a0970bb7d23de4af [term 2 FOLLOWER]: Raft consensus shutting down.
I20260710 11:07:29.974924  7096 raft_consensus.cc:2272] T 3bf56778142c4b7e983b80dfdc0c0aac P 9cde1848fe8d4234a0970bb7d23de4af [term 2 FOLLOWER]: Raft consensus is shut down!
I20260710 11:07:29.976779  7096 tablet_replica.cc:333] T d3e2d41cd0324cde9f8c35d106bf6f9e P 9cde1848fe8d4234a0970bb7d23de4af: stopping tablet replica
I20260710 11:07:29.977208  7096 raft_consensus.cc:2243] T d3e2d41cd0324cde9f8c35d106bf6f9e P 9cde1848fe8d4234a0970bb7d23de4af [term 3 LEADER]: Raft consensus shutting down.
