I20260710 11:07:17.576864  1292 consensus_queue.cc:260] T c9444364e9f2490b95fb6d9543be8b70 P 19ddeeca79614a27b7de6a352921b45c [NON_LEADER]: Queue going to NON_LEADER mode. State: All replicated index: 0, Majority replicated index: 0, Committed index: 0, Last appended: 0.0, Last appended by leader: 0, Current term: 0, Majority size: -1, State: 0, Mode: NON_LEADER, active raft config: opid_index: -1 OBSOLETE_local: false peers { permanent_uuid: "19ddeeca79614a27b7de6a352921b45c" member_type: VOTER last_known_addr { host: "127.0.241.65" port: 39953 } } peers { permanent_uuid: "0cb768dc81194d75a2e763fc8ff379e2" member_type: VOTER last_known_addr { host: "127.0.241.66" port: 39103 } } peers { permanent_uuid: "e13f74a9d2074be684ed097d7aeb056b" member_type: VOTER last_known_addr { host: "127.0.241.67" port: 45899 } }
I20260710 11:07:17.581277  1293 ts_tablet_manager.cc:1434] T 2be7def9db6446c4938694db38c101b2 P e13f74a9d2074be684ed097d7aeb056b: Time spent starting tablet: real 0.018s	user 0.008s	sys 0.000s
I20260710 11:07:17.581439  1274 heartbeater.cc:499] Master 127.0.241.126:42529 was elected leader, sending a full tablet report...
I20260710 11:07:17.582238  1293 tablet_bootstrap.cc:492] T 972f071001f64b9a8853f8706d8f5946 P e13f74a9d2074be684ed097d7aeb056b: Bootstrap starting.
I20260710 11:07:17.587280  1200 heartbeater.cc:499] Master 127.0.241.126:42529 was elected leader, sending a full tablet report...
I20260710 11:07:17.588253  1294 ts_tablet_manager.cc:1434] T 972f071001f64b9a8853f8706d8f5946 P 0cb768dc81194d75a2e763fc8ff379e2: Time spent starting tablet: real 0.014s	user 0.006s	sys 0.000s
I20260710 11:07:17.589247  1294 tablet_bootstrap.cc:492] T f39c3d12ce0d465ab6edd1107d62f9ba P 0cb768dc81194d75a2e763fc8ff379e2: Bootstrap starting.
I20260710 11:07:17.593295  1293 tablet_bootstrap.cc:654] T 972f071001f64b9a8853f8706d8f5946 P e13f74a9d2074be684ed097d7aeb056b: Neither blocks nor log segments found. Creating new log.
W20260710 11:07:17.594995  1275 tablet.cc:2406] T 2be7def9db6446c4938694db38c101b2 P e13f74a9d2074be684ed097d7aeb056b: Can't schedule compaction. Clean time has not been advanced past its initial value.
I20260710 11:07:17.595108  1125 heartbeater.cc:499] Master 127.0.241.126:42529 was elected leader, sending a full tablet report...
I20260710 11:07:17.598726  1294 tablet_bootstrap.cc:654] T f39c3d12ce0d465ab6edd1107d62f9ba P 0cb768dc81194d75a2e763fc8ff379e2: Neither blocks nor log segments found. Creating new log.
I20260710 11:07:17.604154  1298 raft_consensus.cc:493] T 2be7def9db6446c4938694db38c101b2 P e13f74a9d2074be684ed097d7aeb056b [term 0 FOLLOWER]: Starting pre-election (no leader contacted us within the election timeout)
I20260710 11:07:17.604566  1292 ts_tablet_manager.cc:1434] T c9444364e9f2490b95fb6d9543be8b70 P 19ddeeca79614a27b7de6a352921b45c: Time spent starting tablet: real 0.037s	user 0.007s	sys 0.004s
I20260710 11:07:17.604782  1298 raft_consensus.cc:515] T 2be7def9db6446c4938694db38c101b2 P e13f74a9d2074be684ed097d7aeb056b [term 0 FOLLOWER]: Starting pre-election with config: opid_index: -1 OBSOLETE_local: false peers { permanent_uuid: "19ddeeca79614a27b7de6a352921b45c" member_type: VOTER last_known_addr { host: "127.0.241.65" port: 39953 } } peers { permanent_uuid: "0cb768dc81194d75a2e763fc8ff379e2" member_type: VOTER last_known_addr { host: "127.0.241.66" port: 39103 } } peers { permanent_uuid: "e13f74a9d2074be684ed097d7aeb056b" member_type: VOTER last_known_addr { host: "127.0.241.67" port: 45899 } }
I20260710 11:07:17.605587  1292 tablet_bootstrap.cc:492] T 2be7def9db6446c4938694db38c101b2 P 19ddeeca79614a27b7de6a352921b45c: Bootstrap starting.
I20260710 11:07:17.607985  1298 leader_election.cc:290] T 2be7def9db6446c4938694db38c101b2 P e13f74a9d2074be684ed097d7aeb056b [CANDIDATE]: Term 1 pre-election: Requested pre-vote from peers 19ddeeca79614a27b7de6a352921b45c (127.0.241.65:39953), 0cb768dc81194d75a2e763fc8ff379e2 (127.0.241.66:39103)
I20260710 11:07:17.632237  1292 tablet_bootstrap.cc:654] T 2be7def9db6446c4938694db38c101b2 P 19ddeeca79614a27b7de6a352921b45c: Neither blocks nor log segments found. Creating new log.
I20260710 11:07:17.635607  1294 tablet_bootstrap.cc:492] T f39c3d12ce0d465ab6edd1107d62f9ba P 0cb768dc81194d75a2e763fc8ff379e2: No bootstrap required, opened a new log
I20260710 11:07:17.636055  1294 ts_tablet_manager.cc:1403] T f39c3d12ce0d465ab6edd1107d62f9ba P 0cb768dc81194d75a2e763fc8ff379e2: Time spent bootstrapping tablet: real 0.047s	user 0.014s	sys 0.009s
I20260710 11:07:17.636915  1293 tablet_bootstrap.cc:492] T 972f071001f64b9a8853f8706d8f5946 P e13f74a9d2074be684ed097d7aeb056b: No bootstrap required, opened a new log
I20260710 11:07:17.637342  1293 ts_tablet_manager.cc:1403] T 972f071001f64b9a8853f8706d8f5946 P e13f74a9d2074be684ed097d7aeb056b: Time spent bootstrapping tablet: real 0.055s	user 0.008s	sys 0.005s
I20260710 11:07:17.640233  1294 raft_consensus.cc:359] T f39c3d12ce0d465ab6edd1107d62f9ba P 0cb768dc81194d75a2e763fc8ff379e2 [term 0 FOLLOWER]: Replica starting. Triggering 0 pending ops. Active config: opid_index: -1 OBSOLETE_local: false peers { permanent_uuid: "19ddeeca79614a27b7de6a352921b45c" member_type: VOTER last_known_addr { host: "127.0.241.65" port: 39953 } } peers { permanent_uuid: "0cb768dc81194d75a2e763fc8ff379e2" member_type: VOTER last_known_addr { host: "127.0.241.66" port: 39103 } } peers { permanent_uuid: "e13f74a9d2074be684ed097d7aeb056b" member_type: VOTER last_known_addr { host: "127.0.241.67" port: 45899 } }
I20260710 11:07:17.640923  1294 raft_consensus.cc:385] T f39c3d12ce0d465ab6edd1107d62f9ba P 0cb768dc81194d75a2e763fc8ff379e2 [term 0 FOLLOWER]: Consensus starting up: Expiring failure detector timer to make a prompt election more likely
I20260710 11:07:17.642653  1294 raft_consensus.cc:740] T f39c3d12ce0d465ab6edd1107d62f9ba P 0cb768dc81194d75a2e763fc8ff379e2 [term 0 FOLLOWER]: Becoming Follower/Learner. State: Replica: 0cb768dc81194d75a2e763fc8ff379e2, State: Initialized, Role: FOLLOWER
I20260710 11:07:17.643414  1294 consensus_queue.cc:260] T f39c3d12ce0d465ab6edd1107d62f9ba P 0cb768dc81194d75a2e763fc8ff379e2 [NON_LEADER]: Queue going to NON_LEADER mode. State: All replicated index: 0, Majority replicated index: 0, Committed index: 0, Last appended: 0.0, Last appended by leader: 0, Current term: 0, Majority size: -1, State: 0, Mode: NON_LEADER, active raft config: opid_index: -1 OBSOLETE_local: false peers { permanent_uuid: "19ddeeca79614a27b7de6a352921b45c" member_type: VOTER last_known_addr { host: "127.0.241.65" port: 39953 } } peers { permanent_uuid: "0cb768dc81194d75a2e763fc8ff379e2" member_type: VOTER last_known_addr { host: "127.0.241.66" port: 39103 } } peers { permanent_uuid: "e13f74a9d2074be684ed097d7aeb056b" member_type: VOTER last_known_addr { host: "127.0.241.67" port: 45899 } }
I20260710 11:07:17.642022  1293 raft_consensus.cc:359] T 972f071001f64b9a8853f8706d8f5946 P e13f74a9d2074be684ed097d7aeb056b [term 0 FOLLOWER]: Replica starting. Triggering 0 pending ops. Active config: opid_index: -1 OBSOLETE_local: false peers { permanent_uuid: "19ddeeca79614a27b7de6a352921b45c" member_type: VOTER last_known_addr { host: "127.0.241.65" port: 39953 } } peers { permanent_uuid: "0cb768dc81194d75a2e763fc8ff379e2" member_type: VOTER last_known_addr { host: "127.0.241.66" port: 39103 } } peers { permanent_uuid: "e13f74a9d2074be684ed097d7aeb056b" member_type: VOTER last_known_addr { host: "127.0.241.67" port: 45899 } }
I20260710 11:07:17.644289  1293 raft_consensus.cc:385] T 972f071001f64b9a8853f8706d8f5946 P e13f74a9d2074be684ed097d7aeb056b [term 0 FOLLOWER]: Consensus starting up: Expiring failure detector timer to make a prompt election more likely
I20260710 11:07:17.644574  1293 raft_consensus.cc:740] T 972f071001f64b9a8853f8706d8f5946 P e13f74a9d2074be684ed097d7aeb056b [term 0 FOLLOWER]: Becoming Follower/Learner. State: Replica: e13f74a9d2074be684ed097d7aeb056b, State: Initialized, Role: FOLLOWER
I20260710 11:07:17.645661  1293 consensus_queue.cc:260] T 972f071001f64b9a8853f8706d8f5946 P e13f74a9d2074be684ed097d7aeb056b [NON_LEADER]: Queue going to NON_LEADER mode. State: All replicated index: 0, Majority replicated index: 0, Committed index: 0, Last appended: 0.0, Last appended by leader: 0, Current term: 0, Majority size: -1, State: 0, Mode: NON_LEADER, active raft config: opid_index: -1 OBSOLETE_local: false peers { permanent_uuid: "19ddeeca79614a27b7de6a352921b45c" member_type: VOTER last_known_addr { host: "127.0.241.65" port: 39953 } } peers { permanent_uuid: "0cb768dc81194d75a2e763fc8ff379e2" member_type: VOTER last_known_addr { host: "127.0.241.66" port: 39103 } } peers { permanent_uuid: "e13f74a9d2074be684ed097d7aeb056b" member_type: VOTER last_known_addr { host: "127.0.241.67" port: 45899 } }
I20260710 11:07:17.647830  1294 ts_tablet_manager.cc:1434] T f39c3d12ce0d465ab6edd1107d62f9ba P 0cb768dc81194d75a2e763fc8ff379e2: Time spent starting tablet: real 0.011s	user 0.007s	sys 0.000s
I20260710 11:07:17.648658  1294 tablet_bootstrap.cc:492] T c9444364e9f2490b95fb6d9543be8b70 P 0cb768dc81194d75a2e763fc8ff379e2: Bootstrap starting.
I20260710 11:07:17.651934  1100 tablet_service.cc:1917] Received RequestConsensusVote() RPC: tablet_id: "2be7def9db6446c4938694db38c101b2" candidate_uuid: "e13f74a9d2074be684ed097d7aeb056b" candidate_term: 1 candidate_status { last_received { term: 0 index: 0 } } ignore_live_leader: false dest_uuid: "19ddeeca79614a27b7de6a352921b45c" is_pre_election: true
W20260710 11:07:17.653648  1215 leader_election.cc:343] T 2be7def9db6446c4938694db38c101b2 P e13f74a9d2074be684ed097d7aeb056b [CANDIDATE]: Term 1 pre-election: Tablet error from VoteRequest() call to peer 19ddeeca79614a27b7de6a352921b45c (127.0.241.65:39953): Illegal state: must be running to vote when last-logged opid is not known
I20260710 11:07:17.654758  1293 ts_tablet_manager.cc:1434] T 972f071001f64b9a8853f8706d8f5946 P e13f74a9d2074be684ed097d7aeb056b: Time spent starting tablet: real 0.017s	user 0.006s	sys 0.000s
I20260710 11:07:17.655702  1293 tablet_bootstrap.cc:492] T 28f0e3d70f28428bb9e00b826f17557d P e13f74a9d2074be684ed097d7aeb056b: Bootstrap starting.
I20260710 11:07:17.656569  1292 tablet_bootstrap.cc:492] T 2be7def9db6446c4938694db38c101b2 P 19ddeeca79614a27b7de6a352921b45c: No bootstrap required, opened a new log
I20260710 11:07:17.656994  1292 ts_tablet_manager.cc:1403] T 2be7def9db6446c4938694db38c101b2 P 19ddeeca79614a27b7de6a352921b45c: Time spent bootstrapping tablet: real 0.052s	user 0.014s	sys 0.005s
I20260710 11:07:17.659668  1292 raft_consensus.cc:359] T 2be7def9db6446c4938694db38c101b2 P 19ddeeca79614a27b7de6a352921b45c [term 0 FOLLOWER]: Replica starting. Triggering 0 pending ops. Active config: opid_index: -1 OBSOLETE_local: false peers { permanent_uuid: "19ddeeca79614a27b7de6a352921b45c" member_type: VOTER last_known_addr { host: "127.0.241.65" port: 39953 } } peers { permanent_uuid: "0cb768dc81194d75a2e763fc8ff379e2" member_type: VOTER last_known_addr { host: "127.0.241.66" port: 39103 } } peers { permanent_uuid: "e13f74a9d2074be684ed097d7aeb056b" member_type: VOTER last_known_addr { host: "127.0.241.67" port: 45899 } }
I20260710 11:07:17.660341  1292 raft_consensus.cc:385] T 2be7def9db6446c4938694db38c101b2 P 19ddeeca79614a27b7de6a352921b45c [term 0 FOLLOWER]: Consensus starting up: Expiring failure detector timer to make a prompt election more likely
I20260710 11:07:17.660629  1292 raft_consensus.cc:740] T 2be7def9db6446c4938694db38c101b2 P 19ddeeca79614a27b7de6a352921b45c [term 0 FOLLOWER]: Becoming Follower/Learner. State: Replica: 19ddeeca79614a27b7de6a352921b45c, State: Initialized, Role: FOLLOWER
I20260710 11:07:17.661301  1292 consensus_queue.cc:260] T 2be7def9db6446c4938694db38c101b2 P 19ddeeca79614a27b7de6a352921b45c [NON_LEADER]: Queue going to NON_LEADER mode. State: All replicated index: 0, Majority replicated index: 0, Committed index: 0, Last appended: 0.0, Last appended by leader: 0, Current term: 0, Majority size: -1, State: 0, Mode: NON_LEADER, active raft config: opid_index: -1 OBSOLETE_local: false peers { permanent_uuid: "19ddeeca79614a27b7de6a352921b45c" member_type: VOTER last_known_addr { host: "127.0.241.65" port: 39953 } } peers { permanent_uuid: "0cb768dc81194d75a2e763fc8ff379e2" member_type: VOTER last_known_addr { host: "127.0.241.66" port: 39103 } } peers { permanent_uuid: "e13f74a9d2074be684ed097d7aeb056b" member_type: VOTER last_known_addr { host: "127.0.241.67" port: 45899 } }
I20260710 11:07:17.663460  1292 ts_tablet_manager.cc:1434] T 2be7def9db6446c4938694db38c101b2 P 19ddeeca79614a27b7de6a352921b45c: Time spent starting tablet: real 0.006s	user 0.007s	sys 0.001s
I20260710 11:07:17.663618  1294 tablet_bootstrap.cc:654] T c9444364e9f2490b95fb6d9543be8b70 P 0cb768dc81194d75a2e763fc8ff379e2: Neither blocks nor log segments found. Creating new log.
I20260710 11:07:17.664314  1292 tablet_bootstrap.cc:492] T 28f0e3d70f28428bb9e00b826f17557d P 19ddeeca79614a27b7de6a352921b45c: Bootstrap starting.
I20260710 11:07:17.667493  1293 tablet_bootstrap.cc:654] T 28f0e3d70f28428bb9e00b826f17557d P e13f74a9d2074be684ed097d7aeb056b: Neither blocks nor log segments found. Creating new log.
I20260710 11:07:17.670465  1292 tablet_bootstrap.cc:654] T 28f0e3d70f28428bb9e00b826f17557d P 19ddeeca79614a27b7de6a352921b45c: Neither blocks nor log segments found. Creating new log.
I20260710 11:07:17.675812  1294 tablet_bootstrap.cc:492] T c9444364e9f2490b95fb6d9543be8b70 P 0cb768dc81194d75a2e763fc8ff379e2: No bootstrap required, opened a new log
I20260710 11:07:17.676723  1294 ts_tablet_manager.cc:1403] T c9444364e9f2490b95fb6d9543be8b70 P 0cb768dc81194d75a2e763fc8ff379e2: Time spent bootstrapping tablet: real 0.028s	user 0.010s	sys 0.000s
I20260710 11:07:17.679481  1294 raft_consensus.cc:359] T c9444364e9f2490b95fb6d9543be8b70 P 0cb768dc81194d75a2e763fc8ff379e2 [term 0 FOLLOWER]: Replica starting. Triggering 0 pending ops. Active config: opid_index: -1 OBSOLETE_local: false peers { permanent_uuid: "19ddeeca79614a27b7de6a352921b45c" member_type: VOTER last_known_addr { host: "127.0.241.65" port: 39953 } } peers { permanent_uuid: "0cb768dc81194d75a2e763fc8ff379e2" member_type: VOTER last_known_addr { host: "127.0.241.66" port: 39103 } } peers { permanent_uuid: "e13f74a9d2074be684ed097d7aeb056b" member_type: VOTER last_known_addr { host: "127.0.241.67" port: 45899 } }
I20260710 11:07:17.680181  1294 raft_consensus.cc:385] T c9444364e9f2490b95fb6d9543be8b70 P 0cb768dc81194d75a2e763fc8ff379e2 [term 0 FOLLOWER]: Consensus starting up: Expiring failure detector timer to make a prompt election more likely
I20260710 11:07:17.680475  1294 raft_consensus.cc:740] T c9444364e9f2490b95fb6d9543be8b70 P 0cb768dc81194d75a2e763fc8ff379e2 [term 0 FOLLOWER]: Becoming Follower/Learner. State: Replica: 0cb768dc81194d75a2e763fc8ff379e2, State: Initialized, Role: FOLLOWER
I20260710 11:07:17.682986  1298 raft_consensus.cc:493] T 972f071001f64b9a8853f8706d8f5946 P e13f74a9d2074be684ed097d7aeb056b [term 0 FOLLOWER]: Starting pre-election (no leader contacted us within the election timeout)
I20260710 11:07:17.683463  1298 raft_consensus.cc:515] T 972f071001f64b9a8853f8706d8f5946 P e13f74a9d2074be684ed097d7aeb056b [term 0 FOLLOWER]: Starting pre-election with config: opid_index: -1 OBSOLETE_local: false peers { permanent_uuid: "19ddeeca79614a27b7de6a352921b45c" member_type: VOTER last_known_addr { host: "127.0.241.65" port: 39953 } } peers { permanent_uuid: "0cb768dc81194d75a2e763fc8ff379e2" member_type: VOTER last_known_addr { host: "127.0.241.66" port: 39103 } } peers { permanent_uuid: "e13f74a9d2074be684ed097d7aeb056b" member_type: VOTER last_known_addr { host: "127.0.241.67" port: 45899 } }
I20260710 11:07:17.685168  1298 leader_election.cc:290] T 972f071001f64b9a8853f8706d8f5946 P e13f74a9d2074be684ed097d7aeb056b [CANDIDATE]: Term 1 pre-election: Requested pre-vote from peers 19ddeeca79614a27b7de6a352921b45c (127.0.241.65:39953), 0cb768dc81194d75a2e763fc8ff379e2 (127.0.241.66:39103)
I20260710 11:07:17.685719  1175 tablet_service.cc:1917] Received RequestConsensusVote() RPC: tablet_id: "2be7def9db6446c4938694db38c101b2" candidate_uuid: "e13f74a9d2074be684ed097d7aeb056b" candidate_term: 1 candidate_status { last_received { term: 0 index: 0 } } ignore_live_leader: false dest_uuid: "0cb768dc81194d75a2e763fc8ff379e2" is_pre_election: true
I20260710 11:07:17.686692  1174 tablet_service.cc:1917] Received RequestConsensusVote() RPC: tablet_id: "972f071001f64b9a8853f8706d8f5946" candidate_uuid: "e13f74a9d2074be684ed097d7aeb056b" candidate_term: 1 candidate_status { last_received { term: 0 index: 0 } } ignore_live_leader: false dest_uuid: "0cb768dc81194d75a2e763fc8ff379e2" is_pre_election: true
W20260710 11:07:17.687168  1214 leader_election.cc:343] T 2be7def9db6446c4938694db38c101b2 P e13f74a9d2074be684ed097d7aeb056b [CANDIDATE]: Term 1 pre-election: Tablet error from VoteRequest() call to peer 0cb768dc81194d75a2e763fc8ff379e2 (127.0.241.66:39103): Illegal state: must be running to vote when last-logged opid is not known
I20260710 11:07:17.687422  1292 tablet_bootstrap.cc:492] T 28f0e3d70f28428bb9e00b826f17557d P 19ddeeca79614a27b7de6a352921b45c: No bootstrap required, opened a new log
I20260710 11:07:17.687610  1214 leader_election.cc:304] T 2be7def9db6446c4938694db38c101b2 P e13f74a9d2074be684ed097d7aeb056b [CANDIDATE]: Term 1 pre-election: Election decided. Result: candidate lost. Election summary: received 3 responses out of 3 voters: 1 yes votes; 2 no votes. yes voters: e13f74a9d2074be684ed097d7aeb056b; no voters: 0cb768dc81194d75a2e763fc8ff379e2, 19ddeeca79614a27b7de6a352921b45c
I20260710 11:07:17.687902  1292 ts_tablet_manager.cc:1403] T 28f0e3d70f28428bb9e00b826f17557d P 19ddeeca79614a27b7de6a352921b45c: Time spent bootstrapping tablet: real 0.024s	user 0.010s	sys 0.008s
I20260710 11:07:17.687425  1174 raft_consensus.cc:2468] T 972f071001f64b9a8853f8706d8f5946 P 0cb768dc81194d75a2e763fc8ff379e2 [term 0 FOLLOWER]: Leader pre-election vote request: Granting yes vote for candidate e13f74a9d2074be684ed097d7aeb056b in term 0.
I20260710 11:07:17.687718  1100 tablet_service.cc:1917] Received RequestConsensusVote() RPC: tablet_id: "972f071001f64b9a8853f8706d8f5946" candidate_uuid: "e13f74a9d2074be684ed097d7aeb056b" candidate_term: 1 candidate_status { last_received { term: 0 index: 0 } } ignore_live_leader: false dest_uuid: "19ddeeca79614a27b7de6a352921b45c" is_pre_election: true
W20260710 11:07:17.689658  1215 leader_election.cc:343] T 972f071001f64b9a8853f8706d8f5946 P e13f74a9d2074be684ed097d7aeb056b [CANDIDATE]: Term 1 pre-election: Tablet error from VoteRequest() call to peer 19ddeeca79614a27b7de6a352921b45c (127.0.241.65:39953): Illegal state: must be running to vote when last-logged opid is not known
I20260710 11:07:17.690188  1298 raft_consensus.cc:2749] T 2be7def9db6446c4938694db38c101b2 P e13f74a9d2074be684ed097d7aeb056b [term 0 FOLLOWER]: Leader pre-election lost for term 1. Reason: could not achieve majority
I20260710 11:07:17.690362  1214 leader_election.cc:304] T 972f071001f64b9a8853f8706d8f5946 P e13f74a9d2074be684ed097d7aeb056b [CANDIDATE]: Term 1 pre-election: Election decided. Result: candidate won. Election summary: received 3 responses out of 3 voters: 2 yes votes; 1 no votes. yes voters: 0cb768dc81194d75a2e763fc8ff379e2, e13f74a9d2074be684ed097d7aeb056b; no voters: 19ddeeca79614a27b7de6a352921b45c
I20260710 11:07:17.691123  1298 raft_consensus.cc:2804] T 972f071001f64b9a8853f8706d8f5946 P e13f74a9d2074be684ed097d7aeb056b [term 0 FOLLOWER]: Leader pre-election won for term 1
I20260710 11:07:17.690662  1292 raft_consensus.cc:359] T 28f0e3d70f28428bb9e00b826f17557d P 19ddeeca79614a27b7de6a352921b45c [term 0 FOLLOWER]: Replica starting. Triggering 0 pending ops. Active config: opid_index: -1 OBSOLETE_local: false peers { permanent_uuid: "e13f74a9d2074be684ed097d7aeb056b" member_type: VOTER last_known_addr { host: "127.0.241.67" port: 45899 } } peers { permanent_uuid: "19ddeeca79614a27b7de6a352921b45c" member_type: VOTER last_known_addr { host: "127.0.241.65" port: 39953 } } peers { permanent_uuid: "0cb768dc81194d75a2e763fc8ff379e2" member_type: VOTER last_known_addr { host: "127.0.241.66" port: 39103 } }
I20260710 11:07:17.691468  1298 raft_consensus.cc:493] T 972f071001f64b9a8853f8706d8f5946 P e13f74a9d2074be684ed097d7aeb056b [term 0 FOLLOWER]: Starting leader election (no leader contacted us within the election timeout)
I20260710 11:07:17.691552  1292 raft_consensus.cc:385] T 28f0e3d70f28428bb9e00b826f17557d P 19ddeeca79614a27b7de6a352921b45c [term 0 FOLLOWER]: Consensus starting up: Expiring failure detector timer to make a prompt election more likely
I20260710 11:07:17.691943  1293 tablet_bootstrap.cc:492] T 28f0e3d70f28428bb9e00b826f17557d P e13f74a9d2074be684ed097d7aeb056b: No bootstrap required, opened a new log
I20260710 11:07:17.691888  1298 raft_consensus.cc:3060] T 972f071001f64b9a8853f8706d8f5946 P e13f74a9d2074be684ed097d7aeb056b [term 0 FOLLOWER]: Advancing to term 1
I20260710 11:07:17.692411  1293 ts_tablet_manager.cc:1403] T 28f0e3d70f28428bb9e00b826f17557d P e13f74a9d2074be684ed097d7aeb056b: Time spent bootstrapping tablet: real 0.037s	user 0.010s	sys 0.003s
I20260710 11:07:17.681363  1294 consensus_queue.cc:260] T c9444364e9f2490b95fb6d9543be8b70 P 0cb768dc81194d75a2e763fc8ff379e2 [NON_LEADER]: Queue going to NON_LEADER mode. State: All replicated index: 0, Majority replicated index: 0, Committed index: 0, Last appended: 0.0, Last appended by leader: 0, Current term: 0, Majority size: -1, State: 0, Mode: NON_LEADER, active raft config: opid_index: -1 OBSOLETE_local: false peers { permanent_uuid: "19ddeeca79614a27b7de6a352921b45c" member_type: VOTER last_known_addr { host: "127.0.241.65" port: 39953 } } peers { permanent_uuid: "0cb768dc81194d75a2e763fc8ff379e2" member_type: VOTER last_known_addr { host: "127.0.241.66" port: 39103 } } peers { permanent_uuid: "e13f74a9d2074be684ed097d7aeb056b" member_type: VOTER last_known_addr { host: "127.0.241.67" port: 45899 } }
I20260710 11:07:17.695111  1293 raft_consensus.cc:359] T 28f0e3d70f28428bb9e00b826f17557d P e13f74a9d2074be684ed097d7aeb056b [term 0 FOLLOWER]: Replica starting. Triggering 0 pending ops. Active config: opid_index: -1 OBSOLETE_local: false peers { permanent_uuid: "e13f74a9d2074be684ed097d7aeb056b" member_type: VOTER last_known_addr { host: "127.0.241.67" port: 45899 } } peers { permanent_uuid: "19ddeeca79614a27b7de6a352921b45c" member_type: VOTER last_known_addr { host: "127.0.241.65" port: 39953 } } peers { permanent_uuid: "0cb768dc81194d75a2e763fc8ff379e2" member_type: VOTER last_known_addr { host: "127.0.241.66" port: 39103 } }
I20260710 11:07:17.696053  1293 raft_consensus.cc:385] T 28f0e3d70f28428bb9e00b826f17557d P e13f74a9d2074be684ed097d7aeb056b [term 0 FOLLOWER]: Consensus starting up: Expiring failure detector timer to make a prompt election more likely
I20260710 11:07:17.696317  1293 raft_consensus.cc:740] T 28f0e3d70f28428bb9e00b826f17557d P e13f74a9d2074be684ed097d7aeb056b [term 0 FOLLOWER]: Becoming Follower/Learner. State: Replica: e13f74a9d2074be684ed097d7aeb056b, State: Initialized, Role: FOLLOWER
I20260710 11:07:17.691907  1292 raft_consensus.cc:740] T 28f0e3d70f28428bb9e00b826f17557d P 19ddeeca79614a27b7de6a352921b45c [term 0 FOLLOWER]: Becoming Follower/Learner. State: Replica: 19ddeeca79614a27b7de6a352921b45c, State: Initialized, Role: FOLLOWER
I20260710 11:07:17.696977  1293 consensus_queue.cc:260] T 28f0e3d70f28428bb9e00b826f17557d P e13f74a9d2074be684ed097d7aeb056b [NON_LEADER]: Queue going to NON_LEADER mode. State: All replicated index: 0, Majority replicated index: 0, Committed index: 0, Last appended: 0.0, Last appended by leader: 0, Current term: 0, Majority size: -1, State: 0, Mode: NON_LEADER, active raft config: opid_index: -1 OBSOLETE_local: false peers { permanent_uuid: "e13f74a9d2074be684ed097d7aeb056b" member_type: VOTER last_known_addr { host: "127.0.241.67" port: 45899 } } peers { permanent_uuid: "19ddeeca79614a27b7de6a352921b45c" member_type: VOTER last_known_addr { host: "127.0.241.65" port: 39953 } } peers { permanent_uuid: "0cb768dc81194d75a2e763fc8ff379e2" member_type: VOTER last_known_addr { host: "127.0.241.66" port: 39103 } }
I20260710 11:07:17.697626  1292 consensus_queue.cc:260] T 28f0e3d70f28428bb9e00b826f17557d P 19ddeeca79614a27b7de6a352921b45c [NON_LEADER]: Queue going to NON_LEADER mode. State: All replicated index: 0, Majority replicated index: 0, Committed index: 0, Last appended: 0.0, Last appended by leader: 0, Current term: 0, Majority size: -1, State: 0, Mode: NON_LEADER, active raft config: opid_index: -1 OBSOLETE_local: false peers { permanent_uuid: "e13f74a9d2074be684ed097d7aeb056b" member_type: VOTER last_known_addr { host: "127.0.241.67" port: 45899 } } peers { permanent_uuid: "19ddeeca79614a27b7de6a352921b45c" member_type: VOTER last_known_addr { host: "127.0.241.65" port: 39953 } } peers { permanent_uuid: "0cb768dc81194d75a2e763fc8ff379e2" member_type: VOTER last_known_addr { host: "127.0.241.66" port: 39103 } }
I20260710 11:07:17.700011  1298 raft_consensus.cc:515] T 972f071001f64b9a8853f8706d8f5946 P e13f74a9d2074be684ed097d7aeb056b [term 1 FOLLOWER]: Starting leader election with config: opid_index: -1 OBSOLETE_local: false peers { permanent_uuid: "19ddeeca79614a27b7de6a352921b45c" member_type: VOTER last_known_addr { host: "127.0.241.65" port: 39953 } } peers { permanent_uuid: "0cb768dc81194d75a2e763fc8ff379e2" member_type: VOTER last_known_addr { host: "127.0.241.66" port: 39103 } } peers { permanent_uuid: "e13f74a9d2074be684ed097d7aeb056b" member_type: VOTER last_known_addr { host: "127.0.241.67" port: 45899 } }
I20260710 11:07:17.702421  1294 ts_tablet_manager.cc:1434] T c9444364e9f2490b95fb6d9543be8b70 P 0cb768dc81194d75a2e763fc8ff379e2: Time spent starting tablet: real 0.025s	user 0.004s	sys 0.003s
I20260710 11:07:17.702641  1100 tablet_service.cc:1917] Received RequestConsensusVote() RPC: tablet_id: "972f071001f64b9a8853f8706d8f5946" candidate_uuid: "e13f74a9d2074be684ed097d7aeb056b" candidate_term: 1 candidate_status { last_received { term: 0 index: 0 } } ignore_live_leader: false dest_uuid: "19ddeeca79614a27b7de6a352921b45c"
W20260710 11:07:17.703979  1215 leader_election.cc:343] T 972f071001f64b9a8853f8706d8f5946 P e13f74a9d2074be684ed097d7aeb056b [CANDIDATE]: Term 1 election: Tablet error from VoteRequest() call to peer 19ddeeca79614a27b7de6a352921b45c (127.0.241.65:39953): Illegal state: must be running to vote when last-logged opid is not known
I20260710 11:07:17.705773  1294 tablet_bootstrap.cc:492] T 2be7def9db6446c4938694db38c101b2 P 0cb768dc81194d75a2e763fc8ff379e2: Bootstrap starting.
I20260710 11:07:17.706014  1292 ts_tablet_manager.cc:1434] T 28f0e3d70f28428bb9e00b826f17557d P 19ddeeca79614a27b7de6a352921b45c: Time spent starting tablet: real 0.018s	user 0.005s	sys 0.000s
I20260710 11:07:17.707716  1174 tablet_service.cc:1917] Received RequestConsensusVote() RPC: tablet_id: "972f071001f64b9a8853f8706d8f5946" candidate_uuid: "e13f74a9d2074be684ed097d7aeb056b" candidate_term: 1 candidate_status { last_received { term: 0 index: 0 } } ignore_live_leader: false dest_uuid: "0cb768dc81194d75a2e763fc8ff379e2"
I20260710 11:07:17.708343  1292 tablet_bootstrap.cc:492] T 972f071001f64b9a8853f8706d8f5946 P 19ddeeca79614a27b7de6a352921b45c: Bootstrap starting.
I20260710 11:07:17.708273  1174 raft_consensus.cc:3060] T 972f071001f64b9a8853f8706d8f5946 P 0cb768dc81194d75a2e763fc8ff379e2 [term 0 FOLLOWER]: Advancing to term 1
I20260710 11:07:17.706748  1298 leader_election.cc:290] T 972f071001f64b9a8853f8706d8f5946 P e13f74a9d2074be684ed097d7aeb056b [CANDIDATE]: Term 1 election: Requested vote from peers 19ddeeca79614a27b7de6a352921b45c (127.0.241.65:39953), 0cb768dc81194d75a2e763fc8ff379e2 (127.0.241.66:39103)
I20260710 11:07:17.714562  1174 raft_consensus.cc:2468] T 972f071001f64b9a8853f8706d8f5946 P 0cb768dc81194d75a2e763fc8ff379e2 [term 1 FOLLOWER]: Leader election vote request: Granting yes vote for candidate e13f74a9d2074be684ed097d7aeb056b in term 1.
I20260710 11:07:17.715229  1292 tablet_bootstrap.cc:654] T 972f071001f64b9a8853f8706d8f5946 P 19ddeeca79614a27b7de6a352921b45c: Neither blocks nor log segments found. Creating new log.
I20260710 11:07:17.715623  1214 leader_election.cc:304] T 972f071001f64b9a8853f8706d8f5946 P e13f74a9d2074be684ed097d7aeb056b [CANDIDATE]: Term 1 election: Election decided. Result: candidate won. Election summary: received 3 responses out of 3 voters: 2 yes votes; 1 no votes. yes voters: 0cb768dc81194d75a2e763fc8ff379e2, e13f74a9d2074be684ed097d7aeb056b; no voters: 19ddeeca79614a27b7de6a352921b45c
I20260710 11:07:17.716336  1298 raft_consensus.cc:2804] T 972f071001f64b9a8853f8706d8f5946 P e13f74a9d2074be684ed097d7aeb056b [term 1 FOLLOWER]: Leader election won for term 1
I20260710 11:07:17.717331  1294 tablet_bootstrap.cc:654] T 2be7def9db6446c4938694db38c101b2 P 0cb768dc81194d75a2e763fc8ff379e2: Neither blocks nor log segments found. Creating new log.
I20260710 11:07:17.717896  1293 ts_tablet_manager.cc:1434] T 28f0e3d70f28428bb9e00b826f17557d P e13f74a9d2074be684ed097d7aeb056b: Time spent starting tablet: real 0.025s	user 0.003s	sys 0.012s
I20260710 11:07:17.718842  1293 tablet_bootstrap.cc:492] T f39c3d12ce0d465ab6edd1107d62f9ba P e13f74a9d2074be684ed097d7aeb056b: Bootstrap starting.
I20260710 11:07:17.729980  1293 tablet_bootstrap.cc:654] T f39c3d12ce0d465ab6edd1107d62f9ba P e13f74a9d2074be684ed097d7aeb056b: Neither blocks nor log segments found. Creating new log.
I20260710 11:07:17.732502  1292 tablet_bootstrap.cc:492] T 972f071001f64b9a8853f8706d8f5946 P 19ddeeca79614a27b7de6a352921b45c: No bootstrap required, opened a new log
I20260710 11:07:17.732965  1292 ts_tablet_manager.cc:1403] T 972f071001f64b9a8853f8706d8f5946 P 19ddeeca79614a27b7de6a352921b45c: Time spent bootstrapping tablet: real 0.025s	user 0.012s	sys 0.000s
I20260710 11:07:17.734525  1298 raft_consensus.cc:697] T 972f071001f64b9a8853f8706d8f5946 P e13f74a9d2074be684ed097d7aeb056b [term 1 LEADER]: Becoming Leader. State: Replica: e13f74a9d2074be684ed097d7aeb056b, State: Running, Role: LEADER
I20260710 11:07:17.739576  1298 consensus_queue.cc:237] T 972f071001f64b9a8853f8706d8f5946 P e13f74a9d2074be684ed097d7aeb056b [LEADER]: Queue going to LEADER mode. State: All replicated index: 0, Majority replicated index: 0, Committed index: 0, Last appended: 0.0, Last appended by leader: 0, Current term: 1, Majority size: 2, State: 0, Mode: LEADER, active raft config: opid_index: -1 OBSOLETE_local: false peers { permanent_uuid: "19ddeeca79614a27b7de6a352921b45c" member_type: VOTER last_known_addr { host: "127.0.241.65" port: 39953 } } peers { permanent_uuid: "0cb768dc81194d75a2e763fc8ff379e2" member_type: VOTER last_known_addr { host: "127.0.241.66" port: 39103 } } peers { permanent_uuid: "e13f74a9d2074be684ed097d7aeb056b" member_type: VOTER last_known_addr { host: "127.0.241.67" port: 45899 } }
I20260710 11:07:17.741676  1294 tablet_bootstrap.cc:492] T 2be7def9db6446c4938694db38c101b2 P 0cb768dc81194d75a2e763fc8ff379e2: No bootstrap required, opened a new log
I20260710 11:07:17.743110  1294 ts_tablet_manager.cc:1403] T 2be7def9db6446c4938694db38c101b2 P 0cb768dc81194d75a2e763fc8ff379e2: Time spent bootstrapping tablet: real 0.038s	user 0.006s	sys 0.020s
I20260710 11:07:17.745469  1293 tablet_bootstrap.cc:492] T f39c3d12ce0d465ab6edd1107d62f9ba P e13f74a9d2074be684ed097d7aeb056b: No bootstrap required, opened a new log
I20260710 11:07:17.745556  1292 raft_consensus.cc:359] T 972f071001f64b9a8853f8706d8f5946 P 19ddeeca79614a27b7de6a352921b45c [term 0 FOLLOWER]: Replica starting. Triggering 0 pending ops. Active config: opid_index: -1 OBSOLETE_local: false peers { permanent_uuid: "19ddeeca79614a27b7de6a352921b45c" member_type: VOTER last_known_addr { host: "127.0.241.65" port: 39953 } } peers { permanent_uuid: "0cb768dc81194d75a2e763fc8ff379e2" member_type: VOTER last_known_addr { host: "127.0.241.66" port: 39103 } } peers { permanent_uuid: "e13f74a9d2074be684ed097d7aeb056b" member_type: VOTER last_known_addr { host: "127.0.241.67" port: 45899 } }
I20260710 11:07:17.745995  1293 ts_tablet_manager.cc:1403] T f39c3d12ce0d465ab6edd1107d62f9ba P e13f74a9d2074be684ed097d7aeb056b: Time spent bootstrapping tablet: real 0.027s	user 0.006s	sys 0.014s
I20260710 11:07:17.745780  1294 raft_consensus.cc:359] T 2be7def9db6446c4938694db38c101b2 P 0cb768dc81194d75a2e763fc8ff379e2 [term 0 FOLLOWER]: Replica starting. Triggering 0 pending ops. Active config: opid_index: -1 OBSOLETE_local: false peers { permanent_uuid: "19ddeeca79614a27b7de6a352921b45c" member_type: VOTER last_known_addr { host: "127.0.241.65" port: 39953 } } peers { permanent_uuid: "0cb768dc81194d75a2e763fc8ff379e2" member_type: VOTER last_known_addr { host: "127.0.241.66" port: 39103 } } peers { permanent_uuid: "e13f74a9d2074be684ed097d7aeb056b" member_type: VOTER last_known_addr { host: "127.0.241.67" port: 45899 } }
I20260710 11:07:17.746300  1292 raft_consensus.cc:385] T 972f071001f64b9a8853f8706d8f5946 P 19ddeeca79614a27b7de6a352921b45c [term 0 FOLLOWER]: Consensus starting up: Expiring failure detector timer to make a prompt election more likely
I20260710 11:07:17.746474  1294 raft_consensus.cc:385] T 2be7def9db6446c4938694db38c101b2 P 0cb768dc81194d75a2e763fc8ff379e2 [term 0 FOLLOWER]: Consensus starting up: Expiring failure detector timer to make a prompt election more likely
I20260710 11:07:17.746634  1292 raft_consensus.cc:740] T 972f071001f64b9a8853f8706d8f5946 P 19ddeeca79614a27b7de6a352921b45c [term 0 FOLLOWER]: Becoming Follower/Learner. State: Replica: 19ddeeca79614a27b7de6a352921b45c, State: Initialized, Role: FOLLOWER
I20260710 11:07:17.746937  1294 raft_consensus.cc:740] T 2be7def9db6446c4938694db38c101b2 P 0cb768dc81194d75a2e763fc8ff379e2 [term 0 FOLLOWER]: Becoming Follower/Learner. State: Replica: 0cb768dc81194d75a2e763fc8ff379e2, State: Initialized, Role: FOLLOWER
I20260710 11:07:17.747905  1294 consensus_queue.cc:260] T 2be7def9db6446c4938694db38c101b2 P 0cb768dc81194d75a2e763fc8ff379e2 [NON_LEADER]: Queue going to NON_LEADER mode. State: All replicated index: 0, Majority replicated index: 0, Committed index: 0, Last appended: 0.0, Last appended by leader: 0, Current term: 0, Majority size: -1, State: 0, Mode: NON_LEADER, active raft config: opid_index: -1 OBSOLETE_local: false peers { permanent_uuid: "19ddeeca79614a27b7de6a352921b45c" member_type: VOTER last_known_addr { host: "127.0.241.65" port: 39953 } } peers { permanent_uuid: "0cb768dc81194d75a2e763fc8ff379e2" member_type: VOTER last_known_addr { host: "127.0.241.66" port: 39103 } } peers { permanent_uuid: "e13f74a9d2074be684ed097d7aeb056b" member_type: VOTER last_known_addr { host: "127.0.241.67" port: 45899 } }
I20260710 11:07:17.749430  1292 consensus_queue.cc:260] T 972f071001f64b9a8853f8706d8f5946 P 19ddeeca79614a27b7de6a352921b45c [NON_LEADER]: Queue going to NON_LEADER mode. State: All replicated index: 0, Majority replicated index: 0, Committed index: 0, Last appended: 0.0, Last appended by leader: 0, Current term: 0, Majority size: -1, State: 0, Mode: NON_LEADER, active raft config: opid_index: -1 OBSOLETE_local: false peers { permanent_uuid: "19ddeeca79614a27b7de6a352921b45c" member_type: VOTER last_known_addr { host: "127.0.241.65" port: 39953 } } peers { permanent_uuid: "0cb768dc81194d75a2e763fc8ff379e2" member_type: VOTER last_known_addr { host: "127.0.241.66" port: 39103 } } peers { permanent_uuid: "e13f74a9d2074be684ed097d7aeb056b" member_type: VOTER last_known_addr { host: "127.0.241.67" port: 45899 } }
I20260710 11:07:17.749521  1293 raft_consensus.cc:359] T f39c3d12ce0d465ab6edd1107d62f9ba P e13f74a9d2074be684ed097d7aeb056b [term 0 FOLLOWER]: Replica starting. Triggering 0 pending ops. Active config: opid_index: -1 OBSOLETE_local: false peers { permanent_uuid: "19ddeeca79614a27b7de6a352921b45c" member_type: VOTER last_known_addr { host: "127.0.241.65" port: 39953 } } peers { permanent_uuid: "0cb768dc81194d75a2e763fc8ff379e2" member_type: VOTER last_known_addr { host: "127.0.241.66" port: 39103 } } peers { permanent_uuid: "e13f74a9d2074be684ed097d7aeb056b" member_type: VOTER last_known_addr { host: "127.0.241.67" port: 45899 } }
I20260710 11:07:17.750298  1294 ts_tablet_manager.cc:1434] T 2be7def9db6446c4938694db38c101b2 P 0cb768dc81194d75a2e763fc8ff379e2: Time spent starting tablet: real 0.007s	user 0.006s	sys 0.001s
I20260710 11:07:17.750324  1293 raft_consensus.cc:385] T f39c3d12ce0d465ab6edd1107d62f9ba P e13f74a9d2074be684ed097d7aeb056b [term 0 FOLLOWER]: Consensus starting up: Expiring failure detector timer to make a prompt election more likely
I20260710 11:07:17.750862  1293 raft_consensus.cc:740] T f39c3d12ce0d465ab6edd1107d62f9ba P e13f74a9d2074be684ed097d7aeb056b [term 0 FOLLOWER]: Becoming Follower/Learner. State: Replica: e13f74a9d2074be684ed097d7aeb056b, State: Initialized, Role: FOLLOWER
I20260710 11:07:17.751356  1294 tablet_bootstrap.cc:492] T 28f0e3d70f28428bb9e00b826f17557d P 0cb768dc81194d75a2e763fc8ff379e2: Bootstrap starting.
I20260710 11:07:17.751653  1293 consensus_queue.cc:260] T f39c3d12ce0d465ab6edd1107d62f9ba P e13f74a9d2074be684ed097d7aeb056b [NON_LEADER]: Queue going to NON_LEADER mode. State: All replicated index: 0, Majority replicated index: 0, Committed index: 0, Last appended: 0.0, Last appended by leader: 0, Current term: 0, Majority size: -1, State: 0, Mode: NON_LEADER, active raft config: opid_index: -1 OBSOLETE_local: false peers { permanent_uuid: "19ddeeca79614a27b7de6a352921b45c" member_type: VOTER last_known_addr { host: "127.0.241.65" port: 39953 } } peers { permanent_uuid: "0cb768dc81194d75a2e763fc8ff379e2" member_type: VOTER last_known_addr { host: "127.0.241.66" port: 39103 } } peers { permanent_uuid: "e13f74a9d2074be684ed097d7aeb056b" member_type: VOTER last_known_addr { host: "127.0.241.67" port: 45899 } }
I20260710 11:07:17.753751  1293 ts_tablet_manager.cc:1434] T f39c3d12ce0d465ab6edd1107d62f9ba P e13f74a9d2074be684ed097d7aeb056b: Time spent starting tablet: real 0.007s	user 0.001s	sys 0.004s
I20260710 11:07:17.754626  1293 tablet_bootstrap.cc:492] T 00c188effb7d4f108b56e400a174ac9e P e13f74a9d2074be684ed097d7aeb056b: Bootstrap starting.
I20260710 11:07:17.757895  1294 tablet_bootstrap.cc:654] T 28f0e3d70f28428bb9e00b826f17557d P 0cb768dc81194d75a2e763fc8ff379e2: Neither blocks nor log segments found. Creating new log.
I20260710 11:07:17.760845  1292 ts_tablet_manager.cc:1434] T 972f071001f64b9a8853f8706d8f5946 P 19ddeeca79614a27b7de6a352921b45c: Time spent starting tablet: real 0.028s	user 0.007s	sys 0.000s
I20260710 11:07:17.761739  1292 tablet_bootstrap.cc:492] T 00c188effb7d4f108b56e400a174ac9e P 19ddeeca79614a27b7de6a352921b45c: Bootstrap starting.
I20260710 11:07:17.763232  1293 tablet_bootstrap.cc:654] T 00c188effb7d4f108b56e400a174ac9e P e13f74a9d2074be684ed097d7aeb056b: Neither blocks nor log segments found. Creating new log.
I20260710 11:07:17.768146  1292 tablet_bootstrap.cc:654] T 00c188effb7d4f108b56e400a174ac9e P 19ddeeca79614a27b7de6a352921b45c: Neither blocks nor log segments found. Creating new log.
I20260710 11:07:17.770990   995 catalog_manager.cc:5697] T 972f071001f64b9a8853f8706d8f5946 P e13f74a9d2074be684ed097d7aeb056b reported cstate change: term changed from 0 to 1, leader changed from <none> to e13f74a9d2074be684ed097d7aeb056b (127.0.241.67). New cstate: current_term: 1 leader_uuid: "e13f74a9d2074be684ed097d7aeb056b" committed_config { opid_index: -1 OBSOLETE_local: false peers { permanent_uuid: "19ddeeca79614a27b7de6a352921b45c" member_type: VOTER last_known_addr { host: "127.0.241.65" port: 39953 } health_report { overall_health: UNKNOWN } } peers { permanent_uuid: "0cb768dc81194d75a2e763fc8ff379e2" member_type: VOTER last_known_addr { host: "127.0.241.66" port: 39103 } health_report { overall_health: UNKNOWN } } peers { permanent_uuid: "e13f74a9d2074be684ed097d7aeb056b" member_type: VOTER last_known_addr { host: "127.0.241.67" port: 45899 } health_report { overall_health: HEALTHY } } }
I20260710 11:07:17.774523  1293 tablet_bootstrap.cc:492] T 00c188effb7d4f108b56e400a174ac9e P e13f74a9d2074be684ed097d7aeb056b: No bootstrap required, opened a new log
I20260710 11:07:17.775064  1293 ts_tablet_manager.cc:1403] T 00c188effb7d4f108b56e400a174ac9e P e13f74a9d2074be684ed097d7aeb056b: Time spent bootstrapping tablet: real 0.021s	user 0.011s	sys 0.005s
I20260710 11:07:17.777850  1293 raft_consensus.cc:359] T 00c188effb7d4f108b56e400a174ac9e P e13f74a9d2074be684ed097d7aeb056b [term 0 FOLLOWER]: Replica starting. Triggering 0 pending ops. Active config: opid_index: -1 OBSOLETE_local: false peers { permanent_uuid: "19ddeeca79614a27b7de6a352921b45c" member_type: VOTER last_known_addr { host: "127.0.241.65" port: 39953 } } peers { permanent_uuid: "0cb768dc81194d75a2e763fc8ff379e2" member_type: VOTER last_known_addr { host: "127.0.241.66" port: 39103 } } peers { permanent_uuid: "e13f74a9d2074be684ed097d7aeb056b" member_type: VOTER last_known_addr { host: "127.0.241.67" port: 45899 } }
I20260710 11:07:17.778635  1293 raft_consensus.cc:385] T 00c188effb7d4f108b56e400a174ac9e P e13f74a9d2074be684ed097d7aeb056b [term 0 FOLLOWER]: Consensus starting up: Expiring failure detector timer to make a prompt election more likely
I20260710 11:07:17.779011  1293 raft_consensus.cc:740] T 00c188effb7d4f108b56e400a174ac9e P e13f74a9d2074be684ed097d7aeb056b [term 0 FOLLOWER]: Becoming Follower/Learner. State: Replica: e13f74a9d2074be684ed097d7aeb056b, State: Initialized, Role: FOLLOWER
I20260710 11:07:17.779760  1293 consensus_queue.cc:260] T 00c188effb7d4f108b56e400a174ac9e P e13f74a9d2074be684ed097d7aeb056b [NON_LEADER]: Queue going to NON_LEADER mode. State: All replicated index: 0, Majority replicated index: 0, Committed index: 0, Last appended: 0.0, Last appended by leader: 0, Current term: 0, Majority size: -1, State: 0, Mode: NON_LEADER, active raft config: opid_index: -1 OBSOLETE_local: false peers { permanent_uuid: "19ddeeca79614a27b7de6a352921b45c" member_type: VOTER last_known_addr { host: "127.0.241.65" port: 39953 } } peers { permanent_uuid: "0cb768dc81194d75a2e763fc8ff379e2" member_type: VOTER last_known_addr { host: "127.0.241.66" port: 39103 } } peers { permanent_uuid: "e13f74a9d2074be684ed097d7aeb056b" member_type: VOTER last_known_addr { host: "127.0.241.67" port: 45899 } }
I20260710 11:07:17.782049  1293 ts_tablet_manager.cc:1434] T 00c188effb7d4f108b56e400a174ac9e P e13f74a9d2074be684ed097d7aeb056b: Time spent starting tablet: real 0.007s	user 0.004s	sys 0.001s
I20260710 11:07:17.784708  1293 tablet_bootstrap.cc:492] T c9444364e9f2490b95fb6d9543be8b70 P e13f74a9d2074be684ed097d7aeb056b: Bootstrap starting.
I20260710 11:07:17.791906  1293 tablet_bootstrap.cc:654] T c9444364e9f2490b95fb6d9543be8b70 P e13f74a9d2074be684ed097d7aeb056b: Neither blocks nor log segments found. Creating new log.
I20260710 11:07:17.792194  1292 tablet_bootstrap.cc:492] T 00c188effb7d4f108b56e400a174ac9e P 19ddeeca79614a27b7de6a352921b45c: No bootstrap required, opened a new log
I20260710 11:07:17.792670  1292 ts_tablet_manager.cc:1403] T 00c188effb7d4f108b56e400a174ac9e P 19ddeeca79614a27b7de6a352921b45c: Time spent bootstrapping tablet: real 0.031s	user 0.015s	sys 0.008s
I20260710 11:07:17.798810  1299 raft_consensus.cc:493] T c9444364e9f2490b95fb6d9543be8b70 P 0cb768dc81194d75a2e763fc8ff379e2 [term 0 FOLLOWER]: Starting pre-election (no leader contacted us within the election timeout)
I20260710 11:07:17.799238  1299 raft_consensus.cc:515] T c9444364e9f2490b95fb6d9543be8b70 P 0cb768dc81194d75a2e763fc8ff379e2 [term 0 FOLLOWER]: Starting pre-election with config: opid_index: -1 OBSOLETE_local: false peers { permanent_uuid: "19ddeeca79614a27b7de6a352921b45c" member_type: VOTER last_known_addr { host: "127.0.241.65" port: 39953 } } peers { permanent_uuid: "0cb768dc81194d75a2e763fc8ff379e2" member_type: VOTER last_known_addr { host: "127.0.241.66" port: 39103 } } peers { permanent_uuid: "e13f74a9d2074be684ed097d7aeb056b" member_type: VOTER last_known_addr { host: "127.0.241.67" port: 45899 } }
I20260710 11:07:17.799252  1292 raft_consensus.cc:359] T 00c188effb7d4f108b56e400a174ac9e P 19ddeeca79614a27b7de6a352921b45c [term 0 FOLLOWER]: Replica starting. Triggering 0 pending ops. Active config: opid_index: -1 OBSOLETE_local: false peers { permanent_uuid: "19ddeeca79614a27b7de6a352921b45c" member_type: VOTER last_known_addr { host: "127.0.241.65" port: 39953 } } peers { permanent_uuid: "0cb768dc81194d75a2e763fc8ff379e2" member_type: VOTER last_known_addr { host: "127.0.241.66" port: 39103 } } peers { permanent_uuid: "e13f74a9d2074be684ed097d7aeb056b" member_type: VOTER last_known_addr { host: "127.0.241.67" port: 45899 } }
I20260710 11:07:17.800129  1292 raft_consensus.cc:385] T 00c188effb7d4f108b56e400a174ac9e P 19ddeeca79614a27b7de6a352921b45c [term 0 FOLLOWER]: Consensus starting up: Expiring failure detector timer to make a prompt election more likely
I20260710 11:07:17.800468  1292 raft_consensus.cc:740] T 00c188effb7d4f108b56e400a174ac9e P 19ddeeca79614a27b7de6a352921b45c [term 0 FOLLOWER]: Becoming Follower/Learner. State: Replica: 19ddeeca79614a27b7de6a352921b45c, State: Initialized, Role: FOLLOWER
I20260710 11:07:17.802244  1299 leader_election.cc:290] T c9444364e9f2490b95fb6d9543be8b70 P 0cb768dc81194d75a2e763fc8ff379e2 [CANDIDATE]: Term 1 pre-election: Requested pre-vote from peers 19ddeeca79614a27b7de6a352921b45c (127.0.241.65:39953), e13f74a9d2074be684ed097d7aeb056b (127.0.241.67:45899)
I20260710 11:07:17.801288  1292 consensus_queue.cc:260] T 00c188effb7d4f108b56e400a174ac9e P 19ddeeca79614a27b7de6a352921b45c [NON_LEADER]: Queue going to NON_LEADER mode. State: All replicated index: 0, Majority replicated index: 0, Committed index: 0, Last appended: 0.0, Last appended by leader: 0, Current term: 0, Majority size: -1, State: 0, Mode: NON_LEADER, active raft config: opid_index: -1 OBSOLETE_local: false peers { permanent_uuid: "19ddeeca79614a27b7de6a352921b45c" member_type: VOTER last_known_addr { host: "127.0.241.65" port: 39953 } } peers { permanent_uuid: "0cb768dc81194d75a2e763fc8ff379e2" member_type: VOTER last_known_addr { host: "127.0.241.66" port: 39103 } } peers { permanent_uuid: "e13f74a9d2074be684ed097d7aeb056b" member_type: VOTER last_known_addr { host: "127.0.241.67" port: 45899 } }
I20260710 11:07:17.808678  1294 tablet_bootstrap.cc:492] T 28f0e3d70f28428bb9e00b826f17557d P 0cb768dc81194d75a2e763fc8ff379e2: No bootstrap required, opened a new log
I20260710 11:07:17.809154  1294 ts_tablet_manager.cc:1403] T 28f0e3d70f28428bb9e00b826f17557d P 0cb768dc81194d75a2e763fc8ff379e2: Time spent bootstrapping tablet: real 0.058s	user 0.007s	sys 0.010s
I20260710 11:07:17.818001  1298 raft_consensus.cc:493] T 00c188effb7d4f108b56e400a174ac9e P e13f74a9d2074be684ed097d7aeb056b [term 0 FOLLOWER]: Starting pre-election (no leader contacted us within the election timeout)
I20260710 11:07:17.818432  1298 raft_consensus.cc:515] T 00c188effb7d4f108b56e400a174ac9e P e13f74a9d2074be684ed097d7aeb056b [term 0 FOLLOWER]: Starting pre-election with config: opid_index: -1 OBSOLETE_local: false peers { permanent_uuid: "19ddeeca79614a27b7de6a352921b45c" member_type: VOTER last_known_addr { host: "127.0.241.65" port: 39953 } } peers { permanent_uuid: "0cb768dc81194d75a2e763fc8ff379e2" member_type: VOTER last_known_addr { host: "127.0.241.66" port: 39103 } } peers { permanent_uuid: "e13f74a9d2074be684ed097d7aeb056b" member_type: VOTER last_known_addr { host: "127.0.241.67" port: 45899 } }
I20260710 11:07:17.817683  1294 raft_consensus.cc:359] T 28f0e3d70f28428bb9e00b826f17557d P 0cb768dc81194d75a2e763fc8ff379e2 [term 0 FOLLOWER]: Replica starting. Triggering 0 pending ops. Active config: opid_index: -1 OBSOLETE_local: false peers { permanent_uuid: "e13f74a9d2074be684ed097d7aeb056b" member_type: VOTER last_known_addr { host: "127.0.241.67" port: 45899 } } peers { permanent_uuid: "19ddeeca79614a27b7de6a352921b45c" member_type: VOTER last_known_addr { host: "127.0.241.65" port: 39953 } } peers { permanent_uuid: "0cb768dc81194d75a2e763fc8ff379e2" member_type: VOTER last_known_addr { host: "127.0.241.66" port: 39103 } }
I20260710 11:07:17.819551  1294 raft_consensus.cc:385] T 28f0e3d70f28428bb9e00b826f17557d P 0cb768dc81194d75a2e763fc8ff379e2 [term 0 FOLLOWER]: Consensus starting up: Expiring failure detector timer to make a prompt election more likely
I20260710 11:07:17.819831  1294 raft_consensus.cc:740] T 28f0e3d70f28428bb9e00b826f17557d P 0cb768dc81194d75a2e763fc8ff379e2 [term 0 FOLLOWER]: Becoming Follower/Learner. State: Replica: 0cb768dc81194d75a2e763fc8ff379e2, State: Initialized, Role: FOLLOWER
I20260710 11:07:17.820469  1298 leader_election.cc:290] T 00c188effb7d4f108b56e400a174ac9e P e13f74a9d2074be684ed097d7aeb056b [CANDIDATE]: Term 1 pre-election: Requested pre-vote from peers 19ddeeca79614a27b7de6a352921b45c (127.0.241.65:39953), 0cb768dc81194d75a2e763fc8ff379e2 (127.0.241.66:39103)
I20260710 11:07:17.824203  1293 tablet_bootstrap.cc:492] T c9444364e9f2490b95fb6d9543be8b70 P e13f74a9d2074be684ed097d7aeb056b: No bootstrap required, opened a new log
I20260710 11:07:17.820515  1294 consensus_queue.cc:260] T 28f0e3d70f28428bb9e00b826f17557d P 0cb768dc81194d75a2e763fc8ff379e2 [NON_LEADER]: Queue going to NON_LEADER mode. State: All replicated index: 0, Majority replicated index: 0, Committed index: 0, Last appended: 0.0, Last appended by leader: 0, Current term: 0, Majority size: -1, State: 0, Mode: NON_LEADER, active raft config: opid_index: -1 OBSOLETE_local: false peers { permanent_uuid: "e13f74a9d2074be684ed097d7aeb056b" member_type: VOTER last_known_addr { host: "127.0.241.67" port: 45899 } } peers { permanent_uuid: "19ddeeca79614a27b7de6a352921b45c" member_type: VOTER last_known_addr { host: "127.0.241.65" port: 39953 } } peers { permanent_uuid: "0cb768dc81194d75a2e763fc8ff379e2" member_type: VOTER last_known_addr { host: "127.0.241.66" port: 39103 } }
