I20260710 11:07:28.380434 12579 ts_tablet_manager.cc:1403] T 68b098321a30437c8f2e6443974bf591 P 0f94b209b2fb4ff1996f8e8e5a4965e4: Time spent bootstrapping tablet: real 0.046s	user 0.021s	sys 0.010s
I20260710 11:07:28.382318 12585 raft_consensus.cc:515] T fe4aa16afd1845fcb5748f54940e2ac5 P 4f2b53aa769a4f00b21ad3762d78d2df [term 1 FOLLOWER]: Starting leader election with config: opid_index: -1 OBSOLETE_local: false peers { permanent_uuid: "4f2b53aa769a4f00b21ad3762d78d2df" member_type: VOTER last_known_addr { host: "127.11.126.3" port: 33235 } } peers { permanent_uuid: "b41f005a7e754684bc9b0928e6db2338" member_type: VOTER last_known_addr { host: "127.11.126.1" port: 45313 } } peers { permanent_uuid: "0f94b209b2fb4ff1996f8e8e5a4965e4" member_type: VOTER last_known_addr { host: "127.11.126.2" port: 37547 } }
I20260710 11:07:28.384775 12388 tablet_service.cc:1917] Received RequestConsensusVote() RPC: tablet_id: "fe4aa16afd1845fcb5748f54940e2ac5" candidate_uuid: "4f2b53aa769a4f00b21ad3762d78d2df" candidate_term: 1 candidate_status { last_received { term: 0 index: 0 } } ignore_live_leader: false dest_uuid: "b41f005a7e754684bc9b0928e6db2338"
I20260710 11:07:28.385306 12388 raft_consensus.cc:3060] T fe4aa16afd1845fcb5748f54940e2ac5 P b41f005a7e754684bc9b0928e6db2338 [term 0 FOLLOWER]: Advancing to term 1
I20260710 11:07:28.391172 12579 raft_consensus.cc:359] T 68b098321a30437c8f2e6443974bf591 P 0f94b209b2fb4ff1996f8e8e5a4965e4 [term 0 FOLLOWER]: Replica starting. Triggering 0 pending ops. Active config: opid_index: -1 OBSOLETE_local: false peers { permanent_uuid: "b41f005a7e754684bc9b0928e6db2338" member_type: VOTER last_known_addr { host: "127.11.126.1" port: 45313 } } peers { permanent_uuid: "0f94b209b2fb4ff1996f8e8e5a4965e4" member_type: VOTER last_known_addr { host: "127.11.126.2" port: 37547 } } peers { permanent_uuid: "4f2b53aa769a4f00b21ad3762d78d2df" member_type: VOTER last_known_addr { host: "127.11.126.3" port: 33235 } }
I20260710 11:07:28.392659 12577 tablet_bootstrap.cc:654] T e23ccc6dc46c43a98e1df41f871c0ec9 P b41f005a7e754684bc9b0928e6db2338: Neither blocks nor log segments found. Creating new log.
I20260710 11:07:28.393379 12579 raft_consensus.cc:385] T 68b098321a30437c8f2e6443974bf591 P 0f94b209b2fb4ff1996f8e8e5a4965e4 [term 0 FOLLOWER]: Consensus starting up: Expiring failure detector timer to make a prompt election more likely
I20260710 11:07:28.393766 12579 raft_consensus.cc:740] T 68b098321a30437c8f2e6443974bf591 P 0f94b209b2fb4ff1996f8e8e5a4965e4 [term 0 FOLLOWER]: Becoming Follower/Learner. State: Replica: 0f94b209b2fb4ff1996f8e8e5a4965e4, State: Initialized, Role: FOLLOWER
I20260710 11:07:28.393792 12585 leader_election.cc:290] T fe4aa16afd1845fcb5748f54940e2ac5 P 4f2b53aa769a4f00b21ad3762d78d2df [CANDIDATE]: Term 1 election: Requested vote from peers b41f005a7e754684bc9b0928e6db2338 (127.11.126.1:45313), 0f94b209b2fb4ff1996f8e8e5a4965e4 (127.11.126.2:37547)
I20260710 11:07:28.394544 12585 raft_consensus.cc:493] T daa515d6f9954bd4a09e8d04e60c809c P 4f2b53aa769a4f00b21ad3762d78d2df [term 0 FOLLOWER]: Starting pre-election (no leader contacted us within the election timeout)
I20260710 11:07:28.394959 12585 raft_consensus.cc:515] T daa515d6f9954bd4a09e8d04e60c809c P 4f2b53aa769a4f00b21ad3762d78d2df [term 0 FOLLOWER]: Starting pre-election with config: opid_index: -1 OBSOLETE_local: false peers { permanent_uuid: "b41f005a7e754684bc9b0928e6db2338" member_type: VOTER last_known_addr { host: "127.11.126.1" port: 45313 } } peers { permanent_uuid: "0f94b209b2fb4ff1996f8e8e5a4965e4" member_type: VOTER last_known_addr { host: "127.11.126.2" port: 37547 } } peers { permanent_uuid: "4f2b53aa769a4f00b21ad3762d78d2df" member_type: VOTER last_known_addr { host: "127.11.126.3" port: 33235 } }
W20260710 11:07:28.397495 12334 auto_rebalancer.cc:288] Could not retrieve cluster info: Service unavailable: Tablet not running
I20260710 11:07:28.399909 12387 tablet_service.cc:1917] Received RequestConsensusVote() RPC: tablet_id: "daa515d6f9954bd4a09e8d04e60c809c" candidate_uuid: "4f2b53aa769a4f00b21ad3762d78d2df" candidate_term: 1 candidate_status { last_received { term: 0 index: 0 } } ignore_live_leader: false dest_uuid: "b41f005a7e754684bc9b0928e6db2338" is_pre_election: true
W20260710 11:07:28.401388 12500 leader_election.cc:343] T daa515d6f9954bd4a09e8d04e60c809c P 4f2b53aa769a4f00b21ad3762d78d2df [CANDIDATE]: Term 1 pre-election: Tablet error from VoteRequest() call to peer b41f005a7e754684bc9b0928e6db2338 (127.11.126.1:45313): Illegal state: must be running to vote when last-logged opid is not known
I20260710 11:07:28.391599 12388 raft_consensus.cc:2468] T fe4aa16afd1845fcb5748f54940e2ac5 P b41f005a7e754684bc9b0928e6db2338 [term 1 FOLLOWER]: Leader election vote request: Granting yes vote for candidate 4f2b53aa769a4f00b21ad3762d78d2df in term 1.
I20260710 11:07:28.405479 12577 tablet_bootstrap.cc:492] T e23ccc6dc46c43a98e1df41f871c0ec9 P b41f005a7e754684bc9b0928e6db2338: No bootstrap required, opened a new log
I20260710 11:07:28.405932 12500 leader_election.cc:304] T fe4aa16afd1845fcb5748f54940e2ac5 P 4f2b53aa769a4f00b21ad3762d78d2df [CANDIDATE]: Term 1 election: Election decided. Result: candidate won. Election summary: received 2 responses out of 3 voters: 2 yes votes; 0 no votes. yes voters: 4f2b53aa769a4f00b21ad3762d78d2df, b41f005a7e754684bc9b0928e6db2338; no voters: 
I20260710 11:07:28.406483 12585 leader_election.cc:290] T daa515d6f9954bd4a09e8d04e60c809c P 4f2b53aa769a4f00b21ad3762d78d2df [CANDIDATE]: Term 1 pre-election: Requested pre-vote from peers b41f005a7e754684bc9b0928e6db2338 (127.11.126.1:45313), 0f94b209b2fb4ff1996f8e8e5a4965e4 (127.11.126.2:37547)
I20260710 11:07:28.405930 12577 ts_tablet_manager.cc:1403] T e23ccc6dc46c43a98e1df41f871c0ec9 P b41f005a7e754684bc9b0928e6db2338: Time spent bootstrapping tablet: real 0.033s	user 0.005s	sys 0.013s
I20260710 11:07:28.406939 12585 raft_consensus.cc:2804] T fe4aa16afd1845fcb5748f54940e2ac5 P 4f2b53aa769a4f00b21ad3762d78d2df [term 1 FOLLOWER]: Leader election won for term 1
I20260710 11:07:28.407349 12585 raft_consensus.cc:697] T fe4aa16afd1845fcb5748f54940e2ac5 P 4f2b53aa769a4f00b21ad3762d78d2df [term 1 LEADER]: Becoming Leader. State: Replica: 4f2b53aa769a4f00b21ad3762d78d2df, State: Running, Role: LEADER
I20260710 11:07:28.408097 12585 consensus_queue.cc:237] T fe4aa16afd1845fcb5748f54940e2ac5 P 4f2b53aa769a4f00b21ad3762d78d2df [LEADER]: Queue going to LEADER mode. State: All replicated index: 0, Majority replicated index: 0, Committed index: 0, Last appended: 0.0, Last appended by leader: 0, Current term: 1, Majority size: 2, State: 0, Mode: LEADER, active raft config: opid_index: -1 OBSOLETE_local: false peers { permanent_uuid: "4f2b53aa769a4f00b21ad3762d78d2df" member_type: VOTER last_known_addr { host: "127.11.126.3" port: 33235 } } peers { permanent_uuid: "b41f005a7e754684bc9b0928e6db2338" member_type: VOTER last_known_addr { host: "127.11.126.1" port: 45313 } } peers { permanent_uuid: "0f94b209b2fb4ff1996f8e8e5a4965e4" member_type: VOTER last_known_addr { host: "127.11.126.2" port: 37547 } }
I20260710 11:07:28.409550 12577 raft_consensus.cc:359] T e23ccc6dc46c43a98e1df41f871c0ec9 P b41f005a7e754684bc9b0928e6db2338 [term 0 FOLLOWER]: Replica starting. Triggering 0 pending ops. Active config: opid_index: -1 OBSOLETE_local: false peers { permanent_uuid: "b41f005a7e754684bc9b0928e6db2338" member_type: VOTER last_known_addr { host: "127.11.126.1" port: 45313 } } peers { permanent_uuid: "0f94b209b2fb4ff1996f8e8e5a4965e4" member_type: VOTER last_known_addr { host: "127.11.126.2" port: 37547 } } peers { permanent_uuid: "4f2b53aa769a4f00b21ad3762d78d2df" member_type: VOTER last_known_addr { host: "127.11.126.3" port: 33235 } }
I20260710 11:07:28.410287 12577 raft_consensus.cc:385] T e23ccc6dc46c43a98e1df41f871c0ec9 P b41f005a7e754684bc9b0928e6db2338 [term 0 FOLLOWER]: Consensus starting up: Expiring failure detector timer to make a prompt election more likely
I20260710 11:07:28.410569 12577 raft_consensus.cc:740] T e23ccc6dc46c43a98e1df41f871c0ec9 P b41f005a7e754684bc9b0928e6db2338 [term 0 FOLLOWER]: Becoming Follower/Learner. State: Replica: b41f005a7e754684bc9b0928e6db2338, State: Initialized, Role: FOLLOWER
I20260710 11:07:28.394554 12579 consensus_queue.cc:260] T 68b098321a30437c8f2e6443974bf591 P 0f94b209b2fb4ff1996f8e8e5a4965e4 [NON_LEADER]: Queue going to NON_LEADER mode. State: All replicated index: 0, Majority replicated index: 0, Committed index: 0, Last appended: 0.0, Last appended by leader: 0, Current term: 0, Majority size: -1, State: 0, Mode: NON_LEADER, active raft config: opid_index: -1 OBSOLETE_local: false peers { permanent_uuid: "b41f005a7e754684bc9b0928e6db2338" member_type: VOTER last_known_addr { host: "127.11.126.1" port: 45313 } } peers { permanent_uuid: "0f94b209b2fb4ff1996f8e8e5a4965e4" member_type: VOTER last_known_addr { host: "127.11.126.2" port: 37547 } } peers { permanent_uuid: "4f2b53aa769a4f00b21ad3762d78d2df" member_type: VOTER last_known_addr { host: "127.11.126.3" port: 33235 } }
I20260710 11:07:28.412636 12579 ts_tablet_manager.cc:1434] T 68b098321a30437c8f2e6443974bf591 P 0f94b209b2fb4ff1996f8e8e5a4965e4: Time spent starting tablet: real 0.032s	user 0.005s	sys 0.003s
I20260710 11:07:28.413566 12579 tablet_bootstrap.cc:492] T 4b59c78026174dabaa8f030e8fffb6fc P 0f94b209b2fb4ff1996f8e8e5a4965e4: Bootstrap starting.
I20260710 11:07:28.415622 12577 consensus_queue.cc:260] T e23ccc6dc46c43a98e1df41f871c0ec9 P b41f005a7e754684bc9b0928e6db2338 [NON_LEADER]: Queue going to NON_LEADER mode. State: All replicated index: 0, Majority replicated index: 0, Committed index: 0, Last appended: 0.0, Last appended by leader: 0, Current term: 0, Majority size: -1, State: 0, Mode: NON_LEADER, active raft config: opid_index: -1 OBSOLETE_local: false peers { permanent_uuid: "b41f005a7e754684bc9b0928e6db2338" member_type: VOTER last_known_addr { host: "127.11.126.1" port: 45313 } } peers { permanent_uuid: "0f94b209b2fb4ff1996f8e8e5a4965e4" member_type: VOTER last_known_addr { host: "127.11.126.2" port: 37547 } } peers { permanent_uuid: "4f2b53aa769a4f00b21ad3762d78d2df" member_type: VOTER last_known_addr { host: "127.11.126.3" port: 33235 } }
I20260710 11:07:28.419485 12577 ts_tablet_manager.cc:1434] T e23ccc6dc46c43a98e1df41f871c0ec9 P b41f005a7e754684bc9b0928e6db2338: Time spent starting tablet: real 0.012s	user 0.005s	sys 0.000s
I20260710 11:07:28.420370 12577 tablet_bootstrap.cc:492] T 4b59c78026174dabaa8f030e8fffb6fc P b41f005a7e754684bc9b0928e6db2338: Bootstrap starting.
I20260710 11:07:28.426287 12577 tablet_bootstrap.cc:654] T 4b59c78026174dabaa8f030e8fffb6fc P b41f005a7e754684bc9b0928e6db2338: Neither blocks nor log segments found. Creating new log.
I20260710 11:07:28.427114 12463 tablet_service.cc:1917] Received RequestConsensusVote() RPC: tablet_id: "fe4aa16afd1845fcb5748f54940e2ac5" candidate_uuid: "4f2b53aa769a4f00b21ad3762d78d2df" candidate_term: 1 candidate_status { last_received { term: 0 index: 0 } } ignore_live_leader: false dest_uuid: "0f94b209b2fb4ff1996f8e8e5a4965e4" is_pre_election: true
I20260710 11:07:28.427764 12463 raft_consensus.cc:2468] T fe4aa16afd1845fcb5748f54940e2ac5 P 0f94b209b2fb4ff1996f8e8e5a4965e4 [term 0 FOLLOWER]: Leader pre-election vote request: Granting yes vote for candidate 4f2b53aa769a4f00b21ad3762d78d2df in term 0.
I20260710 11:07:28.428885 12462 tablet_service.cc:1917] Received RequestConsensusVote() RPC: tablet_id: "fe4aa16afd1845fcb5748f54940e2ac5" candidate_uuid: "4f2b53aa769a4f00b21ad3762d78d2df" candidate_term: 1 candidate_status { last_received { term: 0 index: 0 } } ignore_live_leader: false dest_uuid: "0f94b209b2fb4ff1996f8e8e5a4965e4"
I20260710 11:07:28.429497 12462 raft_consensus.cc:3060] T fe4aa16afd1845fcb5748f54940e2ac5 P 0f94b209b2fb4ff1996f8e8e5a4965e4 [term 0 FOLLOWER]: Advancing to term 1
I20260710 11:07:28.433218 12579 tablet_bootstrap.cc:654] T 4b59c78026174dabaa8f030e8fffb6fc P 0f94b209b2fb4ff1996f8e8e5a4965e4: Neither blocks nor log segments found. Creating new log.
I20260710 11:07:28.433756 12461 tablet_service.cc:1917] Received RequestConsensusVote() RPC: tablet_id: "daa515d6f9954bd4a09e8d04e60c809c" candidate_uuid: "4f2b53aa769a4f00b21ad3762d78d2df" candidate_term: 1 candidate_status { last_received { term: 0 index: 0 } } ignore_live_leader: false dest_uuid: "0f94b209b2fb4ff1996f8e8e5a4965e4" is_pre_election: true
I20260710 11:07:28.435626 12577 tablet_bootstrap.cc:492] T 4b59c78026174dabaa8f030e8fffb6fc P b41f005a7e754684bc9b0928e6db2338: No bootstrap required, opened a new log
W20260710 11:07:28.435927 12501 leader_election.cc:343] T daa515d6f9954bd4a09e8d04e60c809c P 4f2b53aa769a4f00b21ad3762d78d2df [CANDIDATE]: Term 1 pre-election: Tablet error from VoteRequest() call to peer 0f94b209b2fb4ff1996f8e8e5a4965e4 (127.11.126.2:37547): Illegal state: must be running to vote when last-logged opid is not known
I20260710 11:07:28.436175 12577 ts_tablet_manager.cc:1403] T 4b59c78026174dabaa8f030e8fffb6fc P b41f005a7e754684bc9b0928e6db2338: Time spent bootstrapping tablet: real 0.016s	user 0.009s	sys 0.001s
I20260710 11:07:28.436414 12501 leader_election.cc:304] T daa515d6f9954bd4a09e8d04e60c809c P 4f2b53aa769a4f00b21ad3762d78d2df [CANDIDATE]: Term 1 pre-election: Election decided. Result: candidate lost. Election summary: received 3 responses out of 3 voters: 1 yes votes; 2 no votes. yes voters: 4f2b53aa769a4f00b21ad3762d78d2df; no voters: 0f94b209b2fb4ff1996f8e8e5a4965e4, b41f005a7e754684bc9b0928e6db2338
I20260710 11:07:28.439713 12583 raft_consensus.cc:493] T 328b093664414f13be1fcfa144b682c0 P b41f005a7e754684bc9b0928e6db2338 [term 0 FOLLOWER]: Starting pre-election (no leader contacted us within the election timeout)
I20260710 11:07:28.439447 12577 raft_consensus.cc:359] T 4b59c78026174dabaa8f030e8fffb6fc P b41f005a7e754684bc9b0928e6db2338 [term 0 FOLLOWER]: Replica starting. Triggering 0 pending ops. Active config: opid_index: -1 OBSOLETE_local: false peers { permanent_uuid: "b41f005a7e754684bc9b0928e6db2338" member_type: VOTER last_known_addr { host: "127.11.126.1" port: 45313 } } peers { permanent_uuid: "0f94b209b2fb4ff1996f8e8e5a4965e4" member_type: VOTER last_known_addr { host: "127.11.126.2" port: 37547 } } peers { permanent_uuid: "4f2b53aa769a4f00b21ad3762d78d2df" member_type: VOTER last_known_addr { host: "127.11.126.3" port: 33235 } }
I20260710 11:07:28.440291 12577 raft_consensus.cc:385] T 4b59c78026174dabaa8f030e8fffb6fc P b41f005a7e754684bc9b0928e6db2338 [term 0 FOLLOWER]: Consensus starting up: Expiring failure detector timer to make a prompt election more likely
I20260710 11:07:28.440179 12583 raft_consensus.cc:515] T 328b093664414f13be1fcfa144b682c0 P b41f005a7e754684bc9b0928e6db2338 [term 0 FOLLOWER]: Starting pre-election with config: opid_index: -1 OBSOLETE_local: false peers { permanent_uuid: "b41f005a7e754684bc9b0928e6db2338" member_type: VOTER last_known_addr { host: "127.11.126.1" port: 45313 } } peers { permanent_uuid: "0f94b209b2fb4ff1996f8e8e5a4965e4" member_type: VOTER last_known_addr { host: "127.11.126.2" port: 37547 } } peers { permanent_uuid: "4f2b53aa769a4f00b21ad3762d78d2df" member_type: VOTER last_known_addr { host: "127.11.126.3" port: 33235 } }
I20260710 11:07:28.440702 12577 raft_consensus.cc:740] T 4b59c78026174dabaa8f030e8fffb6fc P b41f005a7e754684bc9b0928e6db2338 [term 0 FOLLOWER]: Becoming Follower/Learner. State: Replica: b41f005a7e754684bc9b0928e6db2338, State: Initialized, Role: FOLLOWER
I20260710 11:07:28.441452 12584 raft_consensus.cc:493] T 88f2e1eb0ba2407da8f209b43c0acfe2 P 0f94b209b2fb4ff1996f8e8e5a4965e4 [term 0 FOLLOWER]: Starting pre-election (no leader contacted us within the election timeout)
I20260710 11:07:28.441898 12584 raft_consensus.cc:515] T 88f2e1eb0ba2407da8f209b43c0acfe2 P 0f94b209b2fb4ff1996f8e8e5a4965e4 [term 0 FOLLOWER]: Starting pre-election with config: opid_index: -1 OBSOLETE_local: false peers { permanent_uuid: "b41f005a7e754684bc9b0928e6db2338" member_type: VOTER last_known_addr { host: "127.11.126.1" port: 45313 } } peers { permanent_uuid: "0f94b209b2fb4ff1996f8e8e5a4965e4" member_type: VOTER last_known_addr { host: "127.11.126.2" port: 37547 } } peers { permanent_uuid: "4f2b53aa769a4f00b21ad3762d78d2df" member_type: VOTER last_known_addr { host: "127.11.126.3" port: 33235 } }
I20260710 11:07:28.441810 12577 consensus_queue.cc:260] T 4b59c78026174dabaa8f030e8fffb6fc P b41f005a7e754684bc9b0928e6db2338 [NON_LEADER]: Queue going to NON_LEADER mode. State: All replicated index: 0, Majority replicated index: 0, Committed index: 0, Last appended: 0.0, Last appended by leader: 0, Current term: 0, Majority size: -1, State: 0, Mode: NON_LEADER, active raft config: opid_index: -1 OBSOLETE_local: false peers { permanent_uuid: "b41f005a7e754684bc9b0928e6db2338" member_type: VOTER last_known_addr { host: "127.11.126.1" port: 45313 } } peers { permanent_uuid: "0f94b209b2fb4ff1996f8e8e5a4965e4" member_type: VOTER last_known_addr { host: "127.11.126.2" port: 37547 } } peers { permanent_uuid: "4f2b53aa769a4f00b21ad3762d78d2df" member_type: VOTER last_known_addr { host: "127.11.126.3" port: 33235 } }
I20260710 11:07:28.442770 12583 leader_election.cc:290] T 328b093664414f13be1fcfa144b682c0 P b41f005a7e754684bc9b0928e6db2338 [CANDIDATE]: Term 1 pre-election: Requested pre-vote from peers 0f94b209b2fb4ff1996f8e8e5a4965e4 (127.11.126.2:37547), 4f2b53aa769a4f00b21ad3762d78d2df (127.11.126.3:33235)
I20260710 11:07:28.443873 12584 leader_election.cc:290] T 88f2e1eb0ba2407da8f209b43c0acfe2 P 0f94b209b2fb4ff1996f8e8e5a4965e4 [CANDIDATE]: Term 1 pre-election: Requested pre-vote from peers b41f005a7e754684bc9b0928e6db2338 (127.11.126.1:45313), 4f2b53aa769a4f00b21ad3762d78d2df (127.11.126.3:33235)
I20260710 11:07:28.445724 12537 tablet_service.cc:1917] Received RequestConsensusVote() RPC: tablet_id: "88f2e1eb0ba2407da8f209b43c0acfe2" candidate_uuid: "0f94b209b2fb4ff1996f8e8e5a4965e4" candidate_term: 1 candidate_status { last_received { term: 0 index: 0 } } ignore_live_leader: false dest_uuid: "4f2b53aa769a4f00b21ad3762d78d2df" is_pre_election: true
I20260710 11:07:28.446293 12537 raft_consensus.cc:2468] T 88f2e1eb0ba2407da8f209b43c0acfe2 P 4f2b53aa769a4f00b21ad3762d78d2df [term 0 FOLLOWER]: Leader pre-election vote request: Granting yes vote for candidate 0f94b209b2fb4ff1996f8e8e5a4965e4 in term 0.
I20260710 11:07:28.447541 12427 leader_election.cc:304] T 88f2e1eb0ba2407da8f209b43c0acfe2 P 0f94b209b2fb4ff1996f8e8e5a4965e4 [CANDIDATE]: Term 1 pre-election: Election decided. Result: candidate won. Election summary: received 2 responses out of 3 voters: 2 yes votes; 0 no votes. yes voters: 0f94b209b2fb4ff1996f8e8e5a4965e4, 4f2b53aa769a4f00b21ad3762d78d2df; no voters: 
I20260710 11:07:28.449378 12388 tablet_service.cc:1917] Received RequestConsensusVote() RPC: tablet_id: "88f2e1eb0ba2407da8f209b43c0acfe2" candidate_uuid: "0f94b209b2fb4ff1996f8e8e5a4965e4" candidate_term: 1 candidate_status { last_received { term: 0 index: 0 } } ignore_live_leader: false dest_uuid: "b41f005a7e754684bc9b0928e6db2338" is_pre_election: true
W20260710 11:07:28.450742 12426 leader_election.cc:343] T 88f2e1eb0ba2407da8f209b43c0acfe2 P 0f94b209b2fb4ff1996f8e8e5a4965e4 [CANDIDATE]: Term 1 pre-election: Tablet error from VoteRequest() call to peer b41f005a7e754684bc9b0928e6db2338 (127.11.126.1:45313): Illegal state: must be running to vote when last-logged opid is not known
I20260710 11:07:28.451633 12584 raft_consensus.cc:2804] T 88f2e1eb0ba2407da8f209b43c0acfe2 P 0f94b209b2fb4ff1996f8e8e5a4965e4 [term 0 FOLLOWER]: Leader pre-election won for term 1
I20260710 11:07:28.451973 12584 raft_consensus.cc:493] T 88f2e1eb0ba2407da8f209b43c0acfe2 P 0f94b209b2fb4ff1996f8e8e5a4965e4 [term 0 FOLLOWER]: Starting leader election (no leader contacted us within the election timeout)
I20260710 11:07:28.452293 12584 raft_consensus.cc:3060] T 88f2e1eb0ba2407da8f209b43c0acfe2 P 0f94b209b2fb4ff1996f8e8e5a4965e4 [term 0 FOLLOWER]: Advancing to term 1
I20260710 11:07:28.455173 12585 raft_consensus.cc:2749] T daa515d6f9954bd4a09e8d04e60c809c P 4f2b53aa769a4f00b21ad3762d78d2df [term 0 FOLLOWER]: Leader pre-election lost for term 1. Reason: could not achieve majority
I20260710 11:07:28.460119 12285 catalog_manager.cc:5697] T fe4aa16afd1845fcb5748f54940e2ac5 P 4f2b53aa769a4f00b21ad3762d78d2df reported cstate change: term changed from 0 to 1, leader changed from <none> to 4f2b53aa769a4f00b21ad3762d78d2df (127.11.126.3). New cstate: current_term: 1 leader_uuid: "4f2b53aa769a4f00b21ad3762d78d2df" committed_config { opid_index: -1 OBSOLETE_local: false peers { permanent_uuid: "4f2b53aa769a4f00b21ad3762d78d2df" member_type: VOTER last_known_addr { host: "127.11.126.3" port: 33235 } health_report { overall_health: HEALTHY } } peers { permanent_uuid: "b41f005a7e754684bc9b0928e6db2338" member_type: VOTER last_known_addr { host: "127.11.126.1" port: 45313 } health_report { overall_health: UNKNOWN } } peers { permanent_uuid: "0f94b209b2fb4ff1996f8e8e5a4965e4" member_type: VOTER last_known_addr { host: "127.11.126.2" port: 37547 } health_report { overall_health: UNKNOWN } } }
I20260710 11:07:28.440793 12462 raft_consensus.cc:2468] T fe4aa16afd1845fcb5748f54940e2ac5 P 0f94b209b2fb4ff1996f8e8e5a4965e4 [term 1 FOLLOWER]: Leader election vote request: Granting yes vote for candidate 4f2b53aa769a4f00b21ad3762d78d2df in term 1.
I20260710 11:07:28.468000 12584 raft_consensus.cc:515] T 88f2e1eb0ba2407da8f209b43c0acfe2 P 0f94b209b2fb4ff1996f8e8e5a4965e4 [term 1 FOLLOWER]: Starting leader election with config: opid_index: -1 OBSOLETE_local: false peers { permanent_uuid: "b41f005a7e754684bc9b0928e6db2338" member_type: VOTER last_known_addr { host: "127.11.126.1" port: 45313 } } peers { permanent_uuid: "0f94b209b2fb4ff1996f8e8e5a4965e4" member_type: VOTER last_known_addr { host: "127.11.126.2" port: 37547 } } peers { permanent_uuid: "4f2b53aa769a4f00b21ad3762d78d2df" member_type: VOTER last_known_addr { host: "127.11.126.3" port: 33235 } }
I20260710 11:07:28.470685 12388 tablet_service.cc:1917] Received RequestConsensusVote() RPC: tablet_id: "88f2e1eb0ba2407da8f209b43c0acfe2" candidate_uuid: "0f94b209b2fb4ff1996f8e8e5a4965e4" candidate_term: 1 candidate_status { last_received { term: 0 index: 0 } } ignore_live_leader: false dest_uuid: "b41f005a7e754684bc9b0928e6db2338"
W20260710 11:07:28.472404 12426 leader_election.cc:343] T 88f2e1eb0ba2407da8f209b43c0acfe2 P 0f94b209b2fb4ff1996f8e8e5a4965e4 [CANDIDATE]: Term 1 election: Tablet error from VoteRequest() call to peer b41f005a7e754684bc9b0928e6db2338 (127.11.126.1:45313): Illegal state: must be running to vote when last-logged opid is not known
I20260710 11:07:28.472993 12602 raft_consensus.cc:493] T 68b098321a30437c8f2e6443974bf591 P 4f2b53aa769a4f00b21ad3762d78d2df [term 0 FOLLOWER]: Starting pre-election (no leader contacted us within the election timeout)
I20260710 11:07:28.473474 12602 raft_consensus.cc:515] T 68b098321a30437c8f2e6443974bf591 P 4f2b53aa769a4f00b21ad3762d78d2df [term 0 FOLLOWER]: Starting pre-election with config: opid_index: -1 OBSOLETE_local: false peers { permanent_uuid: "b41f005a7e754684bc9b0928e6db2338" member_type: VOTER last_known_addr { host: "127.11.126.1" port: 45313 } } peers { permanent_uuid: "0f94b209b2fb4ff1996f8e8e5a4965e4" member_type: VOTER last_known_addr { host: "127.11.126.2" port: 37547 } } peers { permanent_uuid: "4f2b53aa769a4f00b21ad3762d78d2df" member_type: VOTER last_known_addr { host: "127.11.126.3" port: 33235 } }
I20260710 11:07:28.478561 12462 tablet_service.cc:1917] Received RequestConsensusVote() RPC: tablet_id: "68b098321a30437c8f2e6443974bf591" candidate_uuid: "4f2b53aa769a4f00b21ad3762d78d2df" candidate_term: 1 candidate_status { last_received { term: 0 index: 0 } } ignore_live_leader: false dest_uuid: "0f94b209b2fb4ff1996f8e8e5a4965e4" is_pre_election: true
I20260710 11:07:28.479161 12462 raft_consensus.cc:2468] T 68b098321a30437c8f2e6443974bf591 P 0f94b209b2fb4ff1996f8e8e5a4965e4 [term 0 FOLLOWER]: Leader pre-election vote request: Granting yes vote for candidate 4f2b53aa769a4f00b21ad3762d78d2df in term 0.
I20260710 11:07:28.480199 12501 leader_election.cc:304] T 68b098321a30437c8f2e6443974bf591 P 4f2b53aa769a4f00b21ad3762d78d2df [CANDIDATE]: Term 1 pre-election: Election decided. Result: candidate won. Election summary: received 2 responses out of 3 voters: 2 yes votes; 0 no votes. yes voters: 0f94b209b2fb4ff1996f8e8e5a4965e4, 4f2b53aa769a4f00b21ad3762d78d2df; no voters: 
I20260710 11:07:28.480942 12585 raft_consensus.cc:2804] T 68b098321a30437c8f2e6443974bf591 P 4f2b53aa769a4f00b21ad3762d78d2df [term 0 FOLLOWER]: Leader pre-election won for term 1
I20260710 11:07:28.481304 12585 raft_consensus.cc:493] T 68b098321a30437c8f2e6443974bf591 P 4f2b53aa769a4f00b21ad3762d78d2df [term 0 FOLLOWER]: Starting leader election (no leader contacted us within the election timeout)
I20260710 11:07:28.481645 12585 raft_consensus.cc:3060] T 68b098321a30437c8f2e6443974bf591 P 4f2b53aa769a4f00b21ad3762d78d2df [term 0 FOLLOWER]: Advancing to term 1
I20260710 11:07:28.481964 12602 leader_election.cc:290] T 68b098321a30437c8f2e6443974bf591 P 4f2b53aa769a4f00b21ad3762d78d2df [CANDIDATE]: Term 1 pre-election: Requested pre-vote from peers b41f005a7e754684bc9b0928e6db2338 (127.11.126.1:45313), 0f94b209b2fb4ff1996f8e8e5a4965e4 (127.11.126.2:37547)
I20260710 11:07:28.483572 12578 tablet_bootstrap.cc:492] T 3e99490382b348f18b79e0bd98e108c3 P 4f2b53aa769a4f00b21ad3762d78d2df: No bootstrap required, opened a new log
I20260710 11:07:28.483783 12537 tablet_service.cc:1917] Received RequestConsensusVote() RPC: tablet_id: "88f2e1eb0ba2407da8f209b43c0acfe2" candidate_uuid: "0f94b209b2fb4ff1996f8e8e5a4965e4" candidate_term: 1 candidate_status { last_received { term: 0 index: 0 } } ignore_live_leader: false dest_uuid: "4f2b53aa769a4f00b21ad3762d78d2df"
I20260710 11:07:28.484125 12578 ts_tablet_manager.cc:1403] T 3e99490382b348f18b79e0bd98e108c3 P 4f2b53aa769a4f00b21ad3762d78d2df: Time spent bootstrapping tablet: real 0.118s	user 0.056s	sys 0.049s
I20260710 11:07:28.484508 12537 raft_consensus.cc:3060] T 88f2e1eb0ba2407da8f209b43c0acfe2 P 4f2b53aa769a4f00b21ad3762d78d2df [term 0 FOLLOWER]: Advancing to term 1
I20260710 11:07:28.487277 12578 raft_consensus.cc:359] T 3e99490382b348f18b79e0bd98e108c3 P 4f2b53aa769a4f00b21ad3762d78d2df [term 0 FOLLOWER]: Replica starting. Triggering 0 pending ops. Active config: opid_index: -1 OBSOLETE_local: false peers { permanent_uuid: "b41f005a7e754684bc9b0928e6db2338" member_type: VOTER last_known_addr { host: "127.11.126.1" port: 45313 } } peers { permanent_uuid: "0f94b209b2fb4ff1996f8e8e5a4965e4" member_type: VOTER last_known_addr { host: "127.11.126.2" port: 37547 } } peers { permanent_uuid: "4f2b53aa769a4f00b21ad3762d78d2df" member_type: VOTER last_known_addr { host: "127.11.126.3" port: 33235 } }
I20260710 11:07:28.488004 12578 raft_consensus.cc:385] T 3e99490382b348f18b79e0bd98e108c3 P 4f2b53aa769a4f00b21ad3762d78d2df [term 0 FOLLOWER]: Consensus starting up: Expiring failure detector timer to make a prompt election more likely
I20260710 11:07:28.488340 12578 raft_consensus.cc:740] T 3e99490382b348f18b79e0bd98e108c3 P 4f2b53aa769a4f00b21ad3762d78d2df [term 0 FOLLOWER]: Becoming Follower/Learner. State: Replica: 4f2b53aa769a4f00b21ad3762d78d2df, State: Initialized, Role: FOLLOWER
I20260710 11:07:28.489171 12578 consensus_queue.cc:260] T 3e99490382b348f18b79e0bd98e108c3 P 4f2b53aa769a4f00b21ad3762d78d2df [NON_LEADER]: Queue going to NON_LEADER mode. State: All replicated index: 0, Majority replicated index: 0, Committed index: 0, Last appended: 0.0, Last appended by leader: 0, Current term: 0, Majority size: -1, State: 0, Mode: NON_LEADER, active raft config: opid_index: -1 OBSOLETE_local: false peers { permanent_uuid: "b41f005a7e754684bc9b0928e6db2338" member_type: VOTER last_known_addr { host: "127.11.126.1" port: 45313 } } peers { permanent_uuid: "0f94b209b2fb4ff1996f8e8e5a4965e4" member_type: VOTER last_known_addr { host: "127.11.126.2" port: 37547 } } peers { permanent_uuid: "4f2b53aa769a4f00b21ad3762d78d2df" member_type: VOTER last_known_addr { host: "127.11.126.3" port: 33235 } }
I20260710 11:07:28.491078 12537 raft_consensus.cc:2468] T 88f2e1eb0ba2407da8f209b43c0acfe2 P 4f2b53aa769a4f00b21ad3762d78d2df [term 1 FOLLOWER]: Leader election vote request: Granting yes vote for candidate 0f94b209b2fb4ff1996f8e8e5a4965e4 in term 1.
I20260710 11:07:28.491370 12578 ts_tablet_manager.cc:1434] T 3e99490382b348f18b79e0bd98e108c3 P 4f2b53aa769a4f00b21ad3762d78d2df: Time spent starting tablet: real 0.007s	user 0.005s	sys 0.000s
I20260710 11:07:28.492154 12427 leader_election.cc:304] T 88f2e1eb0ba2407da8f209b43c0acfe2 P 0f94b209b2fb4ff1996f8e8e5a4965e4 [CANDIDATE]: Term 1 election: Election decided. Result: candidate won. Election summary: received 3 responses out of 3 voters: 2 yes votes; 1 no votes. yes voters: 0f94b209b2fb4ff1996f8e8e5a4965e4, 4f2b53aa769a4f00b21ad3762d78d2df; no voters: b41f005a7e754684bc9b0928e6db2338
I20260710 11:07:28.492852 12578 tablet_bootstrap.cc:492] T 4b59c78026174dabaa8f030e8fffb6fc P 4f2b53aa769a4f00b21ad3762d78d2df: Bootstrap starting.
I20260710 11:07:28.494158 12585 raft_consensus.cc:515] T 68b098321a30437c8f2e6443974bf591 P 4f2b53aa769a4f00b21ad3762d78d2df [term 1 FOLLOWER]: Starting leader election with config: opid_index: -1 OBSOLETE_local: false peers { permanent_uuid: "b41f005a7e754684bc9b0928e6db2338" member_type: VOTER last_known_addr { host: "127.11.126.1" port: 45313 } } peers { permanent_uuid: "0f94b209b2fb4ff1996f8e8e5a4965e4" member_type: VOTER last_known_addr { host: "127.11.126.2" port: 37547 } } peers { permanent_uuid: "4f2b53aa769a4f00b21ad3762d78d2df" member_type: VOTER last_known_addr { host: "127.11.126.3" port: 33235 } }
I20260710 11:07:28.497764 12584 leader_election.cc:290] T 88f2e1eb0ba2407da8f209b43c0acfe2 P 0f94b209b2fb4ff1996f8e8e5a4965e4 [CANDIDATE]: Term 1 election: Requested vote from peers b41f005a7e754684bc9b0928e6db2338 (127.11.126.1:45313), 4f2b53aa769a4f00b21ad3762d78d2df (127.11.126.3:33235)
I20260710 11:07:28.498292 12584 raft_consensus.cc:2804] T 88f2e1eb0ba2407da8f209b43c0acfe2 P 0f94b209b2fb4ff1996f8e8e5a4965e4 [term 1 FOLLOWER]: Leader election won for term 1
I20260710 11:07:28.498713 12584 raft_consensus.cc:697] T 88f2e1eb0ba2407da8f209b43c0acfe2 P 0f94b209b2fb4ff1996f8e8e5a4965e4 [term 1 LEADER]: Becoming Leader. State: Replica: 0f94b209b2fb4ff1996f8e8e5a4965e4, State: Running, Role: LEADER
I20260710 11:07:28.499482 12584 consensus_queue.cc:237] T 88f2e1eb0ba2407da8f209b43c0acfe2 P 0f94b209b2fb4ff1996f8e8e5a4965e4 [LEADER]: Queue going to LEADER mode. State: All replicated index: 0, Majority replicated index: 0, Committed index: 0, Last appended: 0.0, Last appended by leader: 0, Current term: 1, Majority size: 2, State: 0, Mode: LEADER, active raft config: opid_index: -1 OBSOLETE_local: false peers { permanent_uuid: "b41f005a7e754684bc9b0928e6db2338" member_type: VOTER last_known_addr { host: "127.11.126.1" port: 45313 } } peers { permanent_uuid: "0f94b209b2fb4ff1996f8e8e5a4965e4" member_type: VOTER last_known_addr { host: "127.11.126.2" port: 37547 } } peers { permanent_uuid: "4f2b53aa769a4f00b21ad3762d78d2df" member_type: VOTER last_known_addr { host: "127.11.126.3" port: 33235 } }
I20260710 11:07:28.499876 12578 tablet_bootstrap.cc:654] T 4b59c78026174dabaa8f030e8fffb6fc P 4f2b53aa769a4f00b21ad3762d78d2df: Neither blocks nor log segments found. Creating new log.
I20260710 11:07:28.503189 12388 tablet_service.cc:1917] Received RequestConsensusVote() RPC: tablet_id: "68b098321a30437c8f2e6443974bf591" candidate_uuid: "4f2b53aa769a4f00b21ad3762d78d2df" candidate_term: 1 candidate_status { last_received { term: 0 index: 0 } } ignore_live_leader: false dest_uuid: "b41f005a7e754684bc9b0928e6db2338" is_pre_election: true
I20260710 11:07:28.503799 12388 raft_consensus.cc:2468] T 68b098321a30437c8f2e6443974bf591 P b41f005a7e754684bc9b0928e6db2338 [term 0 FOLLOWER]: Leader pre-election vote request: Granting yes vote for candidate 4f2b53aa769a4f00b21ad3762d78d2df in term 0.
I20260710 11:07:28.503779 12577 ts_tablet_manager.cc:1434] T 4b59c78026174dabaa8f030e8fffb6fc P b41f005a7e754684bc9b0928e6db2338: Time spent starting tablet: real 0.067s	user 0.020s	sys 0.019s
I20260710 11:07:28.505546 12577 tablet_bootstrap.cc:492] T 88f2e1eb0ba2407da8f209b43c0acfe2 P b41f005a7e754684bc9b0928e6db2338: Bootstrap starting.
I20260710 11:07:28.506819 12585 leader_election.cc:290] T 68b098321a30437c8f2e6443974bf591 P 4f2b53aa769a4f00b21ad3762d78d2df [CANDIDATE]: Term 1 election: Requested vote from peers b41f005a7e754684bc9b0928e6db2338 (127.11.126.1:45313), 0f94b209b2fb4ff1996f8e8e5a4965e4 (127.11.126.2:37547)
I20260710 11:07:28.507818 12462 tablet_service.cc:1917] Received RequestConsensusVote() RPC: tablet_id: "68b098321a30437c8f2e6443974bf591" candidate_uuid: "4f2b53aa769a4f00b21ad3762d78d2df" candidate_term: 1 candidate_status { last_received { term: 0 index: 0 } } ignore_live_leader: false dest_uuid: "0f94b209b2fb4ff1996f8e8e5a4965e4"
I20260710 11:07:28.508361 12462 raft_consensus.cc:3060] T 68b098321a30437c8f2e6443974bf591 P 0f94b209b2fb4ff1996f8e8e5a4965e4 [term 0 FOLLOWER]: Advancing to term 1
I20260710 11:07:28.510353 12388 tablet_service.cc:1917] Received RequestConsensusVote() RPC: tablet_id: "68b098321a30437c8f2e6443974bf591" candidate_uuid: "4f2b53aa769a4f00b21ad3762d78d2df" candidate_term: 1 candidate_status { last_received { term: 0 index: 0 } } ignore_live_leader: false dest_uuid: "b41f005a7e754684bc9b0928e6db2338"
I20260710 11:07:28.510926 12388 raft_consensus.cc:3060] T 68b098321a30437c8f2e6443974bf591 P b41f005a7e754684bc9b0928e6db2338 [term 0 FOLLOWER]: Advancing to term 1
I20260710 11:07:28.515676 12462 raft_consensus.cc:2468] T 68b098321a30437c8f2e6443974bf591 P 0f94b209b2fb4ff1996f8e8e5a4965e4 [term 1 FOLLOWER]: Leader election vote request: Granting yes vote for candidate 4f2b53aa769a4f00b21ad3762d78d2df in term 1.
I20260710 11:07:28.516906 12501 leader_election.cc:304] T 68b098321a30437c8f2e6443974bf591 P 4f2b53aa769a4f00b21ad3762d78d2df [CANDIDATE]: Term 1 election: Election decided. Result: candidate won. Election summary: received 2 responses out of 3 voters: 2 yes votes; 0 no votes. yes voters: 0f94b209b2fb4ff1996f8e8e5a4965e4, 4f2b53aa769a4f00b21ad3762d78d2df; no voters: 
I20260710 11:07:28.517613 12388 raft_consensus.cc:2468] T 68b098321a30437c8f2e6443974bf591 P b41f005a7e754684bc9b0928e6db2338 [term 1 FOLLOWER]: Leader election vote request: Granting yes vote for candidate 4f2b53aa769a4f00b21ad3762d78d2df in term 1.
I20260710 11:07:28.517863 12585 raft_consensus.cc:2804] T 68b098321a30437c8f2e6443974bf591 P 4f2b53aa769a4f00b21ad3762d78d2df [term 1 FOLLOWER]: Leader election won for term 1
I20260710 11:07:28.518911 12585 raft_consensus.cc:697] T 68b098321a30437c8f2e6443974bf591 P 4f2b53aa769a4f00b21ad3762d78d2df [term 1 LEADER]: Becoming Leader. State: Replica: 4f2b53aa769a4f00b21ad3762d78d2df, State: Running, Role: LEADER
I20260710 11:07:28.519774 12585 consensus_queue.cc:237] T 68b098321a30437c8f2e6443974bf591 P 4f2b53aa769a4f00b21ad3762d78d2df [LEADER]: Queue going to LEADER mode. State: All replicated index: 0, Majority replicated index: 0, Committed index: 0, Last appended: 0.0, Last appended by leader: 0, Current term: 1, Majority size: 2, State: 0, Mode: LEADER, active raft config: opid_index: -1 OBSOLETE_local: false peers { permanent_uuid: "b41f005a7e754684bc9b0928e6db2338" member_type: VOTER last_known_addr { host: "127.11.126.1" port: 45313 } } peers { permanent_uuid: "0f94b209b2fb4ff1996f8e8e5a4965e4" member_type: VOTER last_known_addr { host: "127.11.126.2" port: 37547 } } peers { permanent_uuid: "4f2b53aa769a4f00b21ad3762d78d2df" member_type: VOTER last_known_addr { host: "127.11.126.3" port: 33235 } }
I20260710 11:07:28.524411 12537 tablet_service.cc:1917] Received RequestConsensusVote() RPC: tablet_id: "328b093664414f13be1fcfa144b682c0" candidate_uuid: "b41f005a7e754684bc9b0928e6db2338" candidate_term: 1 candidate_status { last_received { term: 0 index: 0 } } ignore_live_leader: false dest_uuid: "4f2b53aa769a4f00b21ad3762d78d2df" is_pre_election: true
W20260710 11:07:28.525965 12352 leader_election.cc:343] T 328b093664414f13be1fcfa144b682c0 P b41f005a7e754684bc9b0928e6db2338 [CANDIDATE]: Term 1 pre-election: Tablet error from VoteRequest() call to peer 4f2b53aa769a4f00b21ad3762d78d2df (127.11.126.3:33235): Illegal state: must be running to vote when last-logged opid is not known
I20260710 11:07:28.528842 12577 tablet_bootstrap.cc:654] T 88f2e1eb0ba2407da8f209b43c0acfe2 P b41f005a7e754684bc9b0928e6db2338: Neither blocks nor log segments found. Creating new log.
I20260710 11:07:28.535039 12578 tablet_bootstrap.cc:492] T 4b59c78026174dabaa8f030e8fffb6fc P 4f2b53aa769a4f00b21ad3762d78d2df: No bootstrap required, opened a new log
I20260710 11:07:28.535581 12578 ts_tablet_manager.cc:1403] T 4b59c78026174dabaa8f030e8fffb6fc P 4f2b53aa769a4f00b21ad3762d78d2df: Time spent bootstrapping tablet: real 0.043s	user 0.025s	sys 0.010s
I20260710 11:07:28.538475 12578 raft_consensus.cc:359] T 4b59c78026174dabaa8f030e8fffb6fc P 4f2b53aa769a4f00b21ad3762d78d2df [term 0 FOLLOWER]: Replica starting. Triggering 0 pending ops. Active config: opid_index: -1 OBSOLETE_local: false peers { permanent_uuid: "b41f005a7e754684bc9b0928e6db2338" member_type: VOTER last_known_addr { host: "127.11.126.1" port: 45313 } } peers { permanent_uuid: "0f94b209b2fb4ff1996f8e8e5a4965e4" member_type: VOTER last_known_addr { host: "127.11.126.2" port: 37547 } } peers { permanent_uuid: "4f2b53aa769a4f00b21ad3762d78d2df" member_type: VOTER last_known_addr { host: "127.11.126.3" port: 33235 } }
I20260710 11:07:28.539180 12578 raft_consensus.cc:385] T 4b59c78026174dabaa8f030e8fffb6fc P 4f2b53aa769a4f00b21ad3762d78d2df [term 0 FOLLOWER]: Consensus starting up: Expiring failure detector timer to make a prompt election more likely
I20260710 11:07:28.539505 12578 raft_consensus.cc:740] T 4b59c78026174dabaa8f030e8fffb6fc P 4f2b53aa769a4f00b21ad3762d78d2df [term 0 FOLLOWER]: Becoming Follower/Learner. State: Replica: 4f2b53aa769a4f00b21ad3762d78d2df, State: Initialized, Role: FOLLOWER
I20260710 11:07:28.539952 12577 tablet_bootstrap.cc:492] T 88f2e1eb0ba2407da8f209b43c0acfe2 P b41f005a7e754684bc9b0928e6db2338: No bootstrap required, opened a new log
I20260710 11:07:28.540403 12577 ts_tablet_manager.cc:1403] T 88f2e1eb0ba2407da8f209b43c0acfe2 P b41f005a7e754684bc9b0928e6db2338: Time spent bootstrapping tablet: real 0.035s	user 0.011s	sys 0.003s
I20260710 11:07:28.540267 12578 consensus_queue.cc:260] T 4b59c78026174dabaa8f030e8fffb6fc P 4f2b53aa769a4f00b21ad3762d78d2df [NON_LEADER]: Queue going to NON_LEADER mode. State: All replicated index: 0, Majority replicated index: 0, Committed index: 0, Last appended: 0.0, Last appended by leader: 0, Current term: 0, Majority size: -1, State: 0, Mode: NON_LEADER, active raft config: opid_index: -1 OBSOLETE_local: false peers { permanent_uuid: "b41f005a7e754684bc9b0928e6db2338" member_type: VOTER last_known_addr { host: "127.11.126.1" port: 45313 } } peers { permanent_uuid: "0f94b209b2fb4ff1996f8e8e5a4965e4" member_type: VOTER last_known_addr { host: "127.11.126.2" port: 37547 } } peers { permanent_uuid: "4f2b53aa769a4f00b21ad3762d78d2df" member_type: VOTER last_known_addr { host: "127.11.126.3" port: 33235 } }
I20260710 11:07:28.542557 12578 ts_tablet_manager.cc:1434] T 4b59c78026174dabaa8f030e8fffb6fc P 4f2b53aa769a4f00b21ad3762d78d2df: Time spent starting tablet: real 0.007s	user 0.005s	sys 0.000s
I20260710 11:07:28.543483 12578 tablet_bootstrap.cc:492] T 523c11f8fb824b0fbcd2648194462a38 P 4f2b53aa769a4f00b21ad3762d78d2df: Bootstrap starting.
I20260710 11:07:28.543171 12577 raft_consensus.cc:359] T 88f2e1eb0ba2407da8f209b43c0acfe2 P b41f005a7e754684bc9b0928e6db2338 [term 0 FOLLOWER]: Replica starting. Triggering 0 pending ops. Active config: opid_index: -1 OBSOLETE_local: false peers { permanent_uuid: "b41f005a7e754684bc9b0928e6db2338" member_type: VOTER last_known_addr { host: "127.11.126.1" port: 45313 } } peers { permanent_uuid: "0f94b209b2fb4ff1996f8e8e5a4965e4" member_type: VOTER last_known_addr { host: "127.11.126.2" port: 37547 } } peers { permanent_uuid: "4f2b53aa769a4f00b21ad3762d78d2df" member_type: VOTER last_known_addr { host: "127.11.126.3" port: 33235 } }
I20260710 11:07:28.543831 12577 raft_consensus.cc:385] T 88f2e1eb0ba2407da8f209b43c0acfe2 P b41f005a7e754684bc9b0928e6db2338 [term 0 FOLLOWER]: Consensus starting up: Expiring failure detector timer to make a prompt election more likely
I20260710 11:07:28.544112 12577 raft_consensus.cc:740] T 88f2e1eb0ba2407da8f209b43c0acfe2 P b41f005a7e754684bc9b0928e6db2338 [term 0 FOLLOWER]: Becoming Follower/Learner. State: Replica: b41f005a7e754684bc9b0928e6db2338, State: Initialized, Role: FOLLOWER
I20260710 11:07:28.544241 12286 catalog_manager.cc:5697] T 68b098321a30437c8f2e6443974bf591 P 4f2b53aa769a4f00b21ad3762d78d2df reported cstate change: term changed from 0 to 1, leader changed from <none> to 4f2b53aa769a4f00b21ad3762d78d2df (127.11.126.3). New cstate: current_term: 1 leader_uuid: "4f2b53aa769a4f00b21ad3762d78d2df" committed_config { opid_index: -1 OBSOLETE_local: false peers { permanent_uuid: "b41f005a7e754684bc9b0928e6db2338" member_type: VOTER last_known_addr { host: "127.11.126.1" port: 45313 } health_report { overall_health: UNKNOWN } } peers { permanent_uuid: "0f94b209b2fb4ff1996f8e8e5a4965e4" member_type: VOTER last_known_addr { host: "127.11.126.2" port: 37547 } health_report { overall_health: UNKNOWN } } peers { permanent_uuid: "4f2b53aa769a4f00b21ad3762d78d2df" member_type: VOTER last_known_addr { host: "127.11.126.3" port: 33235 } health_report { overall_health: HEALTHY } } }
I20260710 11:07:28.545168 12577 consensus_queue.cc:260] T 88f2e1eb0ba2407da8f209b43c0acfe2 P b41f005a7e754684bc9b0928e6db2338 [NON_LEADER]: Queue going to NON_LEADER mode. State: All replicated index: 0, Majority replicated index: 0, Committed index: 0, Last appended: 0.0, Last appended by leader: 0, Current term: 0, Majority size: -1, State: 0, Mode: NON_LEADER, active raft config: opid_index: -1 OBSOLETE_local: false peers { permanent_uuid: "b41f005a7e754684bc9b0928e6db2338" member_type: VOTER last_known_addr { host: "127.11.126.1" port: 45313 } } peers { permanent_uuid: "0f94b209b2fb4ff1996f8e8e5a4965e4" member_type: VOTER last_known_addr { host: "127.11.126.2" port: 37547 } } peers { permanent_uuid: "4f2b53aa769a4f00b21ad3762d78d2df" member_type: VOTER last_known_addr { host: "127.11.126.3" port: 33235 } }
I20260710 11:07:28.549315 12577 ts_tablet_manager.cc:1434] T 88f2e1eb0ba2407da8f209b43c0acfe2 P b41f005a7e754684bc9b0928e6db2338: Time spent starting tablet: real 0.009s	user 0.007s	sys 0.000s
I20260710 11:07:28.550211 12578 tablet_bootstrap.cc:654] T 523c11f8fb824b0fbcd2648194462a38 P 4f2b53aa769a4f00b21ad3762d78d2df: Neither blocks nor log segments found. Creating new log.
I20260710 11:07:28.550235 12577 tablet_bootstrap.cc:492] T 523c11f8fb824b0fbcd2648194462a38 P b41f005a7e754684bc9b0928e6db2338: Bootstrap starting.
W20260710 11:07:28.553007 12427 outbound_call.cc:321] RPC callback for RPC call kudu.consensus.ConsensusService.RequestConsensusVote -> {remote=127.11.126.3:33235, user_credentials={real_user=slave}} blocked reactor thread for 60914.3us
I20260710 11:07:28.557283 12461 tablet_service.cc:1917] Received RequestConsensusVote() RPC: tablet_id: "328b093664414f13be1fcfa144b682c0" candidate_uuid: "b41f005a7e754684bc9b0928e6db2338" candidate_term: 1 candidate_status { last_received { term: 0 index: 0 } } ignore_live_leader: false dest_uuid: "0f94b209b2fb4ff1996f8e8e5a4965e4" is_pre_election: true
I20260710 11:07:28.559439 12577 tablet_bootstrap.cc:654] T 523c11f8fb824b0fbcd2648194462a38 P b41f005a7e754684bc9b0928e6db2338: Neither blocks nor log segments found. Creating new log.
W20260710 11:07:28.563438 12352 leader_election.cc:343] T 328b093664414f13be1fcfa144b682c0 P b41f005a7e754684bc9b0928e6db2338 [CANDIDATE]: Term 1 pre-election: Tablet error from VoteRequest() call to peer 0f94b209b2fb4ff1996f8e8e5a4965e4 (127.11.126.2:37547): Illegal state: must be running to vote when last-logged opid is not known
I20260710 11:07:28.563896 12352 leader_election.cc:304] T 328b093664414f13be1fcfa144b682c0 P b41f005a7e754684bc9b0928e6db2338 [CANDIDATE]: Term 1 pre-election: Election decided. Result: candidate lost. Election summary: received 3 responses out of 3 voters: 1 yes votes; 2 no votes. yes voters: b41f005a7e754684bc9b0928e6db2338; no voters: 0f94b209b2fb4ff1996f8e8e5a4965e4, 4f2b53aa769a4f00b21ad3762d78d2df
I20260710 11:07:28.564816 12606 raft_consensus.cc:2749] T 328b093664414f13be1fcfa144b682c0 P b41f005a7e754684bc9b0928e6db2338 [term 0 FOLLOWER]: Leader pre-election lost for term 1. Reason: could not achieve majority
I20260710 11:07:28.562757 12611 raft_consensus.cc:493] T 3e99490382b348f18b79e0bd98e108c3 P 0f94b209b2fb4ff1996f8e8e5a4965e4 [term 0 FOLLOWER]: Starting pre-election (no leader contacted us within the election timeout)
I20260710 11:07:28.567732 12579 tablet_bootstrap.cc:492] T 4b59c78026174dabaa8f030e8fffb6fc P 0f94b209b2fb4ff1996f8e8e5a4965e4: No bootstrap required, opened a new log
I20260710 11:07:28.569118 12579 ts_tablet_manager.cc:1403] T 4b59c78026174dabaa8f030e8fffb6fc P 0f94b209b2fb4ff1996f8e8e5a4965e4: Time spent bootstrapping tablet: real 0.156s	user 0.028s	sys 0.035s
I20260710 11:07:28.569473 12578 tablet_bootstrap.cc:492] T 523c11f8fb824b0fbcd2648194462a38 P 4f2b53aa769a4f00b21ad3762d78d2df: No bootstrap required, opened a new log
I20260710 11:07:28.569888 12578 ts_tablet_manager.cc:1403] T 523c11f8fb824b0fbcd2648194462a38 P 4f2b53aa769a4f00b21ad3762d78d2df: Time spent bootstrapping tablet: real 0.027s	user 0.012s	sys 0.000s
I20260710 11:07:28.571849 12579 raft_consensus.cc:359] T 4b59c78026174dabaa8f030e8fffb6fc P 0f94b209b2fb4ff1996f8e8e5a4965e4 [term 0 FOLLOWER]: Replica starting. Triggering 0 pending ops. Active config: opid_index: -1 OBSOLETE_local: false peers { permanent_uuid: "b41f005a7e754684bc9b0928e6db2338" member_type: VOTER last_known_addr { host: "127.11.126.1" port: 45313 } } peers { permanent_uuid: "0f94b209b2fb4ff1996f8e8e5a4965e4" member_type: VOTER last_known_addr { host: "127.11.126.2" port: 37547 } } peers { permanent_uuid: "4f2b53aa769a4f00b21ad3762d78d2df" member_type: VOTER last_known_addr { host: "127.11.126.3" port: 33235 } }
I20260710 11:07:28.571727 12286 catalog_manager.cc:5697] T 88f2e1eb0ba2407da8f209b43c0acfe2 P 0f94b209b2fb4ff1996f8e8e5a4965e4 reported cstate change: term changed from 0 to 1, leader changed from <none> to 0f94b209b2fb4ff1996f8e8e5a4965e4 (127.11.126.2). New cstate: current_term: 1 leader_uuid: "0f94b209b2fb4ff1996f8e8e5a4965e4" committed_config { opid_index: -1 OBSOLETE_local: false peers { permanent_uuid: "b41f005a7e754684bc9b0928e6db2338" member_type: VOTER last_known_addr { host: "127.11.126.1" port: 45313 } health_report { overall_health: UNKNOWN } } peers { permanent_uuid: "0f94b209b2fb4ff1996f8e8e5a4965e4" member_type: VOTER last_known_addr { host: "127.11.126.2" port: 37547 } health_report { overall_health: HEALTHY } } peers { permanent_uuid: "4f2b53aa769a4f00b21ad3762d78d2df" member_type: VOTER last_known_addr { host: "127.11.126.3" port: 33235 } health_report { overall_health: UNKNOWN } } }
I20260710 11:07:28.572481 12578 raft_consensus.cc:359] T 523c11f8fb824b0fbcd2648194462a38 P 4f2b53aa769a4f00b21ad3762d78d2df [term 0 FOLLOWER]: Replica starting. Triggering 0 pending ops. Active config: opid_index: -1 OBSOLETE_local: false peers { permanent_uuid: "b41f005a7e754684bc9b0928e6db2338" member_type: VOTER last_known_addr { host: "127.11.126.1" port: 45313 } } peers { permanent_uuid: "0f94b209b2fb4ff1996f8e8e5a4965e4" member_type: VOTER last_known_addr { host: "127.11.126.2" port: 37547 } } peers { permanent_uuid: "4f2b53aa769a4f00b21ad3762d78d2df" member_type: VOTER last_known_addr { host: "127.11.126.3" port: 33235 } }
I20260710 11:07:28.572656 12611 raft_consensus.cc:515] T 3e99490382b348f18b79e0bd98e108c3 P 0f94b209b2fb4ff1996f8e8e5a4965e4 [term 0 FOLLOWER]: Starting pre-election with config: opid_index: -1 OBSOLETE_local: false peers { permanent_uuid: "b41f005a7e754684bc9b0928e6db2338" member_type: VOTER last_known_addr { host: "127.11.126.1" port: 45313 } } peers { permanent_uuid: "0f94b209b2fb4ff1996f8e8e5a4965e4" member_type: VOTER last_known_addr { host: "127.11.126.2" port: 37547 } } peers { permanent_uuid: "4f2b53aa769a4f00b21ad3762d78d2df" member_type: VOTER last_known_addr { host: "127.11.126.3" port: 33235 } }
I20260710 11:07:28.573187 12578 raft_consensus.cc:385] T 523c11f8fb824b0fbcd2648194462a38 P 4f2b53aa769a4f00b21ad3762d78d2df [term 0 FOLLOWER]: Consensus starting up: Expiring failure detector timer to make a prompt election more likely
I20260710 11:07:28.573645 12578 raft_consensus.cc:740] T 523c11f8fb824b0fbcd2648194462a38 P 4f2b53aa769a4f00b21ad3762d78d2df [term 0 FOLLOWER]: Becoming Follower/Learner. State: Replica: 4f2b53aa769a4f00b21ad3762d78d2df, State: Initialized, Role: FOLLOWER
I20260710 11:07:28.574399 12578 consensus_queue.cc:260] T 523c11f8fb824b0fbcd2648194462a38 P 4f2b53aa769a4f00b21ad3762d78d2df [NON_LEADER]: Queue going to NON_LEADER mode. State: All replicated index: 0, Majority replicated index: 0, Committed index: 0, Last appended: 0.0, Last appended by leader: 0, Current term: 0, Majority size: -1, State: 0, Mode: NON_LEADER, active raft config: opid_index: -1 OBSOLETE_local: false peers { permanent_uuid: "b41f005a7e754684bc9b0928e6db2338" member_type: VOTER last_known_addr { host: "127.11.126.1" port: 45313 } } peers { permanent_uuid: "0f94b209b2fb4ff1996f8e8e5a4965e4" member_type: VOTER last_known_addr { host: "127.11.126.2" port: 37547 } } peers { permanent_uuid: "4f2b53aa769a4f00b21ad3762d78d2df" member_type: VOTER last_known_addr { host: "127.11.126.3" port: 33235 } }
