I20260710 10:59:55.372593 32402 raft_consensus.cc:2243] T 2dd520f7b1574b9584f61e542b61f954 P 14e79a932d87431393ab8ae15971ce03 [term 5 FOLLOWER]: Raft consensus shutting down.
I20260710 10:59:55.372997 32402 raft_consensus.cc:2272] T 2dd520f7b1574b9584f61e542b61f954 P 14e79a932d87431393ab8ae15971ce03 [term 5 FOLLOWER]: Raft consensus is shut down!
I20260710 10:59:55.374863 32402 tablet_replica.cc:333] T abd2bd27f5214835b0f14c5262c780a8 P 14e79a932d87431393ab8ae15971ce03: stopping tablet replica
I20260710 10:59:55.375356 32402 raft_consensus.cc:2243] T abd2bd27f5214835b0f14c5262c780a8 P 14e79a932d87431393ab8ae15971ce03 [term 5 FOLLOWER]: Raft consensus shutting down.
I20260710 10:59:55.375787 32402 raft_consensus.cc:2272] T abd2bd27f5214835b0f14c5262c780a8 P 14e79a932d87431393ab8ae15971ce03 [term 5 FOLLOWER]: Raft consensus is shut down!
I20260710 10:59:55.377784 32402 tablet_replica.cc:333] T 9e426cdcb48e4f5193668fda6832cfe8 P 14e79a932d87431393ab8ae15971ce03: stopping tablet replica
I20260710 10:59:55.378293 32402 raft_consensus.cc:2243] T 9e426cdcb48e4f5193668fda6832cfe8 P 14e79a932d87431393ab8ae15971ce03 [term 1 LEADER]: Raft consensus shutting down.
I20260710 10:59:55.378919 32402 raft_consensus.cc:2272] T 9e426cdcb48e4f5193668fda6832cfe8 P 14e79a932d87431393ab8ae15971ce03 [term 1 FOLLOWER]: Raft consensus is shut down!
I20260710 10:59:55.380398 32402 tablet_replica.cc:333] T 044bba60102948fa8ca64404d24c0325 P 14e79a932d87431393ab8ae15971ce03: stopping tablet replica
I20260710 10:59:55.380784 32402 raft_consensus.cc:2243] T 044bba60102948fa8ca64404d24c0325 P 14e79a932d87431393ab8ae15971ce03 [term 3 LEADER]: Raft consensus shutting down.
I20260710 10:59:55.381417 32402 raft_consensus.cc:2272] T 044bba60102948fa8ca64404d24c0325 P 14e79a932d87431393ab8ae15971ce03 [term 3 FOLLOWER]: Raft consensus is shut down!
I20260710 10:59:55.382870 32402 tablet_replica.cc:333] T 096c59a66ece4901b0b3e7bd250b7361 P 14e79a932d87431393ab8ae15971ce03: stopping tablet replica
I20260710 10:59:55.383270 32402 raft_consensus.cc:2243] T 096c59a66ece4901b0b3e7bd250b7361 P 14e79a932d87431393ab8ae15971ce03 [term 3 LEADER]: Raft consensus shutting down.
I20260710 10:59:55.383941 32402 raft_consensus.cc:2272] T 096c59a66ece4901b0b3e7bd250b7361 P 14e79a932d87431393ab8ae15971ce03 [term 3 FOLLOWER]: Raft consensus is shut down!
I20260710 10:59:55.385325 32402 tablet_replica.cc:333] T 308107b5cff84e9dab684e4daa4d0938 P 14e79a932d87431393ab8ae15971ce03: stopping tablet replica
I20260710 10:59:55.385869 32402 raft_consensus.cc:2243] T 308107b5cff84e9dab684e4daa4d0938 P 14e79a932d87431393ab8ae15971ce03 [term 1 FOLLOWER]: Raft consensus shutting down.
I20260710 10:59:55.386404 32402 raft_consensus.cc:2272] T 308107b5cff84e9dab684e4daa4d0938 P 14e79a932d87431393ab8ae15971ce03 [term 1 FOLLOWER]: Raft consensus is shut down!
I20260710 10:59:55.388055 32402 tablet_replica.cc:333] T 6e644ffd0acf4fd3b543eb4ff4d09b80 P 14e79a932d87431393ab8ae15971ce03: stopping tablet replica
I20260710 10:59:55.388505 32402 raft_consensus.cc:2243] T 6e644ffd0acf4fd3b543eb4ff4d09b80 P 14e79a932d87431393ab8ae15971ce03 [term 3 FOLLOWER]: Raft consensus shutting down.
I20260710 10:59:55.388885 32402 raft_consensus.cc:2272] T 6e644ffd0acf4fd3b543eb4ff4d09b80 P 14e79a932d87431393ab8ae15971ce03 [term 3 FOLLOWER]: Raft consensus is shut down!
I20260710 10:59:55.390616 32402 tablet_replica.cc:333] T d8257074dc074d00bcd1d9737f9f8a85 P 14e79a932d87431393ab8ae15971ce03: stopping tablet replica
I20260710 10:59:55.391048 32402 raft_consensus.cc:2243] T d8257074dc074d00bcd1d9737f9f8a85 P 14e79a932d87431393ab8ae15971ce03 [term 3 FOLLOWER]: Raft consensus shutting down.
I20260710 10:59:55.391399 32402 raft_consensus.cc:2272] T d8257074dc074d00bcd1d9737f9f8a85 P 14e79a932d87431393ab8ae15971ce03 [term 3 FOLLOWER]: Raft consensus is shut down!
I20260710 10:59:55.393237 32402 tablet_replica.cc:333] T 0ef76635a9164c569465e0033c5452a9 P 14e79a932d87431393ab8ae15971ce03: stopping tablet replica
I20260710 10:59:55.393651 32402 raft_consensus.cc:2243] T 0ef76635a9164c569465e0033c5452a9 P 14e79a932d87431393ab8ae15971ce03 [term 3 FOLLOWER]: Raft consensus shutting down.
I20260710 10:59:55.394012 32402 raft_consensus.cc:2272] T 0ef76635a9164c569465e0033c5452a9 P 14e79a932d87431393ab8ae15971ce03 [term 3 FOLLOWER]: Raft consensus is shut down!
W20260710 10:59:55.411859 32650 consensus_peers.cc:597] T 6e644ffd0acf4fd3b543eb4ff4d09b80 P ff8416246d7f4ad29dacb03f40d9fe4c -> Peer 09d94070a8a54f68aab815d626d630c1 (127.31.164.129:46523): Couldn't send request to peer 09d94070a8a54f68aab815d626d630c1. Status: Network error: Client connection negotiation failed: client connection to 127.31.164.129:46523: connect: Connection refused (error 111). This is attempt 1: this message will repeat every 5th retry.
I20260710 10:59:55.420254 32402 tablet_server.cc:196] TabletServer@127.31.164.130:0 shutdown complete.
I20260710 10:59:55.436472 32402 tablet_server.cc:179] TabletServer@127.31.164.131:0 shutting down...
I20260710 10:59:55.459115 32402 ts_tablet_manager.cc:1507] Shutting down tablet manager...
I20260710 10:59:55.459791 32402 tablet_replica.cc:333] T abd2bd27f5214835b0f14c5262c780a8 P ff8416246d7f4ad29dacb03f40d9fe4c: stopping tablet replica
I20260710 10:59:55.460343 32402 raft_consensus.cc:2243] T abd2bd27f5214835b0f14c5262c780a8 P ff8416246d7f4ad29dacb03f40d9fe4c [term 5 FOLLOWER]: Raft consensus shutting down.
I20260710 10:59:55.460776 32402 raft_consensus.cc:2272] T abd2bd27f5214835b0f14c5262c780a8 P ff8416246d7f4ad29dacb03f40d9fe4c [term 5 FOLLOWER]: Raft consensus is shut down!
I20260710 10:59:55.462792 32402 tablet_replica.cc:333] T 308107b5cff84e9dab684e4daa4d0938 P ff8416246d7f4ad29dacb03f40d9fe4c: stopping tablet replica
I20260710 10:59:55.463284 32402 raft_consensus.cc:2243] T 308107b5cff84e9dab684e4daa4d0938 P ff8416246d7f4ad29dacb03f40d9fe4c [term 1 LEADER]: Raft consensus shutting down.
I20260710 10:59:55.464051 32402 raft_consensus.cc:2272] T 308107b5cff84e9dab684e4daa4d0938 P ff8416246d7f4ad29dacb03f40d9fe4c [term 1 FOLLOWER]: Raft consensus is shut down!
I20260710 10:59:55.465708 32402 tablet_replica.cc:333] T 2dd520f7b1574b9584f61e542b61f954 P ff8416246d7f4ad29dacb03f40d9fe4c: stopping tablet replica
I20260710 10:59:55.466216 32402 raft_consensus.cc:2243] T 2dd520f7b1574b9584f61e542b61f954 P ff8416246d7f4ad29dacb03f40d9fe4c [term 5 FOLLOWER]: Raft consensus shutting down.
I20260710 10:59:55.466626 32402 raft_consensus.cc:2272] T 2dd520f7b1574b9584f61e542b61f954 P ff8416246d7f4ad29dacb03f40d9fe4c [term 5 FOLLOWER]: Raft consensus is shut down!
I20260710 10:59:55.468446 32402 tablet_replica.cc:333] T 0ef76635a9164c569465e0033c5452a9 P ff8416246d7f4ad29dacb03f40d9fe4c: stopping tablet replica
I20260710 10:59:55.468927 32402 raft_consensus.cc:2243] T 0ef76635a9164c569465e0033c5452a9 P ff8416246d7f4ad29dacb03f40d9fe4c [term 3 FOLLOWER]: Raft consensus shutting down.
I20260710 10:59:55.469326 32402 raft_consensus.cc:2272] T 0ef76635a9164c569465e0033c5452a9 P ff8416246d7f4ad29dacb03f40d9fe4c [term 3 FOLLOWER]: Raft consensus is shut down!
I20260710 10:59:55.471359 32402 tablet_replica.cc:333] T 6e644ffd0acf4fd3b543eb4ff4d09b80 P ff8416246d7f4ad29dacb03f40d9fe4c: stopping tablet replica
I20260710 10:59:55.471886 32402 raft_consensus.cc:2243] T 6e644ffd0acf4fd3b543eb4ff4d09b80 P ff8416246d7f4ad29dacb03f40d9fe4c [term 3 LEADER]: Raft consensus shutting down.
I20260710 10:59:55.472535 32402 raft_consensus.cc:2272] T 6e644ffd0acf4fd3b543eb4ff4d09b80 P ff8416246d7f4ad29dacb03f40d9fe4c [term 3 FOLLOWER]: Raft consensus is shut down!
I20260710 10:59:55.474169 32402 tablet_replica.cc:333] T d8257074dc074d00bcd1d9737f9f8a85 P ff8416246d7f4ad29dacb03f40d9fe4c: stopping tablet replica
I20260710 10:59:55.474634 32402 raft_consensus.cc:2243] T d8257074dc074d00bcd1d9737f9f8a85 P ff8416246d7f4ad29dacb03f40d9fe4c [term 3 LEADER]: Raft consensus shutting down.
I20260710 10:59:55.475288 32402 raft_consensus.cc:2272] T d8257074dc074d00bcd1d9737f9f8a85 P ff8416246d7f4ad29dacb03f40d9fe4c [term 3 FOLLOWER]: Raft consensus is shut down!
I20260710 10:59:55.477396 32402 tablet_replica.cc:333] T 9e426cdcb48e4f5193668fda6832cfe8 P ff8416246d7f4ad29dacb03f40d9fe4c: stopping tablet replica
I20260710 10:59:55.477887 32402 raft_consensus.cc:2243] T 9e426cdcb48e4f5193668fda6832cfe8 P ff8416246d7f4ad29dacb03f40d9fe4c [term 1 FOLLOWER]: Raft consensus shutting down.
I20260710 10:59:55.478246 32402 raft_consensus.cc:2272] T 9e426cdcb48e4f5193668fda6832cfe8 P ff8416246d7f4ad29dacb03f40d9fe4c [term 1 FOLLOWER]: Raft consensus is shut down!
I20260710 10:59:55.479868 32402 tablet_replica.cc:333] T 044bba60102948fa8ca64404d24c0325 P ff8416246d7f4ad29dacb03f40d9fe4c: stopping tablet replica
I20260710 10:59:55.480307 32402 raft_consensus.cc:2243] T 044bba60102948fa8ca64404d24c0325 P ff8416246d7f4ad29dacb03f40d9fe4c [term 3 FOLLOWER]: Raft consensus shutting down.
I20260710 10:59:55.480700 32402 raft_consensus.cc:2272] T 044bba60102948fa8ca64404d24c0325 P ff8416246d7f4ad29dacb03f40d9fe4c [term 3 FOLLOWER]: Raft consensus is shut down!
I20260710 10:59:55.482122 32402 tablet_replica.cc:333] T 096c59a66ece4901b0b3e7bd250b7361 P ff8416246d7f4ad29dacb03f40d9fe4c: stopping tablet replica
I20260710 10:59:55.482535 32402 raft_consensus.cc:2243] T 096c59a66ece4901b0b3e7bd250b7361 P ff8416246d7f4ad29dacb03f40d9fe4c [term 3 FOLLOWER]: Raft consensus shutting down.
I20260710 10:59:55.482894 32402 raft_consensus.cc:2272] T 096c59a66ece4901b0b3e7bd250b7361 P ff8416246d7f4ad29dacb03f40d9fe4c [term 3 FOLLOWER]: Raft consensus is shut down!
I20260710 10:59:55.507863 32402 tablet_server.cc:196] TabletServer@127.31.164.131:0 shutdown complete.
I20260710 10:59:55.524762 32402 master.cc:562] Master@127.31.164.190:42643 shutting down...
I20260710 10:59:55.595196 32489 catalog_manager.cc:805] Waiting for catalog manager background task thread to start: Service unavailable: Catalog manager is not initialized. State: Closing
I20260710 10:59:55.773931 32402 raft_consensus.cc:2243] T 00000000000000000000000000000000 P 11da91ee615f497d8547168fb9dd4187 [term 1 LEADER]: Raft consensus shutting down.
I20260710 10:59:55.774597 32402 raft_consensus.cc:2272] T 00000000000000000000000000000000 P 11da91ee615f497d8547168fb9dd4187 [term 1 FOLLOWER]: Raft consensus is shut down!
I20260710 10:59:55.775003 32402 tablet_replica.cc:333] T 00000000000000000000000000000000 P 11da91ee615f497d8547168fb9dd4187: stopping tablet replica
I20260710 10:59:55.793694 32402 master.cc:584] Master@127.31.164.190:42643 shutdown complete.
09d94070a8a54f68aab815d626d630c1  4
14e79a932d87431393ab8ae15971ce03  4
ff8416246d7f4ad29dacb03f40d9fe4c  1
[       OK ] LeaderRebalancerTest.FunctionalTestForDivided (12692 ms)
[ RUN      ] LeaderRebalancerTest.FunctionalTestForNotDivided
I20260710 10:59:55.832455 32402 internal_mini_cluster.cc:156] Creating distributed mini masters. Addrs: 127.31.164.190:43823
I20260710 10:59:55.833525 32402 file_cache.cc:504] Constructed file cache file cache with capacity 419430
W20260710 10:59:55.839144   423 instance_detector.cc:116] could not retrieve AWS instance metadata: Network error: curl error: HTTP response code said error: The requested URL returned error: 404
W20260710 10:59:55.839262   424 instance_detector.cc:116] could not retrieve Azure instance metadata: Network error: curl error: HTTP response code said error: The requested URL returned error: 404
W20260710 10:59:55.840724   426 instance_detector.cc:116] could not retrieve OpenStack instance metadata: Network error: curl error: HTTP response code said error: The requested URL returned error: 404
I20260710 10:59:55.841447 32402 server_base.cc:1061] running on GCE node
I20260710 10:59:55.842151 32402 hybrid_clock.cc:584] initializing the hybrid clock with 'system_unsync' time source
W20260710 10:59:55.842321 32402 system_unsync_time.cc:38] NTP support is disabled. Clock error bounds will not be accurate. This configuration is not suitable for distributed clusters.
I20260710 10:59:55.842528 32402 hybrid_clock.cc:648] HybridClock initialized: now 1783681195842495 us; error 0 us; skew 500 ppm
I20260710 10:59:55.843058 32402 server_base.cc:861] Flag tcmalloc_max_total_thread_cache_bytes is not working since tcmalloc is not enabled.
I20260710 10:59:55.845341 32402 webserver.cc:533] Webserver started at http://127.31.164.190:41213/ using document root <none> and password file <none>
I20260710 10:59:55.845840 32402 fs_manager.cc:362] Metadata directory not provided
I20260710 10:59:55.846030 32402 fs_manager.cc:368] Using write-ahead log directory (fs_wal_dir) as metadata directory
I20260710 10:59:55.846314 32402 server_base.cc:909] This appears to be a new deployment of Kudu; creating new FS layout
I20260710 10:59:55.847339 32402 fs_manager.cc:1068] Generated new instance metadata in path /tmp/dist-test-taskiS5z7E/test-tmp/auto_leader_rebalancer-test.0.LeaderRebalancerTest.FunctionalTestForNotDivided.1783681182975288-32402-0/minicluster-data/master-0-root/instance:
uuid: "fca734a98c2c4848823a4cd66a1140c4"
format_stamp: "Formatted at 2026-07-10 10:59:55 on dist-test-slave-9ml7"
I20260710 10:59:55.851496 32402 fs_manager.cc:696] Time spent creating directory manager: real 0.004s	user 0.002s	sys 0.001s
I20260710 10:59:55.854651   431 log_block_manager.cc:4127] Time spent loading block containers with low live blocks: real 0.000s	user 0.000s	sys 0.000s
I20260710 10:59:55.855425 32402 fs_manager.cc:730] Time spent opening block manager: real 0.002s	user 0.000s	sys 0.003s
I20260710 10:59:55.855733 32402 fs_manager.cc:647] Opened local filesystem: /tmp/dist-test-taskiS5z7E/test-tmp/auto_leader_rebalancer-test.0.LeaderRebalancerTest.FunctionalTestForNotDivided.1783681182975288-32402-0/minicluster-data/master-0-root
uuid: "fca734a98c2c4848823a4cd66a1140c4"
format_stamp: "Formatted at 2026-07-10 10:59:55 on dist-test-slave-9ml7"
I20260710 10:59:55.856034 32402 fs_report.cc:389] FS layout report
--------------------
wal directory: /tmp/dist-test-taskiS5z7E/test-tmp/auto_leader_rebalancer-test.0.LeaderRebalancerTest.FunctionalTestForNotDivided.1783681182975288-32402-0/minicluster-data/master-0-root
metadata directory: /tmp/dist-test-taskiS5z7E/test-tmp/auto_leader_rebalancer-test.0.LeaderRebalancerTest.FunctionalTestForNotDivided.1783681182975288-32402-0/minicluster-data/master-0-root
1 data directories: /tmp/dist-test-taskiS5z7E/test-tmp/auto_leader_rebalancer-test.0.LeaderRebalancerTest.FunctionalTestForNotDivided.1783681182975288-32402-0/minicluster-data/master-0-root/data
Total live blocks: 0
Total live bytes: 0
Total live bytes (after alignment): 0
Total number of LBM containers: 0 (0 full)
Did not check for missing blocks
Did not check for orphaned blocks
Total full LBM containers with extra space: 0 (0 repaired)
Total full LBM container extra space in bytes: 0 (0 repaired)
Total incomplete LBM containers: 0 (0 repaired)
Total LBM partial records: 0 (0 repaired)
Total corrupted LBM metadata records in RocksDB: 0 (0 repaired)
I20260710 10:59:55.879527 32402 rpc_server.cc:225] running with OpenSSL 1.1.1  11 Sep 2018
I20260710 10:59:55.880904 32402 kserver.cc:163] Server-wide thread pool size limit: 3276
I20260710 10:59:55.920559 32402 rpc_server.cc:307] RPC server started. Bound to: 127.31.164.190:43823
I20260710 10:59:55.920650   482 acceptor_pool.cc:272] collecting diagnostics on the listening RPC socket 127.31.164.190:43823 every 8 connection(s)
I20260710 10:59:55.924636   483 data_dirs.cc:400] Could only allocate 1 dirs of requested 3 for tablet 00000000000000000000000000000000. 1 dirs total, 0 dirs full, 0 dirs failed
I20260710 10:59:55.933422   483 tablet_bootstrap.cc:492] T 00000000000000000000000000000000 P fca734a98c2c4848823a4cd66a1140c4: Bootstrap starting.
I20260710 10:59:55.937733   483 tablet_bootstrap.cc:654] T 00000000000000000000000000000000 P fca734a98c2c4848823a4cd66a1140c4: Neither blocks nor log segments found. Creating new log.
I20260710 10:59:55.941682   483 tablet_bootstrap.cc:492] T 00000000000000000000000000000000 P fca734a98c2c4848823a4cd66a1140c4: No bootstrap required, opened a new log
I20260710 10:59:55.943595   483 raft_consensus.cc:359] T 00000000000000000000000000000000 P fca734a98c2c4848823a4cd66a1140c4 [term 0 FOLLOWER]: Replica starting. Triggering 0 pending ops. Active config: opid_index: -1 OBSOLETE_local: true peers { permanent_uuid: "fca734a98c2c4848823a4cd66a1140c4" member_type: VOTER }
I20260710 10:59:55.944010   483 raft_consensus.cc:385] T 00000000000000000000000000000000 P fca734a98c2c4848823a4cd66a1140c4 [term 0 FOLLOWER]: Consensus starting up: Expiring failure detector timer to make a prompt election more likely
I20260710 10:59:55.944244   483 raft_consensus.cc:740] T 00000000000000000000000000000000 P fca734a98c2c4848823a4cd66a1140c4 [term 0 FOLLOWER]: Becoming Follower/Learner. State: Replica: fca734a98c2c4848823a4cd66a1140c4, State: Initialized, Role: FOLLOWER
I20260710 10:59:55.944854   483 consensus_queue.cc:260] T 00000000000000000000000000000000 P fca734a98c2c4848823a4cd66a1140c4 [NON_LEADER]: Queue going to NON_LEADER mode. State: All replicated index: 0, Majority replicated index: 0, Committed index: 0, Last appended: 0.0, Last appended by leader: 0, Current term: 0, Majority size: -1, State: 0, Mode: NON_LEADER, active raft config: opid_index: -1 OBSOLETE_local: true peers { permanent_uuid: "fca734a98c2c4848823a4cd66a1140c4" member_type: VOTER }
I20260710 10:59:55.945266   483 raft_consensus.cc:399] T 00000000000000000000000000000000 P fca734a98c2c4848823a4cd66a1140c4 [term 0 FOLLOWER]: Only one voter in the Raft config. Triggering election immediately
I20260710 10:59:55.945499   483 raft_consensus.cc:493] T 00000000000000000000000000000000 P fca734a98c2c4848823a4cd66a1140c4 [term 0 FOLLOWER]: Starting leader election (initial election of a single-replica configuration)
I20260710 10:59:55.945767   483 raft_consensus.cc:3060] T 00000000000000000000000000000000 P fca734a98c2c4848823a4cd66a1140c4 [term 0 FOLLOWER]: Advancing to term 1
I20260710 10:59:55.949461   483 raft_consensus.cc:515] T 00000000000000000000000000000000 P fca734a98c2c4848823a4cd66a1140c4 [term 1 FOLLOWER]: Starting leader election with config: opid_index: -1 OBSOLETE_local: true peers { permanent_uuid: "fca734a98c2c4848823a4cd66a1140c4" member_type: VOTER }
I20260710 10:59:55.949947   483 leader_election.cc:304] T 00000000000000000000000000000000 P fca734a98c2c4848823a4cd66a1140c4 [CANDIDATE]: Term 1 election: Election decided. Result: candidate won. Election summary: received 1 responses out of 1 voters: 1 yes votes; 0 no votes. yes voters: fca734a98c2c4848823a4cd66a1140c4; no voters: 
I20260710 10:59:55.950973   483 leader_election.cc:290] T 00000000000000000000000000000000 P fca734a98c2c4848823a4cd66a1140c4 [CANDIDATE]: Term 1 election: Requested vote from peers 
I20260710 10:59:55.951259   486 raft_consensus.cc:2804] T 00000000000000000000000000000000 P fca734a98c2c4848823a4cd66a1140c4 [term 1 FOLLOWER]: Leader election won for term 1
I20260710 10:59:55.952522   486 raft_consensus.cc:697] T 00000000000000000000000000000000 P fca734a98c2c4848823a4cd66a1140c4 [term 1 LEADER]: Becoming Leader. State: Replica: fca734a98c2c4848823a4cd66a1140c4, State: Running, Role: LEADER
I20260710 10:59:55.953142   486 consensus_queue.cc:237] T 00000000000000000000000000000000 P fca734a98c2c4848823a4cd66a1140c4 [LEADER]: Queue going to LEADER mode. State: All replicated index: 0, Majority replicated index: 0, Committed index: 0, Last appended: 0.0, Last appended by leader: 0, Current term: 1, Majority size: 1, State: 0, Mode: LEADER, active raft config: opid_index: -1 OBSOLETE_local: true peers { permanent_uuid: "fca734a98c2c4848823a4cd66a1140c4" member_type: VOTER }
I20260710 10:59:55.953819   483 sys_catalog.cc:565] T 00000000000000000000000000000000 P fca734a98c2c4848823a4cd66a1140c4 [sys.catalog]: configured and running, proceeding with master startup.
I20260710 10:59:55.957871   487 sys_catalog.cc:455] T 00000000000000000000000000000000 P fca734a98c2c4848823a4cd66a1140c4 [sys.catalog]: SysCatalogTable state changed. Reason: RaftConsensus started. Latest consensus state: current_term: 1 leader_uuid: "fca734a98c2c4848823a4cd66a1140c4" committed_config { opid_index: -1 OBSOLETE_local: true peers { permanent_uuid: "fca734a98c2c4848823a4cd66a1140c4" member_type: VOTER } }
I20260710 10:59:55.958289   488 sys_catalog.cc:455] T 00000000000000000000000000000000 P fca734a98c2c4848823a4cd66a1140c4 [sys.catalog]: SysCatalogTable state changed. Reason: New leader fca734a98c2c4848823a4cd66a1140c4. Latest consensus state: current_term: 1 leader_uuid: "fca734a98c2c4848823a4cd66a1140c4" committed_config { opid_index: -1 OBSOLETE_local: true peers { permanent_uuid: "fca734a98c2c4848823a4cd66a1140c4" member_type: VOTER } }
I20260710 10:59:55.958738   487 sys_catalog.cc:458] T 00000000000000000000000000000000 P fca734a98c2c4848823a4cd66a1140c4 [sys.catalog]: This master's current role is: LEADER
I20260710 10:59:55.958990   488 sys_catalog.cc:458] T 00000000000000000000000000000000 P fca734a98c2c4848823a4cd66a1140c4 [sys.catalog]: This master's current role is: LEADER
I20260710 10:59:55.964514   493 catalog_manager.cc:1511] Loading table and tablet metadata into memory...
I20260710 10:59:55.969980   493 catalog_manager.cc:1520] Initializing Kudu cluster ID...
I20260710 10:59:55.974632 32402 internal_mini_cluster.cc:184] Waiting to initialize catalog manager on master 0
I20260710 10:59:55.978643   493 catalog_manager.cc:1383] Generated new cluster ID: 5b4c61c751ac48829e08639cd62002a1
I20260710 10:59:55.978960   493 catalog_manager.cc:1531] Initializing Kudu internal certificate authority...
I20260710 10:59:56.011862   493 catalog_manager.cc:1406] Generated new certificate authority record
I20260710 10:59:56.013031   493 catalog_manager.cc:1540] Loading token signing keys...
I20260710 10:59:56.028966   493 catalog_manager.cc:6070] T 00000000000000000000000000000000 P fca734a98c2c4848823a4cd66a1140c4: Generated new TSK 0
I20260710 10:59:56.029512   493 catalog_manager.cc:1550] Initializing in-progress tserver states...
I20260710 10:59:56.041774 32402 file_cache.cc:504] Constructed file cache file cache with capacity 419430
W20260710 10:59:56.047430   504 instance_detector.cc:116] could not retrieve AWS instance metadata: Network error: curl error: HTTP response code said error: The requested URL returned error: 404
W20260710 10:59:56.048207   505 instance_detector.cc:116] could not retrieve Azure instance metadata: Network error: curl error: HTTP response code said error: The requested URL returned error: 404
W20260710 10:59:56.049692   507 instance_detector.cc:116] could not retrieve OpenStack instance metadata: Network error: curl error: HTTP response code said error: The requested URL returned error: 404
I20260710 10:59:56.050487 32402 server_base.cc:1061] running on GCE node
I20260710 10:59:56.051272 32402 hybrid_clock.cc:584] initializing the hybrid clock with 'system_unsync' time source
W20260710 10:59:56.051476 32402 system_unsync_time.cc:38] NTP support is disabled. Clock error bounds will not be accurate. This configuration is not suitable for distributed clusters.
I20260710 10:59:56.051608 32402 hybrid_clock.cc:648] HybridClock initialized: now 1783681196051596 us; error 0 us; skew 500 ppm
I20260710 10:59:56.052163 32402 server_base.cc:861] Flag tcmalloc_max_total_thread_cache_bytes is not working since tcmalloc is not enabled.
I20260710 10:59:56.054257 32402 webserver.cc:533] Webserver started at http://127.31.164.129:41025/ using document root <none> and password file <none>
I20260710 10:59:56.054705 32402 fs_manager.cc:362] Metadata directory not provided
I20260710 10:59:56.054886 32402 fs_manager.cc:368] Using write-ahead log directory (fs_wal_dir) as metadata directory
I20260710 10:59:56.055162 32402 server_base.cc:909] This appears to be a new deployment of Kudu; creating new FS layout
I20260710 10:59:56.056185 32402 fs_manager.cc:1068] Generated new instance metadata in path /tmp/dist-test-taskiS5z7E/test-tmp/auto_leader_rebalancer-test.0.LeaderRebalancerTest.FunctionalTestForNotDivided.1783681182975288-32402-0/minicluster-data/ts-0-root/instance:
uuid: "106fac0bad7b44f6b6a7f0d1ddfdcff1"
format_stamp: "Formatted at 2026-07-10 10:59:56 on dist-test-slave-9ml7"
I20260710 10:59:56.060446 32402 fs_manager.cc:696] Time spent creating directory manager: real 0.004s	user 0.004s	sys 0.000s
I20260710 10:59:56.063426   512 log_block_manager.cc:4127] Time spent loading block containers with low live blocks: real 0.000s	user 0.000s	sys 0.000s
I20260710 10:59:56.064450 32402 fs_manager.cc:730] Time spent opening block manager: real 0.002s	user 0.002s	sys 0.001s
I20260710 10:59:56.064821 32402 fs_manager.cc:647] Opened local filesystem: /tmp/dist-test-taskiS5z7E/test-tmp/auto_leader_rebalancer-test.0.LeaderRebalancerTest.FunctionalTestForNotDivided.1783681182975288-32402-0/minicluster-data/ts-0-root
uuid: "106fac0bad7b44f6b6a7f0d1ddfdcff1"
format_stamp: "Formatted at 2026-07-10 10:59:56 on dist-test-slave-9ml7"
I20260710 10:59:56.065151 32402 fs_report.cc:389] FS layout report
--------------------
wal directory: /tmp/dist-test-taskiS5z7E/test-tmp/auto_leader_rebalancer-test.0.LeaderRebalancerTest.FunctionalTestForNotDivided.1783681182975288-32402-0/minicluster-data/ts-0-root
metadata directory: /tmp/dist-test-taskiS5z7E/test-tmp/auto_leader_rebalancer-test.0.LeaderRebalancerTest.FunctionalTestForNotDivided.1783681182975288-32402-0/minicluster-data/ts-0-root
1 data directories: /tmp/dist-test-taskiS5z7E/test-tmp/auto_leader_rebalancer-test.0.LeaderRebalancerTest.FunctionalTestForNotDivided.1783681182975288-32402-0/minicluster-data/ts-0-root/data
Total live blocks: 0
Total live bytes: 0
Total live bytes (after alignment): 0
Total number of LBM containers: 0 (0 full)
Did not check for missing blocks
Did not check for orphaned blocks
Total full LBM containers with extra space: 0 (0 repaired)
Total full LBM container extra space in bytes: 0 (0 repaired)
Total incomplete LBM containers: 0 (0 repaired)
Total LBM partial records: 0 (0 repaired)
Total corrupted LBM metadata records in RocksDB: 0 (0 repaired)
I20260710 10:59:56.099948 32402 rpc_server.cc:225] running with OpenSSL 1.1.1  11 Sep 2018
I20260710 10:59:56.101249 32402 kserver.cc:163] Server-wide thread pool size limit: 3276
I20260710 10:59:56.102764 32402 txn_system_client.cc:432] TxnSystemClient initialization is disabled...
I20260710 10:59:56.105150 32402 ts_tablet_manager.cc:585] Loaded tablet metadata (0 total tablets, 0 live tablets)
I20260710 10:59:56.105409 32402 ts_tablet_manager.cc:531] Time spent load tablet metadata: real 0.000s	user 0.000s	sys 0.000s
I20260710 10:59:56.105674 32402 ts_tablet_manager.cc:616] Registered 0 tablets
I20260710 10:59:56.105882 32402 ts_tablet_manager.cc:595] Time spent register tablets: real 0.000s	user 0.000s	sys 0.000s
I20260710 10:59:56.146235 32402 rpc_server.cc:307] RPC server started. Bound to: 127.31.164.129:41915
I20260710 10:59:56.146354   574 acceptor_pool.cc:272] collecting diagnostics on the listening RPC socket 127.31.164.129:41915 every 8 connection(s)
I20260710 10:59:56.151121 32402 file_cache.cc:504] Constructed file cache file cache with capacity 419430
W20260710 10:59:56.157719   579 instance_detector.cc:116] could not retrieve AWS instance metadata: Network error: curl error: HTTP response code said error: The requested URL returned error: 404
W20260710 10:59:56.158723   580 instance_detector.cc:116] could not retrieve Azure instance metadata: Network error: curl error: HTTP response code said error: The requested URL returned error: 404
W20260710 10:59:56.161531   582 instance_detector.cc:116] could not retrieve OpenStack instance metadata: Network error: curl error: HTTP response code said error: The requested URL returned error: 404
I20260710 10:59:56.162614 32402 server_base.cc:1061] running on GCE node
I20260710 10:59:56.163949 32402 hybrid_clock.cc:584] initializing the hybrid clock with 'system_unsync' time source
W20260710 10:59:56.164165 32402 system_unsync_time.cc:38] NTP support is disabled. Clock error bounds will not be accurate. This configuration is not suitable for distributed clusters.
I20260710 10:59:56.164321   575 heartbeater.cc:344] Connected to a master server at 127.31.164.190:43823
I20260710 10:59:56.164373 32402 hybrid_clock.cc:648] HybridClock initialized: now 1783681196164355 us; error 0 us; skew 500 ppm
I20260710 10:59:56.164739   575 heartbeater.cc:461] Registering TS with master...
I20260710 10:59:56.165194 32402 server_base.cc:861] Flag tcmalloc_max_total_thread_cache_bytes is not working since tcmalloc is not enabled.
I20260710 10:59:56.165623   575 heartbeater.cc:507] Master 127.31.164.190:43823 requested a full tablet report, sending...
I20260710 10:59:56.167806 32402 webserver.cc:533] Webserver started at http://127.31.164.130:39677/ using document root <none> and password file <none>
I20260710 10:59:56.168128   448 ts_manager.cc:194] Registered new tserver with Master: 106fac0bad7b44f6b6a7f0d1ddfdcff1 (127.31.164.129:41915)
I20260710 10:59:56.168467 32402 fs_manager.cc:362] Metadata directory not provided
I20260710 10:59:56.168730 32402 fs_manager.cc:368] Using write-ahead log directory (fs_wal_dir) as metadata directory
I20260710 10:59:56.169041 32402 server_base.cc:909] This appears to be a new deployment of Kudu; creating new FS layout
I20260710 10:59:56.170487   448 master_service.cc:502] Signed X509 certificate for tserver {username='slave'} at 127.0.0.1:49198
I20260710 10:59:56.170459 32402 fs_manager.cc:1068] Generated new instance metadata in path /tmp/dist-test-taskiS5z7E/test-tmp/auto_leader_rebalancer-test.0.LeaderRebalancerTest.FunctionalTestForNotDivided.1783681182975288-32402-0/minicluster-data/ts-1-root/instance:
uuid: "3a18b8b98c2d4f7ab845dad189e7e5d7"
format_stamp: "Formatted at 2026-07-10 10:59:56 on dist-test-slave-9ml7"
I20260710 10:59:56.175351 32402 fs_manager.cc:696] Time spent creating directory manager: real 0.004s	user 0.004s	sys 0.000s
I20260710 10:59:56.178382   587 log_block_manager.cc:4127] Time spent loading block containers with low live blocks: real 0.000s	user 0.000s	sys 0.000s
I20260710 10:59:56.179201 32402 fs_manager.cc:730] Time spent opening block manager: real 0.002s	user 0.002s	sys 0.000s
I20260710 10:59:56.179471 32402 fs_manager.cc:647] Opened local filesystem: /tmp/dist-test-taskiS5z7E/test-tmp/auto_leader_rebalancer-test.0.LeaderRebalancerTest.FunctionalTestForNotDivided.1783681182975288-32402-0/minicluster-data/ts-1-root
uuid: "3a18b8b98c2d4f7ab845dad189e7e5d7"
format_stamp: "Formatted at 2026-07-10 10:59:56 on dist-test-slave-9ml7"
I20260710 10:59:56.179800 32402 fs_report.cc:389] FS layout report
--------------------
wal directory: /tmp/dist-test-taskiS5z7E/test-tmp/auto_leader_rebalancer-test.0.LeaderRebalancerTest.FunctionalTestForNotDivided.1783681182975288-32402-0/minicluster-data/ts-1-root
metadata directory: /tmp/dist-test-taskiS5z7E/test-tmp/auto_leader_rebalancer-test.0.LeaderRebalancerTest.FunctionalTestForNotDivided.1783681182975288-32402-0/minicluster-data/ts-1-root
1 data directories: /tmp/dist-test-taskiS5z7E/test-tmp/auto_leader_rebalancer-test.0.LeaderRebalancerTest.FunctionalTestForNotDivided.1783681182975288-32402-0/minicluster-data/ts-1-root/data
Total live blocks: 0
Total live bytes: 0
Total live bytes (after alignment): 0
Total number of LBM containers: 0 (0 full)
Did not check for missing blocks
Did not check for orphaned blocks
Total full LBM containers with extra space: 0 (0 repaired)
Total full LBM container extra space in bytes: 0 (0 repaired)
Total incomplete LBM containers: 0 (0 repaired)
Total LBM partial records: 0 (0 repaired)
Total corrupted LBM metadata records in RocksDB: 0 (0 repaired)
I20260710 10:59:56.196208 32402 rpc_server.cc:225] running with OpenSSL 1.1.1  11 Sep 2018
I20260710 10:59:56.197304 32402 kserver.cc:163] Server-wide thread pool size limit: 3276
I20260710 10:59:56.198647 32402 txn_system_client.cc:432] TxnSystemClient initialization is disabled...
I20260710 10:59:56.200644 32402 ts_tablet_manager.cc:585] Loaded tablet metadata (0 total tablets, 0 live tablets)
I20260710 10:59:56.200856 32402 ts_tablet_manager.cc:531] Time spent load tablet metadata: real 0.000s	user 0.000s	sys 0.000s
I20260710 10:59:56.201084 32402 ts_tablet_manager.cc:616] Registered 0 tablets
I20260710 10:59:56.201256 32402 ts_tablet_manager.cc:595] Time spent register tablets: real 0.000s	user 0.000s	sys 0.000s
I20260710 10:59:56.243455 32402 rpc_server.cc:307] RPC server started. Bound to: 127.31.164.130:44133
I20260710 10:59:56.243575   649 acceptor_pool.cc:272] collecting diagnostics on the listening RPC socket 127.31.164.130:44133 every 8 connection(s)
I20260710 10:59:56.248037 32402 file_cache.cc:504] Constructed file cache file cache with capacity 419430
W20260710 10:59:56.254966   653 instance_detector.cc:116] could not retrieve AWS instance metadata: Network error: curl error: HTTP response code said error: The requested URL returned error: 404
W20260710 10:59:56.256800   654 instance_detector.cc:116] could not retrieve Azure instance metadata: Network error: curl error: HTTP response code said error: The requested URL returned error: 404
W20260710 10:59:56.259753   656 instance_detector.cc:116] could not retrieve OpenStack instance metadata: Network error: curl error: HTTP response code said error: The requested URL returned error: 404
I20260710 10:59:56.260293 32402 server_base.cc:1061] running on GCE node
I20260710 10:59:56.261049   650 heartbeater.cc:344] Connected to a master server at 127.31.164.190:43823
I20260710 10:59:56.261188 32402 hybrid_clock.cc:584] initializing the hybrid clock with 'system_unsync' time source
I20260710 10:59:56.261461   650 heartbeater.cc:461] Registering TS with master...
W20260710 10:59:56.261468 32402 system_unsync_time.cc:38] NTP support is disabled. Clock error bounds will not be accurate. This configuration is not suitable for distributed clusters.
I20260710 10:59:56.261873 32402 hybrid_clock.cc:648] HybridClock initialized: now 1783681196261851 us; error 0 us; skew 500 ppm
I20260710 10:59:56.262320   650 heartbeater.cc:507] Master 127.31.164.190:43823 requested a full tablet report, sending...
I20260710 10:59:56.262408 32402 server_base.cc:861] Flag tcmalloc_max_total_thread_cache_bytes is not working since tcmalloc is not enabled.
I20260710 10:59:56.264935   448 ts_manager.cc:194] Registered new tserver with Master: 3a18b8b98c2d4f7ab845dad189e7e5d7 (127.31.164.130:44133)
I20260710 10:59:56.265480 32402 webserver.cc:533] Webserver started at http://127.31.164.131:41835/ using document root <none> and password file <none>
I20260710 10:59:56.266027 32402 fs_manager.cc:362] Metadata directory not provided
I20260710 10:59:56.266230 32402 fs_manager.cc:368] Using write-ahead log directory (fs_wal_dir) as metadata directory
I20260710 10:59:56.266556 32402 server_base.cc:909] This appears to be a new deployment of Kudu; creating new FS layout
I20260710 10:59:56.266489   448 master_service.cc:502] Signed X509 certificate for tserver {username='slave'} at 127.0.0.1:49200
I20260710 10:59:56.268080 32402 fs_manager.cc:1068] Generated new instance metadata in path /tmp/dist-test-taskiS5z7E/test-tmp/auto_leader_rebalancer-test.0.LeaderRebalancerTest.FunctionalTestForNotDivided.1783681182975288-32402-0/minicluster-data/ts-2-root/instance:
uuid: "5323226bf12e46cb81343f293711bbc7"
format_stamp: "Formatted at 2026-07-10 10:59:56 on dist-test-slave-9ml7"
I20260710 10:59:56.272329 32402 fs_manager.cc:696] Time spent creating directory manager: real 0.004s	user 0.002s	sys 0.001s
I20260710 10:59:56.275341   661 log_block_manager.cc:4127] Time spent loading block containers with low live blocks: real 0.000s	user 0.000s	sys 0.000s
I20260710 10:59:56.276109 32402 fs_manager.cc:730] Time spent opening block manager: real 0.002s	user 0.002s	sys 0.001s
I20260710 10:59:56.276409 32402 fs_manager.cc:647] Opened local filesystem: /tmp/dist-test-taskiS5z7E/test-tmp/auto_leader_rebalancer-test.0.LeaderRebalancerTest.FunctionalTestForNotDivided.1783681182975288-32402-0/minicluster-data/ts-2-root
uuid: "5323226bf12e46cb81343f293711bbc7"
format_stamp: "Formatted at 2026-07-10 10:59:56 on dist-test-slave-9ml7"
I20260710 10:59:56.276690 32402 fs_report.cc:389] FS layout report
--------------------
wal directory: /tmp/dist-test-taskiS5z7E/test-tmp/auto_leader_rebalancer-test.0.LeaderRebalancerTest.FunctionalTestForNotDivided.1783681182975288-32402-0/minicluster-data/ts-2-root
metadata directory: /tmp/dist-test-taskiS5z7E/test-tmp/auto_leader_rebalancer-test.0.LeaderRebalancerTest.FunctionalTestForNotDivided.1783681182975288-32402-0/minicluster-data/ts-2-root
1 data directories: /tmp/dist-test-taskiS5z7E/test-tmp/auto_leader_rebalancer-test.0.LeaderRebalancerTest.FunctionalTestForNotDivided.1783681182975288-32402-0/minicluster-data/ts-2-root/data
Total live blocks: 0
Total live bytes: 0
Total live bytes (after alignment): 0
Total number of LBM containers: 0 (0 full)
Did not check for missing blocks
Did not check for orphaned blocks
Total full LBM containers with extra space: 0 (0 repaired)
Total full LBM container extra space in bytes: 0 (0 repaired)
Total incomplete LBM containers: 0 (0 repaired)
Total LBM partial records: 0 (0 repaired)
Total corrupted LBM metadata records in RocksDB: 0 (0 repaired)
I20260710 10:59:56.298291 32402 rpc_server.cc:225] running with OpenSSL 1.1.1  11 Sep 2018
I20260710 10:59:56.299428 32402 kserver.cc:163] Server-wide thread pool size limit: 3276
I20260710 10:59:56.300937 32402 txn_system_client.cc:432] TxnSystemClient initialization is disabled...
I20260710 10:59:56.303038 32402 ts_tablet_manager.cc:585] Loaded tablet metadata (0 total tablets, 0 live tablets)
I20260710 10:59:56.303252 32402 ts_tablet_manager.cc:531] Time spent load tablet metadata: real 0.000s	user 0.000s	sys 0.000s
I20260710 10:59:56.303489 32402 ts_tablet_manager.cc:616] Registered 0 tablets
I20260710 10:59:56.303699 32402 ts_tablet_manager.cc:595] Time spent register tablets: real 0.000s	user 0.001s	sys 0.000s
I20260710 10:59:56.342720 32402 rpc_server.cc:307] RPC server started. Bound to: 127.31.164.131:43817
I20260710 10:59:56.342856   723 acceptor_pool.cc:272] collecting diagnostics on the listening RPC socket 127.31.164.131:43817 every 8 connection(s)
I20260710 10:59:56.356531   724 heartbeater.cc:344] Connected to a master server at 127.31.164.190:43823
I20260710 10:59:56.356921   724 heartbeater.cc:461] Registering TS with master...
I20260710 10:59:56.357712   724 heartbeater.cc:507] Master 127.31.164.190:43823 requested a full tablet report, sending...
I20260710 10:59:56.359462   448 ts_manager.cc:194] Registered new tserver with Master: 5323226bf12e46cb81343f293711bbc7 (127.31.164.131:43817)
I20260710 10:59:56.360149 32402 internal_mini_cluster.cc:371] 3 TS(s) registered with all masters after 0.014293579s
I20260710 10:59:56.360724   448 master_service.cc:502] Signed X509 certificate for tserver {username='slave'} at 127.0.0.1:49204
I20260710 10:59:56.384931   448 catalog_manager.cc:2283] Servicing CreateTable request from {username='slave'} at 127.0.0.1:49208:
name: "test-workload"
schema {
  columns {
    name: "key"
    type: INT32
    is_key: true
    is_nullable: false
    encoding: AUTO_ENCODING
    compression: DEFAULT_COMPRESSION
    cfile_block_size: 0
    immutable: false
  }
  columns {
    name: "int_val"
    type: INT32
    is_key: false
    is_nullable: false
    encoding: AUTO_ENCODING
    compression: DEFAULT_COMPRESSION
    cfile_block_size: 0
    immutable: false
  }
  columns {
    name: "string_val"
    type: STRING
    is_key: false
    is_nullable: true
    encoding: AUTO_ENCODING
    compression: DEFAULT_COMPRESSION
    cfile_block_size: 0
    immutable: false
  }
}
num_replicas: 3
split_rows_range_bounds {
  rows: "\004\001\000\314\314\314\014\004\001\000\230\231\231\031\004\001\000dff&\004\001\0000333\004\001\000\374\377\377?\004\001\000\310\314\314L\004\001\000\224\231\231Y\004\001\000`fff\004\001\000,33s""\004\001\000\314\314\314\014\004\001\000\230\231\231\031\004\001\000dff&\004\001\0000333\004\001\000\374\377\377?\004\001\000\310\314\314L\004\001\000\224\231\231Y\004\001\000`fff\004\001\000,33s"
  indirect_data: """"
}
partition_schema {
  range_schema {
    columns {
      name: "key"
    }
  }
}
W20260710 10:59:56.387751   448 catalog_manager.cc:7077] The number of live tablet servers is not enough to re-replicate a tablet replica of the newly created table test-workload in case of a server failure: 4 tablet servers would be needed, 3 are available. Consider bringing up more tablet servers.
I20260710 10:59:56.456856   687 tablet_service.cc:1511] Processing CreateTablet for tablet 115050ecaefd4888bd599acc565a7fc6 (DEFAULT_TABLE table=test-workload [id=ceb768ce546a4b47aa545e3da2a73ad4]), partition=RANGE (key) PARTITION 429496728 <= VALUES < 644245092
I20260710 10:59:56.456889   689 tablet_service.cc:1511] Processing CreateTablet for tablet 3e52463900264510b19e9b44592956b8 (DEFAULT_TABLE table=test-workload [id=ceb768ce546a4b47aa545e3da2a73ad4]), partition=RANGE (key) PARTITION VALUES < 214748364
I20260710 10:59:56.458578   687 data_dirs.cc:400] Could only allocate 1 dirs of requested 3 for tablet 115050ecaefd4888bd599acc565a7fc6. 1 dirs total, 0 dirs full, 0 dirs failed
I20260710 10:59:56.459163   689 data_dirs.cc:400] Could only allocate 1 dirs of requested 3 for tablet 3e52463900264510b19e9b44592956b8. 1 dirs total, 0 dirs full, 0 dirs failed
I20260710 10:59:56.456878   688 tablet_service.cc:1511] Processing CreateTablet for tablet 215e5a3cc738407ebf9e6a98af9cdbc6 (DEFAULT_TABLE table=test-workload [id=ceb768ce546a4b47aa545e3da2a73ad4]), partition=RANGE (key) PARTITION 214748364 <= VALUES < 429496728
I20260710 10:59:56.460389   688 data_dirs.cc:400] Could only allocate 1 dirs of requested 3 for tablet 215e5a3cc738407ebf9e6a98af9cdbc6. 1 dirs total, 0 dirs full, 0 dirs failed
I20260710 10:59:56.465246   686 tablet_service.cc:1511] Processing CreateTablet for tablet 8f2a7bc688a44d3f80e9306e60b41eb3 (DEFAULT_TABLE table=test-workload [id=ceb768ce546a4b47aa545e3da2a73ad4]), partition=RANGE (key) PARTITION 644245092 <= VALUES < 858993456
I20260710 10:59:56.466741   686 data_dirs.cc:400] Could only allocate 1 dirs of requested 3 for tablet 8f2a7bc688a44d3f80e9306e60b41eb3. 1 dirs total, 0 dirs full, 0 dirs failed
I20260710 10:59:56.469951   685 tablet_service.cc:1511] Processing CreateTablet for tablet 80eaee7e459444018e67137c1f5c352a (DEFAULT_TABLE table=test-workload [id=ceb768ce546a4b47aa545e3da2a73ad4]), partition=RANGE (key) PARTITION 858993456 <= VALUES < 1073741820
I20260710 10:59:56.471182   685 data_dirs.cc:400] Could only allocate 1 dirs of requested 3 for tablet 80eaee7e459444018e67137c1f5c352a. 1 dirs total, 0 dirs full, 0 dirs failed
I20260710 10:59:56.474180   540 tablet_service.cc:1511] Processing CreateTablet for tablet 3e52463900264510b19e9b44592956b8 (DEFAULT_TABLE table=test-workload [id=ceb768ce546a4b47aa545e3da2a73ad4]), partition=RANGE (key) PARTITION VALUES < 214748364
I20260710 10:59:56.476071   684 tablet_service.cc:1511] Processing CreateTablet for tablet 4d18f8c43721447685ac9416edc85230 (DEFAULT_TABLE table=test-workload [id=ceb768ce546a4b47aa545e3da2a73ad4]), partition=RANGE (key) PARTITION 1073741820 <= VALUES < 1288490184
I20260710 10:59:56.480402   684 data_dirs.cc:400] Could only allocate 1 dirs of requested 3 for tablet 4d18f8c43721447685ac9416edc85230. 1 dirs total, 0 dirs full, 0 dirs failed
I20260710 10:59:56.475466   540 data_dirs.cc:400] Could only allocate 1 dirs of requested 3 for tablet 3e52463900264510b19e9b44592956b8. 1 dirs total, 0 dirs full, 0 dirs failed
I20260710 10:59:56.481374   615 tablet_service.cc:1511] Processing CreateTablet for tablet 3e52463900264510b19e9b44592956b8 (DEFAULT_TABLE table=test-workload [id=ceb768ce546a4b47aa545e3da2a73ad4]), partition=RANGE (key) PARTITION VALUES < 214748364
I20260710 10:59:56.482965   615 data_dirs.cc:400] Could only allocate 1 dirs of requested 3 for tablet 3e52463900264510b19e9b44592956b8. 1 dirs total, 0 dirs full, 0 dirs failed
I20260710 10:59:56.485086   614 tablet_service.cc:1511] Processing CreateTablet for tablet 215e5a3cc738407ebf9e6a98af9cdbc6 (DEFAULT_TABLE table=test-workload [id=ceb768ce546a4b47aa545e3da2a73ad4]), partition=RANGE (key) PARTITION 214748364 <= VALUES < 429496728
I20260710 10:59:56.488775   614 data_dirs.cc:400] Could only allocate 1 dirs of requested 3 for tablet 215e5a3cc738407ebf9e6a98af9cdbc6. 1 dirs total, 0 dirs full, 0 dirs failed
I20260710 10:59:56.500033   683 tablet_service.cc:1511] Processing CreateTablet for tablet 271b3bbcaf3542e5981c11b1ae9c28c5 (DEFAULT_TABLE table=test-workload [id=ceb768ce546a4b47aa545e3da2a73ad4]), partition=RANGE (key) PARTITION 1288490184 <= VALUES < 1503238548
I20260710 10:59:56.501282   683 data_dirs.cc:400] Could only allocate 1 dirs of requested 3 for tablet 271b3bbcaf3542e5981c11b1ae9c28c5. 1 dirs total, 0 dirs full, 0 dirs failed
I20260710 10:59:56.501087   613 tablet_service.cc:1511] Processing CreateTablet for tablet 115050ecaefd4888bd599acc565a7fc6 (DEFAULT_TABLE table=test-workload [id=ceb768ce546a4b47aa545e3da2a73ad4]), partition=RANGE (key) PARTITION 429496728 <= VALUES < 644245092
I20260710 10:59:56.502367   613 data_dirs.cc:400] Could only allocate 1 dirs of requested 3 for tablet 115050ecaefd4888bd599acc565a7fc6. 1 dirs total, 0 dirs full, 0 dirs failed
I20260710 10:59:56.505606   682 tablet_service.cc:1511] Processing CreateTablet for tablet 02ab9818f99144fd881ae097f9bf4139 (DEFAULT_TABLE table=test-workload [id=ceb768ce546a4b47aa545e3da2a73ad4]), partition=RANGE (key) PARTITION 1503238548 <= VALUES < 1717986912
I20260710 10:59:56.507261   682 data_dirs.cc:400] Could only allocate 1 dirs of requested 3 for tablet 02ab9818f99144fd881ae097f9bf4139. 1 dirs total, 0 dirs full, 0 dirs failed
I20260710 10:59:56.507763   612 tablet_service.cc:1511] Processing CreateTablet for tablet 8f2a7bc688a44d3f80e9306e60b41eb3 (DEFAULT_TABLE table=test-workload [id=ceb768ce546a4b47aa545e3da2a73ad4]), partition=RANGE (key) PARTITION 644245092 <= VALUES < 858993456
I20260710 10:59:56.508991   612 data_dirs.cc:400] Could only allocate 1 dirs of requested 3 for tablet 8f2a7bc688a44d3f80e9306e60b41eb3. 1 dirs total, 0 dirs full, 0 dirs failed
I20260710 10:59:56.513032   611 tablet_service.cc:1511] Processing CreateTablet for tablet 80eaee7e459444018e67137c1f5c352a (DEFAULT_TABLE table=test-workload [id=ceb768ce546a4b47aa545e3da2a73ad4]), partition=RANGE (key) PARTITION 858993456 <= VALUES < 1073741820
I20260710 10:59:56.514103   611 data_dirs.cc:400] Could only allocate 1 dirs of requested 3 for tablet 80eaee7e459444018e67137c1f5c352a. 1 dirs total, 0 dirs full, 0 dirs failed
I20260710 10:59:56.516911   681 tablet_service.cc:1511] Processing CreateTablet for tablet 2cc53336c82b4a77a2be1951bd178dbe (DEFAULT_TABLE table=test-workload [id=ceb768ce546a4b47aa545e3da2a73ad4]), partition=RANGE (key) PARTITION 1717986912 <= VALUES < 1932735276
I20260710 10:59:56.518410   681 data_dirs.cc:400] Could only allocate 1 dirs of requested 3 for tablet 2cc53336c82b4a77a2be1951bd178dbe. 1 dirs total, 0 dirs full, 0 dirs failed
I20260710 10:59:56.518316   539 tablet_service.cc:1511] Processing CreateTablet for tablet 215e5a3cc738407ebf9e6a98af9cdbc6 (DEFAULT_TABLE table=test-workload [id=ceb768ce546a4b47aa545e3da2a73ad4]), partition=RANGE (key) PARTITION 214748364 <= VALUES < 429496728
I20260710 10:59:56.519752   539 data_dirs.cc:400] Could only allocate 1 dirs of requested 3 for tablet 215e5a3cc738407ebf9e6a98af9cdbc6. 1 dirs total, 0 dirs full, 0 dirs failed
I20260710 10:59:56.525169   538 tablet_service.cc:1511] Processing CreateTablet for tablet 115050ecaefd4888bd599acc565a7fc6 (DEFAULT_TABLE table=test-workload [id=ceb768ce546a4b47aa545e3da2a73ad4]), partition=RANGE (key) PARTITION 429496728 <= VALUES < 644245092
I20260710 10:59:56.526643   538 data_dirs.cc:400] Could only allocate 1 dirs of requested 3 for tablet 115050ecaefd4888bd599acc565a7fc6. 1 dirs total, 0 dirs full, 0 dirs failed
I20260710 10:59:56.534821   535 tablet_service.cc:1511] Processing CreateTablet for tablet 4d18f8c43721447685ac9416edc85230 (DEFAULT_TABLE table=test-workload [id=ceb768ce546a4b47aa545e3da2a73ad4]), partition=RANGE (key) PARTITION 1073741820 <= VALUES < 1288490184
I20260710 10:59:56.536034   535 data_dirs.cc:400] Could only allocate 1 dirs of requested 3 for tablet 4d18f8c43721447685ac9416edc85230. 1 dirs total, 0 dirs full, 0 dirs failed
I20260710 10:59:56.536880   610 tablet_service.cc:1511] Processing CreateTablet for tablet 4d18f8c43721447685ac9416edc85230 (DEFAULT_TABLE table=test-workload [id=ceb768ce546a4b47aa545e3da2a73ad4]), partition=RANGE (key) PARTITION 1073741820 <= VALUES < 1288490184
I20260710 10:59:56.536973   606 tablet_service.cc:1511] Processing CreateTablet for tablet 7d32bd71199e4befb09c9ccae675b8a9 (DEFAULT_TABLE table=test-workload [id=ceb768ce546a4b47aa545e3da2a73ad4]), partition=RANGE (key) PARTITION 1932735276 <= VALUES
I20260710 10:59:56.538233   610 data_dirs.cc:400] Could only allocate 1 dirs of requested 3 for tablet 4d18f8c43721447685ac9416edc85230. 1 dirs total, 0 dirs full, 0 dirs failed
I20260710 10:59:56.538796   606 data_dirs.cc:400] Could only allocate 1 dirs of requested 3 for tablet 7d32bd71199e4befb09c9ccae675b8a9. 1 dirs total, 0 dirs full, 0 dirs failed
I20260710 10:59:56.540793   609 tablet_service.cc:1511] Processing CreateTablet for tablet 271b3bbcaf3542e5981c11b1ae9c28c5 (DEFAULT_TABLE table=test-workload [id=ceb768ce546a4b47aa545e3da2a73ad4]), partition=RANGE (key) PARTITION 1288490184 <= VALUES < 1503238548
I20260710 10:59:56.542094   609 data_dirs.cc:400] Could only allocate 1 dirs of requested 3 for tablet 271b3bbcaf3542e5981c11b1ae9c28c5. 1 dirs total, 0 dirs full, 0 dirs failed
