[==========] Running 8 tests from 2 test suites.
[----------] Global test environment set-up.
[----------] 6 tests from LeaderRebalancerTest
[ RUN      ] LeaderRebalancerTest.FunctionalTestForDivided
WARNING: Logging before InitGoogleLogging() is written to STDERR
I20260710 11:07:10.545604 25865 internal_mini_cluster.cc:156] Creating distributed mini masters. Addrs: 127.25.66.126:35161
I20260710 11:07:10.547176 25865 env_posix.cc:2285] Not raising this process' open files per process limit of 1048576; it is already as high as it can go
I20260710 11:07:10.548194 25865 file_cache.cc:504] Constructed file cache file cache with capacity 419430
W20260710 11:07:10.564834 25872 instance_detector.cc:116] could not retrieve Azure instance metadata: Network error: curl error: HTTP response code said error: The requested URL returned error: 404
W20260710 11:07:10.564841 25874 instance_detector.cc:116] could not retrieve OpenStack instance metadata: Network error: curl error: HTTP response code said error: The requested URL returned error: 404
I20260710 11:07:10.566526 25865 server_base.cc:1061] running on GCE node
W20260710 11:07:10.565400 25871 instance_detector.cc:116] could not retrieve AWS instance metadata: Network error: curl error: HTTP response code said error: The requested URL returned error: 404
I20260710 11:07:11.773428 25865 hybrid_clock.cc:584] initializing the hybrid clock with 'system_unsync' time source
W20260710 11:07:11.773717 25865 system_unsync_time.cc:38] NTP support is disabled. Clock error bounds will not be accurate. This configuration is not suitable for distributed clusters.
I20260710 11:07:11.773931 25865 hybrid_clock.cc:648] HybridClock initialized: now 1783681631773904 us; error 0 us; skew 500 ppm
I20260710 11:07:11.774781 25865 server_base.cc:861] Flag tcmalloc_max_total_thread_cache_bytes is not working since tcmalloc is not enabled.
I20260710 11:07:11.780000 25865 webserver.cc:533] Webserver started at http://127.25.66.126:34311/ using document root <none> and password file <none>
I20260710 11:07:11.780853 25865 fs_manager.cc:362] Metadata directory not provided
I20260710 11:07:11.781082 25865 fs_manager.cc:368] Using write-ahead log directory (fs_wal_dir) as metadata directory
I20260710 11:07:11.781538 25865 server_base.cc:909] This appears to be a new deployment of Kudu; creating new FS layout
I20260710 11:07:11.787132 25865 fs_manager.cc:1068] Generated new instance metadata in path /tmp/dist-test-taskcTRD4G/test-tmp/auto_leader_rebalancer-test.0.LeaderRebalancerTest.FunctionalTestForDivided.1783681630380888-25865-0/minicluster-data/master-0-root/instance:
uuid: "aa88f75bc06e41ed814a66fa49db9282"
format_stamp: "Formatted at 2026-07-10 11:07:11 on dist-test-slave-2bzx"
I20260710 11:07:11.794943 25865 fs_manager.cc:696] Time spent creating directory manager: real 0.007s	user 0.007s	sys 0.001s
I20260710 11:07:11.799758 25880 log_block_manager.cc:4127] Time spent loading block containers with low live blocks: real 0.000s	user 0.000s	sys 0.000s
I20260710 11:07:11.800854 25865 fs_manager.cc:730] Time spent opening block manager: real 0.003s	user 0.005s	sys 0.000s
I20260710 11:07:11.801191 25865 fs_manager.cc:647] Opened local filesystem: /tmp/dist-test-taskcTRD4G/test-tmp/auto_leader_rebalancer-test.0.LeaderRebalancerTest.FunctionalTestForDivided.1783681630380888-25865-0/minicluster-data/master-0-root
uuid: "aa88f75bc06e41ed814a66fa49db9282"
format_stamp: "Formatted at 2026-07-10 11:07:11 on dist-test-slave-2bzx"
I20260710 11:07:11.801524 25865 fs_report.cc:389] FS layout report
--------------------
wal directory: /tmp/dist-test-taskcTRD4G/test-tmp/auto_leader_rebalancer-test.0.LeaderRebalancerTest.FunctionalTestForDivided.1783681630380888-25865-0/minicluster-data/master-0-root
metadata directory: /tmp/dist-test-taskcTRD4G/test-tmp/auto_leader_rebalancer-test.0.LeaderRebalancerTest.FunctionalTestForDivided.1783681630380888-25865-0/minicluster-data/master-0-root
1 data directories: /tmp/dist-test-taskcTRD4G/test-tmp/auto_leader_rebalancer-test.0.LeaderRebalancerTest.FunctionalTestForDivided.1783681630380888-25865-0/minicluster-data/master-0-root/data
Total live blocks: 0
Total live bytes: 0
Total live bytes (after alignment): 0
Total number of LBM containers: 0 (0 full)
Did not check for missing blocks
Did not check for orphaned blocks
Total full LBM containers with extra space: 0 (0 repaired)
Total full LBM container extra space in bytes: 0 (0 repaired)
Total incomplete LBM containers: 0 (0 repaired)
Total LBM partial records: 0 (0 repaired)
Total corrupted LBM metadata records in RocksDB: 0 (0 repaired)
I20260710 11:07:11.871245 25865 rpc_server.cc:225] running with OpenSSL 1.1.1  11 Sep 2018
I20260710 11:07:11.872782 25865 env_posix.cc:2285] Not raising this process' running threads per effective uid limit of 18446744073709551615; it is already as high as it can go
I20260710 11:07:11.873234 25865 kserver.cc:163] Server-wide thread pool size limit: 3276
I20260710 11:07:11.942776 25865 rpc_server.cc:307] RPC server started. Bound to: 127.25.66.126:35161
I20260710 11:07:11.942854 25931 acceptor_pool.cc:272] collecting diagnostics on the listening RPC socket 127.25.66.126:35161 every 8 connection(s)
I20260710 11:07:11.950352 25932 data_dirs.cc:400] Could only allocate 1 dirs of requested 3 for tablet 00000000000000000000000000000000. 1 dirs total, 0 dirs full, 0 dirs failed
I20260710 11:07:11.971267 25932 tablet_bootstrap.cc:492] T 00000000000000000000000000000000 P aa88f75bc06e41ed814a66fa49db9282: Bootstrap starting.
I20260710 11:07:11.976992 25932 tablet_bootstrap.cc:654] T 00000000000000000000000000000000 P aa88f75bc06e41ed814a66fa49db9282: Neither blocks nor log segments found. Creating new log.
I20260710 11:07:11.978825 25932 log.cc:826] T 00000000000000000000000000000000 P aa88f75bc06e41ed814a66fa49db9282: Log is configured to *not* fsync() on all Append() calls
I20260710 11:07:11.983414 25932 tablet_bootstrap.cc:492] T 00000000000000000000000000000000 P aa88f75bc06e41ed814a66fa49db9282: No bootstrap required, opened a new log
I20260710 11:07:12.003301 25932 raft_consensus.cc:359] T 00000000000000000000000000000000 P aa88f75bc06e41ed814a66fa49db9282 [term 0 FOLLOWER]: Replica starting. Triggering 0 pending ops. Active config: opid_index: -1 OBSOLETE_local: true peers { permanent_uuid: "aa88f75bc06e41ed814a66fa49db9282" member_type: VOTER }
I20260710 11:07:12.003845 25932 raft_consensus.cc:385] T 00000000000000000000000000000000 P aa88f75bc06e41ed814a66fa49db9282 [term 0 FOLLOWER]: Consensus starting up: Expiring failure detector timer to make a prompt election more likely
I20260710 11:07:12.004155 25932 raft_consensus.cc:740] T 00000000000000000000000000000000 P aa88f75bc06e41ed814a66fa49db9282 [term 0 FOLLOWER]: Becoming Follower/Learner. State: Replica: aa88f75bc06e41ed814a66fa49db9282, State: Initialized, Role: FOLLOWER
I20260710 11:07:12.005048 25932 consensus_queue.cc:260] T 00000000000000000000000000000000 P aa88f75bc06e41ed814a66fa49db9282 [NON_LEADER]: Queue going to NON_LEADER mode. State: All replicated index: 0, Majority replicated index: 0, Committed index: 0, Last appended: 0.0, Last appended by leader: 0, Current term: 0, Majority size: -1, State: 0, Mode: NON_LEADER, active raft config: opid_index: -1 OBSOLETE_local: true peers { permanent_uuid: "aa88f75bc06e41ed814a66fa49db9282" member_type: VOTER }
I20260710 11:07:12.005549 25932 raft_consensus.cc:399] T 00000000000000000000000000000000 P aa88f75bc06e41ed814a66fa49db9282 [term 0 FOLLOWER]: Only one voter in the Raft config. Triggering election immediately
I20260710 11:07:12.005863 25932 raft_consensus.cc:493] T 00000000000000000000000000000000 P aa88f75bc06e41ed814a66fa49db9282 [term 0 FOLLOWER]: Starting leader election (initial election of a single-replica configuration)
I20260710 11:07:12.006206 25932 raft_consensus.cc:3060] T 00000000000000000000000000000000 P aa88f75bc06e41ed814a66fa49db9282 [term 0 FOLLOWER]: Advancing to term 1
I20260710 11:07:12.010262 25932 raft_consensus.cc:515] T 00000000000000000000000000000000 P aa88f75bc06e41ed814a66fa49db9282 [term 1 FOLLOWER]: Starting leader election with config: opid_index: -1 OBSOLETE_local: true peers { permanent_uuid: "aa88f75bc06e41ed814a66fa49db9282" member_type: VOTER }
I20260710 11:07:12.011003 25932 leader_election.cc:304] T 00000000000000000000000000000000 P aa88f75bc06e41ed814a66fa49db9282 [CANDIDATE]: Term 1 election: Election decided. Result: candidate won. Election summary: received 1 responses out of 1 voters: 1 yes votes; 0 no votes. yes voters: aa88f75bc06e41ed814a66fa49db9282; no voters: 
I20260710 11:07:12.012687 25932 leader_election.cc:290] T 00000000000000000000000000000000 P aa88f75bc06e41ed814a66fa49db9282 [CANDIDATE]: Term 1 election: Requested vote from peers 
I20260710 11:07:12.013054 25935 raft_consensus.cc:2804] T 00000000000000000000000000000000 P aa88f75bc06e41ed814a66fa49db9282 [term 1 FOLLOWER]: Leader election won for term 1
I20260710 11:07:12.015260 25935 raft_consensus.cc:697] T 00000000000000000000000000000000 P aa88f75bc06e41ed814a66fa49db9282 [term 1 LEADER]: Becoming Leader. State: Replica: aa88f75bc06e41ed814a66fa49db9282, State: Running, Role: LEADER
I20260710 11:07:12.016206 25935 consensus_queue.cc:237] T 00000000000000000000000000000000 P aa88f75bc06e41ed814a66fa49db9282 [LEADER]: Queue going to LEADER mode. State: All replicated index: 0, Majority replicated index: 0, Committed index: 0, Last appended: 0.0, Last appended by leader: 0, Current term: 1, Majority size: 1, State: 0, Mode: LEADER, active raft config: opid_index: -1 OBSOLETE_local: true peers { permanent_uuid: "aa88f75bc06e41ed814a66fa49db9282" member_type: VOTER }
I20260710 11:07:12.017241 25932 sys_catalog.cc:565] T 00000000000000000000000000000000 P aa88f75bc06e41ed814a66fa49db9282 [sys.catalog]: configured and running, proceeding with master startup.
I20260710 11:07:12.026880 25936 sys_catalog.cc:455] T 00000000000000000000000000000000 P aa88f75bc06e41ed814a66fa49db9282 [sys.catalog]: SysCatalogTable state changed. Reason: RaftConsensus started. Latest consensus state: current_term: 1 leader_uuid: "aa88f75bc06e41ed814a66fa49db9282" committed_config { opid_index: -1 OBSOLETE_local: true peers { permanent_uuid: "aa88f75bc06e41ed814a66fa49db9282" member_type: VOTER } }
I20260710 11:07:12.026821 25937 sys_catalog.cc:455] T 00000000000000000000000000000000 P aa88f75bc06e41ed814a66fa49db9282 [sys.catalog]: SysCatalogTable state changed. Reason: New leader aa88f75bc06e41ed814a66fa49db9282. Latest consensus state: current_term: 1 leader_uuid: "aa88f75bc06e41ed814a66fa49db9282" committed_config { opid_index: -1 OBSOLETE_local: true peers { permanent_uuid: "aa88f75bc06e41ed814a66fa49db9282" member_type: VOTER } }
I20260710 11:07:12.027559 25937 sys_catalog.cc:458] T 00000000000000000000000000000000 P aa88f75bc06e41ed814a66fa49db9282 [sys.catalog]: This master's current role is: LEADER
I20260710 11:07:12.027559 25936 sys_catalog.cc:458] T 00000000000000000000000000000000 P aa88f75bc06e41ed814a66fa49db9282 [sys.catalog]: This master's current role is: LEADER
I20260710 11:07:12.031272 25943 catalog_manager.cc:1511] Loading table and tablet metadata into memory...
I20260710 11:07:12.044291 25943 catalog_manager.cc:1520] Initializing Kudu cluster ID...
I20260710 11:07:12.046576 25865 internal_mini_cluster.cc:184] Waiting to initialize catalog manager on master 0
I20260710 11:07:12.061995 25943 catalog_manager.cc:1383] Generated new cluster ID: bde2cf16c0f847698d2c44b1e638838e
I20260710 11:07:12.062307 25943 catalog_manager.cc:1531] Initializing Kudu internal certificate authority...
I20260710 11:07:12.092494 25943 catalog_manager.cc:1406] Generated new certificate authority record
I20260710 11:07:12.094098 25943 catalog_manager.cc:1540] Loading token signing keys...
I20260710 11:07:12.111339 25943 catalog_manager.cc:6070] T 00000000000000000000000000000000 P aa88f75bc06e41ed814a66fa49db9282: Generated new TSK 0
I20260710 11:07:12.112355 25943 catalog_manager.cc:1550] Initializing in-progress tserver states...
I20260710 11:07:12.178731 25865 file_cache.cc:504] Constructed file cache file cache with capacity 419430
W20260710 11:07:12.188613 25954 instance_detector.cc:116] could not retrieve AWS instance metadata: Network error: curl error: HTTP response code said error: The requested URL returned error: 404
W20260710 11:07:12.190214 25955 instance_detector.cc:116] could not retrieve Azure instance metadata: Network error: curl error: HTTP response code said error: The requested URL returned error: 404
W20260710 11:07:12.193508 25957 instance_detector.cc:116] could not retrieve OpenStack instance metadata: Network error: curl error: HTTP response code said error: The requested URL returned error: 404
I20260710 11:07:12.193575 25865 server_base.cc:1061] running on GCE node
I20260710 11:07:12.194725 25865 hybrid_clock.cc:584] initializing the hybrid clock with 'system_unsync' time source
W20260710 11:07:12.195024 25865 system_unsync_time.cc:38] NTP support is disabled. Clock error bounds will not be accurate. This configuration is not suitable for distributed clusters.
I20260710 11:07:12.195259 25865 hybrid_clock.cc:648] HybridClock initialized: now 1783681632195238 us; error 0 us; skew 500 ppm
I20260710 11:07:12.196134 25865 server_base.cc:861] Flag tcmalloc_max_total_thread_cache_bytes is not working since tcmalloc is not enabled.
I20260710 11:07:12.200522 25865 webserver.cc:533] Webserver started at http://127.25.66.65:33513/ using document root <none> and password file <none>
I20260710 11:07:12.201282 25865 fs_manager.cc:362] Metadata directory not provided
I20260710 11:07:12.201555 25865 fs_manager.cc:368] Using write-ahead log directory (fs_wal_dir) as metadata directory
I20260710 11:07:12.201959 25865 server_base.cc:909] This appears to be a new deployment of Kudu; creating new FS layout
I20260710 11:07:12.203588 25865 fs_manager.cc:1068] Generated new instance metadata in path /tmp/dist-test-taskcTRD4G/test-tmp/auto_leader_rebalancer-test.0.LeaderRebalancerTest.FunctionalTestForDivided.1783681630380888-25865-0/minicluster-data/ts-0-root/instance:
uuid: "0747c37ae8b94f9ba26de036de5badb9"
format_stamp: "Formatted at 2026-07-10 11:07:12 on dist-test-slave-2bzx"
I20260710 11:07:12.210999 25865 fs_manager.cc:696] Time spent creating directory manager: real 0.007s	user 0.005s	sys 0.003s
I20260710 11:07:12.216449 25962 log_block_manager.cc:4127] Time spent loading block containers with low live blocks: real 0.000s	user 0.000s	sys 0.000s
I20260710 11:07:12.217320 25865 fs_manager.cc:730] Time spent opening block manager: real 0.003s	user 0.002s	sys 0.000s
I20260710 11:07:12.217712 25865 fs_manager.cc:647] Opened local filesystem: /tmp/dist-test-taskcTRD4G/test-tmp/auto_leader_rebalancer-test.0.LeaderRebalancerTest.FunctionalTestForDivided.1783681630380888-25865-0/minicluster-data/ts-0-root
uuid: "0747c37ae8b94f9ba26de036de5badb9"
format_stamp: "Formatted at 2026-07-10 11:07:12 on dist-test-slave-2bzx"
I20260710 11:07:12.218127 25865 fs_report.cc:389] FS layout report
--------------------
wal directory: /tmp/dist-test-taskcTRD4G/test-tmp/auto_leader_rebalancer-test.0.LeaderRebalancerTest.FunctionalTestForDivided.1783681630380888-25865-0/minicluster-data/ts-0-root
metadata directory: /tmp/dist-test-taskcTRD4G/test-tmp/auto_leader_rebalancer-test.0.LeaderRebalancerTest.FunctionalTestForDivided.1783681630380888-25865-0/minicluster-data/ts-0-root
1 data directories: /tmp/dist-test-taskcTRD4G/test-tmp/auto_leader_rebalancer-test.0.LeaderRebalancerTest.FunctionalTestForDivided.1783681630380888-25865-0/minicluster-data/ts-0-root/data
Total live blocks: 0
Total live bytes: 0
Total live bytes (after alignment): 0
Total number of LBM containers: 0 (0 full)
Did not check for missing blocks
Did not check for orphaned blocks
Total full LBM containers with extra space: 0 (0 repaired)
Total full LBM container extra space in bytes: 0 (0 repaired)
Total incomplete LBM containers: 0 (0 repaired)
Total LBM partial records: 0 (0 repaired)
Total corrupted LBM metadata records in RocksDB: 0 (0 repaired)
I20260710 11:07:12.248595 25865 rpc_server.cc:225] running with OpenSSL 1.1.1  11 Sep 2018
I20260710 11:07:12.250555 25865 kserver.cc:163] Server-wide thread pool size limit: 3276
I20260710 11:07:12.253537 25865 txn_system_client.cc:432] TxnSystemClient initialization is disabled...
I20260710 11:07:12.259505 25865 ts_tablet_manager.cc:585] Loaded tablet metadata (0 total tablets, 0 live tablets)
I20260710 11:07:12.259835 25865 ts_tablet_manager.cc:531] Time spent load tablet metadata: real 0.000s	user 0.000s	sys 0.000s
I20260710 11:07:12.260192 25865 ts_tablet_manager.cc:616] Registered 0 tablets
I20260710 11:07:12.260438 25865 ts_tablet_manager.cc:595] Time spent register tablets: real 0.000s	user 0.000s	sys 0.000s
I20260710 11:07:12.354628 25865 rpc_server.cc:307] RPC server started. Bound to: 127.25.66.65:45091
I20260710 11:07:12.354761 26024 acceptor_pool.cc:272] collecting diagnostics on the listening RPC socket 127.25.66.65:45091 every 8 connection(s)
I20260710 11:07:12.362541 25865 file_cache.cc:504] Constructed file cache file cache with capacity 419430
W20260710 11:07:12.380254 26030 instance_detector.cc:116] could not retrieve Azure instance metadata: Network error: curl error: HTTP response code said error: The requested URL returned error: 404
W20260710 11:07:12.383759 26029 instance_detector.cc:116] could not retrieve AWS instance metadata: Network error: curl error: HTTP response code said error: The requested URL returned error: 404
W20260710 11:07:12.387488 26032 instance_detector.cc:116] could not retrieve OpenStack instance metadata: Network error: curl error: HTTP response code said error: The requested URL returned error: 404
I20260710 11:07:12.391531 25865 server_base.cc:1061] running on GCE node
I20260710 11:07:12.392555 25865 hybrid_clock.cc:584] initializing the hybrid clock with 'system_unsync' time source
W20260710 11:07:12.392844 25865 system_unsync_time.cc:38] NTP support is disabled. Clock error bounds will not be accurate. This configuration is not suitable for distributed clusters.
I20260710 11:07:12.393062 25865 hybrid_clock.cc:648] HybridClock initialized: now 1783681632393038 us; error 0 us; skew 500 ppm
I20260710 11:07:12.393878 25865 server_base.cc:861] Flag tcmalloc_max_total_thread_cache_bytes is not working since tcmalloc is not enabled.
I20260710 11:07:12.396579 26025 heartbeater.cc:344] Connected to a master server at 127.25.66.126:35161
I20260710 11:07:12.397048 26025 heartbeater.cc:461] Registering TS with master...
I20260710 11:07:12.398218 26025 heartbeater.cc:507] Master 127.25.66.126:35161 requested a full tablet report, sending...
I20260710 11:07:12.399986 25865 webserver.cc:533] Webserver started at http://127.25.66.66:34123/ using document root <none> and password file <none>
I20260710 11:07:12.400529 25865 fs_manager.cc:362] Metadata directory not provided
I20260710 11:07:12.400800 25865 fs_manager.cc:368] Using write-ahead log directory (fs_wal_dir) as metadata directory
I20260710 11:07:12.401079 25865 server_base.cc:909] This appears to be a new deployment of Kudu; creating new FS layout
I20260710 11:07:12.401614 25897 ts_manager.cc:194] Registered new tserver with Master: 0747c37ae8b94f9ba26de036de5badb9 (127.25.66.65:45091)
I20260710 11:07:12.402343 25865 fs_manager.cc:1068] Generated new instance metadata in path /tmp/dist-test-taskcTRD4G/test-tmp/auto_leader_rebalancer-test.0.LeaderRebalancerTest.FunctionalTestForDivided.1783681630380888-25865-0/minicluster-data/ts-1-root/instance:
uuid: "191b9df4c6c64eafa8eb1a9f4d360f23"
format_stamp: "Formatted at 2026-07-10 11:07:12 on dist-test-slave-2bzx"
I20260710 11:07:12.404593 25897 master_service.cc:502] Signed X509 certificate for tserver {username='slave'} at 127.0.0.1:32800
I20260710 11:07:12.407905 25865 fs_manager.cc:696] Time spent creating directory manager: real 0.005s	user 0.005s	sys 0.000s
I20260710 11:07:12.412449 26037 log_block_manager.cc:4127] Time spent loading block containers with low live blocks: real 0.000s	user 0.000s	sys 0.000s
I20260710 11:07:12.413324 25865 fs_manager.cc:730] Time spent opening block manager: real 0.003s	user 0.000s	sys 0.002s
I20260710 11:07:12.413599 25865 fs_manager.cc:647] Opened local filesystem: /tmp/dist-test-taskcTRD4G/test-tmp/auto_leader_rebalancer-test.0.LeaderRebalancerTest.FunctionalTestForDivided.1783681630380888-25865-0/minicluster-data/ts-1-root
uuid: "191b9df4c6c64eafa8eb1a9f4d360f23"
format_stamp: "Formatted at 2026-07-10 11:07:12 on dist-test-slave-2bzx"
I20260710 11:07:12.413937 25865 fs_report.cc:389] FS layout report
--------------------
wal directory: /tmp/dist-test-taskcTRD4G/test-tmp/auto_leader_rebalancer-test.0.LeaderRebalancerTest.FunctionalTestForDivided.1783681630380888-25865-0/minicluster-data/ts-1-root
metadata directory: /tmp/dist-test-taskcTRD4G/test-tmp/auto_leader_rebalancer-test.0.LeaderRebalancerTest.FunctionalTestForDivided.1783681630380888-25865-0/minicluster-data/ts-1-root
1 data directories: /tmp/dist-test-taskcTRD4G/test-tmp/auto_leader_rebalancer-test.0.LeaderRebalancerTest.FunctionalTestForDivided.1783681630380888-25865-0/minicluster-data/ts-1-root/data
Total live blocks: 0
Total live bytes: 0
Total live bytes (after alignment): 0
Total number of LBM containers: 0 (0 full)
Did not check for missing blocks
Did not check for orphaned blocks
Total full LBM containers with extra space: 0 (0 repaired)
Total full LBM container extra space in bytes: 0 (0 repaired)
Total incomplete LBM containers: 0 (0 repaired)
Total LBM partial records: 0 (0 repaired)
Total corrupted LBM metadata records in RocksDB: 0 (0 repaired)
I20260710 11:07:12.432533 25865 rpc_server.cc:225] running with OpenSSL 1.1.1  11 Sep 2018
I20260710 11:07:12.434019 25865 kserver.cc:163] Server-wide thread pool size limit: 3276
I20260710 11:07:12.436582 25865 txn_system_client.cc:432] TxnSystemClient initialization is disabled...
I20260710 11:07:12.440063 25865 ts_tablet_manager.cc:585] Loaded tablet metadata (0 total tablets, 0 live tablets)
I20260710 11:07:12.440241 25865 ts_tablet_manager.cc:531] Time spent load tablet metadata: real 0.000s	user 0.000s	sys 0.000s
I20260710 11:07:12.440528 25865 ts_tablet_manager.cc:616] Registered 0 tablets
I20260710 11:07:12.440671 25865 ts_tablet_manager.cc:595] Time spent register tablets: real 0.000s	user 0.000s	sys 0.000s
I20260710 11:07:12.537477 25865 rpc_server.cc:307] RPC server started. Bound to: 127.25.66.66:41141
I20260710 11:07:12.537917 26099 acceptor_pool.cc:272] collecting diagnostics on the listening RPC socket 127.25.66.66:41141 every 8 connection(s)
I20260710 11:07:12.544691 25865 file_cache.cc:504] Constructed file cache file cache with capacity 419430
W20260710 11:07:12.553294 26104 instance_detector.cc:116] could not retrieve Azure instance metadata: Network error: curl error: HTTP response code said error: The requested URL returned error: 404
W20260710 11:07:12.554920 26103 instance_detector.cc:116] could not retrieve AWS instance metadata: Network error: curl error: HTTP response code said error: The requested URL returned error: 404
I20260710 11:07:12.559167 26100 heartbeater.cc:344] Connected to a master server at 127.25.66.126:35161
I20260710 11:07:12.559548 25865 server_base.cc:1061] running on GCE node
I20260710 11:07:12.559677 26100 heartbeater.cc:461] Registering TS with master...
I20260710 11:07:12.560590 26100 heartbeater.cc:507] Master 127.25.66.126:35161 requested a full tablet report, sending...
W20260710 11:07:12.561619 26106 instance_detector.cc:116] could not retrieve OpenStack instance metadata: Network error: curl error: HTTP response code said error: The requested URL returned error: 404
I20260710 11:07:12.562752 25865 hybrid_clock.cc:584] initializing the hybrid clock with 'system_unsync' time source
I20260710 11:07:12.562763 25897 ts_manager.cc:194] Registered new tserver with Master: 191b9df4c6c64eafa8eb1a9f4d360f23 (127.25.66.66:41141)
W20260710 11:07:12.563148 25865 system_unsync_time.cc:38] NTP support is disabled. Clock error bounds will not be accurate. This configuration is not suitable for distributed clusters.
I20260710 11:07:12.563369 25865 hybrid_clock.cc:648] HybridClock initialized: now 1783681632563349 us; error 0 us; skew 500 ppm
I20260710 11:07:12.564056 25865 server_base.cc:861] Flag tcmalloc_max_total_thread_cache_bytes is not working since tcmalloc is not enabled.
I20260710 11:07:12.564563 25897 master_service.cc:502] Signed X509 certificate for tserver {username='slave'} at 127.0.0.1:32808
I20260710 11:07:12.568360 25865 webserver.cc:533] Webserver started at http://127.25.66.67:37223/ using document root <none> and password file <none>
I20260710 11:07:12.568838 25865 fs_manager.cc:362] Metadata directory not provided
I20260710 11:07:12.569041 25865 fs_manager.cc:368] Using write-ahead log directory (fs_wal_dir) as metadata directory
I20260710 11:07:12.569299 25865 server_base.cc:909] This appears to be a new deployment of Kudu; creating new FS layout
I20260710 11:07:12.570379 25865 fs_manager.cc:1068] Generated new instance metadata in path /tmp/dist-test-taskcTRD4G/test-tmp/auto_leader_rebalancer-test.0.LeaderRebalancerTest.FunctionalTestForDivided.1783681630380888-25865-0/minicluster-data/ts-2-root/instance:
uuid: "2004d6b59d294ce4bfcb65cfcbbed071"
format_stamp: "Formatted at 2026-07-10 11:07:12 on dist-test-slave-2bzx"
I20260710 11:07:12.574842 25865 fs_manager.cc:696] Time spent creating directory manager: real 0.004s	user 0.000s	sys 0.004s
I20260710 11:07:12.578202 26111 log_block_manager.cc:4127] Time spent loading block containers with low live blocks: real 0.000s	user 0.000s	sys 0.000s
I20260710 11:07:12.579041 25865 fs_manager.cc:730] Time spent opening block manager: real 0.002s	user 0.001s	sys 0.002s
I20260710 11:07:12.579321 25865 fs_manager.cc:647] Opened local filesystem: /tmp/dist-test-taskcTRD4G/test-tmp/auto_leader_rebalancer-test.0.LeaderRebalancerTest.FunctionalTestForDivided.1783681630380888-25865-0/minicluster-data/ts-2-root
uuid: "2004d6b59d294ce4bfcb65cfcbbed071"
format_stamp: "Formatted at 2026-07-10 11:07:12 on dist-test-slave-2bzx"
I20260710 11:07:12.579592 25865 fs_report.cc:389] FS layout report
--------------------
wal directory: /tmp/dist-test-taskcTRD4G/test-tmp/auto_leader_rebalancer-test.0.LeaderRebalancerTest.FunctionalTestForDivided.1783681630380888-25865-0/minicluster-data/ts-2-root
metadata directory: /tmp/dist-test-taskcTRD4G/test-tmp/auto_leader_rebalancer-test.0.LeaderRebalancerTest.FunctionalTestForDivided.1783681630380888-25865-0/minicluster-data/ts-2-root
1 data directories: /tmp/dist-test-taskcTRD4G/test-tmp/auto_leader_rebalancer-test.0.LeaderRebalancerTest.FunctionalTestForDivided.1783681630380888-25865-0/minicluster-data/ts-2-root/data
Total live blocks: 0
Total live bytes: 0
Total live bytes (after alignment): 0
Total number of LBM containers: 0 (0 full)
Did not check for missing blocks
Did not check for orphaned blocks
Total full LBM containers with extra space: 0 (0 repaired)
Total full LBM container extra space in bytes: 0 (0 repaired)
Total incomplete LBM containers: 0 (0 repaired)
Total LBM partial records: 0 (0 repaired)
Total corrupted LBM metadata records in RocksDB: 0 (0 repaired)
I20260710 11:07:12.597440 25865 rpc_server.cc:225] running with OpenSSL 1.1.1  11 Sep 2018
I20260710 11:07:12.598681 25865 kserver.cc:163] Server-wide thread pool size limit: 3276
I20260710 11:07:12.601197 25865 txn_system_client.cc:432] TxnSystemClient initialization is disabled...
I20260710 11:07:12.604748 25865 ts_tablet_manager.cc:585] Loaded tablet metadata (0 total tablets, 0 live tablets)
I20260710 11:07:12.604933 25865 ts_tablet_manager.cc:531] Time spent load tablet metadata: real 0.000s	user 0.000s	sys 0.000s
I20260710 11:07:12.605209 25865 ts_tablet_manager.cc:616] Registered 0 tablets
I20260710 11:07:12.605353 25865 ts_tablet_manager.cc:595] Time spent register tablets: real 0.000s	user 0.000s	sys 0.000s
I20260710 11:07:12.706314 25865 rpc_server.cc:307] RPC server started. Bound to: 127.25.66.67:46361
I20260710 11:07:12.706409 26173 acceptor_pool.cc:272] collecting diagnostics on the listening RPC socket 127.25.66.67:46361 every 8 connection(s)
I20260710 11:07:12.724725 26174 heartbeater.cc:344] Connected to a master server at 127.25.66.126:35161
I20260710 11:07:12.725102 26174 heartbeater.cc:461] Registering TS with master...
I20260710 11:07:12.725951 26174 heartbeater.cc:507] Master 127.25.66.126:35161 requested a full tablet report, sending...
I20260710 11:07:12.728108 25897 ts_manager.cc:194] Registered new tserver with Master: 2004d6b59d294ce4bfcb65cfcbbed071 (127.25.66.67:46361)
I20260710 11:07:12.728798 25865 internal_mini_cluster.cc:371] 3 TS(s) registered with all masters after 0.015461281s
I20260710 11:07:12.730008 25897 master_service.cc:502] Signed X509 certificate for tserver {username='slave'} at 127.0.0.1:32820
I20260710 11:07:12.792060 25897 catalog_manager.cc:2283] Servicing CreateTable request from {username='slave'} at 127.0.0.1:32830:
name: "test-workload"
schema {
  columns {
    name: "key"
    type: INT32
    is_key: true
    is_nullable: false
    encoding: AUTO_ENCODING
    compression: DEFAULT_COMPRESSION
    cfile_block_size: 0
    immutable: false
  }
  columns {
    name: "int_val"
    type: INT32
    is_key: false
    is_nullable: false
    encoding: AUTO_ENCODING
    compression: DEFAULT_COMPRESSION
    cfile_block_size: 0
    immutable: false
  }
  columns {
    name: "string_val"
    type: STRING
    is_key: false
    is_nullable: true
    encoding: AUTO_ENCODING
    compression: DEFAULT_COMPRESSION
    cfile_block_size: 0
    immutable: false
  }
}
num_replicas: 3
split_rows_range_bounds {
  rows: "\004\001\000\216\3438\016\004\001\000\034\307q\034\004\001\000\252\252\252*\004\001\0008\216\3438\004\001\000\306q\034G\004\001\000TUUU\004\001\000\3428\216c\004\001\000p\034\307q""\004\001\000\216\3438\016\004\001\000\034\307q\034\004\001\000\252\252\252*\004\001\0008\216\3438\004\001\000\306q\034G\004\001\000TUUU\004\001\000\3428\216c\004\001\000p\034\307q"
  indirect_data: """"
}
partition_schema {
  range_schema {
    columns {
      name: "key"
    }
  }
}
W20260710 11:07:12.797420 25897 catalog_manager.cc:7077] The number of live tablet servers is not enough to re-replicate a tablet replica of the newly created table test-workload in case of a server failure: 4 tablet servers would be needed, 3 are available. Consider bringing up more tablet servers.
I20260710 11:07:12.912424 25990 tablet_service.cc:1511] Processing CreateTablet for tablet 6e32dfd63e954622978779d92918a4a2 (DEFAULT_TABLE table=test-workload [id=53b02ce9e0a0472f8dceeda52af41612]), partition=RANGE (key) PARTITION VALUES < 238609294
I20260710 11:07:12.914095 25990 data_dirs.cc:400] Could only allocate 1 dirs of requested 3 for tablet 6e32dfd63e954622978779d92918a4a2. 1 dirs total, 0 dirs full, 0 dirs failed
I20260710 11:07:12.914886 25989 tablet_service.cc:1511] Processing CreateTablet for tablet 3a7968c3ba364e8abf1489443b132f9d (DEFAULT_TABLE table=test-workload [id=53b02ce9e0a0472f8dceeda52af41612]), partition=RANGE (key) PARTITION 238609294 <= VALUES < 477218588
I20260710 11:07:12.916213 25989 data_dirs.cc:400] Could only allocate 1 dirs of requested 3 for tablet 3a7968c3ba364e8abf1489443b132f9d. 1 dirs total, 0 dirs full, 0 dirs failed
I20260710 11:07:12.917145 25988 tablet_service.cc:1511] Processing CreateTablet for tablet 5f1eda38c96f472681495003bdddd3d4 (DEFAULT_TABLE table=test-workload [id=53b02ce9e0a0472f8dceeda52af41612]), partition=RANGE (key) PARTITION 477218588 <= VALUES < 715827882
I20260710 11:07:12.918498 25988 data_dirs.cc:400] Could only allocate 1 dirs of requested 3 for tablet 5f1eda38c96f472681495003bdddd3d4. 1 dirs total, 0 dirs full, 0 dirs failed
I20260710 11:07:12.918807 25986 tablet_service.cc:1511] Processing CreateTablet for tablet 8e896b4251d444e9bb1894b2da53f051 (DEFAULT_TABLE table=test-workload [id=53b02ce9e0a0472f8dceeda52af41612]), partition=RANGE (key) PARTITION 954437176 <= VALUES < 1193046470
I20260710 11:07:12.922117 25985 tablet_service.cc:1511] Processing CreateTablet for tablet ec8af8b91b4f4b2b95237244c7e570a0 (DEFAULT_TABLE table=test-workload [id=53b02ce9e0a0472f8dceeda52af41612]), partition=RANGE (key) PARTITION 1193046470 <= VALUES < 1431655764
I20260710 11:07:12.923396 25985 data_dirs.cc:400] Could only allocate 1 dirs of requested 3 for tablet ec8af8b91b4f4b2b95237244c7e570a0. 1 dirs total, 0 dirs full, 0 dirs failed
I20260710 11:07:12.924633 25982 tablet_service.cc:1511] Processing CreateTablet for tablet e7c896b0a9324b94bf7fa1b228ef76d1 (DEFAULT_TABLE table=test-workload [id=53b02ce9e0a0472f8dceeda52af41612]), partition=RANGE (key) PARTITION 1908874352 <= VALUES
I20260710 11:07:12.925987 25982 data_dirs.cc:400] Could only allocate 1 dirs of requested 3 for tablet e7c896b0a9324b94bf7fa1b228ef76d1. 1 dirs total, 0 dirs full, 0 dirs failed
I20260710 11:07:12.936537 25986 data_dirs.cc:400] Could only allocate 1 dirs of requested 3 for tablet 8e896b4251d444e9bb1894b2da53f051. 1 dirs total, 0 dirs full, 0 dirs failed
I20260710 11:07:12.942764 25984 tablet_service.cc:1511] Processing CreateTablet for tablet db8eeac4e5724d45b82447314e05ba2c (DEFAULT_TABLE table=test-workload [id=53b02ce9e0a0472f8dceeda52af41612]), partition=RANGE (key) PARTITION 1431655764 <= VALUES < 1670265058
I20260710 11:07:12.933981 25983 tablet_service.cc:1511] Processing CreateTablet for tablet 11789e95232247408d74d1d6d6dd67d7 (DEFAULT_TABLE table=test-workload [id=53b02ce9e0a0472f8dceeda52af41612]), partition=RANGE (key) PARTITION 1670265058 <= VALUES < 1908874352
I20260710 11:07:12.947434 25984 data_dirs.cc:400] Could only allocate 1 dirs of requested 3 for tablet db8eeac4e5724d45b82447314e05ba2c. 1 dirs total, 0 dirs full, 0 dirs failed
I20260710 11:07:12.949882 25983 data_dirs.cc:400] Could only allocate 1 dirs of requested 3 for tablet 11789e95232247408d74d1d6d6dd67d7. 1 dirs total, 0 dirs full, 0 dirs failed
I20260710 11:07:12.943519 25987 tablet_service.cc:1511] Processing CreateTablet for tablet 8f9d0323a95a45ce862516f9196f4201 (DEFAULT_TABLE table=test-workload [id=53b02ce9e0a0472f8dceeda52af41612]), partition=RANGE (key) PARTITION 715827882 <= VALUES < 954437176
I20260710 11:07:12.957401 25987 data_dirs.cc:400] Could only allocate 1 dirs of requested 3 for tablet 8f9d0323a95a45ce862516f9196f4201. 1 dirs total, 0 dirs full, 0 dirs failed
I20260710 11:07:12.994294 26139 tablet_service.cc:1511] Processing CreateTablet for tablet 6e32dfd63e954622978779d92918a4a2 (DEFAULT_TABLE table=test-workload [id=53b02ce9e0a0472f8dceeda52af41612]), partition=RANGE (key) PARTITION VALUES < 238609294
I20260710 11:07:13.000036 26139 data_dirs.cc:400] Could only allocate 1 dirs of requested 3 for tablet 6e32dfd63e954622978779d92918a4a2. 1 dirs total, 0 dirs full, 0 dirs failed
I20260710 11:07:13.002288 26138 tablet_service.cc:1511] Processing CreateTablet for tablet 3a7968c3ba364e8abf1489443b132f9d (DEFAULT_TABLE table=test-workload [id=53b02ce9e0a0472f8dceeda52af41612]), partition=RANGE (key) PARTITION 238609294 <= VALUES < 477218588
I20260710 11:07:13.003933 26136 tablet_service.cc:1511] Processing CreateTablet for tablet 8f9d0323a95a45ce862516f9196f4201 (DEFAULT_TABLE table=test-workload [id=53b02ce9e0a0472f8dceeda52af41612]), partition=RANGE (key) PARTITION 715827882 <= VALUES < 954437176
I20260710 11:07:13.005189 26137 tablet_service.cc:1511] Processing CreateTablet for tablet 5f1eda38c96f472681495003bdddd3d4 (DEFAULT_TABLE table=test-workload [id=53b02ce9e0a0472f8dceeda52af41612]), partition=RANGE (key) PARTITION 477218588 <= VALUES < 715827882
I20260710 11:07:13.010391 26135 tablet_service.cc:1511] Processing CreateTablet for tablet 8e896b4251d444e9bb1894b2da53f051 (DEFAULT_TABLE table=test-workload [id=53b02ce9e0a0472f8dceeda52af41612]), partition=RANGE (key) PARTITION 954437176 <= VALUES < 1193046470
I20260710 11:07:13.014130 26138 data_dirs.cc:400] Could only allocate 1 dirs of requested 3 for tablet 3a7968c3ba364e8abf1489443b132f9d. 1 dirs total, 0 dirs full, 0 dirs failed
I20260710 11:07:13.016291 26137 data_dirs.cc:400] Could only allocate 1 dirs of requested 3 for tablet 5f1eda38c96f472681495003bdddd3d4. 1 dirs total, 0 dirs full, 0 dirs failed
I20260710 11:07:13.022991 26133 tablet_service.cc:1511] Processing CreateTablet for tablet db8eeac4e5724d45b82447314e05ba2c (DEFAULT_TABLE table=test-workload [id=53b02ce9e0a0472f8dceeda52af41612]), partition=RANGE (key) PARTITION 1431655764 <= VALUES < 1670265058
I20260710 11:07:13.025944 26134 tablet_service.cc:1511] Processing CreateTablet for tablet ec8af8b91b4f4b2b95237244c7e570a0 (DEFAULT_TABLE table=test-workload [id=53b02ce9e0a0472f8dceeda52af41612]), partition=RANGE (key) PARTITION 1193046470 <= VALUES < 1431655764
I20260710 11:07:13.020519 26132 tablet_service.cc:1511] Processing CreateTablet for tablet 11789e95232247408d74d1d6d6dd67d7 (DEFAULT_TABLE table=test-workload [id=53b02ce9e0a0472f8dceeda52af41612]), partition=RANGE (key) PARTITION 1670265058 <= VALUES < 1908874352
I20260710 11:07:13.032311 26136 data_dirs.cc:400] Could only allocate 1 dirs of requested 3 for tablet 8f9d0323a95a45ce862516f9196f4201. 1 dirs total, 0 dirs full, 0 dirs failed
W20260710 11:07:13.045984 25945 auto_rebalancer.cc:288] Could not retrieve cluster info: Service unavailable: Tablet not running
I20260710 11:07:13.046526 26135 data_dirs.cc:400] Could only allocate 1 dirs of requested 3 for tablet 8e896b4251d444e9bb1894b2da53f051. 1 dirs total, 0 dirs full, 0 dirs failed
I20260710 11:07:13.030859 26131 tablet_service.cc:1511] Processing CreateTablet for tablet e7c896b0a9324b94bf7fa1b228ef76d1 (DEFAULT_TABLE table=test-workload [id=53b02ce9e0a0472f8dceeda52af41612]), partition=RANGE (key) PARTITION 1908874352 <= VALUES
I20260710 11:07:13.051772 26134 data_dirs.cc:400] Could only allocate 1 dirs of requested 3 for tablet ec8af8b91b4f4b2b95237244c7e570a0. 1 dirs total, 0 dirs full, 0 dirs failed
I20260710 11:07:13.053763 26133 data_dirs.cc:400] Could only allocate 1 dirs of requested 3 for tablet db8eeac4e5724d45b82447314e05ba2c. 1 dirs total, 0 dirs full, 0 dirs failed
I20260710 11:07:13.057459 26131 data_dirs.cc:400] Could only allocate 1 dirs of requested 3 for tablet e7c896b0a9324b94bf7fa1b228ef76d1. 1 dirs total, 0 dirs full, 0 dirs failed
I20260710 11:07:13.069856 26132 data_dirs.cc:400] Could only allocate 1 dirs of requested 3 for tablet 11789e95232247408d74d1d6d6dd67d7. 1 dirs total, 0 dirs full, 0 dirs failed
I20260710 11:07:13.070200 26192 tablet_bootstrap.cc:492] T 3a7968c3ba364e8abf1489443b132f9d P 0747c37ae8b94f9ba26de036de5badb9: Bootstrap starting.
I20260710 11:07:13.088742 26065 tablet_service.cc:1511] Processing CreateTablet for tablet 6e32dfd63e954622978779d92918a4a2 (DEFAULT_TABLE table=test-workload [id=53b02ce9e0a0472f8dceeda52af41612]), partition=RANGE (key) PARTITION VALUES < 238609294
I20260710 11:07:13.095363 26065 data_dirs.cc:400] Could only allocate 1 dirs of requested 3 for tablet 6e32dfd63e954622978779d92918a4a2. 1 dirs total, 0 dirs full, 0 dirs failed
I20260710 11:07:13.099308 26059 tablet_service.cc:1511] Processing CreateTablet for tablet db8eeac4e5724d45b82447314e05ba2c (DEFAULT_TABLE table=test-workload [id=53b02ce9e0a0472f8dceeda52af41612]), partition=RANGE (key) PARTITION 1431655764 <= VALUES < 1670265058
I20260710 11:07:13.108667 26063 tablet_service.cc:1511] Processing CreateTablet for tablet 5f1eda38c96f472681495003bdddd3d4 (DEFAULT_TABLE table=test-workload [id=53b02ce9e0a0472f8dceeda52af41612]), partition=RANGE (key) PARTITION 477218588 <= VALUES < 715827882
I20260710 11:07:13.107527 26061 tablet_service.cc:1511] Processing CreateTablet for tablet 8e896b4251d444e9bb1894b2da53f051 (DEFAULT_TABLE table=test-workload [id=53b02ce9e0a0472f8dceeda52af41612]), partition=RANGE (key) PARTITION 954437176 <= VALUES < 1193046470
I20260710 11:07:13.112962 26059 data_dirs.cc:400] Could only allocate 1 dirs of requested 3 for tablet db8eeac4e5724d45b82447314e05ba2c. 1 dirs total, 0 dirs full, 0 dirs failed
I20260710 11:07:13.103253 26062 tablet_service.cc:1511] Processing CreateTablet for tablet 8f9d0323a95a45ce862516f9196f4201 (DEFAULT_TABLE table=test-workload [id=53b02ce9e0a0472f8dceeda52af41612]), partition=RANGE (key) PARTITION 715827882 <= VALUES < 954437176
I20260710 11:07:13.112872 26060 tablet_service.cc:1511] Processing CreateTablet for tablet ec8af8b91b4f4b2b95237244c7e570a0 (DEFAULT_TABLE table=test-workload [id=53b02ce9e0a0472f8dceeda52af41612]), partition=RANGE (key) PARTITION 1193046470 <= VALUES < 1431655764
I20260710 11:07:13.123673 26057 tablet_service.cc:1511] Processing CreateTablet for tablet e7c896b0a9324b94bf7fa1b228ef76d1 (DEFAULT_TABLE table=test-workload [id=53b02ce9e0a0472f8dceeda52af41612]), partition=RANGE (key) PARTITION 1908874352 <= VALUES
I20260710 11:07:13.108814 26064 tablet_service.cc:1511] Processing CreateTablet for tablet 3a7968c3ba364e8abf1489443b132f9d (DEFAULT_TABLE table=test-workload [id=53b02ce9e0a0472f8dceeda52af41612]), partition=RANGE (key) PARTITION 238609294 <= VALUES < 477218588
I20260710 11:07:13.111359 26058 tablet_service.cc:1511] Processing CreateTablet for tablet 11789e95232247408d74d1d6d6dd67d7 (DEFAULT_TABLE table=test-workload [id=53b02ce9e0a0472f8dceeda52af41612]), partition=RANGE (key) PARTITION 1670265058 <= VALUES < 1908874352
I20260710 11:07:13.126859 26063 data_dirs.cc:400] Could only allocate 1 dirs of requested 3 for tablet 5f1eda38c96f472681495003bdddd3d4. 1 dirs total, 0 dirs full, 0 dirs failed
I20260710 11:07:13.131119 26061 data_dirs.cc:400] Could only allocate 1 dirs of requested 3 for tablet 8e896b4251d444e9bb1894b2da53f051. 1 dirs total, 0 dirs full, 0 dirs failed
I20260710 11:07:13.135141 26064 data_dirs.cc:400] Could only allocate 1 dirs of requested 3 for tablet 3a7968c3ba364e8abf1489443b132f9d. 1 dirs total, 0 dirs full, 0 dirs failed
I20260710 11:07:13.138911 26057 data_dirs.cc:400] Could only allocate 1 dirs of requested 3 for tablet e7c896b0a9324b94bf7fa1b228ef76d1. 1 dirs total, 0 dirs full, 0 dirs failed
I20260710 11:07:13.143507 26062 data_dirs.cc:400] Could only allocate 1 dirs of requested 3 for tablet 8f9d0323a95a45ce862516f9196f4201. 1 dirs total, 0 dirs full, 0 dirs failed
I20260710 11:07:13.144657 26058 data_dirs.cc:400] Could only allocate 1 dirs of requested 3 for tablet 11789e95232247408d74d1d6d6dd67d7. 1 dirs total, 0 dirs full, 0 dirs failed
I20260710 11:07:13.151911 26060 data_dirs.cc:400] Could only allocate 1 dirs of requested 3 for tablet ec8af8b91b4f4b2b95237244c7e570a0. 1 dirs total, 0 dirs full, 0 dirs failed
I20260710 11:07:13.208943 26193 tablet_bootstrap.cc:492] T 5f1eda38c96f472681495003bdddd3d4 P 2004d6b59d294ce4bfcb65cfcbbed071: Bootstrap starting.
I20260710 11:07:13.223392 26194 tablet_bootstrap.cc:492] T 8f9d0323a95a45ce862516f9196f4201 P 191b9df4c6c64eafa8eb1a9f4d360f23: Bootstrap starting.
I20260710 11:07:13.238013 26192 tablet_bootstrap.cc:654] T 3a7968c3ba364e8abf1489443b132f9d P 0747c37ae8b94f9ba26de036de5badb9: Neither blocks nor log segments found. Creating new log.
I20260710 11:07:13.253832 26194 tablet_bootstrap.cc:654] T 8f9d0323a95a45ce862516f9196f4201 P 191b9df4c6c64eafa8eb1a9f4d360f23: Neither blocks nor log segments found. Creating new log.
I20260710 11:07:13.255380 26192 tablet_bootstrap.cc:492] T 3a7968c3ba364e8abf1489443b132f9d P 0747c37ae8b94f9ba26de036de5badb9: No bootstrap required, opened a new log
I20260710 11:07:13.255896 26192 ts_tablet_manager.cc:1403] T 3a7968c3ba364e8abf1489443b132f9d P 0747c37ae8b94f9ba26de036de5badb9: Time spent bootstrapping tablet: real 0.188s	user 0.011s	sys 0.014s
I20260710 11:07:13.257718 26193 tablet_bootstrap.cc:654] T 5f1eda38c96f472681495003bdddd3d4 P 2004d6b59d294ce4bfcb65cfcbbed071: Neither blocks nor log segments found. Creating new log.
I20260710 11:07:13.259529 26192 raft_consensus.cc:359] T 3a7968c3ba364e8abf1489443b132f9d P 0747c37ae8b94f9ba26de036de5badb9 [term 0 FOLLOWER]: Replica starting. Triggering 0 pending ops. Active config: opid_index: -1 OBSOLETE_local: false peers { permanent_uuid: "0747c37ae8b94f9ba26de036de5badb9" member_type: VOTER last_known_addr { host: "127.25.66.65" port: 45091 } } peers { permanent_uuid: "191b9df4c6c64eafa8eb1a9f4d360f23" member_type: VOTER last_known_addr { host: "127.25.66.66" port: 41141 } } peers { permanent_uuid: "2004d6b59d294ce4bfcb65cfcbbed071" member_type: VOTER last_known_addr { host: "127.25.66.67" port: 46361 } }
I20260710 11:07:13.260308 26192 raft_consensus.cc:385] T 3a7968c3ba364e8abf1489443b132f9d P 0747c37ae8b94f9ba26de036de5badb9 [term 0 FOLLOWER]: Consensus starting up: Expiring failure detector timer to make a prompt election more likely
I20260710 11:07:13.260600 26192 raft_consensus.cc:740] T 3a7968c3ba364e8abf1489443b132f9d P 0747c37ae8b94f9ba26de036de5badb9 [term 0 FOLLOWER]: Becoming Follower/Learner. State: Replica: 0747c37ae8b94f9ba26de036de5badb9, State: Initialized, Role: FOLLOWER
I20260710 11:07:13.265975 26192 consensus_queue.cc:260] T 3a7968c3ba364e8abf1489443b132f9d P 0747c37ae8b94f9ba26de036de5badb9 [NON_LEADER]: Queue going to NON_LEADER mode. State: All replicated index: 0, Majority replicated index: 0, Committed index: 0, Last appended: 0.0, Last appended by leader: 0, Current term: 0, Majority size: -1, State: 0, Mode: NON_LEADER, active raft config: opid_index: -1 OBSOLETE_local: false peers { permanent_uuid: "0747c37ae8b94f9ba26de036de5badb9" member_type: VOTER last_known_addr { host: "127.25.66.65" port: 45091 } } peers { permanent_uuid: "191b9df4c6c64eafa8eb1a9f4d360f23" member_type: VOTER last_known_addr { host: "127.25.66.66" port: 41141 } } peers { permanent_uuid: "2004d6b59d294ce4bfcb65cfcbbed071" member_type: VOTER last_known_addr { host: "127.25.66.67" port: 46361 } }
I20260710 11:07:13.268151 26194 tablet_bootstrap.cc:492] T 8f9d0323a95a45ce862516f9196f4201 P 191b9df4c6c64eafa8eb1a9f4d360f23: No bootstrap required, opened a new log
I20260710 11:07:13.268647 26194 ts_tablet_manager.cc:1403] T 8f9d0323a95a45ce862516f9196f4201 P 191b9df4c6c64eafa8eb1a9f4d360f23: Time spent bootstrapping tablet: real 0.063s	user 0.008s	sys 0.013s
I20260710 11:07:13.271971 26194 raft_consensus.cc:359] T 8f9d0323a95a45ce862516f9196f4201 P 191b9df4c6c64eafa8eb1a9f4d360f23 [term 0 FOLLOWER]: Replica starting. Triggering 0 pending ops. Active config: opid_index: -1 OBSOLETE_local: false peers { permanent_uuid: "0747c37ae8b94f9ba26de036de5badb9" member_type: VOTER last_known_addr { host: "127.25.66.65" port: 45091 } } peers { permanent_uuid: "191b9df4c6c64eafa8eb1a9f4d360f23" member_type: VOTER last_known_addr { host: "127.25.66.66" port: 41141 } } peers { permanent_uuid: "2004d6b59d294ce4bfcb65cfcbbed071" member_type: VOTER last_known_addr { host: "127.25.66.67" port: 46361 } }
I20260710 11:07:13.273808 26194 raft_consensus.cc:385] T 8f9d0323a95a45ce862516f9196f4201 P 191b9df4c6c64eafa8eb1a9f4d360f23 [term 0 FOLLOWER]: Consensus starting up: Expiring failure detector timer to make a prompt election more likely
I20260710 11:07:13.274118 26194 raft_consensus.cc:740] T 8f9d0323a95a45ce862516f9196f4201 P 191b9df4c6c64eafa8eb1a9f4d360f23 [term 0 FOLLOWER]: Becoming Follower/Learner. State: Replica: 191b9df4c6c64eafa8eb1a9f4d360f23, State: Initialized, Role: FOLLOWER
I20260710 11:07:13.274858 26194 consensus_queue.cc:260] T 8f9d0323a95a45ce862516f9196f4201 P 191b9df4c6c64eafa8eb1a9f4d360f23 [NON_LEADER]: Queue going to NON_LEADER mode. State: All replicated index: 0, Majority replicated index: 0, Committed index: 0, Last appended: 0.0, Last appended by leader: 0, Current term: 0, Majority size: -1, State: 0, Mode: NON_LEADER, active raft config: opid_index: -1 OBSOLETE_local: false peers { permanent_uuid: "0747c37ae8b94f9ba26de036de5badb9" member_type: VOTER last_known_addr { host: "127.25.66.65" port: 45091 } } peers { permanent_uuid: "191b9df4c6c64eafa8eb1a9f4d360f23" member_type: VOTER last_known_addr { host: "127.25.66.66" port: 41141 } } peers { permanent_uuid: "2004d6b59d294ce4bfcb65cfcbbed071" member_type: VOTER last_known_addr { host: "127.25.66.67" port: 46361 } }
I20260710 11:07:13.277153 26193 tablet_bootstrap.cc:492] T 5f1eda38c96f472681495003bdddd3d4 P 2004d6b59d294ce4bfcb65cfcbbed071: No bootstrap required, opened a new log
I20260710 11:07:13.277688 26193 ts_tablet_manager.cc:1403] T 5f1eda38c96f472681495003bdddd3d4 P 2004d6b59d294ce4bfcb65cfcbbed071: Time spent bootstrapping tablet: real 0.080s	user 0.018s	sys 0.005s
I20260710 11:07:13.278004 26025 heartbeater.cc:499] Master 127.25.66.126:35161 was elected leader, sending a full tablet report...
I20260710 11:07:13.278412 26192 ts_tablet_manager.cc:1434] T 3a7968c3ba364e8abf1489443b132f9d P 0747c37ae8b94f9ba26de036de5badb9: Time spent starting tablet: real 0.022s	user 0.011s	sys 0.003s
I20260710 11:07:13.279467 26192 tablet_bootstrap.cc:492] T ec8af8b91b4f4b2b95237244c7e570a0 P 0747c37ae8b94f9ba26de036de5badb9: Bootstrap starting.
I20260710 11:07:13.280740 26193 raft_consensus.cc:359] T 5f1eda38c96f472681495003bdddd3d4 P 2004d6b59d294ce4bfcb65cfcbbed071 [term 0 FOLLOWER]: Replica starting. Triggering 0 pending ops. Active config: opid_index: -1 OBSOLETE_local: false peers { permanent_uuid: "0747c37ae8b94f9ba26de036de5badb9" member_type: VOTER last_known_addr { host: "127.25.66.65" port: 45091 } } peers { permanent_uuid: "191b9df4c6c64eafa8eb1a9f4d360f23" member_type: VOTER last_known_addr { host: "127.25.66.66" port: 41141 } } peers { permanent_uuid: "2004d6b59d294ce4bfcb65cfcbbed071" member_type: VOTER last_known_addr { host: "127.25.66.67" port: 46361 } }
I20260710 11:07:13.281584 26193 raft_consensus.cc:385] T 5f1eda38c96f472681495003bdddd3d4 P 2004d6b59d294ce4bfcb65cfcbbed071 [term 0 FOLLOWER]: Consensus starting up: Expiring failure detector timer to make a prompt election more likely
