I20260710 11:07:29.930265 26635 raft_consensus.cc:3060] T 61d55b0d431e4c168ab28c19f86ee542 P b6322861ff0442d8be59676bc0b8fbfd [term 2 FOLLOWER]: Advancing to term 3
I20260710 11:07:29.934223 26561 raft_consensus.cc:2468] T 61d55b0d431e4c168ab28c19f86ee542 P 62355cad05764831be63cd6da0833726 [term 3 FOLLOWER]: Leader election vote request: Granting yes vote for candidate d964af46d9d24d2795c9a63c1abd49ba in term 3.
I20260710 11:07:29.935199 26451 leader_election.cc:304] T 61d55b0d431e4c168ab28c19f86ee542 P d964af46d9d24d2795c9a63c1abd49ba [CANDIDATE]: Term 3 election: Election decided. Result: candidate won. Election summary: received 2 responses out of 3 voters: 2 yes votes; 0 no votes. yes voters: 62355cad05764831be63cd6da0833726, d964af46d9d24d2795c9a63c1abd49ba; no voters: 
I20260710 11:07:29.935792 26773 raft_consensus.cc:2804] T 61d55b0d431e4c168ab28c19f86ee542 P d964af46d9d24d2795c9a63c1abd49ba [term 3 FOLLOWER]: Leader election won for term 3
I20260710 11:07:29.935879 26635 raft_consensus.cc:2468] T 61d55b0d431e4c168ab28c19f86ee542 P b6322861ff0442d8be59676bc0b8fbfd [term 3 FOLLOWER]: Leader election vote request: Granting yes vote for candidate d964af46d9d24d2795c9a63c1abd49ba in term 3.
I20260710 11:07:29.936283 26773 raft_consensus.cc:697] T 61d55b0d431e4c168ab28c19f86ee542 P d964af46d9d24d2795c9a63c1abd49ba [term 3 LEADER]: Becoming Leader. State: Replica: d964af46d9d24d2795c9a63c1abd49ba, State: Running, Role: LEADER
I20260710 11:07:29.937036 26773 consensus_queue.cc:237] T 61d55b0d431e4c168ab28c19f86ee542 P d964af46d9d24d2795c9a63c1abd49ba [LEADER]: Queue going to LEADER mode. State: All replicated index: 0, Majority replicated index: 2, Committed index: 2, Last appended: 2.2, Last appended by leader: 2, Current term: 3, Majority size: 2, State: 0, Mode: LEADER, active raft config: opid_index: -1 OBSOLETE_local: false peers { permanent_uuid: "d964af46d9d24d2795c9a63c1abd49ba" member_type: VOTER last_known_addr { host: "127.25.66.65" port: 43091 } } peers { permanent_uuid: "62355cad05764831be63cd6da0833726" member_type: VOTER last_known_addr { host: "127.25.66.66" port: 37377 } } peers { permanent_uuid: "b6322861ff0442d8be59676bc0b8fbfd" member_type: VOTER last_known_addr { host: "127.25.66.67" port: 34131 } }
I20260710 11:07:29.942633 26382 catalog_manager.cc:5697] T 61d55b0d431e4c168ab28c19f86ee542 P d964af46d9d24d2795c9a63c1abd49ba reported cstate change: term changed from 2 to 3, leader changed from b6322861ff0442d8be59676bc0b8fbfd (127.25.66.67) to d964af46d9d24d2795c9a63c1abd49ba (127.25.66.65). New cstate: current_term: 3 leader_uuid: "d964af46d9d24d2795c9a63c1abd49ba" committed_config { opid_index: -1 OBSOLETE_local: false peers { permanent_uuid: "d964af46d9d24d2795c9a63c1abd49ba" member_type: VOTER last_known_addr { host: "127.25.66.65" port: 43091 } health_report { overall_health: HEALTHY } } peers { permanent_uuid: "62355cad05764831be63cd6da0833726" member_type: VOTER last_known_addr { host: "127.25.66.66" port: 37377 } health_report { overall_health: UNKNOWN } } peers { permanent_uuid: "b6322861ff0442d8be59676bc0b8fbfd" member_type: VOTER last_known_addr { host: "127.25.66.67" port: 34131 } health_report { overall_health: UNKNOWN } } }
I20260710 11:07:30.110095 26635 raft_consensus.cc:1275] T 3e5d90b78e3846e596c09948750432bf P b6322861ff0442d8be59676bc0b8fbfd [term 3 FOLLOWER]: Refusing update from remote peer d964af46d9d24d2795c9a63c1abd49ba: Log matching property violated. Preceding OpId in replica: term: 2 index: 2. Preceding OpId from leader: term: 3 index: 3. (index mismatch)
I20260710 11:07:30.111407 26773 consensus_queue.cc:1048] T 3e5d90b78e3846e596c09948750432bf P d964af46d9d24d2795c9a63c1abd49ba [LEADER]: Connected to new peer: Peer: permanent_uuid: "b6322861ff0442d8be59676bc0b8fbfd" member_type: VOTER last_known_addr { host: "127.25.66.67" port: 34131 }, Status: LMP_MISMATCH, Last received: 0.0, Next index: 3, Last known committed idx: 2, Time since last communication: 0.000s
I20260710 11:07:30.118871 26561 raft_consensus.cc:1275] T ea080b5537a542aabf54140af7551bdf P 62355cad05764831be63cd6da0833726 [term 3 FOLLOWER]: Refusing update from remote peer d964af46d9d24d2795c9a63c1abd49ba: Log matching property violated. Preceding OpId in replica: term: 2 index: 2. Preceding OpId from leader: term: 3 index: 3. (index mismatch)
I20260710 11:07:30.120671 26560 raft_consensus.cc:1275] T 3e5d90b78e3846e596c09948750432bf P 62355cad05764831be63cd6da0833726 [term 3 FOLLOWER]: Refusing update from remote peer d964af46d9d24d2795c9a63c1abd49ba: Log matching property violated. Preceding OpId in replica: term: 2 index: 2. Preceding OpId from leader: term: 3 index: 3. (index mismatch)
I20260710 11:07:30.122633 26792 consensus_queue.cc:1048] T ea080b5537a542aabf54140af7551bdf P d964af46d9d24d2795c9a63c1abd49ba [LEADER]: Connected to new peer: Peer: permanent_uuid: "62355cad05764831be63cd6da0833726" member_type: VOTER last_known_addr { host: "127.25.66.66" port: 37377 }, Status: LMP_MISMATCH, Last received: 0.0, Next index: 3, Last known committed idx: 2, Time since last communication: 0.000s
I20260710 11:07:30.123448 26773 consensus_queue.cc:1048] T 3e5d90b78e3846e596c09948750432bf P d964af46d9d24d2795c9a63c1abd49ba [LEADER]: Connected to new peer: Peer: permanent_uuid: "62355cad05764831be63cd6da0833726" member_type: VOTER last_known_addr { host: "127.25.66.66" port: 37377 }, Status: LMP_MISMATCH, Last received: 0.0, Next index: 3, Last known committed idx: 2, Time since last communication: 0.000s
I20260710 11:07:30.135278 26560 raft_consensus.cc:1275] T 820de6dfc99b4b588681a57e529946eb P 62355cad05764831be63cd6da0833726 [term 2 FOLLOWER]: Refusing update from remote peer d964af46d9d24d2795c9a63c1abd49ba: Log matching property violated. Preceding OpId in replica: term: 1 index: 1. Preceding OpId from leader: term: 2 index: 2. (index mismatch)
I20260710 11:07:30.137091 26635 raft_consensus.cc:1275] T ea080b5537a542aabf54140af7551bdf P b6322861ff0442d8be59676bc0b8fbfd [term 3 FOLLOWER]: Refusing update from remote peer d964af46d9d24d2795c9a63c1abd49ba: Log matching property violated. Preceding OpId in replica: term: 2 index: 2. Preceding OpId from leader: term: 3 index: 3. (index mismatch)
I20260710 11:07:30.138783 26721 consensus_queue.cc:1048] T ea080b5537a542aabf54140af7551bdf P d964af46d9d24d2795c9a63c1abd49ba [LEADER]: Connected to new peer: Peer: permanent_uuid: "b6322861ff0442d8be59676bc0b8fbfd" member_type: VOTER last_known_addr { host: "127.25.66.67" port: 34131 }, Status: LMP_MISMATCH, Last received: 0.0, Next index: 3, Last known committed idx: 2, Time since last communication: 0.000s
I20260710 11:07:30.139986 26721 consensus_queue.cc:1048] T 820de6dfc99b4b588681a57e529946eb P d964af46d9d24d2795c9a63c1abd49ba [LEADER]: Connected to new peer: Peer: permanent_uuid: "62355cad05764831be63cd6da0833726" member_type: VOTER last_known_addr { host: "127.25.66.66" port: 37377 }, Status: LMP_MISMATCH, Last received: 0.0, Next index: 2, Last known committed idx: 1, Time since last communication: 0.000s
I20260710 11:07:30.154358 26635 raft_consensus.cc:1275] T 820de6dfc99b4b588681a57e529946eb P b6322861ff0442d8be59676bc0b8fbfd [term 2 FOLLOWER]: Refusing update from remote peer d964af46d9d24d2795c9a63c1abd49ba: Log matching property violated. Preceding OpId in replica: term: 1 index: 1. Preceding OpId from leader: term: 2 index: 2. (index mismatch)
I20260710 11:07:30.155850 26721 consensus_queue.cc:1048] T 820de6dfc99b4b588681a57e529946eb P d964af46d9d24d2795c9a63c1abd49ba [LEADER]: Connected to new peer: Peer: permanent_uuid: "b6322861ff0442d8be59676bc0b8fbfd" member_type: VOTER last_known_addr { host: "127.25.66.67" port: 34131 }, Status: LMP_MISMATCH, Last received: 0.0, Next index: 2, Last known committed idx: 1, Time since last communication: 0.000s
I20260710 11:07:30.272917 26560 raft_consensus.cc:1275] T e907a769441549b3ab03be2309e3fa1a P 62355cad05764831be63cd6da0833726 [term 4 FOLLOWER]: Refusing update from remote peer d964af46d9d24d2795c9a63c1abd49ba: Log matching property violated. Preceding OpId in replica: term: 3 index: 3. Preceding OpId from leader: term: 4 index: 4. (index mismatch)
I20260710 11:07:30.274075 26806 consensus_queue.cc:1048] T e907a769441549b3ab03be2309e3fa1a P d964af46d9d24d2795c9a63c1abd49ba [LEADER]: Connected to new peer: Peer: permanent_uuid: "62355cad05764831be63cd6da0833726" member_type: VOTER last_known_addr { host: "127.25.66.66" port: 37377 }, Status: LMP_MISMATCH, Last received: 0.0, Next index: 4, Last known committed idx: 3, Time since last communication: 0.000s
I20260710 11:07:30.281937 26635 raft_consensus.cc:1275] T e907a769441549b3ab03be2309e3fa1a P b6322861ff0442d8be59676bc0b8fbfd [term 4 FOLLOWER]: Refusing update from remote peer d964af46d9d24d2795c9a63c1abd49ba: Log matching property violated. Preceding OpId in replica: term: 3 index: 3. Preceding OpId from leader: term: 4 index: 4. (index mismatch)
I20260710 11:07:30.283272 26773 consensus_queue.cc:1048] T e907a769441549b3ab03be2309e3fa1a P d964af46d9d24d2795c9a63c1abd49ba [LEADER]: Connected to new peer: Peer: permanent_uuid: "b6322861ff0442d8be59676bc0b8fbfd" member_type: VOTER last_known_addr { host: "127.25.66.67" port: 34131 }, Status: LMP_MISMATCH, Last received: 0.0, Next index: 4, Last known committed idx: 3, Time since last communication: 0.000s
I20260710 11:07:30.353178 26635 raft_consensus.cc:1275] T 61d55b0d431e4c168ab28c19f86ee542 P b6322861ff0442d8be59676bc0b8fbfd [term 3 FOLLOWER]: Refusing update from remote peer d964af46d9d24d2795c9a63c1abd49ba: Log matching property violated. Preceding OpId in replica: term: 2 index: 2. Preceding OpId from leader: term: 3 index: 3. (index mismatch)
I20260710 11:07:30.354351 26773 consensus_queue.cc:1048] T 61d55b0d431e4c168ab28c19f86ee542 P d964af46d9d24d2795c9a63c1abd49ba [LEADER]: Connected to new peer: Peer: permanent_uuid: "b6322861ff0442d8be59676bc0b8fbfd" member_type: VOTER last_known_addr { host: "127.25.66.67" port: 34131 }, Status: LMP_MISMATCH, Last received: 0.0, Next index: 3, Last known committed idx: 2, Time since last communication: 0.000s
I20260710 11:07:30.362386 26560 raft_consensus.cc:1275] T 61d55b0d431e4c168ab28c19f86ee542 P 62355cad05764831be63cd6da0833726 [term 3 FOLLOWER]: Refusing update from remote peer d964af46d9d24d2795c9a63c1abd49ba: Log matching property violated. Preceding OpId in replica: term: 2 index: 2. Preceding OpId from leader: term: 3 index: 3. (index mismatch)
I20260710 11:07:30.363591 26806 consensus_queue.cc:1048] T 61d55b0d431e4c168ab28c19f86ee542 P d964af46d9d24d2795c9a63c1abd49ba [LEADER]: Connected to new peer: Peer: permanent_uuid: "62355cad05764831be63cd6da0833726" member_type: VOTER last_known_addr { host: "127.25.66.66" port: 37377 }, Status: LMP_MISMATCH, Last received: 0.0, Next index: 3, Last known committed idx: 2, Time since last communication: 0.000s
I20260710 11:07:32.522733 25865 auto_leader_rebalancer.cc:141] leader rebalance for table test-workload
I20260710 11:07:32.530216 26486 tablet_service.cc:2072] Received LeaderStepDown RPC: tablet_id: "6f7fbafed1d24aa6a3bdb2c0acb82db5"
dest_uuid: "d964af46d9d24d2795c9a63c1abd49ba"
mode: GRACEFUL
new_leader_uuid: "b6322861ff0442d8be59676bc0b8fbfd"
 from {username='slave'} at 127.0.0.1:58598
I20260710 11:07:32.530913 26486 raft_consensus.cc:606] T 6f7fbafed1d24aa6a3bdb2c0acb82db5 P d964af46d9d24d2795c9a63c1abd49ba [term 2 LEADER]: Received request to transfer leadership to TS b6322861ff0442d8be59676bc0b8fbfd
I20260710 11:07:32.533391 26486 tablet_service.cc:2072] Received LeaderStepDown RPC: tablet_id: "820de6dfc99b4b588681a57e529946eb"
dest_uuid: "d964af46d9d24d2795c9a63c1abd49ba"
mode: GRACEFUL
new_leader_uuid: "62355cad05764831be63cd6da0833726"
 from {username='slave'} at 127.0.0.1:58598
I20260710 11:07:32.533886 26486 raft_consensus.cc:606] T 820de6dfc99b4b588681a57e529946eb P d964af46d9d24d2795c9a63c1abd49ba [term 2 LEADER]: Received request to transfer leadership to TS 62355cad05764831be63cd6da0833726
I20260710 11:07:32.535882 26486 tablet_service.cc:2072] Received LeaderStepDown RPC: tablet_id: "9ff82e383e08442990ee988783e2f8e0"
dest_uuid: "d964af46d9d24d2795c9a63c1abd49ba"
mode: GRACEFUL
new_leader_uuid: "62355cad05764831be63cd6da0833726"
 from {username='slave'} at 127.0.0.1:58598
I20260710 11:07:32.536327 26486 raft_consensus.cc:606] T 9ff82e383e08442990ee988783e2f8e0 P d964af46d9d24d2795c9a63c1abd49ba [term 1 LEADER]: Received request to transfer leadership to TS 62355cad05764831be63cd6da0833726
I20260710 11:07:32.538419 26486 tablet_service.cc:2072] Received LeaderStepDown RPC: tablet_id: "e907a769441549b3ab03be2309e3fa1a"
dest_uuid: "d964af46d9d24d2795c9a63c1abd49ba"
mode: GRACEFUL
new_leader_uuid: "b6322861ff0442d8be59676bc0b8fbfd"
 from {username='slave'} at 127.0.0.1:58598
I20260710 11:07:32.538856 26486 raft_consensus.cc:606] T e907a769441549b3ab03be2309e3fa1a P d964af46d9d24d2795c9a63c1abd49ba [term 4 LEADER]: Received request to transfer leadership to TS b6322861ff0442d8be59676bc0b8fbfd
I20260710 11:07:32.539759 25865 auto_leader_rebalancer.cc:452] table: test-workload, leader rebalance finish, leader transfer count: 4
I20260710 11:07:32.540130 25865 auto_leader_rebalancer.cc:527] All tables' leader rebalancing finished this round
I20260710 11:07:32.650238 26806 raft_consensus.cc:993] T e907a769441549b3ab03be2309e3fa1a P d964af46d9d24d2795c9a63c1abd49ba: : Instructing follower b6322861ff0442d8be59676bc0b8fbfd to start an election
I20260710 11:07:32.650735 26806 raft_consensus.cc:1081] T e907a769441549b3ab03be2309e3fa1a P d964af46d9d24d2795c9a63c1abd49ba [term 4 LEADER]: Signalling peer b6322861ff0442d8be59676bc0b8fbfd to start an election
I20260710 11:07:32.652388 26634 tablet_service.cc:2044] Received Run Leader Election RPC: tablet_id: "e907a769441549b3ab03be2309e3fa1a"
dest_uuid: "b6322861ff0442d8be59676bc0b8fbfd"
 from {username='slave'} at 127.0.0.1:49738
I20260710 11:07:32.652848 26634 raft_consensus.cc:493] T e907a769441549b3ab03be2309e3fa1a P b6322861ff0442d8be59676bc0b8fbfd [term 4 FOLLOWER]: Starting forced leader election (received explicit request)
I20260710 11:07:32.653127 26634 raft_consensus.cc:3060] T e907a769441549b3ab03be2309e3fa1a P b6322861ff0442d8be59676bc0b8fbfd [term 4 FOLLOWER]: Advancing to term 5
I20260710 11:07:32.658283 26634 raft_consensus.cc:515] T e907a769441549b3ab03be2309e3fa1a P b6322861ff0442d8be59676bc0b8fbfd [term 5 FOLLOWER]: Starting forced leader election with config: opid_index: -1 OBSOLETE_local: false peers { permanent_uuid: "d964af46d9d24d2795c9a63c1abd49ba" member_type: VOTER last_known_addr { host: "127.25.66.65" port: 43091 } } peers { permanent_uuid: "62355cad05764831be63cd6da0833726" member_type: VOTER last_known_addr { host: "127.25.66.66" port: 37377 } } peers { permanent_uuid: "b6322861ff0442d8be59676bc0b8fbfd" member_type: VOTER last_known_addr { host: "127.25.66.67" port: 34131 } }
I20260710 11:07:32.660032 26634 leader_election.cc:290] T e907a769441549b3ab03be2309e3fa1a P b6322861ff0442d8be59676bc0b8fbfd [CANDIDATE]: Term 5 election: Requested vote from peers d964af46d9d24d2795c9a63c1abd49ba (127.25.66.65:43091), 62355cad05764831be63cd6da0833726 (127.25.66.66:37377)
I20260710 11:07:32.660851 26486 tablet_service.cc:1917] Received RequestConsensusVote() RPC: tablet_id: "e907a769441549b3ab03be2309e3fa1a" candidate_uuid: "b6322861ff0442d8be59676bc0b8fbfd" candidate_term: 5 candidate_status { last_received { term: 4 index: 4 } } ignore_live_leader: true dest_uuid: "d964af46d9d24d2795c9a63c1abd49ba"
I20260710 11:07:32.661590 26560 tablet_service.cc:1917] Received RequestConsensusVote() RPC: tablet_id: "e907a769441549b3ab03be2309e3fa1a" candidate_uuid: "b6322861ff0442d8be59676bc0b8fbfd" candidate_term: 5 candidate_status { last_received { term: 4 index: 4 } } ignore_live_leader: true dest_uuid: "62355cad05764831be63cd6da0833726"
I20260710 11:07:32.661607 26486 raft_consensus.cc:3055] T e907a769441549b3ab03be2309e3fa1a P d964af46d9d24d2795c9a63c1abd49ba [term 4 LEADER]: Stepping down as leader of term 4
I20260710 11:07:32.662194 26560 raft_consensus.cc:3060] T e907a769441549b3ab03be2309e3fa1a P 62355cad05764831be63cd6da0833726 [term 4 FOLLOWER]: Advancing to term 5
I20260710 11:07:32.662199 26486 raft_consensus.cc:740] T e907a769441549b3ab03be2309e3fa1a P d964af46d9d24d2795c9a63c1abd49ba [term 4 LEADER]: Becoming Follower/Learner. State: Replica: d964af46d9d24d2795c9a63c1abd49ba, State: Running, Role: LEADER
I20260710 11:07:32.663218 26486 consensus_queue.cc:260] T e907a769441549b3ab03be2309e3fa1a P d964af46d9d24d2795c9a63c1abd49ba [NON_LEADER]: Queue going to NON_LEADER mode. State: All replicated index: 0, Majority replicated index: 4, Committed index: 4, Last appended: 4.4, Last appended by leader: 4, Current term: 4, Majority size: -1, State: 0, Mode: NON_LEADER, active raft config: opid_index: -1 OBSOLETE_local: false peers { permanent_uuid: "d964af46d9d24d2795c9a63c1abd49ba" member_type: VOTER last_known_addr { host: "127.25.66.65" port: 43091 } } peers { permanent_uuid: "62355cad05764831be63cd6da0833726" member_type: VOTER last_known_addr { host: "127.25.66.66" port: 37377 } } peers { permanent_uuid: "b6322861ff0442d8be59676bc0b8fbfd" member_type: VOTER last_known_addr { host: "127.25.66.67" port: 34131 } }
I20260710 11:07:32.664613 26486 raft_consensus.cc:3060] T e907a769441549b3ab03be2309e3fa1a P d964af46d9d24d2795c9a63c1abd49ba [term 4 FOLLOWER]: Advancing to term 5
I20260710 11:07:32.669051 26560 raft_consensus.cc:2468] T e907a769441549b3ab03be2309e3fa1a P 62355cad05764831be63cd6da0833726 [term 5 FOLLOWER]: Leader election vote request: Granting yes vote for candidate b6322861ff0442d8be59676bc0b8fbfd in term 5.
I20260710 11:07:32.670307 26600 leader_election.cc:304] T e907a769441549b3ab03be2309e3fa1a P b6322861ff0442d8be59676bc0b8fbfd [CANDIDATE]: Term 5 election: Election decided. Result: candidate won. Election summary: received 2 responses out of 3 voters: 2 yes votes; 0 no votes. yes voters: 62355cad05764831be63cd6da0833726, b6322861ff0442d8be59676bc0b8fbfd; no voters: 
I20260710 11:07:32.671178 26812 raft_consensus.cc:2804] T e907a769441549b3ab03be2309e3fa1a P b6322861ff0442d8be59676bc0b8fbfd [term 5 FOLLOWER]: Leader election won for term 5
I20260710 11:07:32.671584 26486 raft_consensus.cc:2468] T e907a769441549b3ab03be2309e3fa1a P d964af46d9d24d2795c9a63c1abd49ba [term 5 FOLLOWER]: Leader election vote request: Granting yes vote for candidate b6322861ff0442d8be59676bc0b8fbfd in term 5.
I20260710 11:07:32.672242 26812 raft_consensus.cc:697] T e907a769441549b3ab03be2309e3fa1a P b6322861ff0442d8be59676bc0b8fbfd [term 5 LEADER]: Becoming Leader. State: Replica: b6322861ff0442d8be59676bc0b8fbfd, State: Running, Role: LEADER
I20260710 11:07:32.673084 26812 consensus_queue.cc:237] T e907a769441549b3ab03be2309e3fa1a P b6322861ff0442d8be59676bc0b8fbfd [LEADER]: Queue going to LEADER mode. State: All replicated index: 0, Majority replicated index: 4, Committed index: 4, Last appended: 4.4, Last appended by leader: 4, Current term: 5, Majority size: 2, State: 0, Mode: LEADER, active raft config: opid_index: -1 OBSOLETE_local: false peers { permanent_uuid: "d964af46d9d24d2795c9a63c1abd49ba" member_type: VOTER last_known_addr { host: "127.25.66.65" port: 43091 } } peers { permanent_uuid: "62355cad05764831be63cd6da0833726" member_type: VOTER last_known_addr { host: "127.25.66.66" port: 37377 } } peers { permanent_uuid: "b6322861ff0442d8be59676bc0b8fbfd" member_type: VOTER last_known_addr { host: "127.25.66.67" port: 34131 } }
I20260710 11:07:32.679843 26382 catalog_manager.cc:5697] T e907a769441549b3ab03be2309e3fa1a P b6322861ff0442d8be59676bc0b8fbfd reported cstate change: term changed from 4 to 5, leader changed from d964af46d9d24d2795c9a63c1abd49ba (127.25.66.65) to b6322861ff0442d8be59676bc0b8fbfd (127.25.66.67). New cstate: current_term: 5 leader_uuid: "b6322861ff0442d8be59676bc0b8fbfd" committed_config { opid_index: -1 OBSOLETE_local: false peers { permanent_uuid: "d964af46d9d24d2795c9a63c1abd49ba" member_type: VOTER last_known_addr { host: "127.25.66.65" port: 43091 } health_report { overall_health: UNKNOWN } } peers { permanent_uuid: "62355cad05764831be63cd6da0833726" member_type: VOTER last_known_addr { host: "127.25.66.66" port: 37377 } health_report { overall_health: UNKNOWN } } peers { permanent_uuid: "b6322861ff0442d8be59676bc0b8fbfd" member_type: VOTER last_known_addr { host: "127.25.66.67" port: 34131 } health_report { overall_health: HEALTHY } } }
I20260710 11:07:32.853072 26813 raft_consensus.cc:993] T 9ff82e383e08442990ee988783e2f8e0 P d964af46d9d24d2795c9a63c1abd49ba: : Instructing follower 62355cad05764831be63cd6da0833726 to start an election
I20260710 11:07:32.853515 26806 raft_consensus.cc:1081] T 9ff82e383e08442990ee988783e2f8e0 P d964af46d9d24d2795c9a63c1abd49ba [term 1 LEADER]: Signalling peer 62355cad05764831be63cd6da0833726 to start an election
I20260710 11:07:32.854905 26560 tablet_service.cc:2044] Received Run Leader Election RPC: tablet_id: "9ff82e383e08442990ee988783e2f8e0"
dest_uuid: "62355cad05764831be63cd6da0833726"
 from {username='slave'} at 127.0.0.1:55616
I20260710 11:07:32.855309 26560 raft_consensus.cc:493] T 9ff82e383e08442990ee988783e2f8e0 P 62355cad05764831be63cd6da0833726 [term 1 FOLLOWER]: Starting forced leader election (received explicit request)
I20260710 11:07:32.855571 26560 raft_consensus.cc:3060] T 9ff82e383e08442990ee988783e2f8e0 P 62355cad05764831be63cd6da0833726 [term 1 FOLLOWER]: Advancing to term 2
I20260710 11:07:32.859524 26560 raft_consensus.cc:515] T 9ff82e383e08442990ee988783e2f8e0 P 62355cad05764831be63cd6da0833726 [term 2 FOLLOWER]: Starting forced leader election with config: opid_index: -1 OBSOLETE_local: false peers { permanent_uuid: "d964af46d9d24d2795c9a63c1abd49ba" member_type: VOTER last_known_addr { host: "127.25.66.65" port: 43091 } } peers { permanent_uuid: "62355cad05764831be63cd6da0833726" member_type: VOTER last_known_addr { host: "127.25.66.66" port: 37377 } } peers { permanent_uuid: "b6322861ff0442d8be59676bc0b8fbfd" member_type: VOTER last_known_addr { host: "127.25.66.67" port: 34131 } }
I20260710 11:07:32.860885 26560 leader_election.cc:290] T 9ff82e383e08442990ee988783e2f8e0 P 62355cad05764831be63cd6da0833726 [CANDIDATE]: Term 2 election: Requested vote from peers d964af46d9d24d2795c9a63c1abd49ba (127.25.66.65:43091), b6322861ff0442d8be59676bc0b8fbfd (127.25.66.67:34131)
I20260710 11:07:32.861677 26486 tablet_service.cc:1917] Received RequestConsensusVote() RPC: tablet_id: "9ff82e383e08442990ee988783e2f8e0" candidate_uuid: "62355cad05764831be63cd6da0833726" candidate_term: 2 candidate_status { last_received { term: 1 index: 1 } } ignore_live_leader: true dest_uuid: "d964af46d9d24d2795c9a63c1abd49ba"
I20260710 11:07:32.861924 26634 tablet_service.cc:1917] Received RequestConsensusVote() RPC: tablet_id: "9ff82e383e08442990ee988783e2f8e0" candidate_uuid: "62355cad05764831be63cd6da0833726" candidate_term: 2 candidate_status { last_received { term: 1 index: 1 } } ignore_live_leader: true dest_uuid: "b6322861ff0442d8be59676bc0b8fbfd"
I20260710 11:07:32.862241 26486 raft_consensus.cc:3055] T 9ff82e383e08442990ee988783e2f8e0 P d964af46d9d24d2795c9a63c1abd49ba [term 1 LEADER]: Stepping down as leader of term 1
I20260710 11:07:32.862396 26634 raft_consensus.cc:3060] T 9ff82e383e08442990ee988783e2f8e0 P b6322861ff0442d8be59676bc0b8fbfd [term 1 FOLLOWER]: Advancing to term 2
I20260710 11:07:32.862571 26486 raft_consensus.cc:740] T 9ff82e383e08442990ee988783e2f8e0 P d964af46d9d24d2795c9a63c1abd49ba [term 1 LEADER]: Becoming Follower/Learner. State: Replica: d964af46d9d24d2795c9a63c1abd49ba, State: Running, Role: LEADER
I20260710 11:07:32.863307 26486 consensus_queue.cc:260] T 9ff82e383e08442990ee988783e2f8e0 P d964af46d9d24d2795c9a63c1abd49ba [NON_LEADER]: Queue going to NON_LEADER mode. State: All replicated index: 0, Majority replicated index: 1, Committed index: 1, Last appended: 1.1, Last appended by leader: 1, Current term: 1, Majority size: -1, State: 0, Mode: NON_LEADER, active raft config: opid_index: -1 OBSOLETE_local: false peers { permanent_uuid: "d964af46d9d24d2795c9a63c1abd49ba" member_type: VOTER last_known_addr { host: "127.25.66.65" port: 43091 } } peers { permanent_uuid: "62355cad05764831be63cd6da0833726" member_type: VOTER last_known_addr { host: "127.25.66.66" port: 37377 } } peers { permanent_uuid: "b6322861ff0442d8be59676bc0b8fbfd" member_type: VOTER last_known_addr { host: "127.25.66.67" port: 34131 } }
I20260710 11:07:32.864389 26486 raft_consensus.cc:3060] T 9ff82e383e08442990ee988783e2f8e0 P d964af46d9d24d2795c9a63c1abd49ba [term 1 FOLLOWER]: Advancing to term 2
I20260710 11:07:32.868222 26634 raft_consensus.cc:2468] T 9ff82e383e08442990ee988783e2f8e0 P b6322861ff0442d8be59676bc0b8fbfd [term 2 FOLLOWER]: Leader election vote request: Granting yes vote for candidate 62355cad05764831be63cd6da0833726 in term 2.
I20260710 11:07:32.869457 26526 leader_election.cc:304] T 9ff82e383e08442990ee988783e2f8e0 P 62355cad05764831be63cd6da0833726 [CANDIDATE]: Term 2 election: Election decided. Result: candidate won. Election summary: received 2 responses out of 3 voters: 2 yes votes; 0 no votes. yes voters: 62355cad05764831be63cd6da0833726, b6322861ff0442d8be59676bc0b8fbfd; no voters: 
I20260710 11:07:32.870370 26486 raft_consensus.cc:2468] T 9ff82e383e08442990ee988783e2f8e0 P d964af46d9d24d2795c9a63c1abd49ba [term 2 FOLLOWER]: Leader election vote request: Granting yes vote for candidate 62355cad05764831be63cd6da0833726 in term 2.
I20260710 11:07:32.870419 26810 raft_consensus.cc:2804] T 9ff82e383e08442990ee988783e2f8e0 P 62355cad05764831be63cd6da0833726 [term 2 FOLLOWER]: Leader election won for term 2
I20260710 11:07:32.871959 26810 raft_consensus.cc:697] T 9ff82e383e08442990ee988783e2f8e0 P 62355cad05764831be63cd6da0833726 [term 2 LEADER]: Becoming Leader. State: Replica: 62355cad05764831be63cd6da0833726, State: Running, Role: LEADER
I20260710 11:07:32.872967 26810 consensus_queue.cc:237] T 9ff82e383e08442990ee988783e2f8e0 P 62355cad05764831be63cd6da0833726 [LEADER]: Queue going to LEADER mode. State: All replicated index: 0, Majority replicated index: 1, Committed index: 1, Last appended: 1.1, Last appended by leader: 1, Current term: 2, Majority size: 2, State: 0, Mode: LEADER, active raft config: opid_index: -1 OBSOLETE_local: false peers { permanent_uuid: "d964af46d9d24d2795c9a63c1abd49ba" member_type: VOTER last_known_addr { host: "127.25.66.65" port: 43091 } } peers { permanent_uuid: "62355cad05764831be63cd6da0833726" member_type: VOTER last_known_addr { host: "127.25.66.66" port: 37377 } } peers { permanent_uuid: "b6322861ff0442d8be59676bc0b8fbfd" member_type: VOTER last_known_addr { host: "127.25.66.67" port: 34131 } }
I20260710 11:07:32.880154 26813 raft_consensus.cc:993] T 6f7fbafed1d24aa6a3bdb2c0acb82db5 P d964af46d9d24d2795c9a63c1abd49ba: : Instructing follower b6322861ff0442d8be59676bc0b8fbfd to start an election
I20260710 11:07:32.880594 26806 raft_consensus.cc:1081] T 6f7fbafed1d24aa6a3bdb2c0acb82db5 P d964af46d9d24d2795c9a63c1abd49ba [term 2 LEADER]: Signalling peer b6322861ff0442d8be59676bc0b8fbfd to start an election
I20260710 11:07:32.880489 26382 catalog_manager.cc:5697] T 9ff82e383e08442990ee988783e2f8e0 P 62355cad05764831be63cd6da0833726 reported cstate change: term changed from 1 to 2, leader changed from d964af46d9d24d2795c9a63c1abd49ba (127.25.66.65) to 62355cad05764831be63cd6da0833726 (127.25.66.66). New cstate: current_term: 2 leader_uuid: "62355cad05764831be63cd6da0833726" committed_config { opid_index: -1 OBSOLETE_local: false peers { permanent_uuid: "d964af46d9d24d2795c9a63c1abd49ba" member_type: VOTER last_known_addr { host: "127.25.66.65" port: 43091 } health_report { overall_health: UNKNOWN } } peers { permanent_uuid: "62355cad05764831be63cd6da0833726" member_type: VOTER last_known_addr { host: "127.25.66.66" port: 37377 } health_report { overall_health: HEALTHY } } peers { permanent_uuid: "b6322861ff0442d8be59676bc0b8fbfd" member_type: VOTER last_known_addr { host: "127.25.66.67" port: 34131 } health_report { overall_health: UNKNOWN } } }
I20260710 11:07:32.882051 26634 tablet_service.cc:2044] Received Run Leader Election RPC: tablet_id: "6f7fbafed1d24aa6a3bdb2c0acb82db5"
dest_uuid: "b6322861ff0442d8be59676bc0b8fbfd"
 from {username='slave'} at 127.0.0.1:49738
I20260710 11:07:32.882467 26634 raft_consensus.cc:493] T 6f7fbafed1d24aa6a3bdb2c0acb82db5 P b6322861ff0442d8be59676bc0b8fbfd [term 2 FOLLOWER]: Starting forced leader election (received explicit request)
I20260710 11:07:32.882725 26634 raft_consensus.cc:3060] T 6f7fbafed1d24aa6a3bdb2c0acb82db5 P b6322861ff0442d8be59676bc0b8fbfd [term 2 FOLLOWER]: Advancing to term 3
I20260710 11:07:32.887169 26813 raft_consensus.cc:993] T 820de6dfc99b4b588681a57e529946eb P d964af46d9d24d2795c9a63c1abd49ba: : Instructing follower 62355cad05764831be63cd6da0833726 to start an election
I20260710 11:07:32.887594 26813 raft_consensus.cc:1081] T 820de6dfc99b4b588681a57e529946eb P d964af46d9d24d2795c9a63c1abd49ba [term 2 LEADER]: Signalling peer 62355cad05764831be63cd6da0833726 to start an election
I20260710 11:07:32.888029 26634 raft_consensus.cc:515] T 6f7fbafed1d24aa6a3bdb2c0acb82db5 P b6322861ff0442d8be59676bc0b8fbfd [term 3 FOLLOWER]: Starting forced leader election with config: opid_index: -1 OBSOLETE_local: false peers { permanent_uuid: "62355cad05764831be63cd6da0833726" member_type: VOTER last_known_addr { host: "127.25.66.66" port: 37377 } } peers { permanent_uuid: "d964af46d9d24d2795c9a63c1abd49ba" member_type: VOTER last_known_addr { host: "127.25.66.65" port: 43091 } } peers { permanent_uuid: "b6322861ff0442d8be59676bc0b8fbfd" member_type: VOTER last_known_addr { host: "127.25.66.67" port: 34131 } }
I20260710 11:07:32.889343 26560 tablet_service.cc:2044] Received Run Leader Election RPC: tablet_id: "820de6dfc99b4b588681a57e529946eb"
dest_uuid: "62355cad05764831be63cd6da0833726"
 from {username='slave'} at 127.0.0.1:55616
I20260710 11:07:32.889797 26560 raft_consensus.cc:493] T 820de6dfc99b4b588681a57e529946eb P 62355cad05764831be63cd6da0833726 [term 2 FOLLOWER]: Starting forced leader election (received explicit request)
I20260710 11:07:32.889875 26634 leader_election.cc:290] T 6f7fbafed1d24aa6a3bdb2c0acb82db5 P b6322861ff0442d8be59676bc0b8fbfd [CANDIDATE]: Term 3 election: Requested vote from peers 62355cad05764831be63cd6da0833726 (127.25.66.66:37377), d964af46d9d24d2795c9a63c1abd49ba (127.25.66.65:43091)
I20260710 11:07:32.890144 26560 raft_consensus.cc:3060] T 820de6dfc99b4b588681a57e529946eb P 62355cad05764831be63cd6da0833726 [term 2 FOLLOWER]: Advancing to term 3
I20260710 11:07:32.890821 26486 tablet_service.cc:1917] Received RequestConsensusVote() RPC: tablet_id: "6f7fbafed1d24aa6a3bdb2c0acb82db5" candidate_uuid: "b6322861ff0442d8be59676bc0b8fbfd" candidate_term: 3 candidate_status { last_received { term: 2 index: 2 } } ignore_live_leader: true dest_uuid: "d964af46d9d24d2795c9a63c1abd49ba"
I20260710 11:07:32.891366 26486 raft_consensus.cc:3055] T 6f7fbafed1d24aa6a3bdb2c0acb82db5 P d964af46d9d24d2795c9a63c1abd49ba [term 2 LEADER]: Stepping down as leader of term 2
I20260710 11:07:32.891310 26561 tablet_service.cc:1917] Received RequestConsensusVote() RPC: tablet_id: "6f7fbafed1d24aa6a3bdb2c0acb82db5" candidate_uuid: "b6322861ff0442d8be59676bc0b8fbfd" candidate_term: 3 candidate_status { last_received { term: 2 index: 2 } } ignore_live_leader: true dest_uuid: "62355cad05764831be63cd6da0833726"
I20260710 11:07:32.891741 26486 raft_consensus.cc:740] T 6f7fbafed1d24aa6a3bdb2c0acb82db5 P d964af46d9d24d2795c9a63c1abd49ba [term 2 LEADER]: Becoming Follower/Learner. State: Replica: d964af46d9d24d2795c9a63c1abd49ba, State: Running, Role: LEADER
I20260710 11:07:32.891955 26561 raft_consensus.cc:3060] T 6f7fbafed1d24aa6a3bdb2c0acb82db5 P 62355cad05764831be63cd6da0833726 [term 2 FOLLOWER]: Advancing to term 3
I20260710 11:07:32.892510 26486 consensus_queue.cc:260] T 6f7fbafed1d24aa6a3bdb2c0acb82db5 P d964af46d9d24d2795c9a63c1abd49ba [NON_LEADER]: Queue going to NON_LEADER mode. State: All replicated index: 0, Majority replicated index: 2, Committed index: 2, Last appended: 2.2, Last appended by leader: 2, Current term: 2, Majority size: -1, State: 0, Mode: NON_LEADER, active raft config: opid_index: -1 OBSOLETE_local: false peers { permanent_uuid: "62355cad05764831be63cd6da0833726" member_type: VOTER last_known_addr { host: "127.25.66.66" port: 37377 } } peers { permanent_uuid: "d964af46d9d24d2795c9a63c1abd49ba" member_type: VOTER last_known_addr { host: "127.25.66.65" port: 43091 } } peers { permanent_uuid: "b6322861ff0442d8be59676bc0b8fbfd" member_type: VOTER last_known_addr { host: "127.25.66.67" port: 34131 } }
I20260710 11:07:32.893702 26486 raft_consensus.cc:3060] T 6f7fbafed1d24aa6a3bdb2c0acb82db5 P d964af46d9d24d2795c9a63c1abd49ba [term 2 FOLLOWER]: Advancing to term 3
I20260710 11:07:32.894671 26560 raft_consensus.cc:515] T 820de6dfc99b4b588681a57e529946eb P 62355cad05764831be63cd6da0833726 [term 3 FOLLOWER]: Starting forced leader election with config: opid_index: -1 OBSOLETE_local: false peers { permanent_uuid: "d964af46d9d24d2795c9a63c1abd49ba" member_type: VOTER last_known_addr { host: "127.25.66.65" port: 43091 } } peers { permanent_uuid: "62355cad05764831be63cd6da0833726" member_type: VOTER last_known_addr { host: "127.25.66.66" port: 37377 } } peers { permanent_uuid: "b6322861ff0442d8be59676bc0b8fbfd" member_type: VOTER last_known_addr { host: "127.25.66.67" port: 34131 } }
I20260710 11:07:32.896467 26560 leader_election.cc:290] T 820de6dfc99b4b588681a57e529946eb P 62355cad05764831be63cd6da0833726 [CANDIDATE]: Term 3 election: Requested vote from peers d964af46d9d24d2795c9a63c1abd49ba (127.25.66.65:43091), b6322861ff0442d8be59676bc0b8fbfd (127.25.66.67:34131)
I20260710 11:07:32.896874 26485 tablet_service.cc:1917] Received RequestConsensusVote() RPC: tablet_id: "820de6dfc99b4b588681a57e529946eb" candidate_uuid: "62355cad05764831be63cd6da0833726" candidate_term: 3 candidate_status { last_received { term: 2 index: 2 } } ignore_live_leader: true dest_uuid: "d964af46d9d24d2795c9a63c1abd49ba"
I20260710 11:07:32.897428 26485 raft_consensus.cc:3055] T 820de6dfc99b4b588681a57e529946eb P d964af46d9d24d2795c9a63c1abd49ba [term 2 LEADER]: Stepping down as leader of term 2
I20260710 11:07:32.897738 26485 raft_consensus.cc:740] T 820de6dfc99b4b588681a57e529946eb P d964af46d9d24d2795c9a63c1abd49ba [term 2 LEADER]: Becoming Follower/Learner. State: Replica: d964af46d9d24d2795c9a63c1abd49ba, State: Running, Role: LEADER
I20260710 11:07:32.898507 26485 consensus_queue.cc:260] T 820de6dfc99b4b588681a57e529946eb P d964af46d9d24d2795c9a63c1abd49ba [NON_LEADER]: Queue going to NON_LEADER mode. State: All replicated index: 0, Majority replicated index: 2, Committed index: 2, Last appended: 2.2, Last appended by leader: 2, Current term: 2, Majority size: -1, State: 0, Mode: NON_LEADER, active raft config: opid_index: -1 OBSOLETE_local: false peers { permanent_uuid: "d964af46d9d24d2795c9a63c1abd49ba" member_type: VOTER last_known_addr { host: "127.25.66.65" port: 43091 } } peers { permanent_uuid: "62355cad05764831be63cd6da0833726" member_type: VOTER last_known_addr { host: "127.25.66.66" port: 37377 } } peers { permanent_uuid: "b6322861ff0442d8be59676bc0b8fbfd" member_type: VOTER last_known_addr { host: "127.25.66.67" port: 34131 } }
I20260710 11:07:32.898940 26561 raft_consensus.cc:2468] T 6f7fbafed1d24aa6a3bdb2c0acb82db5 P 62355cad05764831be63cd6da0833726 [term 3 FOLLOWER]: Leader election vote request: Granting yes vote for candidate b6322861ff0442d8be59676bc0b8fbfd in term 3.
I20260710 11:07:32.899746 26485 raft_consensus.cc:3060] T 820de6dfc99b4b588681a57e529946eb P d964af46d9d24d2795c9a63c1abd49ba [term 2 FOLLOWER]: Advancing to term 3
I20260710 11:07:32.899854 26634 tablet_service.cc:1917] Received RequestConsensusVote() RPC: tablet_id: "820de6dfc99b4b588681a57e529946eb" candidate_uuid: "62355cad05764831be63cd6da0833726" candidate_term: 3 candidate_status { last_received { term: 2 index: 2 } } ignore_live_leader: true dest_uuid: "b6322861ff0442d8be59676bc0b8fbfd"
I20260710 11:07:32.900357 26634 raft_consensus.cc:3060] T 820de6dfc99b4b588681a57e529946eb P b6322861ff0442d8be59676bc0b8fbfd [term 2 FOLLOWER]: Advancing to term 3
I20260710 11:07:32.900846 26486 raft_consensus.cc:2468] T 6f7fbafed1d24aa6a3bdb2c0acb82db5 P d964af46d9d24d2795c9a63c1abd49ba [term 3 FOLLOWER]: Leader election vote request: Granting yes vote for candidate b6322861ff0442d8be59676bc0b8fbfd in term 3.
I20260710 11:07:32.901822 26599 leader_election.cc:304] T 6f7fbafed1d24aa6a3bdb2c0acb82db5 P b6322861ff0442d8be59676bc0b8fbfd [CANDIDATE]: Term 3 election: Election decided. Result: candidate won. Election summary: received 2 responses out of 3 voters: 2 yes votes; 0 no votes. yes voters: b6322861ff0442d8be59676bc0b8fbfd, d964af46d9d24d2795c9a63c1abd49ba; no voters: 
I20260710 11:07:32.902486 26812 raft_consensus.cc:2804] T 6f7fbafed1d24aa6a3bdb2c0acb82db5 P b6322861ff0442d8be59676bc0b8fbfd [term 3 FOLLOWER]: Leader election won for term 3
I20260710 11:07:32.902906 26812 raft_consensus.cc:697] T 6f7fbafed1d24aa6a3bdb2c0acb82db5 P b6322861ff0442d8be59676bc0b8fbfd [term 3 LEADER]: Becoming Leader. State: Replica: b6322861ff0442d8be59676bc0b8fbfd, State: Running, Role: LEADER
I20260710 11:07:32.903712 26812 consensus_queue.cc:237] T 6f7fbafed1d24aa6a3bdb2c0acb82db5 P b6322861ff0442d8be59676bc0b8fbfd [LEADER]: Queue going to LEADER mode. State: All replicated index: 0, Majority replicated index: 2, Committed index: 2, Last appended: 2.2, Last appended by leader: 2, Current term: 3, Majority size: 2, State: 0, Mode: LEADER, active raft config: opid_index: -1 OBSOLETE_local: false peers { permanent_uuid: "62355cad05764831be63cd6da0833726" member_type: VOTER last_known_addr { host: "127.25.66.66" port: 37377 } } peers { permanent_uuid: "d964af46d9d24d2795c9a63c1abd49ba" member_type: VOTER last_known_addr { host: "127.25.66.65" port: 43091 } } peers { permanent_uuid: "b6322861ff0442d8be59676bc0b8fbfd" member_type: VOTER last_known_addr { host: "127.25.66.67" port: 34131 } }
I20260710 11:07:32.906122 26634 raft_consensus.cc:2468] T 820de6dfc99b4b588681a57e529946eb P b6322861ff0442d8be59676bc0b8fbfd [term 3 FOLLOWER]: Leader election vote request: Granting yes vote for candidate 62355cad05764831be63cd6da0833726 in term 3.
I20260710 11:07:32.906736 26485 raft_consensus.cc:2468] T 820de6dfc99b4b588681a57e529946eb P d964af46d9d24d2795c9a63c1abd49ba [term 3 FOLLOWER]: Leader election vote request: Granting yes vote for candidate 62355cad05764831be63cd6da0833726 in term 3.
I20260710 11:07:32.907125 26526 leader_election.cc:304] T 820de6dfc99b4b588681a57e529946eb P 62355cad05764831be63cd6da0833726 [CANDIDATE]: Term 3 election: Election decided. Result: candidate won. Election summary: received 2 responses out of 3 voters: 2 yes votes; 0 no votes. yes voters: 62355cad05764831be63cd6da0833726, b6322861ff0442d8be59676bc0b8fbfd; no voters: 
I20260710 11:07:32.909880 26810 raft_consensus.cc:2804] T 820de6dfc99b4b588681a57e529946eb P 62355cad05764831be63cd6da0833726 [term 3 FOLLOWER]: Leader election won for term 3
I20260710 11:07:32.910315 26810 raft_consensus.cc:697] T 820de6dfc99b4b588681a57e529946eb P 62355cad05764831be63cd6da0833726 [term 3 LEADER]: Becoming Leader. State: Replica: 62355cad05764831be63cd6da0833726, State: Running, Role: LEADER
I20260710 11:07:32.911160 26810 consensus_queue.cc:237] T 820de6dfc99b4b588681a57e529946eb P 62355cad05764831be63cd6da0833726 [LEADER]: Queue going to LEADER mode. State: All replicated index: 0, Majority replicated index: 2, Committed index: 2, Last appended: 2.2, Last appended by leader: 2, Current term: 3, Majority size: 2, State: 0, Mode: LEADER, active raft config: opid_index: -1 OBSOLETE_local: false peers { permanent_uuid: "d964af46d9d24d2795c9a63c1abd49ba" member_type: VOTER last_known_addr { host: "127.25.66.65" port: 43091 } } peers { permanent_uuid: "62355cad05764831be63cd6da0833726" member_type: VOTER last_known_addr { host: "127.25.66.66" port: 37377 } } peers { permanent_uuid: "b6322861ff0442d8be59676bc0b8fbfd" member_type: VOTER last_known_addr { host: "127.25.66.67" port: 34131 } }
I20260710 11:07:32.911252 26382 catalog_manager.cc:5697] T 6f7fbafed1d24aa6a3bdb2c0acb82db5 P b6322861ff0442d8be59676bc0b8fbfd reported cstate change: term changed from 2 to 3, leader changed from d964af46d9d24d2795c9a63c1abd49ba (127.25.66.65) to b6322861ff0442d8be59676bc0b8fbfd (127.25.66.67). New cstate: current_term: 3 leader_uuid: "b6322861ff0442d8be59676bc0b8fbfd" committed_config { opid_index: -1 OBSOLETE_local: false peers { permanent_uuid: "62355cad05764831be63cd6da0833726" member_type: VOTER last_known_addr { host: "127.25.66.66" port: 37377 } health_report { overall_health: UNKNOWN } } peers { permanent_uuid: "d964af46d9d24d2795c9a63c1abd49ba" member_type: VOTER last_known_addr { host: "127.25.66.65" port: 43091 } health_report { overall_health: UNKNOWN } } peers { permanent_uuid: "b6322861ff0442d8be59676bc0b8fbfd" member_type: VOTER last_known_addr { host: "127.25.66.67" port: 34131 } health_report { overall_health: HEALTHY } } }
I20260710 11:07:32.919736 26381 catalog_manager.cc:5697] T 820de6dfc99b4b588681a57e529946eb P 62355cad05764831be63cd6da0833726 reported cstate change: term changed from 2 to 3, leader changed from d964af46d9d24d2795c9a63c1abd49ba (127.25.66.65) to 62355cad05764831be63cd6da0833726 (127.25.66.66). New cstate: current_term: 3 leader_uuid: "62355cad05764831be63cd6da0833726" committed_config { opid_index: -1 OBSOLETE_local: false peers { permanent_uuid: "d964af46d9d24d2795c9a63c1abd49ba" member_type: VOTER last_known_addr { host: "127.25.66.65" port: 43091 } health_report { overall_health: UNKNOWN } } peers { permanent_uuid: "62355cad05764831be63cd6da0833726" member_type: VOTER last_known_addr { host: "127.25.66.66" port: 37377 } health_report { overall_health: HEALTHY } } peers { permanent_uuid: "b6322861ff0442d8be59676bc0b8fbfd" member_type: VOTER last_known_addr { host: "127.25.66.67" port: 34131 } health_report { overall_health: UNKNOWN } } }
I20260710 11:07:33.089291 26561 raft_consensus.cc:1275] T e907a769441549b3ab03be2309e3fa1a P 62355cad05764831be63cd6da0833726 [term 5 FOLLOWER]: Refusing update from remote peer b6322861ff0442d8be59676bc0b8fbfd: Log matching property violated. Preceding OpId in replica: term: 4 index: 4. Preceding OpId from leader: term: 5 index: 5. (index mismatch)
I20260710 11:07:33.090507 26812 consensus_queue.cc:1048] T e907a769441549b3ab03be2309e3fa1a P b6322861ff0442d8be59676bc0b8fbfd [LEADER]: Connected to new peer: Peer: permanent_uuid: "62355cad05764831be63cd6da0833726" member_type: VOTER last_known_addr { host: "127.25.66.66" port: 37377 }, Status: LMP_MISMATCH, Last received: 0.0, Next index: 5, Last known committed idx: 4, Time since last communication: 0.000s
I20260710 11:07:33.100458 26485 raft_consensus.cc:1275] T e907a769441549b3ab03be2309e3fa1a P d964af46d9d24d2795c9a63c1abd49ba [term 5 FOLLOWER]: Refusing update from remote peer b6322861ff0442d8be59676bc0b8fbfd: Log matching property violated. Preceding OpId in replica: term: 4 index: 4. Preceding OpId from leader: term: 5 index: 5. (index mismatch)
I20260710 11:07:33.102083 26826 consensus_queue.cc:1048] T e907a769441549b3ab03be2309e3fa1a P b6322861ff0442d8be59676bc0b8fbfd [LEADER]: Connected to new peer: Peer: permanent_uuid: "d964af46d9d24d2795c9a63c1abd49ba" member_type: VOTER last_known_addr { host: "127.25.66.65" port: 43091 }, Status: LMP_MISMATCH, Last received: 0.0, Next index: 5, Last known committed idx: 4, Time since last communication: 0.000s
I20260710 11:07:33.333468 26561 raft_consensus.cc:1275] T 6f7fbafed1d24aa6a3bdb2c0acb82db5 P 62355cad05764831be63cd6da0833726 [term 3 FOLLOWER]: Refusing update from remote peer b6322861ff0442d8be59676bc0b8fbfd: Log matching property violated. Preceding OpId in replica: term: 2 index: 2. Preceding OpId from leader: term: 3 index: 3. (index mismatch)
I20260710 11:07:33.334805 26826 consensus_queue.cc:1048] T 6f7fbafed1d24aa6a3bdb2c0acb82db5 P b6322861ff0442d8be59676bc0b8fbfd [LEADER]: Connected to new peer: Peer: permanent_uuid: "62355cad05764831be63cd6da0833726" member_type: VOTER last_known_addr { host: "127.25.66.66" port: 37377 }, Status: LMP_MISMATCH, Last received: 0.0, Next index: 3, Last known committed idx: 2, Time since last communication: 0.000s
I20260710 11:07:33.343338 26485 raft_consensus.cc:1275] T 6f7fbafed1d24aa6a3bdb2c0acb82db5 P d964af46d9d24d2795c9a63c1abd49ba [term 3 FOLLOWER]: Refusing update from remote peer b6322861ff0442d8be59676bc0b8fbfd: Log matching property violated. Preceding OpId in replica: term: 2 index: 2. Preceding OpId from leader: term: 3 index: 3. (index mismatch)
I20260710 11:07:33.344774 26826 consensus_queue.cc:1048] T 6f7fbafed1d24aa6a3bdb2c0acb82db5 P b6322861ff0442d8be59676bc0b8fbfd [LEADER]: Connected to new peer: Peer: permanent_uuid: "d964af46d9d24d2795c9a63c1abd49ba" member_type: VOTER last_known_addr { host: "127.25.66.65" port: 43091 }, Status: LMP_MISMATCH, Last received: 0.0, Next index: 3, Last known committed idx: 2, Time since last communication: 0.000s
I20260710 11:07:33.362085 26634 raft_consensus.cc:1275] T 820de6dfc99b4b588681a57e529946eb P b6322861ff0442d8be59676bc0b8fbfd [term 3 FOLLOWER]: Refusing update from remote peer 62355cad05764831be63cd6da0833726: Log matching property violated. Preceding OpId in replica: term: 2 index: 2. Preceding OpId from leader: term: 3 index: 3. (index mismatch)
I20260710 11:07:33.363265 26810 consensus_queue.cc:1048] T 820de6dfc99b4b588681a57e529946eb P 62355cad05764831be63cd6da0833726 [LEADER]: Connected to new peer: Peer: permanent_uuid: "b6322861ff0442d8be59676bc0b8fbfd" member_type: VOTER last_known_addr { host: "127.25.66.67" port: 34131 }, Status: LMP_MISMATCH, Last received: 0.0, Next index: 3, Last known committed idx: 2, Time since last communication: 0.000s
I20260710 11:07:33.373471 26485 raft_consensus.cc:1275] T 820de6dfc99b4b588681a57e529946eb P d964af46d9d24d2795c9a63c1abd49ba [term 3 FOLLOWER]: Refusing update from remote peer 62355cad05764831be63cd6da0833726: Log matching property violated. Preceding OpId in replica: term: 2 index: 2. Preceding OpId from leader: term: 3 index: 3. (index mismatch)
I20260710 11:07:33.374817 26820 consensus_queue.cc:1048] T 820de6dfc99b4b588681a57e529946eb P 62355cad05764831be63cd6da0833726 [LEADER]: Connected to new peer: Peer: permanent_uuid: "d964af46d9d24d2795c9a63c1abd49ba" member_type: VOTER last_known_addr { host: "127.25.66.65" port: 43091 }, Status: LMP_MISMATCH, Last received: 0.0, Next index: 3, Last known committed idx: 2, Time since last communication: 0.000s
I20260710 11:07:33.443084 26634 raft_consensus.cc:1275] T 9ff82e383e08442990ee988783e2f8e0 P b6322861ff0442d8be59676bc0b8fbfd [term 2 FOLLOWER]: Refusing update from remote peer 62355cad05764831be63cd6da0833726: Log matching property violated. Preceding OpId in replica: term: 1 index: 1. Preceding OpId from leader: term: 2 index: 2. (index mismatch)
I20260710 11:07:33.444222 26485 raft_consensus.cc:1275] T 9ff82e383e08442990ee988783e2f8e0 P d964af46d9d24d2795c9a63c1abd49ba [term 2 FOLLOWER]: Refusing update from remote peer 62355cad05764831be63cd6da0833726: Log matching property violated. Preceding OpId in replica: term: 1 index: 1. Preceding OpId from leader: term: 2 index: 2. (index mismatch)
I20260710 11:07:33.444222 26820 consensus_queue.cc:1048] T 9ff82e383e08442990ee988783e2f8e0 P 62355cad05764831be63cd6da0833726 [LEADER]: Connected to new peer: Peer: permanent_uuid: "b6322861ff0442d8be59676bc0b8fbfd" member_type: VOTER last_known_addr { host: "127.25.66.67" port: 34131 }, Status: LMP_MISMATCH, Last received: 0.0, Next index: 2, Last known committed idx: 1, Time since last communication: 0.000s
I20260710 11:07:33.445573 26833 consensus_queue.cc:1048] T 9ff82e383e08442990ee988783e2f8e0 P 62355cad05764831be63cd6da0833726 [LEADER]: Connected to new peer: Peer: permanent_uuid: "d964af46d9d24d2795c9a63c1abd49ba" member_type: VOTER last_known_addr { host: "127.25.66.65" port: 43091 }, Status: LMP_MISMATCH, Last received: 0.0, Next index: 2, Last known committed idx: 1, Time since last communication: 0.001s
I20260710 11:07:33.540951 25865 auto_leader_rebalancer.cc:141] leader rebalance for table test-workload
I20260710 11:07:33.546782 25865 tablet_server.cc:179] TabletServer@127.25.66.65:0 shutting down...
W20260710 11:07:33.562742 26599 proxy.cc:239] Call had error, refreshing address and retrying: Remote error: Service unavailable: service kudu.consensus.ConsensusService not registered on TabletServer [suppressed 2 similar messages]
W20260710 11:07:33.566277 26599 consensus_peers.cc:597] T efb9290ae4464be3abfb2a1ad1b1c5d5 P b6322861ff0442d8be59676bc0b8fbfd -> Peer d964af46d9d24d2795c9a63c1abd49ba (127.25.66.65:43091): Couldn't send request to peer d964af46d9d24d2795c9a63c1abd49ba. Status: Remote error: Service unavailable: service kudu.consensus.ConsensusService not registered on TabletServer. This is attempt 1: this message will repeat every 5th retry.
I20260710 11:07:33.571475 25865 ts_tablet_manager.cc:1507] Shutting down tablet manager...
I20260710 11:07:33.572145 25865 tablet_replica.cc:333] T 3e5d90b78e3846e596c09948750432bf P d964af46d9d24d2795c9a63c1abd49ba: stopping tablet replica
I20260710 11:07:33.572736 25865 raft_consensus.cc:2243] T 3e5d90b78e3846e596c09948750432bf P d964af46d9d24d2795c9a63c1abd49ba [term 3 LEADER]: Raft consensus shutting down.
I20260710 11:07:33.573446 25865 raft_consensus.cc:2272] T 3e5d90b78e3846e596c09948750432bf P d964af46d9d24d2795c9a63c1abd49ba [term 3 FOLLOWER]: Raft consensus is shut down!
I20260710 11:07:33.575233 25865 tablet_replica.cc:333] T cf3158d675e94b4f8db356388b6046e3 P d964af46d9d24d2795c9a63c1abd49ba: stopping tablet replica
