I20260710 11:07:13.228165 12855 consensus_queue.cc:260] T 504ad65c9a224171af57a9d311e37fc5 P f459bc6844f840159072693917a9da65 [NON_LEADER]: Queue going to NON_LEADER mode. State: All replicated index: 0, Majority replicated index: 0, Committed index: 0, Last appended: 0.0, Last appended by leader: 0, Current term: 0, Majority size: -1, State: 0, Mode: NON_LEADER, active raft config: opid_index: -1 OBSOLETE_local: false peers { permanent_uuid: "49e358ef9bbe4b6ab3eebf7a35b76f22" member_type: VOTER last_known_addr { host: "127.12.59.129" port: 44831 } } peers { permanent_uuid: "f459bc6844f840159072693917a9da65" member_type: VOTER last_known_addr { host: "127.12.59.130" port: 44219 } } peers { permanent_uuid: "3190b30a8fbc4f2f840efb6eb759521d" member_type: VOTER last_known_addr { host: "127.12.59.131" port: 36943 } }
I20260710 11:07:13.229816 12855 ts_tablet_manager.cc:1434] T 504ad65c9a224171af57a9d311e37fc5 P f459bc6844f840159072693917a9da65: Time spent starting tablet: real 0.005s	user 0.004s	sys 0.000s
I20260710 11:07:13.230561 12855 tablet_bootstrap.cc:492] T 8f2efb02c1db41328b12e244d68bffc9 P f459bc6844f840159072693917a9da65: Bootstrap starting.
I20260710 11:07:13.234393 12855 tablet_bootstrap.cc:654] T 8f2efb02c1db41328b12e244d68bffc9 P f459bc6844f840159072693917a9da65: Neither blocks nor log segments found. Creating new log.
I20260710 11:07:13.235049 12558 catalog_manager.cc:5697] T f24d62adbd234737a5e31cd7383ce3c8 P f459bc6844f840159072693917a9da65 reported cstate change: term changed from 0 to 1, leader changed from <none> to f459bc6844f840159072693917a9da65 (127.12.59.130). New cstate: current_term: 1 leader_uuid: "f459bc6844f840159072693917a9da65" committed_config { opid_index: -1 OBSOLETE_local: false peers { permanent_uuid: "49e358ef9bbe4b6ab3eebf7a35b76f22" member_type: VOTER last_known_addr { host: "127.12.59.129" port: 44831 } health_report { overall_health: UNKNOWN } } peers { permanent_uuid: "f459bc6844f840159072693917a9da65" member_type: VOTER last_known_addr { host: "127.12.59.130" port: 44219 } health_report { overall_health: HEALTHY } } peers { permanent_uuid: "3190b30a8fbc4f2f840efb6eb759521d" member_type: VOTER last_known_addr { host: "127.12.59.131" port: 36943 } health_report { overall_health: UNKNOWN } } }
I20260710 11:07:13.238009 12855 tablet_bootstrap.cc:492] T 8f2efb02c1db41328b12e244d68bffc9 P f459bc6844f840159072693917a9da65: No bootstrap required, opened a new log
I20260710 11:07:13.238407 12855 ts_tablet_manager.cc:1403] T 8f2efb02c1db41328b12e244d68bffc9 P f459bc6844f840159072693917a9da65: Time spent bootstrapping tablet: real 0.008s	user 0.006s	sys 0.000s
I20260710 11:07:13.240036 12882 raft_consensus.cc:493] T f24d62adbd234737a5e31cd7383ce3c8 P 49e358ef9bbe4b6ab3eebf7a35b76f22 [term 0 FOLLOWER]: Starting pre-election (no leader contacted us within the election timeout)
I20260710 11:07:13.240470 12882 raft_consensus.cc:515] T f24d62adbd234737a5e31cd7383ce3c8 P 49e358ef9bbe4b6ab3eebf7a35b76f22 [term 0 FOLLOWER]: Starting pre-election with config: opid_index: -1 OBSOLETE_local: false peers { permanent_uuid: "49e358ef9bbe4b6ab3eebf7a35b76f22" member_type: VOTER last_known_addr { host: "127.12.59.129" port: 44831 } } peers { permanent_uuid: "f459bc6844f840159072693917a9da65" member_type: VOTER last_known_addr { host: "127.12.59.130" port: 44219 } } peers { permanent_uuid: "3190b30a8fbc4f2f840efb6eb759521d" member_type: VOTER last_known_addr { host: "127.12.59.131" port: 36943 } }
I20260710 11:07:13.240919 12855 raft_consensus.cc:359] T 8f2efb02c1db41328b12e244d68bffc9 P f459bc6844f840159072693917a9da65 [term 0 FOLLOWER]: Replica starting. Triggering 0 pending ops. Active config: opid_index: -1 OBSOLETE_local: false peers { permanent_uuid: "49e358ef9bbe4b6ab3eebf7a35b76f22" member_type: VOTER last_known_addr { host: "127.12.59.129" port: 44831 } } peers { permanent_uuid: "f459bc6844f840159072693917a9da65" member_type: VOTER last_known_addr { host: "127.12.59.130" port: 44219 } } peers { permanent_uuid: "3190b30a8fbc4f2f840efb6eb759521d" member_type: VOTER last_known_addr { host: "127.12.59.131" port: 36943 } }
I20260710 11:07:13.241354 12855 raft_consensus.cc:385] T 8f2efb02c1db41328b12e244d68bffc9 P f459bc6844f840159072693917a9da65 [term 0 FOLLOWER]: Consensus starting up: Expiring failure detector timer to make a prompt election more likely
I20260710 11:07:13.241628 12855 raft_consensus.cc:740] T 8f2efb02c1db41328b12e244d68bffc9 P f459bc6844f840159072693917a9da65 [term 0 FOLLOWER]: Becoming Follower/Learner. State: Replica: f459bc6844f840159072693917a9da65, State: Initialized, Role: FOLLOWER
I20260710 11:07:13.242563 12882 leader_election.cc:290] T f24d62adbd234737a5e31cd7383ce3c8 P 49e358ef9bbe4b6ab3eebf7a35b76f22 [CANDIDATE]: Term 1 pre-election: Requested pre-vote from peers f459bc6844f840159072693917a9da65 (127.12.59.130:44219), 3190b30a8fbc4f2f840efb6eb759521d (127.12.59.131:36943)
I20260710 11:07:13.242353 12855 consensus_queue.cc:260] T 8f2efb02c1db41328b12e244d68bffc9 P f459bc6844f840159072693917a9da65 [NON_LEADER]: Queue going to NON_LEADER mode. State: All replicated index: 0, Majority replicated index: 0, Committed index: 0, Last appended: 0.0, Last appended by leader: 0, Current term: 0, Majority size: -1, State: 0, Mode: NON_LEADER, active raft config: opid_index: -1 OBSOLETE_local: false peers { permanent_uuid: "49e358ef9bbe4b6ab3eebf7a35b76f22" member_type: VOTER last_known_addr { host: "127.12.59.129" port: 44831 } } peers { permanent_uuid: "f459bc6844f840159072693917a9da65" member_type: VOTER last_known_addr { host: "127.12.59.130" port: 44219 } } peers { permanent_uuid: "3190b30a8fbc4f2f840efb6eb759521d" member_type: VOTER last_known_addr { host: "127.12.59.131" port: 36943 } }
I20260710 11:07:13.244354 12736 tablet_service.cc:1917] Received RequestConsensusVote() RPC: tablet_id: "f24d62adbd234737a5e31cd7383ce3c8" candidate_uuid: "49e358ef9bbe4b6ab3eebf7a35b76f22" candidate_term: 1 candidate_status { last_received { term: 0 index: 0 } } ignore_live_leader: false dest_uuid: "f459bc6844f840159072693917a9da65" is_pre_election: true
I20260710 11:07:13.244292 12810 tablet_service.cc:1917] Received RequestConsensusVote() RPC: tablet_id: "f24d62adbd234737a5e31cd7383ce3c8" candidate_uuid: "49e358ef9bbe4b6ab3eebf7a35b76f22" candidate_term: 1 candidate_status { last_received { term: 0 index: 0 } } ignore_live_leader: false dest_uuid: "3190b30a8fbc4f2f840efb6eb759521d" is_pre_election: true
I20260710 11:07:13.244948 12855 ts_tablet_manager.cc:1434] T 8f2efb02c1db41328b12e244d68bffc9 P f459bc6844f840159072693917a9da65: Time spent starting tablet: real 0.006s	user 0.007s	sys 0.000s
I20260710 11:07:13.245224 12810 raft_consensus.cc:2393] T f24d62adbd234737a5e31cd7383ce3c8 P 3190b30a8fbc4f2f840efb6eb759521d [term 1 FOLLOWER]: Leader pre-election vote request: Denying vote to candidate 49e358ef9bbe4b6ab3eebf7a35b76f22 in current term 1: Already voted for candidate f459bc6844f840159072693917a9da65 in this term.
I20260710 11:07:13.246363 12624 leader_election.cc:304] T f24d62adbd234737a5e31cd7383ce3c8 P 49e358ef9bbe4b6ab3eebf7a35b76f22 [CANDIDATE]: Term 1 pre-election: Election decided. Result: candidate lost. Election summary: received 3 responses out of 3 voters: 1 yes votes; 2 no votes. yes voters: 49e358ef9bbe4b6ab3eebf7a35b76f22; no voters: 3190b30a8fbc4f2f840efb6eb759521d, f459bc6844f840159072693917a9da65
I20260710 11:07:13.246949 12882 raft_consensus.cc:3060] T f24d62adbd234737a5e31cd7383ce3c8 P 49e358ef9bbe4b6ab3eebf7a35b76f22 [term 0 FOLLOWER]: Advancing to term 1
I20260710 11:07:13.253683 12882 raft_consensus.cc:2749] T f24d62adbd234737a5e31cd7383ce3c8 P 49e358ef9bbe4b6ab3eebf7a35b76f22 [term 1 FOLLOWER]: Leader pre-election lost for term 1. Reason: could not achieve majority
I20260710 11:07:13.309285 12882 consensus_queue.cc:1048] T 41ffebcfd186437288121b45e536e9e5 P 49e358ef9bbe4b6ab3eebf7a35b76f22 [LEADER]: Connected to new peer: Peer: permanent_uuid: "3190b30a8fbc4f2f840efb6eb759521d" member_type: VOTER last_known_addr { host: "127.12.59.131" port: 36943 }, Status: LMP_MISMATCH, Last received: 0.0, Next index: 1, Last known committed idx: 0, Time since last communication: 0.000s
I20260710 11:07:13.326315 12883 consensus_queue.cc:1048] T 41ffebcfd186437288121b45e536e9e5 P 49e358ef9bbe4b6ab3eebf7a35b76f22 [LEADER]: Connected to new peer: Peer: permanent_uuid: "f459bc6844f840159072693917a9da65" member_type: VOTER last_known_addr { host: "127.12.59.130" port: 44219 }, Status: LMP_MISMATCH, Last received: 0.0, Next index: 1, Last known committed idx: 0, Time since last communication: 0.001s
I20260710 11:07:13.359946 12857 raft_consensus.cc:493] T 8f2efb02c1db41328b12e244d68bffc9 P 3190b30a8fbc4f2f840efb6eb759521d [term 0 FOLLOWER]: Starting pre-election (no leader contacted us within the election timeout)
I20260710 11:07:13.360482 12857 raft_consensus.cc:515] T 8f2efb02c1db41328b12e244d68bffc9 P 3190b30a8fbc4f2f840efb6eb759521d [term 0 FOLLOWER]: Starting pre-election with config: opid_index: -1 OBSOLETE_local: false peers { permanent_uuid: "49e358ef9bbe4b6ab3eebf7a35b76f22" member_type: VOTER last_known_addr { host: "127.12.59.129" port: 44831 } } peers { permanent_uuid: "f459bc6844f840159072693917a9da65" member_type: VOTER last_known_addr { host: "127.12.59.130" port: 44219 } } peers { permanent_uuid: "3190b30a8fbc4f2f840efb6eb759521d" member_type: VOTER last_known_addr { host: "127.12.59.131" port: 36943 } }
I20260710 11:07:13.362561 12857 leader_election.cc:290] T 8f2efb02c1db41328b12e244d68bffc9 P 3190b30a8fbc4f2f840efb6eb759521d [CANDIDATE]: Term 1 pre-election: Requested pre-vote from peers 49e358ef9bbe4b6ab3eebf7a35b76f22 (127.12.59.129:44831), f459bc6844f840159072693917a9da65 (127.12.59.130:44219)
I20260710 11:07:13.363265 12661 tablet_service.cc:1917] Received RequestConsensusVote() RPC: tablet_id: "8f2efb02c1db41328b12e244d68bffc9" candidate_uuid: "3190b30a8fbc4f2f840efb6eb759521d" candidate_term: 1 candidate_status { last_received { term: 0 index: 0 } } ignore_live_leader: false dest_uuid: "49e358ef9bbe4b6ab3eebf7a35b76f22" is_pre_election: true
I20260710 11:07:13.363782 12661 raft_consensus.cc:2468] T 8f2efb02c1db41328b12e244d68bffc9 P 49e358ef9bbe4b6ab3eebf7a35b76f22 [term 0 FOLLOWER]: Leader pre-election vote request: Granting yes vote for candidate 3190b30a8fbc4f2f840efb6eb759521d in term 0.
I20260710 11:07:13.363945 12736 tablet_service.cc:1917] Received RequestConsensusVote() RPC: tablet_id: "8f2efb02c1db41328b12e244d68bffc9" candidate_uuid: "3190b30a8fbc4f2f840efb6eb759521d" candidate_term: 1 candidate_status { last_received { term: 0 index: 0 } } ignore_live_leader: false dest_uuid: "f459bc6844f840159072693917a9da65" is_pre_election: true
I20260710 11:07:13.364542 12736 raft_consensus.cc:2468] T 8f2efb02c1db41328b12e244d68bffc9 P f459bc6844f840159072693917a9da65 [term 0 FOLLOWER]: Leader pre-election vote request: Granting yes vote for candidate 3190b30a8fbc4f2f840efb6eb759521d in term 0.
I20260710 11:07:13.364646 12774 leader_election.cc:304] T 8f2efb02c1db41328b12e244d68bffc9 P 3190b30a8fbc4f2f840efb6eb759521d [CANDIDATE]: Term 1 pre-election: Election decided. Result: candidate won. Election summary: received 2 responses out of 3 voters: 2 yes votes; 0 no votes. yes voters: 3190b30a8fbc4f2f840efb6eb759521d, 49e358ef9bbe4b6ab3eebf7a35b76f22; no voters: 
I20260710 11:07:13.365342 12857 raft_consensus.cc:2804] T 8f2efb02c1db41328b12e244d68bffc9 P 3190b30a8fbc4f2f840efb6eb759521d [term 0 FOLLOWER]: Leader pre-election won for term 1
I20260710 11:07:13.365688 12857 raft_consensus.cc:493] T 8f2efb02c1db41328b12e244d68bffc9 P 3190b30a8fbc4f2f840efb6eb759521d [term 0 FOLLOWER]: Starting leader election (no leader contacted us within the election timeout)
I20260710 11:07:13.366001 12857 raft_consensus.cc:3060] T 8f2efb02c1db41328b12e244d68bffc9 P 3190b30a8fbc4f2f840efb6eb759521d [term 0 FOLLOWER]: Advancing to term 1
I20260710 11:07:13.372532 12857 raft_consensus.cc:515] T 8f2efb02c1db41328b12e244d68bffc9 P 3190b30a8fbc4f2f840efb6eb759521d [term 1 FOLLOWER]: Starting leader election with config: opid_index: -1 OBSOLETE_local: false peers { permanent_uuid: "49e358ef9bbe4b6ab3eebf7a35b76f22" member_type: VOTER last_known_addr { host: "127.12.59.129" port: 44831 } } peers { permanent_uuid: "f459bc6844f840159072693917a9da65" member_type: VOTER last_known_addr { host: "127.12.59.130" port: 44219 } } peers { permanent_uuid: "3190b30a8fbc4f2f840efb6eb759521d" member_type: VOTER last_known_addr { host: "127.12.59.131" port: 36943 } }
I20260710 11:07:13.374387 12857 leader_election.cc:290] T 8f2efb02c1db41328b12e244d68bffc9 P 3190b30a8fbc4f2f840efb6eb759521d [CANDIDATE]: Term 1 election: Requested vote from peers 49e358ef9bbe4b6ab3eebf7a35b76f22 (127.12.59.129:44831), f459bc6844f840159072693917a9da65 (127.12.59.130:44219)
I20260710 11:07:13.375044 12661 tablet_service.cc:1917] Received RequestConsensusVote() RPC: tablet_id: "8f2efb02c1db41328b12e244d68bffc9" candidate_uuid: "3190b30a8fbc4f2f840efb6eb759521d" candidate_term: 1 candidate_status { last_received { term: 0 index: 0 } } ignore_live_leader: false dest_uuid: "49e358ef9bbe4b6ab3eebf7a35b76f22"
I20260710 11:07:13.375475 12661 raft_consensus.cc:3060] T 8f2efb02c1db41328b12e244d68bffc9 P 49e358ef9bbe4b6ab3eebf7a35b76f22 [term 0 FOLLOWER]: Advancing to term 1
I20260710 11:07:13.375317 12736 tablet_service.cc:1917] Received RequestConsensusVote() RPC: tablet_id: "8f2efb02c1db41328b12e244d68bffc9" candidate_uuid: "3190b30a8fbc4f2f840efb6eb759521d" candidate_term: 1 candidate_status { last_received { term: 0 index: 0 } } ignore_live_leader: false dest_uuid: "f459bc6844f840159072693917a9da65"
I20260710 11:07:13.375948 12736 raft_consensus.cc:3060] T 8f2efb02c1db41328b12e244d68bffc9 P f459bc6844f840159072693917a9da65 [term 0 FOLLOWER]: Advancing to term 1
I20260710 11:07:13.380662 12661 raft_consensus.cc:2468] T 8f2efb02c1db41328b12e244d68bffc9 P 49e358ef9bbe4b6ab3eebf7a35b76f22 [term 1 FOLLOWER]: Leader election vote request: Granting yes vote for candidate 3190b30a8fbc4f2f840efb6eb759521d in term 1.
I20260710 11:07:13.381522 12774 leader_election.cc:304] T 8f2efb02c1db41328b12e244d68bffc9 P 3190b30a8fbc4f2f840efb6eb759521d [CANDIDATE]: Term 1 election: Election decided. Result: candidate won. Election summary: received 2 responses out of 3 voters: 2 yes votes; 0 no votes. yes voters: 3190b30a8fbc4f2f840efb6eb759521d, 49e358ef9bbe4b6ab3eebf7a35b76f22; no voters: 
I20260710 11:07:13.381971 12736 raft_consensus.cc:2468] T 8f2efb02c1db41328b12e244d68bffc9 P f459bc6844f840159072693917a9da65 [term 1 FOLLOWER]: Leader election vote request: Granting yes vote for candidate 3190b30a8fbc4f2f840efb6eb759521d in term 1.
I20260710 11:07:13.382177 12857 raft_consensus.cc:2804] T 8f2efb02c1db41328b12e244d68bffc9 P 3190b30a8fbc4f2f840efb6eb759521d [term 1 FOLLOWER]: Leader election won for term 1
I20260710 11:07:13.382601 12857 raft_consensus.cc:697] T 8f2efb02c1db41328b12e244d68bffc9 P 3190b30a8fbc4f2f840efb6eb759521d [term 1 LEADER]: Becoming Leader. State: Replica: 3190b30a8fbc4f2f840efb6eb759521d, State: Running, Role: LEADER
I20260710 11:07:13.383589 12857 consensus_queue.cc:237] T 8f2efb02c1db41328b12e244d68bffc9 P 3190b30a8fbc4f2f840efb6eb759521d [LEADER]: Queue going to LEADER mode. State: All replicated index: 0, Majority replicated index: 0, Committed index: 0, Last appended: 0.0, Last appended by leader: 0, Current term: 1, Majority size: 2, State: 0, Mode: LEADER, active raft config: opid_index: -1 OBSOLETE_local: false peers { permanent_uuid: "49e358ef9bbe4b6ab3eebf7a35b76f22" member_type: VOTER last_known_addr { host: "127.12.59.129" port: 44831 } } peers { permanent_uuid: "f459bc6844f840159072693917a9da65" member_type: VOTER last_known_addr { host: "127.12.59.130" port: 44219 } } peers { permanent_uuid: "3190b30a8fbc4f2f840efb6eb759521d" member_type: VOTER last_known_addr { host: "127.12.59.131" port: 36943 } }
I20260710 11:07:13.390235 12558 catalog_manager.cc:5697] T 8f2efb02c1db41328b12e244d68bffc9 P 3190b30a8fbc4f2f840efb6eb759521d reported cstate change: term changed from 0 to 1, leader changed from <none> to 3190b30a8fbc4f2f840efb6eb759521d (127.12.59.131). New cstate: current_term: 1 leader_uuid: "3190b30a8fbc4f2f840efb6eb759521d" committed_config { opid_index: -1 OBSOLETE_local: false peers { permanent_uuid: "49e358ef9bbe4b6ab3eebf7a35b76f22" member_type: VOTER last_known_addr { host: "127.12.59.129" port: 44831 } health_report { overall_health: UNKNOWN } } peers { permanent_uuid: "f459bc6844f840159072693917a9da65" member_type: VOTER last_known_addr { host: "127.12.59.130" port: 44219 } health_report { overall_health: UNKNOWN } } peers { permanent_uuid: "3190b30a8fbc4f2f840efb6eb759521d" member_type: VOTER last_known_addr { host: "127.12.59.131" port: 36943 } health_report { overall_health: HEALTHY } } }
I20260710 11:07:13.396641 12883 consensus_queue.cc:1048] T 5bc9d95b1938468386013e512b985993 P 49e358ef9bbe4b6ab3eebf7a35b76f22 [LEADER]: Connected to new peer: Peer: permanent_uuid: "3190b30a8fbc4f2f840efb6eb759521d" member_type: VOTER last_known_addr { host: "127.12.59.131" port: 36943 }, Status: LMP_MISMATCH, Last received: 0.0, Next index: 1, Last known committed idx: 0, Time since last communication: 0.000s
I20260710 11:07:13.409409 12860 consensus_queue.cc:1048] T 5bc9d95b1938468386013e512b985993 P 49e358ef9bbe4b6ab3eebf7a35b76f22 [LEADER]: Connected to new peer: Peer: permanent_uuid: "f459bc6844f840159072693917a9da65" member_type: VOTER last_known_addr { host: "127.12.59.130" port: 44219 }, Status: LMP_MISMATCH, Last received: 0.0, Next index: 1, Last known committed idx: 0, Time since last communication: 0.000s
I20260710 11:07:13.481422 12860 raft_consensus.cc:493] T e10875f4543c44b6923bb4c160508883 P 49e358ef9bbe4b6ab3eebf7a35b76f22 [term 0 FOLLOWER]: Starting pre-election (no leader contacted us within the election timeout)
I20260710 11:07:13.481824 12860 raft_consensus.cc:515] T e10875f4543c44b6923bb4c160508883 P 49e358ef9bbe4b6ab3eebf7a35b76f22 [term 0 FOLLOWER]: Starting pre-election with config: opid_index: -1 OBSOLETE_local: false peers { permanent_uuid: "49e358ef9bbe4b6ab3eebf7a35b76f22" member_type: VOTER last_known_addr { host: "127.12.59.129" port: 44831 } } peers { permanent_uuid: "f459bc6844f840159072693917a9da65" member_type: VOTER last_known_addr { host: "127.12.59.130" port: 44219 } } peers { permanent_uuid: "3190b30a8fbc4f2f840efb6eb759521d" member_type: VOTER last_known_addr { host: "127.12.59.131" port: 36943 } }
I20260710 11:07:13.483438 12860 leader_election.cc:290] T e10875f4543c44b6923bb4c160508883 P 49e358ef9bbe4b6ab3eebf7a35b76f22 [CANDIDATE]: Term 1 pre-election: Requested pre-vote from peers f459bc6844f840159072693917a9da65 (127.12.59.130:44219), 3190b30a8fbc4f2f840efb6eb759521d (127.12.59.131:36943)
I20260710 11:07:13.484349 12734 tablet_service.cc:1917] Received RequestConsensusVote() RPC: tablet_id: "e10875f4543c44b6923bb4c160508883" candidate_uuid: "49e358ef9bbe4b6ab3eebf7a35b76f22" candidate_term: 1 candidate_status { last_received { term: 0 index: 0 } } ignore_live_leader: false dest_uuid: "f459bc6844f840159072693917a9da65" is_pre_election: true
I20260710 11:07:13.484532 12810 tablet_service.cc:1917] Received RequestConsensusVote() RPC: tablet_id: "e10875f4543c44b6923bb4c160508883" candidate_uuid: "49e358ef9bbe4b6ab3eebf7a35b76f22" candidate_term: 1 candidate_status { last_received { term: 0 index: 0 } } ignore_live_leader: false dest_uuid: "3190b30a8fbc4f2f840efb6eb759521d" is_pre_election: true
I20260710 11:07:13.485319 12810 raft_consensus.cc:2393] T e10875f4543c44b6923bb4c160508883 P 3190b30a8fbc4f2f840efb6eb759521d [term 1 FOLLOWER]: Leader pre-election vote request: Denying vote to candidate 49e358ef9bbe4b6ab3eebf7a35b76f22 in current term 1: Already voted for candidate f459bc6844f840159072693917a9da65 in this term.
I20260710 11:07:13.486320 12625 leader_election.cc:304] T e10875f4543c44b6923bb4c160508883 P 49e358ef9bbe4b6ab3eebf7a35b76f22 [CANDIDATE]: Term 1 pre-election: Election decided. Result: candidate lost. Election summary: received 3 responses out of 3 voters: 1 yes votes; 2 no votes. yes voters: 49e358ef9bbe4b6ab3eebf7a35b76f22; no voters: 3190b30a8fbc4f2f840efb6eb759521d, f459bc6844f840159072693917a9da65
I20260710 11:07:13.486884 12860 raft_consensus.cc:3060] T e10875f4543c44b6923bb4c160508883 P 49e358ef9bbe4b6ab3eebf7a35b76f22 [term 0 FOLLOWER]: Advancing to term 1
I20260710 11:07:13.490861 12899 raft_consensus.cc:493] T 504ad65c9a224171af57a9d311e37fc5 P f459bc6844f840159072693917a9da65 [term 0 FOLLOWER]: Starting pre-election (no leader contacted us within the election timeout)
I20260710 11:07:13.491214 12899 raft_consensus.cc:515] T 504ad65c9a224171af57a9d311e37fc5 P f459bc6844f840159072693917a9da65 [term 0 FOLLOWER]: Starting pre-election with config: opid_index: -1 OBSOLETE_local: false peers { permanent_uuid: "49e358ef9bbe4b6ab3eebf7a35b76f22" member_type: VOTER last_known_addr { host: "127.12.59.129" port: 44831 } } peers { permanent_uuid: "f459bc6844f840159072693917a9da65" member_type: VOTER last_known_addr { host: "127.12.59.130" port: 44219 } } peers { permanent_uuid: "3190b30a8fbc4f2f840efb6eb759521d" member_type: VOTER last_known_addr { host: "127.12.59.131" port: 36943 } }
I20260710 11:07:13.491770 12860 raft_consensus.cc:2749] T e10875f4543c44b6923bb4c160508883 P 49e358ef9bbe4b6ab3eebf7a35b76f22 [term 1 FOLLOWER]: Leader pre-election lost for term 1. Reason: could not achieve majority
I20260710 11:07:13.493031 12899 leader_election.cc:290] T 504ad65c9a224171af57a9d311e37fc5 P f459bc6844f840159072693917a9da65 [CANDIDATE]: Term 1 pre-election: Requested pre-vote from peers 49e358ef9bbe4b6ab3eebf7a35b76f22 (127.12.59.129:44831), 3190b30a8fbc4f2f840efb6eb759521d (127.12.59.131:36943)
I20260710 11:07:13.493780 12660 tablet_service.cc:1917] Received RequestConsensusVote() RPC: tablet_id: "504ad65c9a224171af57a9d311e37fc5" candidate_uuid: "f459bc6844f840159072693917a9da65" candidate_term: 1 candidate_status { last_received { term: 0 index: 0 } } ignore_live_leader: false dest_uuid: "49e358ef9bbe4b6ab3eebf7a35b76f22" is_pre_election: true
I20260710 11:07:13.494280 12810 tablet_service.cc:1917] Received RequestConsensusVote() RPC: tablet_id: "504ad65c9a224171af57a9d311e37fc5" candidate_uuid: "f459bc6844f840159072693917a9da65" candidate_term: 1 candidate_status { last_received { term: 0 index: 0 } } ignore_live_leader: false dest_uuid: "3190b30a8fbc4f2f840efb6eb759521d" is_pre_election: true
I20260710 11:07:13.494508 12660 raft_consensus.cc:2393] T 504ad65c9a224171af57a9d311e37fc5 P 49e358ef9bbe4b6ab3eebf7a35b76f22 [term 1 FOLLOWER]: Leader pre-election vote request: Denying vote to candidate f459bc6844f840159072693917a9da65 in current term 1: Already voted for candidate 49e358ef9bbe4b6ab3eebf7a35b76f22 in this term.
I20260710 11:07:13.494987 12810 raft_consensus.cc:2393] T 504ad65c9a224171af57a9d311e37fc5 P 3190b30a8fbc4f2f840efb6eb759521d [term 1 FOLLOWER]: Leader pre-election vote request: Denying vote to candidate f459bc6844f840159072693917a9da65 in current term 1: Already voted for candidate 3190b30a8fbc4f2f840efb6eb759521d in this term.
W20260710 11:07:13.495831 12606 auto_rebalancer.cc:288] Could not retrieve cluster info: Service unavailable: Tablet not running
I20260710 11:07:13.495862 12899 consensus_queue.cc:1048] T e10875f4543c44b6923bb4c160508883 P f459bc6844f840159072693917a9da65 [LEADER]: Connected to new peer: Peer: permanent_uuid: "49e358ef9bbe4b6ab3eebf7a35b76f22" member_type: VOTER last_known_addr { host: "127.12.59.129" port: 44831 }, Status: LMP_MISMATCH, Last received: 0.0, Next index: 1, Last known committed idx: 0, Time since last communication: 0.001s
I20260710 11:07:13.495996 12700 leader_election.cc:304] T 504ad65c9a224171af57a9d311e37fc5 P f459bc6844f840159072693917a9da65 [CANDIDATE]: Term 1 pre-election: Election decided. Result: candidate lost. Election summary: received 3 responses out of 3 voters: 1 yes votes; 2 no votes. yes voters: f459bc6844f840159072693917a9da65; no voters: 3190b30a8fbc4f2f840efb6eb759521d, 49e358ef9bbe4b6ab3eebf7a35b76f22
I20260710 11:07:13.496923 12861 raft_consensus.cc:3060] T 504ad65c9a224171af57a9d311e37fc5 P f459bc6844f840159072693917a9da65 [term 0 FOLLOWER]: Advancing to term 1
I20260710 11:07:13.503306 12861 raft_consensus.cc:2749] T 504ad65c9a224171af57a9d311e37fc5 P f459bc6844f840159072693917a9da65 [term 1 FOLLOWER]: Leader pre-election lost for term 1. Reason: could not achieve majority
I20260710 11:07:13.525959 12921 consensus_queue.cc:1048] T e10875f4543c44b6923bb4c160508883 P f459bc6844f840159072693917a9da65 [LEADER]: Connected to new peer: Peer: permanent_uuid: "3190b30a8fbc4f2f840efb6eb759521d" member_type: VOTER last_known_addr { host: "127.12.59.131" port: 36943 }, Status: LMP_MISMATCH, Last received: 0.0, Next index: 1, Last known committed idx: 0, Time since last communication: 0.000s
I20260710 11:07:13.572160 12857 consensus_queue.cc:1048] T 19c64215bc104165bf408aed8ac54052 P 3190b30a8fbc4f2f840efb6eb759521d [LEADER]: Connected to new peer: Peer: permanent_uuid: "49e358ef9bbe4b6ab3eebf7a35b76f22" member_type: VOTER last_known_addr { host: "127.12.59.129" port: 44831 }, Status: LMP_MISMATCH, Last received: 0.0, Next index: 1, Last known committed idx: 0, Time since last communication: 0.000s
I20260710 11:07:13.582404 12857 consensus_queue.cc:1048] T 19c64215bc104165bf408aed8ac54052 P 3190b30a8fbc4f2f840efb6eb759521d [LEADER]: Connected to new peer: Peer: permanent_uuid: "f459bc6844f840159072693917a9da65" member_type: VOTER last_known_addr { host: "127.12.59.130" port: 44219 }, Status: LMP_MISMATCH, Last received: 0.0, Next index: 1, Last known committed idx: 0, Time since last communication: 0.000s
I20260710 11:07:13.648077 12891 consensus_queue.cc:1048] T 85b96436b9f34e55a8009e6fec02361e P 3190b30a8fbc4f2f840efb6eb759521d [LEADER]: Connected to new peer: Peer: permanent_uuid: "49e358ef9bbe4b6ab3eebf7a35b76f22" member_type: VOTER last_known_addr { host: "127.12.59.129" port: 44831 }, Status: LMP_MISMATCH, Last received: 0.0, Next index: 1, Last known committed idx: 0, Time since last communication: 0.000s
I20260710 11:07:13.659650 12891 consensus_queue.cc:1048] T 85b96436b9f34e55a8009e6fec02361e P 3190b30a8fbc4f2f840efb6eb759521d [LEADER]: Connected to new peer: Peer: permanent_uuid: "f459bc6844f840159072693917a9da65" member_type: VOTER last_known_addr { host: "127.12.59.130" port: 44219 }, Status: LMP_MISMATCH, Last received: 0.0, Next index: 1, Last known committed idx: 0, Time since last communication: 0.000s
I20260710 11:07:13.697618 12860 consensus_queue.cc:1048] T d72b91815f23471a86c80b8101aeeb3c P 49e358ef9bbe4b6ab3eebf7a35b76f22 [LEADER]: Connected to new peer: Peer: permanent_uuid: "f459bc6844f840159072693917a9da65" member_type: VOTER last_known_addr { host: "127.12.59.130" port: 44219 }, Status: LMP_MISMATCH, Last received: 0.0, Next index: 1, Last known committed idx: 0, Time since last communication: 0.000s
I20260710 11:07:13.710436 12881 consensus_queue.cc:1048] T d72b91815f23471a86c80b8101aeeb3c P 49e358ef9bbe4b6ab3eebf7a35b76f22 [LEADER]: Connected to new peer: Peer: permanent_uuid: "3190b30a8fbc4f2f840efb6eb759521d" member_type: VOTER last_known_addr { host: "127.12.59.131" port: 36943 }, Status: LMP_MISMATCH, Last received: 0.0, Next index: 1, Last known committed idx: 0, Time since last communication: 0.001s
I20260710 11:07:13.738541 12921 consensus_queue.cc:1048] T f24d62adbd234737a5e31cd7383ce3c8 P f459bc6844f840159072693917a9da65 [LEADER]: Connected to new peer: Peer: permanent_uuid: "49e358ef9bbe4b6ab3eebf7a35b76f22" member_type: VOTER last_known_addr { host: "127.12.59.129" port: 44831 }, Status: LMP_MISMATCH, Last received: 0.0, Next index: 1, Last known committed idx: 0, Time since last communication: 0.000s
I20260710 11:07:13.752142 12899 consensus_queue.cc:1048] T f24d62adbd234737a5e31cd7383ce3c8 P f459bc6844f840159072693917a9da65 [LEADER]: Connected to new peer: Peer: permanent_uuid: "3190b30a8fbc4f2f840efb6eb759521d" member_type: VOTER last_known_addr { host: "127.12.59.131" port: 36943 }, Status: LMP_MISMATCH, Last received: 0.0, Next index: 1, Last known committed idx: 0, Time since last communication: 0.001s
I20260710 11:07:13.871546 12891 consensus_queue.cc:1048] T 8f2efb02c1db41328b12e244d68bffc9 P 3190b30a8fbc4f2f840efb6eb759521d [LEADER]: Connected to new peer: Peer: permanent_uuid: "f459bc6844f840159072693917a9da65" member_type: VOTER last_known_addr { host: "127.12.59.130" port: 44219 }, Status: LMP_MISMATCH, Last received: 0.0, Next index: 1, Last known committed idx: 0, Time since last communication: 0.000s
I20260710 11:07:13.883044 12857 consensus_queue.cc:1048] T 8f2efb02c1db41328b12e244d68bffc9 P 3190b30a8fbc4f2f840efb6eb759521d [LEADER]: Connected to new peer: Peer: permanent_uuid: "49e358ef9bbe4b6ab3eebf7a35b76f22" member_type: VOTER last_known_addr { host: "127.12.59.129" port: 44831 }, Status: LMP_MISMATCH, Last received: 0.0, Next index: 1, Last known committed idx: 0, Time since last communication: 0.000s
W20260710 11:07:14.498828 12606 auto_rebalancer.cc:288] Could not retrieve cluster info: Service unavailable: Tablet not running
I20260710 11:07:15.079993 12857 raft_consensus.cc:493] T 504ad65c9a224171af57a9d311e37fc5 P 3190b30a8fbc4f2f840efb6eb759521d [term 1 FOLLOWER]: Starting pre-election (no leader contacted us within the election timeout)
I20260710 11:07:15.080474 12857 raft_consensus.cc:515] T 504ad65c9a224171af57a9d311e37fc5 P 3190b30a8fbc4f2f840efb6eb759521d [term 1 FOLLOWER]: Starting pre-election with config: opid_index: -1 OBSOLETE_local: false peers { permanent_uuid: "49e358ef9bbe4b6ab3eebf7a35b76f22" member_type: VOTER last_known_addr { host: "127.12.59.129" port: 44831 } } peers { permanent_uuid: "f459bc6844f840159072693917a9da65" member_type: VOTER last_known_addr { host: "127.12.59.130" port: 44219 } } peers { permanent_uuid: "3190b30a8fbc4f2f840efb6eb759521d" member_type: VOTER last_known_addr { host: "127.12.59.131" port: 36943 } }
I20260710 11:07:15.082135 12857 leader_election.cc:290] T 504ad65c9a224171af57a9d311e37fc5 P 3190b30a8fbc4f2f840efb6eb759521d [CANDIDATE]: Term 2 pre-election: Requested pre-vote from peers 49e358ef9bbe4b6ab3eebf7a35b76f22 (127.12.59.129:44831), f459bc6844f840159072693917a9da65 (127.12.59.130:44219)
I20260710 11:07:15.083125 12660 tablet_service.cc:1917] Received RequestConsensusVote() RPC: tablet_id: "504ad65c9a224171af57a9d311e37fc5" candidate_uuid: "3190b30a8fbc4f2f840efb6eb759521d" candidate_term: 2 candidate_status { last_received { term: 0 index: 0 } } ignore_live_leader: false dest_uuid: "49e358ef9bbe4b6ab3eebf7a35b76f22" is_pre_election: true
I20260710 11:07:15.083551 12734 tablet_service.cc:1917] Received RequestConsensusVote() RPC: tablet_id: "504ad65c9a224171af57a9d311e37fc5" candidate_uuid: "3190b30a8fbc4f2f840efb6eb759521d" candidate_term: 2 candidate_status { last_received { term: 0 index: 0 } } ignore_live_leader: false dest_uuid: "f459bc6844f840159072693917a9da65" is_pre_election: true
I20260710 11:07:15.083858 12660 raft_consensus.cc:2468] T 504ad65c9a224171af57a9d311e37fc5 P 49e358ef9bbe4b6ab3eebf7a35b76f22 [term 1 FOLLOWER]: Leader pre-election vote request: Granting yes vote for candidate 3190b30a8fbc4f2f840efb6eb759521d in term 1.
I20260710 11:07:15.084187 12734 raft_consensus.cc:2468] T 504ad65c9a224171af57a9d311e37fc5 P f459bc6844f840159072693917a9da65 [term 1 FOLLOWER]: Leader pre-election vote request: Granting yes vote for candidate 3190b30a8fbc4f2f840efb6eb759521d in term 1.
I20260710 11:07:15.084908 12774 leader_election.cc:304] T 504ad65c9a224171af57a9d311e37fc5 P 3190b30a8fbc4f2f840efb6eb759521d [CANDIDATE]: Term 2 pre-election: Election decided. Result: candidate won. Election summary: received 2 responses out of 3 voters: 2 yes votes; 0 no votes. yes voters: 3190b30a8fbc4f2f840efb6eb759521d, 49e358ef9bbe4b6ab3eebf7a35b76f22; no voters: 
I20260710 11:07:15.085637 12857 raft_consensus.cc:2804] T 504ad65c9a224171af57a9d311e37fc5 P 3190b30a8fbc4f2f840efb6eb759521d [term 1 FOLLOWER]: Leader pre-election won for term 2
I20260710 11:07:15.085904 12857 raft_consensus.cc:493] T 504ad65c9a224171af57a9d311e37fc5 P 3190b30a8fbc4f2f840efb6eb759521d [term 1 FOLLOWER]: Starting leader election (no leader contacted us within the election timeout)
I20260710 11:07:15.086148 12857 raft_consensus.cc:3060] T 504ad65c9a224171af57a9d311e37fc5 P 3190b30a8fbc4f2f840efb6eb759521d [term 1 FOLLOWER]: Advancing to term 2
I20260710 11:07:15.090902 12857 raft_consensus.cc:515] T 504ad65c9a224171af57a9d311e37fc5 P 3190b30a8fbc4f2f840efb6eb759521d [term 2 FOLLOWER]: Starting leader election with config: opid_index: -1 OBSOLETE_local: false peers { permanent_uuid: "49e358ef9bbe4b6ab3eebf7a35b76f22" member_type: VOTER last_known_addr { host: "127.12.59.129" port: 44831 } } peers { permanent_uuid: "f459bc6844f840159072693917a9da65" member_type: VOTER last_known_addr { host: "127.12.59.130" port: 44219 } } peers { permanent_uuid: "3190b30a8fbc4f2f840efb6eb759521d" member_type: VOTER last_known_addr { host: "127.12.59.131" port: 36943 } }
I20260710 11:07:15.092327 12857 leader_election.cc:290] T 504ad65c9a224171af57a9d311e37fc5 P 3190b30a8fbc4f2f840efb6eb759521d [CANDIDATE]: Term 2 election: Requested vote from peers 49e358ef9bbe4b6ab3eebf7a35b76f22 (127.12.59.129:44831), f459bc6844f840159072693917a9da65 (127.12.59.130:44219)
I20260710 11:07:15.092921 12660 tablet_service.cc:1917] Received RequestConsensusVote() RPC: tablet_id: "504ad65c9a224171af57a9d311e37fc5" candidate_uuid: "3190b30a8fbc4f2f840efb6eb759521d" candidate_term: 2 candidate_status { last_received { term: 0 index: 0 } } ignore_live_leader: false dest_uuid: "49e358ef9bbe4b6ab3eebf7a35b76f22"
I20260710 11:07:15.093168 12734 tablet_service.cc:1917] Received RequestConsensusVote() RPC: tablet_id: "504ad65c9a224171af57a9d311e37fc5" candidate_uuid: "3190b30a8fbc4f2f840efb6eb759521d" candidate_term: 2 candidate_status { last_received { term: 0 index: 0 } } ignore_live_leader: false dest_uuid: "f459bc6844f840159072693917a9da65"
I20260710 11:07:15.093348 12660 raft_consensus.cc:3060] T 504ad65c9a224171af57a9d311e37fc5 P 49e358ef9bbe4b6ab3eebf7a35b76f22 [term 1 FOLLOWER]: Advancing to term 2
I20260710 11:07:15.093626 12734 raft_consensus.cc:3060] T 504ad65c9a224171af57a9d311e37fc5 P f459bc6844f840159072693917a9da65 [term 1 FOLLOWER]: Advancing to term 2
I20260710 11:07:15.097429 12660 raft_consensus.cc:2468] T 504ad65c9a224171af57a9d311e37fc5 P 49e358ef9bbe4b6ab3eebf7a35b76f22 [term 2 FOLLOWER]: Leader election vote request: Granting yes vote for candidate 3190b30a8fbc4f2f840efb6eb759521d in term 2.
I20260710 11:07:15.097654 12734 raft_consensus.cc:2468] T 504ad65c9a224171af57a9d311e37fc5 P f459bc6844f840159072693917a9da65 [term 2 FOLLOWER]: Leader election vote request: Granting yes vote for candidate 3190b30a8fbc4f2f840efb6eb759521d in term 2.
I20260710 11:07:15.098239 12774 leader_election.cc:304] T 504ad65c9a224171af57a9d311e37fc5 P 3190b30a8fbc4f2f840efb6eb759521d [CANDIDATE]: Term 2 election: Election decided. Result: candidate won. Election summary: received 2 responses out of 3 voters: 2 yes votes; 0 no votes. yes voters: 3190b30a8fbc4f2f840efb6eb759521d, 49e358ef9bbe4b6ab3eebf7a35b76f22; no voters: 
I20260710 11:07:15.098932 12857 raft_consensus.cc:2804] T 504ad65c9a224171af57a9d311e37fc5 P 3190b30a8fbc4f2f840efb6eb759521d [term 2 FOLLOWER]: Leader election won for term 2
I20260710 11:07:15.099733 12857 raft_consensus.cc:697] T 504ad65c9a224171af57a9d311e37fc5 P 3190b30a8fbc4f2f840efb6eb759521d [term 2 LEADER]: Becoming Leader. State: Replica: 3190b30a8fbc4f2f840efb6eb759521d, State: Running, Role: LEADER
I20260710 11:07:15.100461 12857 consensus_queue.cc:237] T 504ad65c9a224171af57a9d311e37fc5 P 3190b30a8fbc4f2f840efb6eb759521d [LEADER]: Queue going to LEADER mode. State: All replicated index: 0, Majority replicated index: 0, Committed index: 0, Last appended: 0.0, Last appended by leader: 0, Current term: 2, Majority size: 2, State: 0, Mode: LEADER, active raft config: opid_index: -1 OBSOLETE_local: false peers { permanent_uuid: "49e358ef9bbe4b6ab3eebf7a35b76f22" member_type: VOTER last_known_addr { host: "127.12.59.129" port: 44831 } } peers { permanent_uuid: "f459bc6844f840159072693917a9da65" member_type: VOTER last_known_addr { host: "127.12.59.130" port: 44219 } } peers { permanent_uuid: "3190b30a8fbc4f2f840efb6eb759521d" member_type: VOTER last_known_addr { host: "127.12.59.131" port: 36943 } }
I20260710 11:07:15.106364 12558 catalog_manager.cc:5697] T 504ad65c9a224171af57a9d311e37fc5 P 3190b30a8fbc4f2f840efb6eb759521d reported cstate change: term changed from 0 to 2, leader changed from <none> to 3190b30a8fbc4f2f840efb6eb759521d (127.12.59.131). New cstate: current_term: 2 leader_uuid: "3190b30a8fbc4f2f840efb6eb759521d" committed_config { opid_index: -1 OBSOLETE_local: false peers { permanent_uuid: "49e358ef9bbe4b6ab3eebf7a35b76f22" member_type: VOTER last_known_addr { host: "127.12.59.129" port: 44831 } health_report { overall_health: UNKNOWN } } peers { permanent_uuid: "f459bc6844f840159072693917a9da65" member_type: VOTER last_known_addr { host: "127.12.59.130" port: 44219 } health_report { overall_health: UNKNOWN } } peers { permanent_uuid: "3190b30a8fbc4f2f840efb6eb759521d" member_type: VOTER last_known_addr { host: "127.12.59.131" port: 36943 } health_report { overall_health: HEALTHY } } }
I20260710 11:07:15.509313 12734 raft_consensus.cc:1275] T 504ad65c9a224171af57a9d311e37fc5 P f459bc6844f840159072693917a9da65 [term 2 FOLLOWER]: Refusing update from remote peer 3190b30a8fbc4f2f840efb6eb759521d: Log matching property violated. Preceding OpId in replica: term: 0 index: 0. Preceding OpId from leader: term: 2 index: 1. (index mismatch)
I20260710 11:07:15.510648 12857 consensus_queue.cc:1048] T 504ad65c9a224171af57a9d311e37fc5 P 3190b30a8fbc4f2f840efb6eb759521d [LEADER]: Connected to new peer: Peer: permanent_uuid: "f459bc6844f840159072693917a9da65" member_type: VOTER last_known_addr { host: "127.12.59.130" port: 44219 }, Status: LMP_MISMATCH, Last received: 0.0, Next index: 1, Last known committed idx: 0, Time since last communication: 0.000s
I20260710 11:07:15.519323 12660 raft_consensus.cc:1275] T 504ad65c9a224171af57a9d311e37fc5 P 49e358ef9bbe4b6ab3eebf7a35b76f22 [term 2 FOLLOWER]: Refusing update from remote peer 3190b30a8fbc4f2f840efb6eb759521d: Log matching property violated. Preceding OpId in replica: term: 0 index: 0. Preceding OpId from leader: term: 2 index: 1. (index mismatch)
I20260710 11:07:15.520555 12857 consensus_queue.cc:1048] T 504ad65c9a224171af57a9d311e37fc5 P 3190b30a8fbc4f2f840efb6eb759521d [LEADER]: Connected to new peer: Peer: permanent_uuid: "49e358ef9bbe4b6ab3eebf7a35b76f22" member_type: VOTER last_known_addr { host: "127.12.59.129" port: 44831 }, Status: LMP_MISMATCH, Last received: 0.0, Next index: 1, Last known committed idx: 0, Time since last communication: 0.000s
I20260710 11:07:15.578751 12810 tablet_service.cc:2072] Received LeaderStepDown RPC: tablet_id: "504ad65c9a224171af57a9d311e37fc5"
dest_uuid: "3190b30a8fbc4f2f840efb6eb759521d"
mode: GRACEFUL
new_leader_uuid: "49e358ef9bbe4b6ab3eebf7a35b76f22"
 from {username='slave'} at 127.0.0.1:52580
I20260710 11:07:15.579370 12810 raft_consensus.cc:606] T 504ad65c9a224171af57a9d311e37fc5 P 3190b30a8fbc4f2f840efb6eb759521d [term 2 LEADER]: Received request to transfer leadership to TS 49e358ef9bbe4b6ab3eebf7a35b76f22
I20260710 11:07:15.583410 12810 tablet_service.cc:2072] Received LeaderStepDown RPC: tablet_id: "8f2efb02c1db41328b12e244d68bffc9"
dest_uuid: "3190b30a8fbc4f2f840efb6eb759521d"
mode: GRACEFUL
new_leader_uuid: "49e358ef9bbe4b6ab3eebf7a35b76f22"
 from {username='slave'} at 127.0.0.1:52580
I20260710 11:07:15.583830 12810 raft_consensus.cc:606] T 8f2efb02c1db41328b12e244d68bffc9 P 3190b30a8fbc4f2f840efb6eb759521d [term 1 LEADER]: Received request to transfer leadership to TS 49e358ef9bbe4b6ab3eebf7a35b76f22
I20260710 11:07:15.595485 12660 tablet_service.cc:2072] Received LeaderStepDown RPC: tablet_id: "5bc9d95b1938468386013e512b985993"
dest_uuid: "49e358ef9bbe4b6ab3eebf7a35b76f22"
mode: GRACEFUL
new_leader_uuid: "f459bc6844f840159072693917a9da65"
 from {username='slave'} at 127.0.0.1:38918
I20260710 11:07:15.595950 12660 raft_consensus.cc:606] T 5bc9d95b1938468386013e512b985993 P 49e358ef9bbe4b6ab3eebf7a35b76f22 [term 1 LEADER]: Received request to transfer leadership to TS f459bc6844f840159072693917a9da65
I20260710 11:07:15.605008 12810 tablet_service.cc:2072] Received LeaderStepDown RPC: tablet_id: "85b96436b9f34e55a8009e6fec02361e"
dest_uuid: "3190b30a8fbc4f2f840efb6eb759521d"
mode: GRACEFUL
new_leader_uuid: "f459bc6844f840159072693917a9da65"
 from {username='slave'} at 127.0.0.1:52580
I20260710 11:07:15.605473 12810 raft_consensus.cc:606] T 85b96436b9f34e55a8009e6fec02361e P 3190b30a8fbc4f2f840efb6eb759521d [term 1 LEADER]: Received request to transfer leadership to TS f459bc6844f840159072693917a9da65
I20260710 11:07:15.642262 12942 raft_consensus.cc:993] T 8f2efb02c1db41328b12e244d68bffc9 P 3190b30a8fbc4f2f840efb6eb759521d: : Instructing follower 49e358ef9bbe4b6ab3eebf7a35b76f22 to start an election
I20260710 11:07:15.642660 12857 raft_consensus.cc:1081] T 8f2efb02c1db41328b12e244d68bffc9 P 3190b30a8fbc4f2f840efb6eb759521d [term 1 LEADER]: Signalling peer 49e358ef9bbe4b6ab3eebf7a35b76f22 to start an election
I20260710 11:07:15.644037 12660 tablet_service.cc:2044] Received Run Leader Election RPC: tablet_id: "8f2efb02c1db41328b12e244d68bffc9"
dest_uuid: "49e358ef9bbe4b6ab3eebf7a35b76f22"
 from {username='slave'} at 127.0.0.1:58996
I20260710 11:07:15.644512 12660 raft_consensus.cc:493] T 8f2efb02c1db41328b12e244d68bffc9 P 49e358ef9bbe4b6ab3eebf7a35b76f22 [term 1 FOLLOWER]: Starting forced leader election (received explicit request)
I20260710 11:07:15.644816 12660 raft_consensus.cc:3060] T 8f2efb02c1db41328b12e244d68bffc9 P 49e358ef9bbe4b6ab3eebf7a35b76f22 [term 1 FOLLOWER]: Advancing to term 2
I20260710 11:07:15.648953 12660 raft_consensus.cc:515] T 8f2efb02c1db41328b12e244d68bffc9 P 49e358ef9bbe4b6ab3eebf7a35b76f22 [term 2 FOLLOWER]: Starting forced leader election with config: opid_index: -1 OBSOLETE_local: false peers { permanent_uuid: "49e358ef9bbe4b6ab3eebf7a35b76f22" member_type: VOTER last_known_addr { host: "127.12.59.129" port: 44831 } } peers { permanent_uuid: "f459bc6844f840159072693917a9da65" member_type: VOTER last_known_addr { host: "127.12.59.130" port: 44219 } } peers { permanent_uuid: "3190b30a8fbc4f2f840efb6eb759521d" member_type: VOTER last_known_addr { host: "127.12.59.131" port: 36943 } }
I20260710 11:07:15.650446 12660 leader_election.cc:290] T 8f2efb02c1db41328b12e244d68bffc9 P 49e358ef9bbe4b6ab3eebf7a35b76f22 [CANDIDATE]: Term 2 election: Requested vote from peers f459bc6844f840159072693917a9da65 (127.12.59.130:44219), 3190b30a8fbc4f2f840efb6eb759521d (127.12.59.131:36943)
I20260710 11:07:15.651175 12734 tablet_service.cc:1917] Received RequestConsensusVote() RPC: tablet_id: "8f2efb02c1db41328b12e244d68bffc9" candidate_uuid: "49e358ef9bbe4b6ab3eebf7a35b76f22" candidate_term: 2 candidate_status { last_received { term: 1 index: 1 } } ignore_live_leader: true dest_uuid: "f459bc6844f840159072693917a9da65"
I20260710 11:07:15.651466 12810 tablet_service.cc:1917] Received RequestConsensusVote() RPC: tablet_id: "8f2efb02c1db41328b12e244d68bffc9" candidate_uuid: "49e358ef9bbe4b6ab3eebf7a35b76f22" candidate_term: 2 candidate_status { last_received { term: 1 index: 1 } } ignore_live_leader: true dest_uuid: "3190b30a8fbc4f2f840efb6eb759521d"
I20260710 11:07:15.651640 12734 raft_consensus.cc:3060] T 8f2efb02c1db41328b12e244d68bffc9 P f459bc6844f840159072693917a9da65 [term 1 FOLLOWER]: Advancing to term 2
I20260710 11:07:15.651963 12810 raft_consensus.cc:3055] T 8f2efb02c1db41328b12e244d68bffc9 P 3190b30a8fbc4f2f840efb6eb759521d [term 1 LEADER]: Stepping down as leader of term 1
I20260710 11:07:15.652220 12810 raft_consensus.cc:740] T 8f2efb02c1db41328b12e244d68bffc9 P 3190b30a8fbc4f2f840efb6eb759521d [term 1 LEADER]: Becoming Follower/Learner. State: Replica: 3190b30a8fbc4f2f840efb6eb759521d, State: Running, Role: LEADER
I20260710 11:07:15.652820 12810 consensus_queue.cc:260] T 8f2efb02c1db41328b12e244d68bffc9 P 3190b30a8fbc4f2f840efb6eb759521d [NON_LEADER]: Queue going to NON_LEADER mode. State: All replicated index: 0, Majority replicated index: 1, Committed index: 1, Last appended: 1.1, Last appended by leader: 1, Current term: 1, Majority size: -1, State: 0, Mode: NON_LEADER, active raft config: opid_index: -1 OBSOLETE_local: false peers { permanent_uuid: "49e358ef9bbe4b6ab3eebf7a35b76f22" member_type: VOTER last_known_addr { host: "127.12.59.129" port: 44831 } } peers { permanent_uuid: "f459bc6844f840159072693917a9da65" member_type: VOTER last_known_addr { host: "127.12.59.130" port: 44219 } } peers { permanent_uuid: "3190b30a8fbc4f2f840efb6eb759521d" member_type: VOTER last_known_addr { host: "127.12.59.131" port: 36943 } }
I20260710 11:07:15.653750 12810 raft_consensus.cc:3060] T 8f2efb02c1db41328b12e244d68bffc9 P 3190b30a8fbc4f2f840efb6eb759521d [term 1 FOLLOWER]: Advancing to term 2
I20260710 11:07:15.655800 12734 raft_consensus.cc:2468] T 8f2efb02c1db41328b12e244d68bffc9 P f459bc6844f840159072693917a9da65 [term 2 FOLLOWER]: Leader election vote request: Granting yes vote for candidate 49e358ef9bbe4b6ab3eebf7a35b76f22 in term 2.
I20260710 11:07:15.656701 12624 leader_election.cc:304] T 8f2efb02c1db41328b12e244d68bffc9 P 49e358ef9bbe4b6ab3eebf7a35b76f22 [CANDIDATE]: Term 2 election: Election decided. Result: candidate won. Election summary: received 2 responses out of 3 voters: 2 yes votes; 0 no votes. yes voters: 49e358ef9bbe4b6ab3eebf7a35b76f22, f459bc6844f840159072693917a9da65; no voters: 
I20260710 11:07:15.657423 12881 raft_consensus.cc:2804] T 8f2efb02c1db41328b12e244d68bffc9 P 49e358ef9bbe4b6ab3eebf7a35b76f22 [term 2 FOLLOWER]: Leader election won for term 2
I20260710 11:07:15.658293 12810 raft_consensus.cc:2468] T 8f2efb02c1db41328b12e244d68bffc9 P 3190b30a8fbc4f2f840efb6eb759521d [term 2 FOLLOWER]: Leader election vote request: Granting yes vote for candidate 49e358ef9bbe4b6ab3eebf7a35b76f22 in term 2.
I20260710 11:07:15.658336 12881 raft_consensus.cc:697] T 8f2efb02c1db41328b12e244d68bffc9 P 49e358ef9bbe4b6ab3eebf7a35b76f22 [term 2 LEADER]: Becoming Leader. State: Replica: 49e358ef9bbe4b6ab3eebf7a35b76f22, State: Running, Role: LEADER
I20260710 11:07:15.659129 12881 consensus_queue.cc:237] T 8f2efb02c1db41328b12e244d68bffc9 P 49e358ef9bbe4b6ab3eebf7a35b76f22 [LEADER]: Queue going to LEADER mode. State: All replicated index: 0, Majority replicated index: 1, Committed index: 1, Last appended: 1.1, Last appended by leader: 1, Current term: 2, Majority size: 2, State: 0, Mode: LEADER, active raft config: opid_index: -1 OBSOLETE_local: false peers { permanent_uuid: "49e358ef9bbe4b6ab3eebf7a35b76f22" member_type: VOTER last_known_addr { host: "127.12.59.129" port: 44831 } } peers { permanent_uuid: "f459bc6844f840159072693917a9da65" member_type: VOTER last_known_addr { host: "127.12.59.130" port: 44219 } } peers { permanent_uuid: "3190b30a8fbc4f2f840efb6eb759521d" member_type: VOTER last_known_addr { host: "127.12.59.131" port: 36943 } }
I20260710 11:07:15.665872 12558 catalog_manager.cc:5697] T 8f2efb02c1db41328b12e244d68bffc9 P 49e358ef9bbe4b6ab3eebf7a35b76f22 reported cstate change: term changed from 1 to 2, leader changed from 3190b30a8fbc4f2f840efb6eb759521d (127.12.59.131) to 49e358ef9bbe4b6ab3eebf7a35b76f22 (127.12.59.129). New cstate: current_term: 2 leader_uuid: "49e358ef9bbe4b6ab3eebf7a35b76f22" committed_config { opid_index: -1 OBSOLETE_local: false peers { permanent_uuid: "49e358ef9bbe4b6ab3eebf7a35b76f22" member_type: VOTER last_known_addr { host: "127.12.59.129" port: 44831 } health_report { overall_health: HEALTHY } } peers { permanent_uuid: "f459bc6844f840159072693917a9da65" member_type: VOTER last_known_addr { host: "127.12.59.130" port: 44219 } health_report { overall_health: UNKNOWN } } peers { permanent_uuid: "3190b30a8fbc4f2f840efb6eb759521d" member_type: VOTER last_known_addr { host: "127.12.59.131" port: 36943 } health_report { overall_health: UNKNOWN } } }
I20260710 11:07:15.865213 12942 raft_consensus.cc:993] T 85b96436b9f34e55a8009e6fec02361e P 3190b30a8fbc4f2f840efb6eb759521d: : Instructing follower f459bc6844f840159072693917a9da65 to start an election
I20260710 11:07:15.865581 12942 raft_consensus.cc:1081] T 85b96436b9f34e55a8009e6fec02361e P 3190b30a8fbc4f2f840efb6eb759521d [term 1 LEADER]: Signalling peer f459bc6844f840159072693917a9da65 to start an election
I20260710 11:07:15.867230 12734 tablet_service.cc:2044] Received Run Leader Election RPC: tablet_id: "85b96436b9f34e55a8009e6fec02361e"
dest_uuid: "f459bc6844f840159072693917a9da65"
 from {username='slave'} at 127.0.0.1:45574
I20260710 11:07:15.867801 12734 raft_consensus.cc:493] T 85b96436b9f34e55a8009e6fec02361e P f459bc6844f840159072693917a9da65 [term 1 FOLLOWER]: Starting forced leader election (received explicit request)
I20260710 11:07:15.868170 12734 raft_consensus.cc:3060] T 85b96436b9f34e55a8009e6fec02361e P f459bc6844f840159072693917a9da65 [term 1 FOLLOWER]: Advancing to term 2
I20260710 11:07:15.874063 12734 raft_consensus.cc:515] T 85b96436b9f34e55a8009e6fec02361e P f459bc6844f840159072693917a9da65 [term 2 FOLLOWER]: Starting forced leader election with config: opid_index: -1 OBSOLETE_local: false peers { permanent_uuid: "49e358ef9bbe4b6ab3eebf7a35b76f22" member_type: VOTER last_known_addr { host: "127.12.59.129" port: 44831 } } peers { permanent_uuid: "f459bc6844f840159072693917a9da65" member_type: VOTER last_known_addr { host: "127.12.59.130" port: 44219 } } peers { permanent_uuid: "3190b30a8fbc4f2f840efb6eb759521d" member_type: VOTER last_known_addr { host: "127.12.59.131" port: 36943 } }
