I20260710 11:07:34.172371 28720 leader_election.cc:290] T 226ce506f97c4ee7b13979aa08d0b8c9 P b932583ad08341cdbe8ce1e23f6fe726 [CANDIDATE]: Term 1 pre-election: Requested pre-vote from peers ad10e16c39584d5e8b12fe58dca2e7a1 (127.26.199.1:40953), a820a0a17f1e4877a5cd32331d7df273 (127.26.199.3:36745)
I20260710 11:07:34.162895 28523 raft_consensus.cc:2468] T 5ee72cd1581b4c7ba99cc0202f5cb13a P ad10e16c39584d5e8b12fe58dca2e7a1 [term 0 FOLLOWER]: Leader pre-election vote request: Granting yes vote for candidate a820a0a17f1e4877a5cd32331d7df273 in term 0.
I20260710 11:07:34.172071 28712 consensus_queue.cc:260] T 97671e2678c74b109fbe8308f0c32573 P b932583ad08341cdbe8ce1e23f6fe726 [NON_LEADER]: Queue going to NON_LEADER mode. State: All replicated index: 0, Majority replicated index: 0, Committed index: 0, Last appended: 0.0, Last appended by leader: 0, Current term: 0, Majority size: -1, State: 0, Mode: NON_LEADER, active raft config: opid_index: -1 OBSOLETE_local: false peers { permanent_uuid: "b932583ad08341cdbe8ce1e23f6fe726" member_type: VOTER last_known_addr { host: "127.26.199.2" port: 44837 } } peers { permanent_uuid: "a820a0a17f1e4877a5cd32331d7df273" member_type: VOTER last_known_addr { host: "127.26.199.3" port: 36745 } } peers { permanent_uuid: "ad10e16c39584d5e8b12fe58dca2e7a1" member_type: VOTER last_known_addr { host: "127.26.199.1" port: 40953 } }
I20260710 11:07:34.173934 28521 tablet_service.cc:1917] Received RequestConsensusVote() RPC: tablet_id: "97671e2678c74b109fbe8308f0c32573" candidate_uuid: "a820a0a17f1e4877a5cd32331d7df273" candidate_term: 1 candidate_status { last_received { term: 0 index: 0 } } ignore_live_leader: false dest_uuid: "ad10e16c39584d5e8b12fe58dca2e7a1" is_pre_election: true
I20260710 11:07:34.175233 28712 ts_tablet_manager.cc:1434] T 97671e2678c74b109fbe8308f0c32573 P b932583ad08341cdbe8ce1e23f6fe726: Time spent starting tablet: real 0.012s	user 0.004s	sys 0.000s
I20260710 11:07:34.176254 28598 tablet_service.cc:1917] Received RequestConsensusVote() RPC: tablet_id: "5ee72cd1581b4c7ba99cc0202f5cb13a" candidate_uuid: "a820a0a17f1e4877a5cd32331d7df273" candidate_term: 1 candidate_status { last_received { term: 0 index: 0 } } ignore_live_leader: false dest_uuid: "b932583ad08341cdbe8ce1e23f6fe726" is_pre_election: true
I20260710 11:07:34.176537 28713 tablet_bootstrap.cc:492] T 97671e2678c74b109fbe8308f0c32573 P ad10e16c39584d5e8b12fe58dca2e7a1: No bootstrap required, opened a new log
I20260710 11:07:34.176839 28598 raft_consensus.cc:2468] T 5ee72cd1581b4c7ba99cc0202f5cb13a P b932583ad08341cdbe8ce1e23f6fe726 [term 0 FOLLOWER]: Leader pre-election vote request: Granting yes vote for candidate a820a0a17f1e4877a5cd32331d7df273 in term 0.
I20260710 11:07:34.177093 28713 ts_tablet_manager.cc:1403] T 97671e2678c74b109fbe8308f0c32573 P ad10e16c39584d5e8b12fe58dca2e7a1: Time spent bootstrapping tablet: real 0.088s	user 0.010s	sys 0.005s
I20260710 11:07:34.178114 28637 leader_election.cc:304] T 5ee72cd1581b4c7ba99cc0202f5cb13a P a820a0a17f1e4877a5cd32331d7df273 [CANDIDATE]: Term 1 pre-election: Election decided. Result: candidate won. Election summary: received 2 responses out of 3 voters: 2 yes votes; 0 no votes. yes voters: a820a0a17f1e4877a5cd32331d7df273, b932583ad08341cdbe8ce1e23f6fe726; no voters: 
W20260710 11:07:34.178429 28636 leader_election.cc:343] T 97671e2678c74b109fbe8308f0c32573 P a820a0a17f1e4877a5cd32331d7df273 [CANDIDATE]: Term 1 pre-election: Tablet error from VoteRequest() call to peer ad10e16c39584d5e8b12fe58dca2e7a1 (127.26.199.1:40953): Illegal state: must be running to vote when last-logged opid is not known
I20260710 11:07:34.174938 28596 tablet_service.cc:1917] Received RequestConsensusVote() RPC: tablet_id: "97671e2678c74b109fbe8308f0c32573" candidate_uuid: "a820a0a17f1e4877a5cd32331d7df273" candidate_term: 1 candidate_status { last_received { term: 0 index: 0 } } ignore_live_leader: false dest_uuid: "b932583ad08341cdbe8ce1e23f6fe726" is_pre_election: true
I20260710 11:07:34.179212 28672 tablet_service.cc:1917] Received RequestConsensusVote() RPC: tablet_id: "226ce506f97c4ee7b13979aa08d0b8c9" candidate_uuid: "b932583ad08341cdbe8ce1e23f6fe726" candidate_term: 1 candidate_status { last_received { term: 0 index: 0 } } ignore_live_leader: false dest_uuid: "a820a0a17f1e4877a5cd32331d7df273" is_pre_election: true
I20260710 11:07:34.179080 28718 raft_consensus.cc:2804] T 5ee72cd1581b4c7ba99cc0202f5cb13a P a820a0a17f1e4877a5cd32331d7df273 [term 0 FOLLOWER]: Leader pre-election won for term 1
I20260710 11:07:34.180280 28718 raft_consensus.cc:493] T 5ee72cd1581b4c7ba99cc0202f5cb13a P a820a0a17f1e4877a5cd32331d7df273 [term 0 FOLLOWER]: Starting leader election (no leader contacted us within the election timeout)
I20260710 11:07:34.180707 28718 raft_consensus.cc:3060] T 5ee72cd1581b4c7ba99cc0202f5cb13a P a820a0a17f1e4877a5cd32331d7df273 [term 0 FOLLOWER]: Advancing to term 1
I20260710 11:07:34.179888 28596 raft_consensus.cc:2468] T 97671e2678c74b109fbe8308f0c32573 P b932583ad08341cdbe8ce1e23f6fe726 [term 0 FOLLOWER]: Leader pre-election vote request: Granting yes vote for candidate a820a0a17f1e4877a5cd32331d7df273 in term 0.
I20260710 11:07:34.180246 28672 raft_consensus.cc:2393] T 226ce506f97c4ee7b13979aa08d0b8c9 P a820a0a17f1e4877a5cd32331d7df273 [term 1 FOLLOWER]: Leader pre-election vote request: Denying vote to candidate b932583ad08341cdbe8ce1e23f6fe726 in current term 1: Already voted for candidate ad10e16c39584d5e8b12fe58dca2e7a1 in this term.
I20260710 11:07:34.184871 28712 tablet_bootstrap.cc:492] T dd13a1328d1f41b38603c87c2af442e1 P b932583ad08341cdbe8ce1e23f6fe726: Bootstrap starting.
I20260710 11:07:34.185168 28597 raft_consensus.cc:2468] T ff5e4e8bf97c4454b41536bf77b60d0d P b932583ad08341cdbe8ce1e23f6fe726 [term 1 FOLLOWER]: Leader election vote request: Granting yes vote for candidate a820a0a17f1e4877a5cd32331d7df273 in term 1.
I20260710 11:07:34.187603 28521 tablet_service.cc:1917] Received RequestConsensusVote() RPC: tablet_id: "226ce506f97c4ee7b13979aa08d0b8c9" candidate_uuid: "b932583ad08341cdbe8ce1e23f6fe726" candidate_term: 1 candidate_status { last_received { term: 0 index: 0 } } ignore_live_leader: false dest_uuid: "ad10e16c39584d5e8b12fe58dca2e7a1" is_pre_election: true
I20260710 11:07:34.184011 28636 leader_election.cc:304] T ff5e4e8bf97c4454b41536bf77b60d0d P a820a0a17f1e4877a5cd32331d7df273 [CANDIDATE]: Term 1 election: Election decided. Result: candidate won. Election summary: received 2 responses out of 3 voters: 2 yes votes; 0 no votes. yes voters: a820a0a17f1e4877a5cd32331d7df273, ad10e16c39584d5e8b12fe58dca2e7a1; no voters: 
I20260710 11:07:34.188959 28637 leader_election.cc:304] T 97671e2678c74b109fbe8308f0c32573 P a820a0a17f1e4877a5cd32331d7df273 [CANDIDATE]: Term 1 pre-election: Election decided. Result: candidate won. Election summary: received 3 responses out of 3 voters: 2 yes votes; 1 no votes. yes voters: a820a0a17f1e4877a5cd32331d7df273, b932583ad08341cdbe8ce1e23f6fe726; no voters: ad10e16c39584d5e8b12fe58dca2e7a1
I20260710 11:07:34.189431 28562 leader_election.cc:304] T 226ce506f97c4ee7b13979aa08d0b8c9 P b932583ad08341cdbe8ce1e23f6fe726 [CANDIDATE]: Term 1 pre-election: Election decided. Result: candidate lost. Election summary: received 3 responses out of 3 voters: 1 yes votes; 2 no votes. yes voters: b932583ad08341cdbe8ce1e23f6fe726; no voters: a820a0a17f1e4877a5cd32331d7df273, ad10e16c39584d5e8b12fe58dca2e7a1
I20260710 11:07:34.190099 28763 raft_consensus.cc:2804] T 97671e2678c74b109fbe8308f0c32573 P a820a0a17f1e4877a5cd32331d7df273 [term 0 FOLLOWER]: Leader pre-election won for term 1
I20260710 11:07:34.190431 28720 raft_consensus.cc:3060] T 226ce506f97c4ee7b13979aa08d0b8c9 P b932583ad08341cdbe8ce1e23f6fe726 [term 0 FOLLOWER]: Advancing to term 1
I20260710 11:07:34.192186 28713 raft_consensus.cc:359] T 97671e2678c74b109fbe8308f0c32573 P ad10e16c39584d5e8b12fe58dca2e7a1 [term 0 FOLLOWER]: Replica starting. Triggering 0 pending ops. Active config: opid_index: -1 OBSOLETE_local: false peers { permanent_uuid: "b932583ad08341cdbe8ce1e23f6fe726" member_type: VOTER last_known_addr { host: "127.26.199.2" port: 44837 } } peers { permanent_uuid: "a820a0a17f1e4877a5cd32331d7df273" member_type: VOTER last_known_addr { host: "127.26.199.3" port: 36745 } } peers { permanent_uuid: "ad10e16c39584d5e8b12fe58dca2e7a1" member_type: VOTER last_known_addr { host: "127.26.199.1" port: 40953 } }
I20260710 11:07:34.192883 28713 raft_consensus.cc:385] T 97671e2678c74b109fbe8308f0c32573 P ad10e16c39584d5e8b12fe58dca2e7a1 [term 0 FOLLOWER]: Consensus starting up: Expiring failure detector timer to make a prompt election more likely
I20260710 11:07:34.193148 28713 raft_consensus.cc:740] T 97671e2678c74b109fbe8308f0c32573 P ad10e16c39584d5e8b12fe58dca2e7a1 [term 0 FOLLOWER]: Becoming Follower/Learner. State: Replica: ad10e16c39584d5e8b12fe58dca2e7a1, State: Initialized, Role: FOLLOWER
I20260710 11:07:34.193840 28713 consensus_queue.cc:260] T 97671e2678c74b109fbe8308f0c32573 P ad10e16c39584d5e8b12fe58dca2e7a1 [NON_LEADER]: Queue going to NON_LEADER mode. State: All replicated index: 0, Majority replicated index: 0, Committed index: 0, Last appended: 0.0, Last appended by leader: 0, Current term: 0, Majority size: -1, State: 0, Mode: NON_LEADER, active raft config: opid_index: -1 OBSOLETE_local: false peers { permanent_uuid: "b932583ad08341cdbe8ce1e23f6fe726" member_type: VOTER last_known_addr { host: "127.26.199.2" port: 44837 } } peers { permanent_uuid: "a820a0a17f1e4877a5cd32331d7df273" member_type: VOTER last_known_addr { host: "127.26.199.3" port: 36745 } } peers { permanent_uuid: "ad10e16c39584d5e8b12fe58dca2e7a1" member_type: VOTER last_known_addr { host: "127.26.199.1" port: 40953 } }
I20260710 11:07:34.190433 28763 raft_consensus.cc:493] T 97671e2678c74b109fbe8308f0c32573 P a820a0a17f1e4877a5cd32331d7df273 [term 0 FOLLOWER]: Starting leader election (no leader contacted us within the election timeout)
I20260710 11:07:34.195766 28763 raft_consensus.cc:3060] T 97671e2678c74b109fbe8308f0c32573 P a820a0a17f1e4877a5cd32331d7df273 [term 0 FOLLOWER]: Advancing to term 1
I20260710 11:07:34.197662 28713 ts_tablet_manager.cc:1434] T 97671e2678c74b109fbe8308f0c32573 P ad10e16c39584d5e8b12fe58dca2e7a1: Time spent starting tablet: real 0.014s	user 0.005s	sys 0.001s
I20260710 11:07:34.205319 28720 raft_consensus.cc:2749] T 226ce506f97c4ee7b13979aa08d0b8c9 P b932583ad08341cdbe8ce1e23f6fe726 [term 1 FOLLOWER]: Leader pre-election lost for term 1. Reason: could not achieve majority
I20260710 11:07:34.208021 28712 tablet_bootstrap.cc:654] T dd13a1328d1f41b38603c87c2af442e1 P b932583ad08341cdbe8ce1e23f6fe726: Neither blocks nor log segments found. Creating new log.
I20260710 11:07:34.198590 28713 tablet_bootstrap.cc:492] T f4acbeeac07d4b1880d2d2b95881dfa6 P ad10e16c39584d5e8b12fe58dca2e7a1: Bootstrap starting.
I20260710 11:07:34.203051 28671 raft_consensus.cc:2468] T dcf0337927cb4a4dab61591ef2ea09fd P a820a0a17f1e4877a5cd32331d7df273 [term 1 FOLLOWER]: Leader election vote request: Granting yes vote for candidate ad10e16c39584d5e8b12fe58dca2e7a1 in term 1.
I20260710 11:07:34.208858 28417 catalog_manager.cc:5697] T dcf0337927cb4a4dab61591ef2ea09fd P ad10e16c39584d5e8b12fe58dca2e7a1 reported cstate change: term changed from 0 to 1, leader changed from <none> to ad10e16c39584d5e8b12fe58dca2e7a1 (127.26.199.1). New cstate: current_term: 1 leader_uuid: "ad10e16c39584d5e8b12fe58dca2e7a1" committed_config { opid_index: -1 OBSOLETE_local: false peers { permanent_uuid: "ad10e16c39584d5e8b12fe58dca2e7a1" member_type: VOTER last_known_addr { host: "127.26.199.1" port: 40953 } health_report { overall_health: HEALTHY } } peers { permanent_uuid: "b932583ad08341cdbe8ce1e23f6fe726" member_type: VOTER last_known_addr { host: "127.26.199.2" port: 44837 } health_report { overall_health: UNKNOWN } } peers { permanent_uuid: "a820a0a17f1e4877a5cd32331d7df273" member_type: VOTER last_known_addr { host: "127.26.199.3" port: 36745 } health_report { overall_health: UNKNOWN } } }
I20260710 11:07:34.214185 28764 raft_consensus.cc:2764] T dcf0337927cb4a4dab61591ef2ea09fd P a820a0a17f1e4877a5cd32331d7df273 [term 1 FOLLOWER]: Leader pre-election decision vote started in defunct term 0: won
I20260710 11:07:34.217501 28764 raft_consensus.cc:2804] T ff5e4e8bf97c4454b41536bf77b60d0d P a820a0a17f1e4877a5cd32331d7df273 [term 1 FOLLOWER]: Leader election won for term 1
I20260710 11:07:34.217957 28764 raft_consensus.cc:697] T ff5e4e8bf97c4454b41536bf77b60d0d P a820a0a17f1e4877a5cd32331d7df273 [term 1 LEADER]: Becoming Leader. State: Replica: a820a0a17f1e4877a5cd32331d7df273, State: Running, Role: LEADER
I20260710 11:07:34.218727 28764 consensus_queue.cc:237] T ff5e4e8bf97c4454b41536bf77b60d0d P a820a0a17f1e4877a5cd32331d7df273 [LEADER]: Queue going to LEADER mode. State: All replicated index: 0, Majority replicated index: 0, Committed index: 0, Last appended: 0.0, Last appended by leader: 0, Current term: 1, Majority size: 2, State: 0, Mode: LEADER, active raft config: opid_index: -1 OBSOLETE_local: false peers { permanent_uuid: "ad10e16c39584d5e8b12fe58dca2e7a1" member_type: VOTER last_known_addr { host: "127.26.199.1" port: 40953 } } peers { permanent_uuid: "b932583ad08341cdbe8ce1e23f6fe726" member_type: VOTER last_known_addr { host: "127.26.199.2" port: 44837 } } peers { permanent_uuid: "a820a0a17f1e4877a5cd32331d7df273" member_type: VOTER last_known_addr { host: "127.26.199.3" port: 36745 } }
I20260710 11:07:34.208658 28718 raft_consensus.cc:515] T 5ee72cd1581b4c7ba99cc0202f5cb13a P a820a0a17f1e4877a5cd32331d7df273 [term 1 FOLLOWER]: Starting leader election with config: opid_index: -1 OBSOLETE_local: false peers { permanent_uuid: "ad10e16c39584d5e8b12fe58dca2e7a1" member_type: VOTER last_known_addr { host: "127.26.199.1" port: 40953 } } peers { permanent_uuid: "b932583ad08341cdbe8ce1e23f6fe726" member_type: VOTER last_known_addr { host: "127.26.199.2" port: 44837 } } peers { permanent_uuid: "a820a0a17f1e4877a5cd32331d7df273" member_type: VOTER last_known_addr { host: "127.26.199.3" port: 36745 } }
I20260710 11:07:34.222355 28719 raft_consensus.cc:515] T 217f732cedaf487c96d8bec30313c677 P b932583ad08341cdbe8ce1e23f6fe726 [term 1 FOLLOWER]: Starting leader election with config: opid_index: -1 OBSOLETE_local: false peers { permanent_uuid: "ad10e16c39584d5e8b12fe58dca2e7a1" member_type: VOTER last_known_addr { host: "127.26.199.1" port: 40953 } } peers { permanent_uuid: "b932583ad08341cdbe8ce1e23f6fe726" member_type: VOTER last_known_addr { host: "127.26.199.2" port: 44837 } } peers { permanent_uuid: "a820a0a17f1e4877a5cd32331d7df273" member_type: VOTER last_known_addr { host: "127.26.199.3" port: 36745 } }
I20260710 11:07:34.222693 28718 leader_election.cc:290] T 5ee72cd1581b4c7ba99cc0202f5cb13a P a820a0a17f1e4877a5cd32331d7df273 [CANDIDATE]: Term 1 election: Requested vote from peers ad10e16c39584d5e8b12fe58dca2e7a1 (127.26.199.1:40953), b932583ad08341cdbe8ce1e23f6fe726 (127.26.199.2:44837)
I20260710 11:07:34.223783 28597 tablet_service.cc:1917] Received RequestConsensusVote() RPC: tablet_id: "5ee72cd1581b4c7ba99cc0202f5cb13a" candidate_uuid: "a820a0a17f1e4877a5cd32331d7df273" candidate_term: 1 candidate_status { last_received { term: 0 index: 0 } } ignore_live_leader: false dest_uuid: "b932583ad08341cdbe8ce1e23f6fe726"
I20260710 11:07:34.224334 28597 raft_consensus.cc:3060] T 5ee72cd1581b4c7ba99cc0202f5cb13a P b932583ad08341cdbe8ce1e23f6fe726 [term 0 FOLLOWER]: Advancing to term 1
I20260710 11:07:34.224632 28521 tablet_service.cc:1917] Received RequestConsensusVote() RPC: tablet_id: "5ee72cd1581b4c7ba99cc0202f5cb13a" candidate_uuid: "a820a0a17f1e4877a5cd32331d7df273" candidate_term: 1 candidate_status { last_received { term: 0 index: 0 } } ignore_live_leader: false dest_uuid: "ad10e16c39584d5e8b12fe58dca2e7a1"
I20260710 11:07:34.225164 28523 tablet_service.cc:1917] Received RequestConsensusVote() RPC: tablet_id: "217f732cedaf487c96d8bec30313c677" candidate_uuid: "b932583ad08341cdbe8ce1e23f6fe726" candidate_term: 1 candidate_status { last_received { term: 0 index: 0 } } ignore_live_leader: false dest_uuid: "ad10e16c39584d5e8b12fe58dca2e7a1"
I20260710 11:07:34.226794 28713 tablet_bootstrap.cc:654] T f4acbeeac07d4b1880d2d2b95881dfa6 P ad10e16c39584d5e8b12fe58dca2e7a1: Neither blocks nor log segments found. Creating new log.
W20260710 11:07:34.227658 28562 leader_election.cc:343] T 217f732cedaf487c96d8bec30313c677 P b932583ad08341cdbe8ce1e23f6fe726 [CANDIDATE]: Term 1 election: Tablet error from VoteRequest() call to peer ad10e16c39584d5e8b12fe58dca2e7a1 (127.26.199.1:40953): Illegal state: must be running to vote when last-logged opid is not known
I20260710 11:07:34.225164 28521 raft_consensus.cc:3060] T 5ee72cd1581b4c7ba99cc0202f5cb13a P ad10e16c39584d5e8b12fe58dca2e7a1 [term 0 FOLLOWER]: Advancing to term 1
I20260710 11:07:34.229488 28763 raft_consensus.cc:515] T 97671e2678c74b109fbe8308f0c32573 P a820a0a17f1e4877a5cd32331d7df273 [term 1 FOLLOWER]: Starting leader election with config: opid_index: -1 OBSOLETE_local: false peers { permanent_uuid: "b932583ad08341cdbe8ce1e23f6fe726" member_type: VOTER last_known_addr { host: "127.26.199.2" port: 44837 } } peers { permanent_uuid: "a820a0a17f1e4877a5cd32331d7df273" member_type: VOTER last_known_addr { host: "127.26.199.3" port: 36745 } } peers { permanent_uuid: "ad10e16c39584d5e8b12fe58dca2e7a1" member_type: VOTER last_known_addr { host: "127.26.199.1" port: 40953 } }
I20260710 11:07:34.230718 28597 raft_consensus.cc:2468] T 5ee72cd1581b4c7ba99cc0202f5cb13a P b932583ad08341cdbe8ce1e23f6fe726 [term 1 FOLLOWER]: Leader election vote request: Granting yes vote for candidate a820a0a17f1e4877a5cd32331d7df273 in term 1.
I20260710 11:07:34.231455 28714 tablet_bootstrap.cc:492] T 72d022a8bd964bc59dca34829767fe30 P a820a0a17f1e4877a5cd32331d7df273: No bootstrap required, opened a new log
I20260710 11:07:34.233073 28714 ts_tablet_manager.cc:1403] T 72d022a8bd964bc59dca34829767fe30 P a820a0a17f1e4877a5cd32331d7df273: Time spent bootstrapping tablet: real 0.077s	user 0.017s	sys 0.021s
I20260710 11:07:34.233224 28637 leader_election.cc:304] T 5ee72cd1581b4c7ba99cc0202f5cb13a P a820a0a17f1e4877a5cd32331d7df273 [CANDIDATE]: Term 1 election: Election decided. Result: candidate won. Election summary: received 2 responses out of 3 voters: 2 yes votes; 0 no votes. yes voters: a820a0a17f1e4877a5cd32331d7df273, b932583ad08341cdbe8ce1e23f6fe726; no voters: 
I20260710 11:07:34.234742 28596 tablet_service.cc:1917] Received RequestConsensusVote() RPC: tablet_id: "97671e2678c74b109fbe8308f0c32573" candidate_uuid: "a820a0a17f1e4877a5cd32331d7df273" candidate_term: 1 candidate_status { last_received { term: 0 index: 0 } } ignore_live_leader: false dest_uuid: "b932583ad08341cdbe8ce1e23f6fe726"
I20260710 11:07:34.235280 28596 raft_consensus.cc:3060] T 97671e2678c74b109fbe8308f0c32573 P b932583ad08341cdbe8ce1e23f6fe726 [term 0 FOLLOWER]: Advancing to term 1
I20260710 11:07:34.236518 28720 raft_consensus.cc:493] T bef80c2f3d294163991db94cbd0b35a5 P b932583ad08341cdbe8ce1e23f6fe726 [term 0 FOLLOWER]: Starting pre-election (no leader contacted us within the election timeout)
I20260710 11:07:34.236953 28720 raft_consensus.cc:515] T bef80c2f3d294163991db94cbd0b35a5 P b932583ad08341cdbe8ce1e23f6fe726 [term 0 FOLLOWER]: Starting pre-election with config: opid_index: -1 OBSOLETE_local: false peers { permanent_uuid: "ad10e16c39584d5e8b12fe58dca2e7a1" member_type: VOTER last_known_addr { host: "127.26.199.1" port: 40953 } } peers { permanent_uuid: "b932583ad08341cdbe8ce1e23f6fe726" member_type: VOTER last_known_addr { host: "127.26.199.2" port: 44837 } } peers { permanent_uuid: "a820a0a17f1e4877a5cd32331d7df273" member_type: VOTER last_known_addr { host: "127.26.199.3" port: 36745 } }
I20260710 11:07:34.237589 28521 raft_consensus.cc:2468] T 5ee72cd1581b4c7ba99cc0202f5cb13a P ad10e16c39584d5e8b12fe58dca2e7a1 [term 1 FOLLOWER]: Leader election vote request: Granting yes vote for candidate a820a0a17f1e4877a5cd32331d7df273 in term 1.
I20260710 11:07:34.239609 28523 tablet_service.cc:1917] Received RequestConsensusVote() RPC: tablet_id: "bef80c2f3d294163991db94cbd0b35a5" candidate_uuid: "b932583ad08341cdbe8ce1e23f6fe726" candidate_term: 1 candidate_status { last_received { term: 0 index: 0 } } ignore_live_leader: false dest_uuid: "ad10e16c39584d5e8b12fe58dca2e7a1" is_pre_election: true
W20260710 11:07:34.240947 28562 leader_election.cc:343] T bef80c2f3d294163991db94cbd0b35a5 P b932583ad08341cdbe8ce1e23f6fe726 [CANDIDATE]: Term 1 pre-election: Tablet error from VoteRequest() call to peer ad10e16c39584d5e8b12fe58dca2e7a1 (127.26.199.1:40953): Illegal state: must be running to vote when last-logged opid is not known
I20260710 11:07:34.241137 28719 leader_election.cc:290] T 217f732cedaf487c96d8bec30313c677 P b932583ad08341cdbe8ce1e23f6fe726 [CANDIDATE]: Term 1 election: Requested vote from peers ad10e16c39584d5e8b12fe58dca2e7a1 (127.26.199.1:40953), a820a0a17f1e4877a5cd32331d7df273 (127.26.199.3:36745)
I20260710 11:07:34.241904 28720 leader_election.cc:290] T bef80c2f3d294163991db94cbd0b35a5 P b932583ad08341cdbe8ce1e23f6fe726 [CANDIDATE]: Term 1 pre-election: Requested pre-vote from peers ad10e16c39584d5e8b12fe58dca2e7a1 (127.26.199.1:40953), a820a0a17f1e4877a5cd32331d7df273 (127.26.199.3:36745)
I20260710 11:07:34.235697 28714 raft_consensus.cc:359] T 72d022a8bd964bc59dca34829767fe30 P a820a0a17f1e4877a5cd32331d7df273 [term 0 FOLLOWER]: Replica starting. Triggering 0 pending ops. Active config: opid_index: -1 OBSOLETE_local: false peers { permanent_uuid: "ad10e16c39584d5e8b12fe58dca2e7a1" member_type: VOTER last_known_addr { host: "127.26.199.1" port: 40953 } } peers { permanent_uuid: "b932583ad08341cdbe8ce1e23f6fe726" member_type: VOTER last_known_addr { host: "127.26.199.2" port: 44837 } } peers { permanent_uuid: "a820a0a17f1e4877a5cd32331d7df273" member_type: VOTER last_known_addr { host: "127.26.199.3" port: 36745 } }
I20260710 11:07:34.243381 28672 tablet_service.cc:1917] Received RequestConsensusVote() RPC: tablet_id: "bef80c2f3d294163991db94cbd0b35a5" candidate_uuid: "b932583ad08341cdbe8ce1e23f6fe726" candidate_term: 1 candidate_status { last_received { term: 0 index: 0 } } ignore_live_leader: false dest_uuid: "a820a0a17f1e4877a5cd32331d7df273" is_pre_election: true
I20260710 11:07:34.243827 28714 raft_consensus.cc:385] T 72d022a8bd964bc59dca34829767fe30 P a820a0a17f1e4877a5cd32331d7df273 [term 0 FOLLOWER]: Consensus starting up: Expiring failure detector timer to make a prompt election more likely
I20260710 11:07:34.244009 28712 tablet_bootstrap.cc:492] T dd13a1328d1f41b38603c87c2af442e1 P b932583ad08341cdbe8ce1e23f6fe726: No bootstrap required, opened a new log
I20260710 11:07:34.244184 28714 raft_consensus.cc:740] T 72d022a8bd964bc59dca34829767fe30 P a820a0a17f1e4877a5cd32331d7df273 [term 0 FOLLOWER]: Becoming Follower/Learner. State: Replica: a820a0a17f1e4877a5cd32331d7df273, State: Initialized, Role: FOLLOWER
W20260710 11:07:34.244874 28564 leader_election.cc:343] T bef80c2f3d294163991db94cbd0b35a5 P b932583ad08341cdbe8ce1e23f6fe726 [CANDIDATE]: Term 1 pre-election: Tablet error from VoteRequest() call to peer a820a0a17f1e4877a5cd32331d7df273 (127.26.199.3:36745): Illegal state: must be running to vote when last-logged opid is not known
I20260710 11:07:34.245416 28712 ts_tablet_manager.cc:1403] T dd13a1328d1f41b38603c87c2af442e1 P b932583ad08341cdbe8ce1e23f6fe726: Time spent bootstrapping tablet: real 0.062s	user 0.015s	sys 0.002s
I20260710 11:07:34.245321 28564 leader_election.cc:304] T bef80c2f3d294163991db94cbd0b35a5 P b932583ad08341cdbe8ce1e23f6fe726 [CANDIDATE]: Term 1 pre-election: Election decided. Result: candidate lost. Election summary: received 3 responses out of 3 voters: 1 yes votes; 2 no votes. yes voters: b932583ad08341cdbe8ce1e23f6fe726; no voters: a820a0a17f1e4877a5cd32331d7df273, ad10e16c39584d5e8b12fe58dca2e7a1
I20260710 11:07:34.246011 28720 raft_consensus.cc:2749] T bef80c2f3d294163991db94cbd0b35a5 P b932583ad08341cdbe8ce1e23f6fe726 [term 0 FOLLOWER]: Leader pre-election lost for term 1. Reason: could not achieve majority
I20260710 11:07:34.242146 28671 tablet_service.cc:1917] Received RequestConsensusVote() RPC: tablet_id: "217f732cedaf487c96d8bec30313c677" candidate_uuid: "b932583ad08341cdbe8ce1e23f6fe726" candidate_term: 1 candidate_status { last_received { term: 0 index: 0 } } ignore_live_leader: false dest_uuid: "a820a0a17f1e4877a5cd32331d7df273"
I20260710 11:07:34.246470 28713 tablet_bootstrap.cc:492] T f4acbeeac07d4b1880d2d2b95881dfa6 P ad10e16c39584d5e8b12fe58dca2e7a1: No bootstrap required, opened a new log
I20260710 11:07:34.246816 28671 raft_consensus.cc:3060] T 217f732cedaf487c96d8bec30313c677 P a820a0a17f1e4877a5cd32331d7df273 [term 0 FOLLOWER]: Advancing to term 1
I20260710 11:07:34.246979 28713 ts_tablet_manager.cc:1403] T f4acbeeac07d4b1880d2d2b95881dfa6 P ad10e16c39584d5e8b12fe58dca2e7a1: Time spent bootstrapping tablet: real 0.049s	user 0.007s	sys 0.014s
I20260710 11:07:34.247922 28712 raft_consensus.cc:359] T dd13a1328d1f41b38603c87c2af442e1 P b932583ad08341cdbe8ce1e23f6fe726 [term 0 FOLLOWER]: Replica starting. Triggering 0 pending ops. Active config: opid_index: -1 OBSOLETE_local: false peers { permanent_uuid: "ad10e16c39584d5e8b12fe58dca2e7a1" member_type: VOTER last_known_addr { host: "127.26.199.1" port: 40953 } } peers { permanent_uuid: "b932583ad08341cdbe8ce1e23f6fe726" member_type: VOTER last_known_addr { host: "127.26.199.2" port: 44837 } } peers { permanent_uuid: "a820a0a17f1e4877a5cd32331d7df273" member_type: VOTER last_known_addr { host: "127.26.199.3" port: 36745 } }
I20260710 11:07:34.248528 28712 raft_consensus.cc:385] T dd13a1328d1f41b38603c87c2af442e1 P b932583ad08341cdbe8ce1e23f6fe726 [term 0 FOLLOWER]: Consensus starting up: Expiring failure detector timer to make a prompt election more likely
I20260710 11:07:34.248783 28712 raft_consensus.cc:740] T dd13a1328d1f41b38603c87c2af442e1 P b932583ad08341cdbe8ce1e23f6fe726 [term 0 FOLLOWER]: Becoming Follower/Learner. State: Replica: b932583ad08341cdbe8ce1e23f6fe726, State: Initialized, Role: FOLLOWER
I20260710 11:07:34.249385 28712 consensus_queue.cc:260] T dd13a1328d1f41b38603c87c2af442e1 P b932583ad08341cdbe8ce1e23f6fe726 [NON_LEADER]: Queue going to NON_LEADER mode. State: All replicated index: 0, Majority replicated index: 0, Committed index: 0, Last appended: 0.0, Last appended by leader: 0, Current term: 0, Majority size: -1, State: 0, Mode: NON_LEADER, active raft config: opid_index: -1 OBSOLETE_local: false peers { permanent_uuid: "ad10e16c39584d5e8b12fe58dca2e7a1" member_type: VOTER last_known_addr { host: "127.26.199.1" port: 40953 } } peers { permanent_uuid: "b932583ad08341cdbe8ce1e23f6fe726" member_type: VOTER last_known_addr { host: "127.26.199.2" port: 44837 } } peers { permanent_uuid: "a820a0a17f1e4877a5cd32331d7df273" member_type: VOTER last_known_addr { host: "127.26.199.3" port: 36745 } }
I20260710 11:07:34.249565 28713 raft_consensus.cc:359] T f4acbeeac07d4b1880d2d2b95881dfa6 P ad10e16c39584d5e8b12fe58dca2e7a1 [term 0 FOLLOWER]: Replica starting. Triggering 0 pending ops. Active config: opid_index: -1 OBSOLETE_local: false peers { permanent_uuid: "ad10e16c39584d5e8b12fe58dca2e7a1" member_type: VOTER last_known_addr { host: "127.26.199.1" port: 40953 } } peers { permanent_uuid: "b932583ad08341cdbe8ce1e23f6fe726" member_type: VOTER last_known_addr { host: "127.26.199.2" port: 44837 } } peers { permanent_uuid: "a820a0a17f1e4877a5cd32331d7df273" member_type: VOTER last_known_addr { host: "127.26.199.3" port: 36745 } }
I20260710 11:07:34.250262 28713 raft_consensus.cc:385] T f4acbeeac07d4b1880d2d2b95881dfa6 P ad10e16c39584d5e8b12fe58dca2e7a1 [term 0 FOLLOWER]: Consensus starting up: Expiring failure detector timer to make a prompt election more likely
I20260710 11:07:34.250506 28713 raft_consensus.cc:740] T f4acbeeac07d4b1880d2d2b95881dfa6 P ad10e16c39584d5e8b12fe58dca2e7a1 [term 0 FOLLOWER]: Becoming Follower/Learner. State: Replica: ad10e16c39584d5e8b12fe58dca2e7a1, State: Initialized, Role: FOLLOWER
I20260710 11:07:34.251492 28712 ts_tablet_manager.cc:1434] T dd13a1328d1f41b38603c87c2af442e1 P b932583ad08341cdbe8ce1e23f6fe726: Time spent starting tablet: real 0.006s	user 0.006s	sys 0.000s
I20260710 11:07:34.251184 28713 consensus_queue.cc:260] T f4acbeeac07d4b1880d2d2b95881dfa6 P ad10e16c39584d5e8b12fe58dca2e7a1 [NON_LEADER]: Queue going to NON_LEADER mode. State: All replicated index: 0, Majority replicated index: 0, Committed index: 0, Last appended: 0.0, Last appended by leader: 0, Current term: 0, Majority size: -1, State: 0, Mode: NON_LEADER, active raft config: opid_index: -1 OBSOLETE_local: false peers { permanent_uuid: "ad10e16c39584d5e8b12fe58dca2e7a1" member_type: VOTER last_known_addr { host: "127.26.199.1" port: 40953 } } peers { permanent_uuid: "b932583ad08341cdbe8ce1e23f6fe726" member_type: VOTER last_known_addr { host: "127.26.199.2" port: 44837 } } peers { permanent_uuid: "a820a0a17f1e4877a5cd32331d7df273" member_type: VOTER last_known_addr { host: "127.26.199.3" port: 36745 } }
I20260710 11:07:34.252640 28712 tablet_bootstrap.cc:492] T 4da2fdec3041498b9ba31c240469034b P b932583ad08341cdbe8ce1e23f6fe726: Bootstrap starting.
I20260710 11:07:34.253371 28713 ts_tablet_manager.cc:1434] T f4acbeeac07d4b1880d2d2b95881dfa6 P ad10e16c39584d5e8b12fe58dca2e7a1: Time spent starting tablet: real 0.006s	user 0.003s	sys 0.002s
I20260710 11:07:34.254187 28713 tablet_bootstrap.cc:492] T 9df35c743e5f4110bf0b4f4351ee2a35 P ad10e16c39584d5e8b12fe58dca2e7a1: Bootstrap starting.
I20260710 11:07:34.258677 28671 raft_consensus.cc:2468] T 217f732cedaf487c96d8bec30313c677 P a820a0a17f1e4877a5cd32331d7df273 [term 1 FOLLOWER]: Leader election vote request: Granting yes vote for candidate b932583ad08341cdbe8ce1e23f6fe726 in term 1.
I20260710 11:07:34.259387 28769 raft_consensus.cc:2804] T 5ee72cd1581b4c7ba99cc0202f5cb13a P a820a0a17f1e4877a5cd32331d7df273 [term 1 FOLLOWER]: Leader election won for term 1
I20260710 11:07:34.262024 28769 raft_consensus.cc:697] T 5ee72cd1581b4c7ba99cc0202f5cb13a P a820a0a17f1e4877a5cd32331d7df273 [term 1 LEADER]: Becoming Leader. State: Replica: a820a0a17f1e4877a5cd32331d7df273, State: Running, Role: LEADER
I20260710 11:07:34.262461 28564 leader_election.cc:304] T 217f732cedaf487c96d8bec30313c677 P b932583ad08341cdbe8ce1e23f6fe726 [CANDIDATE]: Term 1 election: Election decided. Result: candidate won. Election summary: received 3 responses out of 3 voters: 2 yes votes; 1 no votes. yes voters: a820a0a17f1e4877a5cd32331d7df273, b932583ad08341cdbe8ce1e23f6fe726; no voters: ad10e16c39584d5e8b12fe58dca2e7a1
I20260710 11:07:34.263311 28720 raft_consensus.cc:2804] T 217f732cedaf487c96d8bec30313c677 P b932583ad08341cdbe8ce1e23f6fe726 [term 1 FOLLOWER]: Leader election won for term 1
I20260710 11:07:34.262861 28769 consensus_queue.cc:237] T 5ee72cd1581b4c7ba99cc0202f5cb13a P a820a0a17f1e4877a5cd32331d7df273 [LEADER]: Queue going to LEADER mode. State: All replicated index: 0, Majority replicated index: 0, Committed index: 0, Last appended: 0.0, Last appended by leader: 0, Current term: 1, Majority size: 2, State: 0, Mode: LEADER, active raft config: opid_index: -1 OBSOLETE_local: false peers { permanent_uuid: "ad10e16c39584d5e8b12fe58dca2e7a1" member_type: VOTER last_known_addr { host: "127.26.199.1" port: 40953 } } peers { permanent_uuid: "b932583ad08341cdbe8ce1e23f6fe726" member_type: VOTER last_known_addr { host: "127.26.199.2" port: 44837 } } peers { permanent_uuid: "a820a0a17f1e4877a5cd32331d7df273" member_type: VOTER last_known_addr { host: "127.26.199.3" port: 36745 } }
I20260710 11:07:34.263785 28720 raft_consensus.cc:697] T 217f732cedaf487c96d8bec30313c677 P b932583ad08341cdbe8ce1e23f6fe726 [term 1 LEADER]: Becoming Leader. State: Replica: b932583ad08341cdbe8ce1e23f6fe726, State: Running, Role: LEADER
I20260710 11:07:34.259574 28713 tablet_bootstrap.cc:654] T 9df35c743e5f4110bf0b4f4351ee2a35 P ad10e16c39584d5e8b12fe58dca2e7a1: Neither blocks nor log segments found. Creating new log.
I20260710 11:07:34.264848 28720 consensus_queue.cc:237] T 217f732cedaf487c96d8bec30313c677 P b932583ad08341cdbe8ce1e23f6fe726 [LEADER]: Queue going to LEADER mode. State: All replicated index: 0, Majority replicated index: 0, Committed index: 0, Last appended: 0.0, Last appended by leader: 0, Current term: 1, Majority size: 2, State: 0, Mode: LEADER, active raft config: opid_index: -1 OBSOLETE_local: false peers { permanent_uuid: "ad10e16c39584d5e8b12fe58dca2e7a1" member_type: VOTER last_known_addr { host: "127.26.199.1" port: 40953 } } peers { permanent_uuid: "b932583ad08341cdbe8ce1e23f6fe726" member_type: VOTER last_known_addr { host: "127.26.199.2" port: 44837 } } peers { permanent_uuid: "a820a0a17f1e4877a5cd32331d7df273" member_type: VOTER last_known_addr { host: "127.26.199.3" port: 36745 } }
I20260710 11:07:34.265409 28521 tablet_service.cc:1917] Received RequestConsensusVote() RPC: tablet_id: "97671e2678c74b109fbe8308f0c32573" candidate_uuid: "a820a0a17f1e4877a5cd32331d7df273" candidate_term: 1 candidate_status { last_received { term: 0 index: 0 } } ignore_live_leader: false dest_uuid: "ad10e16c39584d5e8b12fe58dca2e7a1"
I20260710 11:07:34.266052 28521 raft_consensus.cc:3060] T 97671e2678c74b109fbe8308f0c32573 P ad10e16c39584d5e8b12fe58dca2e7a1 [term 0 FOLLOWER]: Advancing to term 1
I20260710 11:07:34.266314 28712 tablet_bootstrap.cc:654] T 4da2fdec3041498b9ba31c240469034b P b932583ad08341cdbe8ce1e23f6fe726: Neither blocks nor log segments found. Creating new log.
I20260710 11:07:34.269613 28719 raft_consensus.cc:493] T dd13a1328d1f41b38603c87c2af442e1 P b932583ad08341cdbe8ce1e23f6fe726 [term 0 FOLLOWER]: Starting pre-election (no leader contacted us within the election timeout)
I20260710 11:07:34.270102 28719 raft_consensus.cc:515] T dd13a1328d1f41b38603c87c2af442e1 P b932583ad08341cdbe8ce1e23f6fe726 [term 0 FOLLOWER]: Starting pre-election with config: opid_index: -1 OBSOLETE_local: false peers { permanent_uuid: "ad10e16c39584d5e8b12fe58dca2e7a1" member_type: VOTER last_known_addr { host: "127.26.199.1" port: 40953 } } peers { permanent_uuid: "b932583ad08341cdbe8ce1e23f6fe726" member_type: VOTER last_known_addr { host: "127.26.199.2" port: 44837 } } peers { permanent_uuid: "a820a0a17f1e4877a5cd32331d7df273" member_type: VOTER last_known_addr { host: "127.26.199.3" port: 36745 } }
I20260710 11:07:34.272135 28719 leader_election.cc:290] T dd13a1328d1f41b38603c87c2af442e1 P b932583ad08341cdbe8ce1e23f6fe726 [CANDIDATE]: Term 1 pre-election: Requested pre-vote from peers ad10e16c39584d5e8b12fe58dca2e7a1 (127.26.199.1:40953), a820a0a17f1e4877a5cd32331d7df273 (127.26.199.3:36745)
I20260710 11:07:34.273674 28521 raft_consensus.cc:2468] T 97671e2678c74b109fbe8308f0c32573 P ad10e16c39584d5e8b12fe58dca2e7a1 [term 1 FOLLOWER]: Leader election vote request: Granting yes vote for candidate a820a0a17f1e4877a5cd32331d7df273 in term 1.
I20260710 11:07:34.273865 28523 tablet_service.cc:1917] Received RequestConsensusVote() RPC: tablet_id: "dd13a1328d1f41b38603c87c2af442e1" candidate_uuid: "b932583ad08341cdbe8ce1e23f6fe726" candidate_term: 1 candidate_status { last_received { term: 0 index: 0 } } ignore_live_leader: false dest_uuid: "ad10e16c39584d5e8b12fe58dca2e7a1" is_pre_election: true
I20260710 11:07:34.274396 28721 raft_consensus.cc:493] T f4acbeeac07d4b1880d2d2b95881dfa6 P ad10e16c39584d5e8b12fe58dca2e7a1 [term 0 FOLLOWER]: Starting pre-election (no leader contacted us within the election timeout)
I20260710 11:07:34.274822 28721 raft_consensus.cc:515] T f4acbeeac07d4b1880d2d2b95881dfa6 P ad10e16c39584d5e8b12fe58dca2e7a1 [term 0 FOLLOWER]: Starting pre-election with config: opid_index: -1 OBSOLETE_local: false peers { permanent_uuid: "ad10e16c39584d5e8b12fe58dca2e7a1" member_type: VOTER last_known_addr { host: "127.26.199.1" port: 40953 } } peers { permanent_uuid: "b932583ad08341cdbe8ce1e23f6fe726" member_type: VOTER last_known_addr { host: "127.26.199.2" port: 44837 } } peers { permanent_uuid: "a820a0a17f1e4877a5cd32331d7df273" member_type: VOTER last_known_addr { host: "127.26.199.3" port: 36745 } }
I20260710 11:07:34.275087 28636 leader_election.cc:304] T 97671e2678c74b109fbe8308f0c32573 P a820a0a17f1e4877a5cd32331d7df273 [CANDIDATE]: Term 1 election: Election decided. Result: candidate won. Election summary: received 2 responses out of 3 voters: 2 yes votes; 0 no votes. yes voters: a820a0a17f1e4877a5cd32331d7df273, ad10e16c39584d5e8b12fe58dca2e7a1; no voters: 
W20260710 11:07:34.275272 28562 leader_election.cc:343] T dd13a1328d1f41b38603c87c2af442e1 P b932583ad08341cdbe8ce1e23f6fe726 [CANDIDATE]: Term 1 pre-election: Tablet error from VoteRequest() call to peer ad10e16c39584d5e8b12fe58dca2e7a1 (127.26.199.1:40953): Illegal state: must be running to vote when last-logged opid is not known
I20260710 11:07:34.261205 28596 raft_consensus.cc:2468] T 97671e2678c74b109fbe8308f0c32573 P b932583ad08341cdbe8ce1e23f6fe726 [term 1 FOLLOWER]: Leader election vote request: Granting yes vote for candidate a820a0a17f1e4877a5cd32331d7df273 in term 1.
I20260710 11:07:34.276428 28719 raft_consensus.cc:493] T 9df35c743e5f4110bf0b4f4351ee2a35 P b932583ad08341cdbe8ce1e23f6fe726 [term 0 FOLLOWER]: Starting pre-election (no leader contacted us within the election timeout)
I20260710 11:07:34.276757 28721 leader_election.cc:290] T f4acbeeac07d4b1880d2d2b95881dfa6 P ad10e16c39584d5e8b12fe58dca2e7a1 [CANDIDATE]: Term 1 pre-election: Requested pre-vote from peers b932583ad08341cdbe8ce1e23f6fe726 (127.26.199.2:44837), a820a0a17f1e4877a5cd32331d7df273 (127.26.199.3:36745)
I20260710 11:07:34.276912 28763 leader_election.cc:290] T 97671e2678c74b109fbe8308f0c32573 P a820a0a17f1e4877a5cd32331d7df273 [CANDIDATE]: Term 1 election: Requested vote from peers b932583ad08341cdbe8ce1e23f6fe726 (127.26.199.2:44837), ad10e16c39584d5e8b12fe58dca2e7a1 (127.26.199.1:40953)
I20260710 11:07:34.244902 28714 consensus_queue.cc:260] T 72d022a8bd964bc59dca34829767fe30 P a820a0a17f1e4877a5cd32331d7df273 [NON_LEADER]: Queue going to NON_LEADER mode. State: All replicated index: 0, Majority replicated index: 0, Committed index: 0, Last appended: 0.0, Last appended by leader: 0, Current term: 0, Majority size: -1, State: 0, Mode: NON_LEADER, active raft config: opid_index: -1 OBSOLETE_local: false peers { permanent_uuid: "ad10e16c39584d5e8b12fe58dca2e7a1" member_type: VOTER last_known_addr { host: "127.26.199.1" port: 40953 } } peers { permanent_uuid: "b932583ad08341cdbe8ce1e23f6fe726" member_type: VOTER last_known_addr { host: "127.26.199.2" port: 44837 } } peers { permanent_uuid: "a820a0a17f1e4877a5cd32331d7df273" member_type: VOTER last_known_addr { host: "127.26.199.3" port: 36745 } }
I20260710 11:07:34.278285 28671 tablet_service.cc:1917] Received RequestConsensusVote() RPC: tablet_id: "dd13a1328d1f41b38603c87c2af442e1" candidate_uuid: "b932583ad08341cdbe8ce1e23f6fe726" candidate_term: 1 candidate_status { last_received { term: 0 index: 0 } } ignore_live_leader: false dest_uuid: "a820a0a17f1e4877a5cd32331d7df273" is_pre_election: true
I20260710 11:07:34.279026 28672 tablet_service.cc:1917] Received RequestConsensusVote() RPC: tablet_id: "f4acbeeac07d4b1880d2d2b95881dfa6" candidate_uuid: "ad10e16c39584d5e8b12fe58dca2e7a1" candidate_term: 1 candidate_status { last_received { term: 0 index: 0 } } ignore_live_leader: false dest_uuid: "a820a0a17f1e4877a5cd32331d7df273" is_pre_election: true
I20260710 11:07:34.279739 28672 raft_consensus.cc:2393] T f4acbeeac07d4b1880d2d2b95881dfa6 P a820a0a17f1e4877a5cd32331d7df273 [term 1 FOLLOWER]: Leader pre-election vote request: Denying vote to candidate ad10e16c39584d5e8b12fe58dca2e7a1 in current term 1: Already voted for candidate b932583ad08341cdbe8ce1e23f6fe726 in this term.
W20260710 11:07:34.280095 28564 leader_election.cc:343] T dd13a1328d1f41b38603c87c2af442e1 P b932583ad08341cdbe8ce1e23f6fe726 [CANDIDATE]: Term 1 pre-election: Tablet error from VoteRequest() call to peer a820a0a17f1e4877a5cd32331d7df273 (127.26.199.3:36745): Illegal state: must be running to vote when last-logged opid is not known
I20260710 11:07:34.276870 28719 raft_consensus.cc:515] T 9df35c743e5f4110bf0b4f4351ee2a35 P b932583ad08341cdbe8ce1e23f6fe726 [term 0 FOLLOWER]: Starting pre-election with config: opid_index: -1 OBSOLETE_local: false peers { permanent_uuid: "ad10e16c39584d5e8b12fe58dca2e7a1" member_type: VOTER last_known_addr { host: "127.26.199.1" port: 40953 } } peers { permanent_uuid: "b932583ad08341cdbe8ce1e23f6fe726" member_type: VOTER last_known_addr { host: "127.26.199.2" port: 44837 } } peers { permanent_uuid: "a820a0a17f1e4877a5cd32331d7df273" member_type: VOTER last_known_addr { host: "127.26.199.3" port: 36745 } }
I20260710 11:07:34.277272 28718 raft_consensus.cc:2804] T 97671e2678c74b109fbe8308f0c32573 P a820a0a17f1e4877a5cd32331d7df273 [term 1 FOLLOWER]: Leader election won for term 1
I20260710 11:07:34.280501 28564 leader_election.cc:304] T dd13a1328d1f41b38603c87c2af442e1 P b932583ad08341cdbe8ce1e23f6fe726 [CANDIDATE]: Term 1 pre-election: Election decided. Result: candidate lost. Election summary: received 3 responses out of 3 voters: 1 yes votes; 2 no votes. yes voters: b932583ad08341cdbe8ce1e23f6fe726; no voters: a820a0a17f1e4877a5cd32331d7df273, ad10e16c39584d5e8b12fe58dca2e7a1
I20260710 11:07:34.281684 28718 raft_consensus.cc:697] T 97671e2678c74b109fbe8308f0c32573 P a820a0a17f1e4877a5cd32331d7df273 [term 1 LEADER]: Becoming Leader. State: Replica: a820a0a17f1e4877a5cd32331d7df273, State: Running, Role: LEADER
I20260710 11:07:34.282397 28719 leader_election.cc:290] T 9df35c743e5f4110bf0b4f4351ee2a35 P b932583ad08341cdbe8ce1e23f6fe726 [CANDIDATE]: Term 1 pre-election: Requested pre-vote from peers ad10e16c39584d5e8b12fe58dca2e7a1 (127.26.199.1:40953), a820a0a17f1e4877a5cd32331d7df273 (127.26.199.3:36745)
I20260710 11:07:34.282522 28718 consensus_queue.cc:237] T 97671e2678c74b109fbe8308f0c32573 P a820a0a17f1e4877a5cd32331d7df273 [LEADER]: Queue going to LEADER mode. State: All replicated index: 0, Majority replicated index: 0, Committed index: 0, Last appended: 0.0, Last appended by leader: 0, Current term: 1, Majority size: 2, State: 0, Mode: LEADER, active raft config: opid_index: -1 OBSOLETE_local: false peers { permanent_uuid: "b932583ad08341cdbe8ce1e23f6fe726" member_type: VOTER last_known_addr { host: "127.26.199.2" port: 44837 } } peers { permanent_uuid: "a820a0a17f1e4877a5cd32331d7df273" member_type: VOTER last_known_addr { host: "127.26.199.3" port: 36745 } } peers { permanent_uuid: "ad10e16c39584d5e8b12fe58dca2e7a1" member_type: VOTER last_known_addr { host: "127.26.199.1" port: 40953 } }
I20260710 11:07:34.283004 28521 tablet_service.cc:1917] Received RequestConsensusVote() RPC: tablet_id: "9df35c743e5f4110bf0b4f4351ee2a35" candidate_uuid: "b932583ad08341cdbe8ce1e23f6fe726" candidate_term: 1 candidate_status { last_received { term: 0 index: 0 } } ignore_live_leader: false dest_uuid: "ad10e16c39584d5e8b12fe58dca2e7a1" is_pre_election: true
I20260710 11:07:34.282975 28712 tablet_bootstrap.cc:492] T 4da2fdec3041498b9ba31c240469034b P b932583ad08341cdbe8ce1e23f6fe726: No bootstrap required, opened a new log
I20260710 11:07:34.284394 28712 ts_tablet_manager.cc:1403] T 4da2fdec3041498b9ba31c240469034b P b932583ad08341cdbe8ce1e23f6fe726: Time spent bootstrapping tablet: real 0.032s	user 0.016s	sys 0.006s
W20260710 11:07:34.284507 28562 leader_election.cc:343] T 9df35c743e5f4110bf0b4f4351ee2a35 P b932583ad08341cdbe8ce1e23f6fe726 [CANDIDATE]: Term 1 pre-election: Tablet error from VoteRequest() call to peer ad10e16c39584d5e8b12fe58dca2e7a1 (127.26.199.1:40953): Illegal state: must be running to vote when last-logged opid is not known
I20260710 11:07:34.285045 28719 raft_consensus.cc:2749] T dd13a1328d1f41b38603c87c2af442e1 P b932583ad08341cdbe8ce1e23f6fe726 [term 0 FOLLOWER]: Leader pre-election lost for term 1. Reason: could not achieve majority
I20260710 11:07:34.286306 28672 tablet_service.cc:1917] Received RequestConsensusVote() RPC: tablet_id: "9df35c743e5f4110bf0b4f4351ee2a35" candidate_uuid: "b932583ad08341cdbe8ce1e23f6fe726" candidate_term: 1 candidate_status { last_received { term: 0 index: 0 } } ignore_live_leader: false dest_uuid: "a820a0a17f1e4877a5cd32331d7df273" is_pre_election: true
I20260710 11:07:34.287119 28712 raft_consensus.cc:359] T 4da2fdec3041498b9ba31c240469034b P b932583ad08341cdbe8ce1e23f6fe726 [term 0 FOLLOWER]: Replica starting. Triggering 0 pending ops. Active config: opid_index: -1 OBSOLETE_local: false peers { permanent_uuid: "ad10e16c39584d5e8b12fe58dca2e7a1" member_type: VOTER last_known_addr { host: "127.26.199.1" port: 40953 } } peers { permanent_uuid: "b932583ad08341cdbe8ce1e23f6fe726" member_type: VOTER last_known_addr { host: "127.26.199.2" port: 44837 } } peers { permanent_uuid: "a820a0a17f1e4877a5cd32331d7df273" member_type: VOTER last_known_addr { host: "127.26.199.3" port: 36745 } }
I20260710 11:07:34.287809 28712 raft_consensus.cc:385] T 4da2fdec3041498b9ba31c240469034b P b932583ad08341cdbe8ce1e23f6fe726 [term 0 FOLLOWER]: Consensus starting up: Expiring failure detector timer to make a prompt election more likely
I20260710 11:07:34.288110 28712 raft_consensus.cc:740] T 4da2fdec3041498b9ba31c240469034b P b932583ad08341cdbe8ce1e23f6fe726 [term 0 FOLLOWER]: Becoming Follower/Learner. State: Replica: b932583ad08341cdbe8ce1e23f6fe726, State: Initialized, Role: FOLLOWER
I20260710 11:07:34.288482 28596 tablet_service.cc:1917] Received RequestConsensusVote() RPC: tablet_id: "f4acbeeac07d4b1880d2d2b95881dfa6" candidate_uuid: "ad10e16c39584d5e8b12fe58dca2e7a1" candidate_term: 1 candidate_status { last_received { term: 0 index: 0 } } ignore_live_leader: false dest_uuid: "b932583ad08341cdbe8ce1e23f6fe726" is_pre_election: true
I20260710 11:07:34.288750 28712 consensus_queue.cc:260] T 4da2fdec3041498b9ba31c240469034b P b932583ad08341cdbe8ce1e23f6fe726 [NON_LEADER]: Queue going to NON_LEADER mode. State: All replicated index: 0, Majority replicated index: 0, Committed index: 0, Last appended: 0.0, Last appended by leader: 0, Current term: 0, Majority size: -1, State: 0, Mode: NON_LEADER, active raft config: opid_index: -1 OBSOLETE_local: false peers { permanent_uuid: "ad10e16c39584d5e8b12fe58dca2e7a1" member_type: VOTER last_known_addr { host: "127.26.199.1" port: 40953 } } peers { permanent_uuid: "b932583ad08341cdbe8ce1e23f6fe726" member_type: VOTER last_known_addr { host: "127.26.199.2" port: 44837 } } peers { permanent_uuid: "a820a0a17f1e4877a5cd32331d7df273" member_type: VOTER last_known_addr { host: "127.26.199.3" port: 36745 } }
I20260710 11:07:34.289742 28488 leader_election.cc:304] T f4acbeeac07d4b1880d2d2b95881dfa6 P ad10e16c39584d5e8b12fe58dca2e7a1 [CANDIDATE]: Term 1 pre-election: Election decided. Result: candidate lost. Election summary: received 3 responses out of 3 voters: 1 yes votes; 2 no votes. yes voters: ad10e16c39584d5e8b12fe58dca2e7a1; no voters: a820a0a17f1e4877a5cd32331d7df273, b932583ad08341cdbe8ce1e23f6fe726
I20260710 11:07:34.290748 28721 raft_consensus.cc:3060] T f4acbeeac07d4b1880d2d2b95881dfa6 P ad10e16c39584d5e8b12fe58dca2e7a1 [term 0 FOLLOWER]: Advancing to term 1
I20260710 11:07:34.291116 28712 ts_tablet_manager.cc:1434] T 4da2fdec3041498b9ba31c240469034b P b932583ad08341cdbe8ce1e23f6fe726: Time spent starting tablet: real 0.006s	user 0.001s	sys 0.005s
I20260710 11:07:34.291991 28712 tablet_bootstrap.cc:492] T aac7dcbb491247a786740a6b6df956f9 P b932583ad08341cdbe8ce1e23f6fe726: Bootstrap starting.
I20260710 11:07:34.297315 28712 tablet_bootstrap.cc:654] T aac7dcbb491247a786740a6b6df956f9 P b932583ad08341cdbe8ce1e23f6fe726: Neither blocks nor log segments found. Creating new log.
I20260710 11:07:34.299320 28421 catalog_manager.cc:5697] T 217f732cedaf487c96d8bec30313c677 P b932583ad08341cdbe8ce1e23f6fe726 reported cstate change: term changed from 0 to 1, leader changed from <none> to b932583ad08341cdbe8ce1e23f6fe726 (127.26.199.2). New cstate: current_term: 1 leader_uuid: "b932583ad08341cdbe8ce1e23f6fe726" committed_config { opid_index: -1 OBSOLETE_local: false peers { permanent_uuid: "ad10e16c39584d5e8b12fe58dca2e7a1" member_type: VOTER last_known_addr { host: "127.26.199.1" port: 40953 } health_report { overall_health: UNKNOWN } } peers { permanent_uuid: "b932583ad08341cdbe8ce1e23f6fe726" member_type: VOTER last_known_addr { host: "127.26.199.2" port: 44837 } health_report { overall_health: HEALTHY } } peers { permanent_uuid: "a820a0a17f1e4877a5cd32331d7df273" member_type: VOTER last_known_addr { host: "127.26.199.3" port: 36745 } health_report { overall_health: UNKNOWN } } }
W20260710 11:07:34.296056 28564 leader_election.cc:343] T 9df35c743e5f4110bf0b4f4351ee2a35 P b932583ad08341cdbe8ce1e23f6fe726 [CANDIDATE]: Term 1 pre-election: Tablet error from VoteRequest() call to peer a820a0a17f1e4877a5cd32331d7df273 (127.26.199.3:36745): Illegal state: must be running to vote when last-logged opid is not known
I20260710 11:07:34.301690 28564 leader_election.cc:304] T 9df35c743e5f4110bf0b4f4351ee2a35 P b932583ad08341cdbe8ce1e23f6fe726 [CANDIDATE]: Term 1 pre-election: Election decided. Result: candidate lost. Election summary: received 3 responses out of 3 voters: 1 yes votes; 2 no votes. yes voters: b932583ad08341cdbe8ce1e23f6fe726; no voters: a820a0a17f1e4877a5cd32331d7df273, ad10e16c39584d5e8b12fe58dca2e7a1
I20260710 11:07:34.303332 28720 raft_consensus.cc:2749] T 9df35c743e5f4110bf0b4f4351ee2a35 P b932583ad08341cdbe8ce1e23f6fe726 [term 0 FOLLOWER]: Leader pre-election lost for term 1. Reason: could not achieve majority
I20260710 11:07:34.304153 28720 raft_consensus.cc:493] T c5a5f112bc3d41b9b73fe411941e5b4b P b932583ad08341cdbe8ce1e23f6fe726 [term 0 FOLLOWER]: Starting pre-election (no leader contacted us within the election timeout)
