I20260710 11:00:19.071372  4340 raft_consensus.cc:2955] T 45d0ff518aca4e41834ed510116aabc8 P e213ea0a1f9443f6832bd38d20a22001 [term 1 FOLLOWER]: Committing config change with OpId 1.4: config changed from index 3 to 4, VOTER bb07e2399dcd4431b6e0c1c02cdfea5b (127.2.190.129) evicted. New config: { opid_index: 4 OBSOLETE_local: false peers { permanent_uuid: "b5afb53aae0d492c92ee0abfebc7351e" member_type: VOTER last_known_addr { host: "127.2.190.130" port: 33955 } } peers { permanent_uuid: "45382841cb544a1380a63dc315a8f93d" member_type: VOTER last_known_addr { host: "127.2.190.131" port: 45017 } } peers { permanent_uuid: "e213ea0a1f9443f6832bd38d20a22001" member_type: VOTER last_known_addr { host: "127.2.190.132" port: 38925 } attrs { promote: false } } }
I20260710 11:00:19.072531  3992 raft_consensus.cc:2955] T 45d0ff518aca4e41834ed510116aabc8 P b5afb53aae0d492c92ee0abfebc7351e [term 1 FOLLOWER]: Committing config change with OpId 1.4: config changed from index 3 to 4, VOTER bb07e2399dcd4431b6e0c1c02cdfea5b (127.2.190.129) evicted. New config: { opid_index: 4 OBSOLETE_local: false peers { permanent_uuid: "b5afb53aae0d492c92ee0abfebc7351e" member_type: VOTER last_known_addr { host: "127.2.190.130" port: 33955 } } peers { permanent_uuid: "45382841cb544a1380a63dc315a8f93d" member_type: VOTER last_known_addr { host: "127.2.190.131" port: 45017 } } peers { permanent_uuid: "e213ea0a1f9443f6832bd38d20a22001" member_type: VOTER last_known_addr { host: "127.2.190.132" port: 38925 } attrs { promote: false } } }
I20260710 11:00:19.094372  3810 catalog_manager.cc:5210] ChangeConfig:REMOVE_PEER RPC for tablet 45d0ff518aca4e41834ed510116aabc8 with cas_config_opid_index 3: ChangeConfig:REMOVE_PEER succeeded (attempt 1)
I20260710 11:00:19.110268  3819 catalog_manager.cc:5697] T 45d0ff518aca4e41834ed510116aabc8 P 45382841cb544a1380a63dc315a8f93d reported cstate change: config changed from index 3 to 4, VOTER bb07e2399dcd4431b6e0c1c02cdfea5b (127.2.190.129) evicted. New cstate: current_term: 1 leader_uuid: "45382841cb544a1380a63dc315a8f93d" committed_config { opid_index: 4 OBSOLETE_local: false peers { permanent_uuid: "b5afb53aae0d492c92ee0abfebc7351e" member_type: VOTER last_known_addr { host: "127.2.190.130" port: 33955 } health_report { overall_health: UNKNOWN } } peers { permanent_uuid: "45382841cb544a1380a63dc315a8f93d" member_type: VOTER last_known_addr { host: "127.2.190.131" port: 45017 } health_report { overall_health: HEALTHY } } peers { permanent_uuid: "e213ea0a1f9443f6832bd38d20a22001" member_type: VOTER last_known_addr { host: "127.2.190.132" port: 38925 } attrs { promote: false } health_report { overall_health: HEALTHY } } }
I20260710 11:00:19.125216  3914 tablet_service.cc:1558] Processing DeleteTablet for tablet 45d0ff518aca4e41834ed510116aabc8 with delete_type TABLET_DATA_TOMBSTONED (TS bb07e2399dcd4431b6e0c1c02cdfea5b not found in new config with opid_index 4) from {username='slave'} at 127.0.0.1:45146
I20260710 11:00:19.127090  4514 tablet_replica.cc:333] T 45d0ff518aca4e41834ed510116aabc8 P bb07e2399dcd4431b6e0c1c02cdfea5b: stopping tablet replica
I20260710 11:00:19.128250  4514 raft_consensus.cc:2243] T 45d0ff518aca4e41834ed510116aabc8 P bb07e2399dcd4431b6e0c1c02cdfea5b [term 1 FOLLOWER]: Raft consensus shutting down.
I20260710 11:00:19.129122  4514 raft_consensus.cc:2272] T 45d0ff518aca4e41834ed510116aabc8 P bb07e2399dcd4431b6e0c1c02cdfea5b [term 1 FOLLOWER]: Raft consensus is shut down!
I20260710 11:00:19.133220  4514 ts_tablet_manager.cc:1916] T 45d0ff518aca4e41834ed510116aabc8 P bb07e2399dcd4431b6e0c1c02cdfea5b: Deleting tablet data with delete state TABLET_DATA_TOMBSTONED
I20260710 11:00:19.150146  4514 ts_tablet_manager.cc:1929] T 45d0ff518aca4e41834ed510116aabc8 P bb07e2399dcd4431b6e0c1c02cdfea5b: tablet deleted with delete type TABLET_DATA_TOMBSTONED: last-logged OpId 1.3
I20260710 11:00:19.150731  4514 log.cc:1199] T 45d0ff518aca4e41834ed510116aabc8 P bb07e2399dcd4431b6e0c1c02cdfea5b: Deleting WAL directory at /tmp/dist-test-taskThFAJ0/test-tmp/auto_leader_rebalancer-test.0.LeaderRebalancerTest.AddTserver.1783681184888458-2810-0/minicluster-data/ts-0-root/wals/45d0ff518aca4e41834ed510116aabc8
I20260710 11:00:19.152685  3809 catalog_manager.cc:5028] TS bb07e2399dcd4431b6e0c1c02cdfea5b (127.2.190.129:40965): tablet 45d0ff518aca4e41834ed510116aabc8 (table test-workload [id=1b921c5840ad42808dbffa32ceea846a]) successfully deleted
I20260710 11:00:20.126516  4495 raft_consensus.cc:493] T 8605134eeea84698a10ecc296d37f3a8 P bb07e2399dcd4431b6e0c1c02cdfea5b [term 3 FOLLOWER]: Starting pre-election (no leader contacted us within the election timeout)
I20260710 11:00:20.126989  4495 raft_consensus.cc:515] T 8605134eeea84698a10ecc296d37f3a8 P bb07e2399dcd4431b6e0c1c02cdfea5b [term 3 FOLLOWER]: Starting pre-election with config: opid_index: -1 OBSOLETE_local: false peers { permanent_uuid: "bb07e2399dcd4431b6e0c1c02cdfea5b" member_type: VOTER last_known_addr { host: "127.2.190.129" port: 40965 } } peers { permanent_uuid: "b5afb53aae0d492c92ee0abfebc7351e" member_type: VOTER last_known_addr { host: "127.2.190.130" port: 33955 } } peers { permanent_uuid: "45382841cb544a1380a63dc315a8f93d" member_type: VOTER last_known_addr { host: "127.2.190.131" port: 45017 } }
I20260710 11:00:20.129607  4495 leader_election.cc:290] T 8605134eeea84698a10ecc296d37f3a8 P bb07e2399dcd4431b6e0c1c02cdfea5b [CANDIDATE]: Term 4 pre-election: Requested pre-vote from peers b5afb53aae0d492c92ee0abfebc7351e (127.2.190.130:33955), 45382841cb544a1380a63dc315a8f93d (127.2.190.131:45017)
I20260710 11:00:20.129923  4073 tablet_service.cc:1917] Received RequestConsensusVote() RPC: tablet_id: "8605134eeea84698a10ecc296d37f3a8" candidate_uuid: "bb07e2399dcd4431b6e0c1c02cdfea5b" candidate_term: 4 candidate_status { last_received { term: 2 index: 2 } } ignore_live_leader: false dest_uuid: "45382841cb544a1380a63dc315a8f93d" is_pre_election: true
I20260710 11:00:20.129608  3992 tablet_service.cc:1917] Received RequestConsensusVote() RPC: tablet_id: "8605134eeea84698a10ecc296d37f3a8" candidate_uuid: "bb07e2399dcd4431b6e0c1c02cdfea5b" candidate_term: 4 candidate_status { last_received { term: 2 index: 2 } } ignore_live_leader: false dest_uuid: "b5afb53aae0d492c92ee0abfebc7351e" is_pre_election: true
I20260710 11:00:20.130854  3992 raft_consensus.cc:2468] T 8605134eeea84698a10ecc296d37f3a8 P b5afb53aae0d492c92ee0abfebc7351e [term 3 FOLLOWER]: Leader pre-election vote request: Granting yes vote for candidate bb07e2399dcd4431b6e0c1c02cdfea5b in term 3.
I20260710 11:00:20.133246  3888 leader_election.cc:304] T 8605134eeea84698a10ecc296d37f3a8 P bb07e2399dcd4431b6e0c1c02cdfea5b [CANDIDATE]: Term 4 pre-election: Election decided. Result: candidate won. Election summary: received 3 responses out of 3 voters: 2 yes votes; 1 no votes. yes voters: b5afb53aae0d492c92ee0abfebc7351e, bb07e2399dcd4431b6e0c1c02cdfea5b; no voters: 45382841cb544a1380a63dc315a8f93d
I20260710 11:00:20.135454  4484 raft_consensus.cc:493] T 8605134eeea84698a10ecc296d37f3a8 P 45382841cb544a1380a63dc315a8f93d [term 2 FOLLOWER]: Starting pre-election (detected failure of leader bb07e2399dcd4431b6e0c1c02cdfea5b)
I20260710 11:00:20.135982  4484 raft_consensus.cc:515] T 8605134eeea84698a10ecc296d37f3a8 P 45382841cb544a1380a63dc315a8f93d [term 2 FOLLOWER]: Starting pre-election with config: opid_index: -1 OBSOLETE_local: false peers { permanent_uuid: "bb07e2399dcd4431b6e0c1c02cdfea5b" member_type: VOTER last_known_addr { host: "127.2.190.129" port: 40965 } } peers { permanent_uuid: "b5afb53aae0d492c92ee0abfebc7351e" member_type: VOTER last_known_addr { host: "127.2.190.130" port: 33955 } } peers { permanent_uuid: "45382841cb544a1380a63dc315a8f93d" member_type: VOTER last_known_addr { host: "127.2.190.131" port: 45017 } }
I20260710 11:00:20.138408  4484 leader_election.cc:290] T 8605134eeea84698a10ecc296d37f3a8 P 45382841cb544a1380a63dc315a8f93d [CANDIDATE]: Term 3 pre-election: Requested pre-vote from peers bb07e2399dcd4431b6e0c1c02cdfea5b (127.2.190.129:40965), b5afb53aae0d492c92ee0abfebc7351e (127.2.190.130:33955)
I20260710 11:00:20.138970  4495 raft_consensus.cc:2804] T 8605134eeea84698a10ecc296d37f3a8 P bb07e2399dcd4431b6e0c1c02cdfea5b [term 3 FOLLOWER]: Leader pre-election won for term 4
I20260710 11:00:20.140059  4495 raft_consensus.cc:493] T 8605134eeea84698a10ecc296d37f3a8 P bb07e2399dcd4431b6e0c1c02cdfea5b [term 3 FOLLOWER]: Starting leader election (no leader contacted us within the election timeout)
I20260710 11:00:20.140434  4495 raft_consensus.cc:3060] T 8605134eeea84698a10ecc296d37f3a8 P bb07e2399dcd4431b6e0c1c02cdfea5b [term 3 FOLLOWER]: Advancing to term 4
I20260710 11:00:20.141359  3992 tablet_service.cc:1917] Received RequestConsensusVote() RPC: tablet_id: "8605134eeea84698a10ecc296d37f3a8" candidate_uuid: "45382841cb544a1380a63dc315a8f93d" candidate_term: 3 candidate_status { last_received { term: 2 index: 2 } } ignore_live_leader: false dest_uuid: "b5afb53aae0d492c92ee0abfebc7351e" is_pre_election: true
I20260710 11:00:20.142215  3992 raft_consensus.cc:2393] T 8605134eeea84698a10ecc296d37f3a8 P b5afb53aae0d492c92ee0abfebc7351e [term 3 FOLLOWER]: Leader pre-election vote request: Denying vote to candidate 45382841cb544a1380a63dc315a8f93d in current term 3: Already voted for candidate b5afb53aae0d492c92ee0abfebc7351e in this term.
I20260710 11:00:20.143987  3917 tablet_service.cc:1917] Received RequestConsensusVote() RPC: tablet_id: "8605134eeea84698a10ecc296d37f3a8" candidate_uuid: "45382841cb544a1380a63dc315a8f93d" candidate_term: 3 candidate_status { last_received { term: 2 index: 2 } } ignore_live_leader: false dest_uuid: "bb07e2399dcd4431b6e0c1c02cdfea5b" is_pre_election: true
I20260710 11:00:20.146692  4495 raft_consensus.cc:515] T 8605134eeea84698a10ecc296d37f3a8 P bb07e2399dcd4431b6e0c1c02cdfea5b [term 4 FOLLOWER]: Starting leader election with config: opid_index: -1 OBSOLETE_local: false peers { permanent_uuid: "bb07e2399dcd4431b6e0c1c02cdfea5b" member_type: VOTER last_known_addr { host: "127.2.190.129" port: 40965 } } peers { permanent_uuid: "b5afb53aae0d492c92ee0abfebc7351e" member_type: VOTER last_known_addr { host: "127.2.190.130" port: 33955 } } peers { permanent_uuid: "45382841cb544a1380a63dc315a8f93d" member_type: VOTER last_known_addr { host: "127.2.190.131" port: 45017 } }
I20260710 11:00:20.147642  3917 raft_consensus.cc:2368] T 8605134eeea84698a10ecc296d37f3a8 P bb07e2399dcd4431b6e0c1c02cdfea5b [term 4 FOLLOWER]: Leader pre-election vote request: Denying vote to candidate 45382841cb544a1380a63dc315a8f93d for earlier term 3. Current term is 4.
I20260710 11:00:20.149809  3992 tablet_service.cc:1917] Received RequestConsensusVote() RPC: tablet_id: "8605134eeea84698a10ecc296d37f3a8" candidate_uuid: "bb07e2399dcd4431b6e0c1c02cdfea5b" candidate_term: 4 candidate_status { last_received { term: 2 index: 2 } } ignore_live_leader: false dest_uuid: "b5afb53aae0d492c92ee0abfebc7351e"
I20260710 11:00:20.150425  4495 leader_election.cc:290] T 8605134eeea84698a10ecc296d37f3a8 P bb07e2399dcd4431b6e0c1c02cdfea5b [CANDIDATE]: Term 4 election: Requested vote from peers b5afb53aae0d492c92ee0abfebc7351e (127.2.190.130:33955), 45382841cb544a1380a63dc315a8f93d (127.2.190.131:45017)
I20260710 11:00:20.150624  3992 raft_consensus.cc:3060] T 8605134eeea84698a10ecc296d37f3a8 P b5afb53aae0d492c92ee0abfebc7351e [term 3 FOLLOWER]: Advancing to term 4
I20260710 11:00:20.149881  4073 tablet_service.cc:1917] Received RequestConsensusVote() RPC: tablet_id: "8605134eeea84698a10ecc296d37f3a8" candidate_uuid: "bb07e2399dcd4431b6e0c1c02cdfea5b" candidate_term: 4 candidate_status { last_received { term: 2 index: 2 } } ignore_live_leader: false dest_uuid: "45382841cb544a1380a63dc315a8f93d"
I20260710 11:00:20.152017  4073 raft_consensus.cc:3060] T 8605134eeea84698a10ecc296d37f3a8 P 45382841cb544a1380a63dc315a8f93d [term 2 FOLLOWER]: Advancing to term 4
I20260710 11:00:20.156126  4039 leader_election.cc:400] T 8605134eeea84698a10ecc296d37f3a8 P 45382841cb544a1380a63dc315a8f93d [CANDIDATE]: Term 3 pre-election: Vote denied by peer bb07e2399dcd4431b6e0c1c02cdfea5b (127.2.190.129:40965) with higher term. Message: Invalid argument: T 8605134eeea84698a10ecc296d37f3a8 P bb07e2399dcd4431b6e0c1c02cdfea5b [term 4 FOLLOWER]: Leader pre-election vote request: Denying vote to candidate 45382841cb544a1380a63dc315a8f93d for earlier term 3. Current term is 4.
I20260710 11:00:20.156481  4039 leader_election.cc:403] T 8605134eeea84698a10ecc296d37f3a8 P 45382841cb544a1380a63dc315a8f93d [CANDIDATE]: Term 3 pre-election: Cancelling election due to peer responding with higher term
I20260710 11:00:20.157989  3992 raft_consensus.cc:2468] T 8605134eeea84698a10ecc296d37f3a8 P b5afb53aae0d492c92ee0abfebc7351e [term 4 FOLLOWER]: Leader election vote request: Granting yes vote for candidate bb07e2399dcd4431b6e0c1c02cdfea5b in term 4.
I20260710 11:00:20.159123  3888 leader_election.cc:304] T 8605134eeea84698a10ecc296d37f3a8 P bb07e2399dcd4431b6e0c1c02cdfea5b [CANDIDATE]: Term 4 election: Election decided. Result: candidate won. Election summary: received 2 responses out of 3 voters: 2 yes votes; 0 no votes. yes voters: b5afb53aae0d492c92ee0abfebc7351e, bb07e2399dcd4431b6e0c1c02cdfea5b; no voters: 
I20260710 11:00:20.160717  4469 raft_consensus.cc:2804] T 8605134eeea84698a10ecc296d37f3a8 P bb07e2399dcd4431b6e0c1c02cdfea5b [term 4 FOLLOWER]: Leader election won for term 4
I20260710 11:00:20.161177  4469 raft_consensus.cc:697] T 8605134eeea84698a10ecc296d37f3a8 P bb07e2399dcd4431b6e0c1c02cdfea5b [term 4 LEADER]: Becoming Leader. State: Replica: bb07e2399dcd4431b6e0c1c02cdfea5b, State: Running, Role: LEADER
I20260710 11:00:20.161937  4469 consensus_queue.cc:237] T 8605134eeea84698a10ecc296d37f3a8 P bb07e2399dcd4431b6e0c1c02cdfea5b [LEADER]: Queue going to LEADER mode. State: All replicated index: 0, Majority replicated index: 2, Committed index: 2, Last appended: 2.2, Last appended by leader: 2, Current term: 4, Majority size: 2, State: 0, Mode: LEADER, active raft config: opid_index: -1 OBSOLETE_local: false peers { permanent_uuid: "bb07e2399dcd4431b6e0c1c02cdfea5b" member_type: VOTER last_known_addr { host: "127.2.190.129" port: 40965 } } peers { permanent_uuid: "b5afb53aae0d492c92ee0abfebc7351e" member_type: VOTER last_known_addr { host: "127.2.190.130" port: 33955 } } peers { permanent_uuid: "45382841cb544a1380a63dc315a8f93d" member_type: VOTER last_known_addr { host: "127.2.190.131" port: 45017 } }
I20260710 11:00:20.162726  4073 raft_consensus.cc:2468] T 8605134eeea84698a10ecc296d37f3a8 P 45382841cb544a1380a63dc315a8f93d [term 4 FOLLOWER]: Leader election vote request: Granting yes vote for candidate bb07e2399dcd4431b6e0c1c02cdfea5b in term 4.
I20260710 11:00:20.163188  4484 raft_consensus.cc:2749] T 8605134eeea84698a10ecc296d37f3a8 P 45382841cb544a1380a63dc315a8f93d [term 4 FOLLOWER]: Leader pre-election lost for term 3. Reason: Vote denied by peer bb07e2399dcd4431b6e0c1c02cdfea5b (127.2.190.129:40965) with higher term. Message: Invalid argument: T 8605134eeea84698a10ecc296d37f3a8 P bb07e2399dcd4431b6e0c1c02cdfea5b [term 4 FOLLOWER]: Leader pre-election vote request: Denying vote to candidate 45382841cb544a1380a63dc315a8f93d for earlier term 3. Current term is 4.
I20260710 11:00:20.177332  4073 consensus_queue.cc:237] T 7cbe170ef86c46ff8117b7a20e75b854 P 45382841cb544a1380a63dc315a8f93d [LEADER]: Queue going to LEADER mode. State: All replicated index: 0, Majority replicated index: 2, Committed index: 2, Last appended: 2.2, Last appended by leader: 1, Current term: 2, Majority size: 2, State: 0, Mode: LEADER, active raft config: opid_index: 3 OBSOLETE_local: false peers { permanent_uuid: "bb07e2399dcd4431b6e0c1c02cdfea5b" member_type: VOTER last_known_addr { host: "127.2.190.129" port: 40965 } } peers { permanent_uuid: "b5afb53aae0d492c92ee0abfebc7351e" member_type: VOTER last_known_addr { host: "127.2.190.130" port: 33955 } attrs { replace: true } } peers { permanent_uuid: "45382841cb544a1380a63dc315a8f93d" member_type: VOTER last_known_addr { host: "127.2.190.131" port: 45017 } } peers { permanent_uuid: "e213ea0a1f9443f6832bd38d20a22001" member_type: NON_VOTER last_known_addr { host: "127.2.190.132" port: 38925 } attrs { promote: true } }
I20260710 11:00:20.178562  3820 catalog_manager.cc:5697] T 8605134eeea84698a10ecc296d37f3a8 P bb07e2399dcd4431b6e0c1c02cdfea5b reported cstate change: term changed from 2 to 4. New cstate: current_term: 4 leader_uuid: "bb07e2399dcd4431b6e0c1c02cdfea5b" committed_config { opid_index: -1 OBSOLETE_local: false peers { permanent_uuid: "bb07e2399dcd4431b6e0c1c02cdfea5b" member_type: VOTER last_known_addr { host: "127.2.190.129" port: 40965 } health_report { overall_health: HEALTHY } } peers { permanent_uuid: "b5afb53aae0d492c92ee0abfebc7351e" member_type: VOTER last_known_addr { host: "127.2.190.130" port: 33955 } health_report { overall_health: UNKNOWN } } peers { permanent_uuid: "45382841cb544a1380a63dc315a8f93d" member_type: VOTER last_known_addr { host: "127.2.190.131" port: 45017 } health_report { overall_health: UNKNOWN } } }
W20260710 11:00:20.185477  4038 consensus_peers.cc:597] T 7cbe170ef86c46ff8117b7a20e75b854 P 45382841cb544a1380a63dc315a8f93d -> Peer e213ea0a1f9443f6832bd38d20a22001 (127.2.190.132:38925): Couldn't send request to peer e213ea0a1f9443f6832bd38d20a22001. Error code: TABLET_NOT_FOUND (6). Status: Not found: Tablet not found: 7cbe170ef86c46ff8117b7a20e75b854. This is attempt 1: this message will repeat every 5th retry.
I20260710 11:00:20.188417  3992 raft_consensus.cc:1275] T 7cbe170ef86c46ff8117b7a20e75b854 P b5afb53aae0d492c92ee0abfebc7351e [term 2 FOLLOWER]: Refusing update from remote peer 45382841cb544a1380a63dc315a8f93d: Log matching property violated. Preceding OpId in replica: term: 2 index: 2. Preceding OpId from leader: term: 2 index: 3. (index mismatch)
I20260710 11:00:20.190469  3917 raft_consensus.cc:1275] T 7cbe170ef86c46ff8117b7a20e75b854 P bb07e2399dcd4431b6e0c1c02cdfea5b [term 2 FOLLOWER]: Refusing update from remote peer 45382841cb544a1380a63dc315a8f93d: Log matching property violated. Preceding OpId in replica: term: 2 index: 2. Preceding OpId from leader: term: 2 index: 3. (index mismatch)
I20260710 11:00:20.190647  4484 consensus_queue.cc:1048] T 7cbe170ef86c46ff8117b7a20e75b854 P 45382841cb544a1380a63dc315a8f93d [LEADER]: Connected to new peer: Peer: permanent_uuid: "b5afb53aae0d492c92ee0abfebc7351e" member_type: VOTER last_known_addr { host: "127.2.190.130" port: 33955 } attrs { replace: true }, Status: LMP_MISMATCH, Last received: 0.0, Next index: 3, Last known committed idx: 2, Time since last communication: 0.000s
I20260710 11:00:20.192513  4484 consensus_queue.cc:1048] T 7cbe170ef86c46ff8117b7a20e75b854 P 45382841cb544a1380a63dc315a8f93d [LEADER]: Connected to new peer: Peer: permanent_uuid: "bb07e2399dcd4431b6e0c1c02cdfea5b" member_type: VOTER last_known_addr { host: "127.2.190.129" port: 40965 }, Status: LMP_MISMATCH, Last received: 0.0, Next index: 3, Last known committed idx: 2, Time since last communication: 0.000s
I20260710 11:00:20.215372  4484 raft_consensus.cc:2955] T 7cbe170ef86c46ff8117b7a20e75b854 P 45382841cb544a1380a63dc315a8f93d [term 2 LEADER]: Committing config change with OpId 2.3: config changed from index -1 to 3, NON_VOTER e213ea0a1f9443f6832bd38d20a22001 (127.2.190.132) added. New config: { opid_index: 3 OBSOLETE_local: false peers { permanent_uuid: "bb07e2399dcd4431b6e0c1c02cdfea5b" member_type: VOTER last_known_addr { host: "127.2.190.129" port: 40965 } } peers { permanent_uuid: "b5afb53aae0d492c92ee0abfebc7351e" member_type: VOTER last_known_addr { host: "127.2.190.130" port: 33955 } attrs { replace: true } } peers { permanent_uuid: "45382841cb544a1380a63dc315a8f93d" member_type: VOTER last_known_addr { host: "127.2.190.131" port: 45017 } } peers { permanent_uuid: "e213ea0a1f9443f6832bd38d20a22001" member_type: NON_VOTER last_known_addr { host: "127.2.190.132" port: 38925 } attrs { promote: true } } }
I20260710 11:00:20.220335  3992 raft_consensus.cc:2955] T 7cbe170ef86c46ff8117b7a20e75b854 P b5afb53aae0d492c92ee0abfebc7351e [term 2 FOLLOWER]: Committing config change with OpId 2.3: config changed from index -1 to 3, NON_VOTER e213ea0a1f9443f6832bd38d20a22001 (127.2.190.132) added. New config: { opid_index: 3 OBSOLETE_local: false peers { permanent_uuid: "bb07e2399dcd4431b6e0c1c02cdfea5b" member_type: VOTER last_known_addr { host: "127.2.190.129" port: 40965 } } peers { permanent_uuid: "b5afb53aae0d492c92ee0abfebc7351e" member_type: VOTER last_known_addr { host: "127.2.190.130" port: 33955 } attrs { replace: true } } peers { permanent_uuid: "45382841cb544a1380a63dc315a8f93d" member_type: VOTER last_known_addr { host: "127.2.190.131" port: 45017 } } peers { permanent_uuid: "e213ea0a1f9443f6832bd38d20a22001" member_type: NON_VOTER last_known_addr { host: "127.2.190.132" port: 38925 } attrs { promote: true } } }
I20260710 11:00:20.237301  3820 catalog_manager.cc:5697] T 7cbe170ef86c46ff8117b7a20e75b854 P b5afb53aae0d492c92ee0abfebc7351e reported cstate change: config changed from index -1 to 3, NON_VOTER e213ea0a1f9443f6832bd38d20a22001 (127.2.190.132) added. New cstate: current_term: 2 leader_uuid: "45382841cb544a1380a63dc315a8f93d" committed_config { opid_index: 3 OBSOLETE_local: false peers { permanent_uuid: "bb07e2399dcd4431b6e0c1c02cdfea5b" member_type: VOTER last_known_addr { host: "127.2.190.129" port: 40965 } } peers { permanent_uuid: "b5afb53aae0d492c92ee0abfebc7351e" member_type: VOTER last_known_addr { host: "127.2.190.130" port: 33955 } attrs { replace: true } } peers { permanent_uuid: "45382841cb544a1380a63dc315a8f93d" member_type: VOTER last_known_addr { host: "127.2.190.131" port: 45017 } } peers { permanent_uuid: "e213ea0a1f9443f6832bd38d20a22001" member_type: NON_VOTER last_known_addr { host: "127.2.190.132" port: 38925 } attrs { promote: true } } }
I20260710 11:00:20.246898  3992 consensus_queue.cc:237] T 52689ca68f664c5baee9dc2ddb68cdd4 P b5afb53aae0d492c92ee0abfebc7351e [LEADER]: Queue going to LEADER mode. State: All replicated index: 0, Majority replicated index: 1, Committed index: 1, Last appended: 1.1, Last appended by leader: 0, Current term: 1, Majority size: 2, State: 0, Mode: LEADER, active raft config: opid_index: 2 OBSOLETE_local: false peers { permanent_uuid: "bb07e2399dcd4431b6e0c1c02cdfea5b" member_type: VOTER last_known_addr { host: "127.2.190.129" port: 40965 } } peers { permanent_uuid: "b5afb53aae0d492c92ee0abfebc7351e" member_type: VOTER last_known_addr { host: "127.2.190.130" port: 33955 } } peers { permanent_uuid: "45382841cb544a1380a63dc315a8f93d" member_type: VOTER last_known_addr { host: "127.2.190.131" port: 45017 } attrs { replace: true } } peers { permanent_uuid: "e213ea0a1f9443f6832bd38d20a22001" member_type: NON_VOTER last_known_addr { host: "127.2.190.132" port: 38925 } attrs { promote: true } }
I20260710 11:00:20.256418  3917 raft_consensus.cc:2955] T 7cbe170ef86c46ff8117b7a20e75b854 P bb07e2399dcd4431b6e0c1c02cdfea5b [term 2 FOLLOWER]: Committing config change with OpId 2.3: config changed from index -1 to 3, NON_VOTER e213ea0a1f9443f6832bd38d20a22001 (127.2.190.132) added. New config: { opid_index: 3 OBSOLETE_local: false peers { permanent_uuid: "bb07e2399dcd4431b6e0c1c02cdfea5b" member_type: VOTER last_known_addr { host: "127.2.190.129" port: 40965 } } peers { permanent_uuid: "b5afb53aae0d492c92ee0abfebc7351e" member_type: VOTER last_known_addr { host: "127.2.190.130" port: 33955 } attrs { replace: true } } peers { permanent_uuid: "45382841cb544a1380a63dc315a8f93d" member_type: VOTER last_known_addr { host: "127.2.190.131" port: 45017 } } peers { permanent_uuid: "e213ea0a1f9443f6832bd38d20a22001" member_type: NON_VOTER last_known_addr { host: "127.2.190.132" port: 38925 } attrs { promote: true } } }
I20260710 11:00:20.259482  3921 raft_consensus.cc:1275] T 52689ca68f664c5baee9dc2ddb68cdd4 P bb07e2399dcd4431b6e0c1c02cdfea5b [term 1 FOLLOWER]: Refusing update from remote peer b5afb53aae0d492c92ee0abfebc7351e: Log matching property violated. Preceding OpId in replica: term: 1 index: 1. Preceding OpId from leader: term: 1 index: 2. (index mismatch)
I20260710 11:00:20.261209  4515 consensus_queue.cc:1048] T 52689ca68f664c5baee9dc2ddb68cdd4 P b5afb53aae0d492c92ee0abfebc7351e [LEADER]: Connected to new peer: Peer: permanent_uuid: "bb07e2399dcd4431b6e0c1c02cdfea5b" member_type: VOTER last_known_addr { host: "127.2.190.129" port: 40965 }, Status: LMP_MISMATCH, Last received: 0.0, Next index: 2, Last known committed idx: 1, Time since last communication: 0.000s
I20260710 11:00:20.267644  4073 raft_consensus.cc:1275] T 52689ca68f664c5baee9dc2ddb68cdd4 P 45382841cb544a1380a63dc315a8f93d [term 1 FOLLOWER]: Refusing update from remote peer b5afb53aae0d492c92ee0abfebc7351e: Log matching property violated. Preceding OpId in replica: term: 1 index: 1. Preceding OpId from leader: term: 1 index: 2. (index mismatch)
I20260710 11:00:20.271126  4372 consensus_queue.cc:1048] T 52689ca68f664c5baee9dc2ddb68cdd4 P b5afb53aae0d492c92ee0abfebc7351e [LEADER]: Connected to new peer: Peer: permanent_uuid: "45382841cb544a1380a63dc315a8f93d" member_type: VOTER last_known_addr { host: "127.2.190.131" port: 45017 } attrs { replace: true }, Status: LMP_MISMATCH, Last received: 0.0, Next index: 2, Last known committed idx: 1, Time since last communication: 0.000s
I20260710 11:00:20.297672  4372 raft_consensus.cc:2955] T 52689ca68f664c5baee9dc2ddb68cdd4 P b5afb53aae0d492c92ee0abfebc7351e [term 1 LEADER]: Committing config change with OpId 1.2: config changed from index -1 to 2, NON_VOTER e213ea0a1f9443f6832bd38d20a22001 (127.2.190.132) added. New config: { opid_index: 2 OBSOLETE_local: false peers { permanent_uuid: "bb07e2399dcd4431b6e0c1c02cdfea5b" member_type: VOTER last_known_addr { host: "127.2.190.129" port: 40965 } } peers { permanent_uuid: "b5afb53aae0d492c92ee0abfebc7351e" member_type: VOTER last_known_addr { host: "127.2.190.130" port: 33955 } } peers { permanent_uuid: "45382841cb544a1380a63dc315a8f93d" member_type: VOTER last_known_addr { host: "127.2.190.131" port: 45017 } attrs { replace: true } } peers { permanent_uuid: "e213ea0a1f9443f6832bd38d20a22001" member_type: NON_VOTER last_known_addr { host: "127.2.190.132" port: 38925 } attrs { promote: true } } }
I20260710 11:00:20.301553  3921 raft_consensus.cc:2955] T 52689ca68f664c5baee9dc2ddb68cdd4 P bb07e2399dcd4431b6e0c1c02cdfea5b [term 1 FOLLOWER]: Committing config change with OpId 1.2: config changed from index -1 to 2, NON_VOTER e213ea0a1f9443f6832bd38d20a22001 (127.2.190.132) added. New config: { opid_index: 2 OBSOLETE_local: false peers { permanent_uuid: "bb07e2399dcd4431b6e0c1c02cdfea5b" member_type: VOTER last_known_addr { host: "127.2.190.129" port: 40965 } } peers { permanent_uuid: "b5afb53aae0d492c92ee0abfebc7351e" member_type: VOTER last_known_addr { host: "127.2.190.130" port: 33955 } } peers { permanent_uuid: "45382841cb544a1380a63dc315a8f93d" member_type: VOTER last_known_addr { host: "127.2.190.131" port: 45017 } attrs { replace: true } } peers { permanent_uuid: "e213ea0a1f9443f6832bd38d20a22001" member_type: NON_VOTER last_known_addr { host: "127.2.190.132" port: 38925 } attrs { promote: true } } }
W20260710 11:00:20.311331  3964 consensus_peers.cc:597] T 52689ca68f664c5baee9dc2ddb68cdd4 P b5afb53aae0d492c92ee0abfebc7351e -> Peer e213ea0a1f9443f6832bd38d20a22001 (127.2.190.132:38925): Couldn't send request to peer e213ea0a1f9443f6832bd38d20a22001. Error code: TABLET_NOT_FOUND (6). Status: Not found: Tablet not found: 52689ca68f664c5baee9dc2ddb68cdd4. This is attempt 1: this message will repeat every 5th retry.
I20260710 11:00:20.316144  4073 raft_consensus.cc:2955] T 52689ca68f664c5baee9dc2ddb68cdd4 P 45382841cb544a1380a63dc315a8f93d [term 1 FOLLOWER]: Committing config change with OpId 1.2: config changed from index -1 to 2, NON_VOTER e213ea0a1f9443f6832bd38d20a22001 (127.2.190.132) added. New config: { opid_index: 2 OBSOLETE_local: false peers { permanent_uuid: "bb07e2399dcd4431b6e0c1c02cdfea5b" member_type: VOTER last_known_addr { host: "127.2.190.129" port: 40965 } } peers { permanent_uuid: "b5afb53aae0d492c92ee0abfebc7351e" member_type: VOTER last_known_addr { host: "127.2.190.130" port: 33955 } } peers { permanent_uuid: "45382841cb544a1380a63dc315a8f93d" member_type: VOTER last_known_addr { host: "127.2.190.131" port: 45017 } attrs { replace: true } } peers { permanent_uuid: "e213ea0a1f9443f6832bd38d20a22001" member_type: NON_VOTER last_known_addr { host: "127.2.190.132" port: 38925 } attrs { promote: true } } }
I20260710 11:00:20.321779  3917 consensus_queue.cc:237] T e3cdc95ddbda49efb8aa32a2b207dabd P bb07e2399dcd4431b6e0c1c02cdfea5b [LEADER]: Queue going to LEADER mode. State: All replicated index: 0, Majority replicated index: 1, Committed index: 1, Last appended: 1.1, Last appended by leader: 0, Current term: 1, Majority size: 2, State: 0, Mode: LEADER, active raft config: opid_index: 2 OBSOLETE_local: false peers { permanent_uuid: "bb07e2399dcd4431b6e0c1c02cdfea5b" member_type: VOTER last_known_addr { host: "127.2.190.129" port: 40965 } } peers { permanent_uuid: "b5afb53aae0d492c92ee0abfebc7351e" member_type: VOTER last_known_addr { host: "127.2.190.130" port: 33955 } attrs { replace: true } } peers { permanent_uuid: "45382841cb544a1380a63dc315a8f93d" member_type: VOTER last_known_addr { host: "127.2.190.131" port: 45017 } } peers { permanent_uuid: "e213ea0a1f9443f6832bd38d20a22001" member_type: NON_VOTER last_known_addr { host: "127.2.190.132" port: 38925 } attrs { promote: true } }
I20260710 11:00:20.328430  3820 catalog_manager.cc:5697] T 52689ca68f664c5baee9dc2ddb68cdd4 P b5afb53aae0d492c92ee0abfebc7351e reported cstate change: config changed from index -1 to 2, NON_VOTER e213ea0a1f9443f6832bd38d20a22001 (127.2.190.132) added. New cstate: current_term: 1 leader_uuid: "b5afb53aae0d492c92ee0abfebc7351e" committed_config { opid_index: 2 OBSOLETE_local: false peers { permanent_uuid: "bb07e2399dcd4431b6e0c1c02cdfea5b" member_type: VOTER last_known_addr { host: "127.2.190.129" port: 40965 } health_report { overall_health: HEALTHY } } peers { permanent_uuid: "b5afb53aae0d492c92ee0abfebc7351e" member_type: VOTER last_known_addr { host: "127.2.190.130" port: 33955 } health_report { overall_health: HEALTHY } } peers { permanent_uuid: "45382841cb544a1380a63dc315a8f93d" member_type: VOTER last_known_addr { host: "127.2.190.131" port: 45017 } attrs { replace: true } health_report { overall_health: HEALTHY } } peers { permanent_uuid: "e213ea0a1f9443f6832bd38d20a22001" member_type: NON_VOTER last_known_addr { host: "127.2.190.132" port: 38925 } attrs { promote: true } health_report { overall_health: UNKNOWN } } }
I20260710 11:00:20.349839  3992 raft_consensus.cc:1275] T e3cdc95ddbda49efb8aa32a2b207dabd P b5afb53aae0d492c92ee0abfebc7351e [term 1 FOLLOWER]: Refusing update from remote peer bb07e2399dcd4431b6e0c1c02cdfea5b: Log matching property violated. Preceding OpId in replica: term: 1 index: 1. Preceding OpId from leader: term: 1 index: 2. (index mismatch)
I20260710 11:00:20.350322  4073 raft_consensus.cc:1275] T e3cdc95ddbda49efb8aa32a2b207dabd P 45382841cb544a1380a63dc315a8f93d [term 1 FOLLOWER]: Refusing update from remote peer bb07e2399dcd4431b6e0c1c02cdfea5b: Log matching property violated. Preceding OpId in replica: term: 1 index: 1. Preceding OpId from leader: term: 1 index: 2. (index mismatch)
I20260710 11:00:20.351754  4469 consensus_queue.cc:1048] T e3cdc95ddbda49efb8aa32a2b207dabd P bb07e2399dcd4431b6e0c1c02cdfea5b [LEADER]: Connected to new peer: Peer: permanent_uuid: "b5afb53aae0d492c92ee0abfebc7351e" member_type: VOTER last_known_addr { host: "127.2.190.130" port: 33955 } attrs { replace: true }, Status: LMP_MISMATCH, Last received: 0.0, Next index: 2, Last known committed idx: 1, Time since last communication: 0.000s
I20260710 11:00:20.352648  4495 consensus_queue.cc:1048] T e3cdc95ddbda49efb8aa32a2b207dabd P bb07e2399dcd4431b6e0c1c02cdfea5b [LEADER]: Connected to new peer: Peer: permanent_uuid: "45382841cb544a1380a63dc315a8f93d" member_type: VOTER last_known_addr { host: "127.2.190.131" port: 45017 }, Status: LMP_MISMATCH, Last received: 0.0, Next index: 2, Last known committed idx: 1, Time since last communication: 0.000s
W20260710 11:00:20.356024  3889 consensus_peers.cc:597] T e3cdc95ddbda49efb8aa32a2b207dabd P bb07e2399dcd4431b6e0c1c02cdfea5b -> Peer e213ea0a1f9443f6832bd38d20a22001 (127.2.190.132:38925): Couldn't send request to peer e213ea0a1f9443f6832bd38d20a22001. Error code: TABLET_NOT_FOUND (6). Status: Not found: Tablet not found: e3cdc95ddbda49efb8aa32a2b207dabd. This is attempt 1: this message will repeat every 5th retry.
I20260710 11:00:20.370632  4495 raft_consensus.cc:2955] T e3cdc95ddbda49efb8aa32a2b207dabd P bb07e2399dcd4431b6e0c1c02cdfea5b [term 1 LEADER]: Committing config change with OpId 1.2: config changed from index -1 to 2, NON_VOTER e213ea0a1f9443f6832bd38d20a22001 (127.2.190.132) added. New config: { opid_index: 2 OBSOLETE_local: false peers { permanent_uuid: "bb07e2399dcd4431b6e0c1c02cdfea5b" member_type: VOTER last_known_addr { host: "127.2.190.129" port: 40965 } } peers { permanent_uuid: "b5afb53aae0d492c92ee0abfebc7351e" member_type: VOTER last_known_addr { host: "127.2.190.130" port: 33955 } attrs { replace: true } } peers { permanent_uuid: "45382841cb544a1380a63dc315a8f93d" member_type: VOTER last_known_addr { host: "127.2.190.131" port: 45017 } } peers { permanent_uuid: "e213ea0a1f9443f6832bd38d20a22001" member_type: NON_VOTER last_known_addr { host: "127.2.190.132" port: 38925 } attrs { promote: true } } }
I20260710 11:00:20.371812  3992 raft_consensus.cc:2955] T e3cdc95ddbda49efb8aa32a2b207dabd P b5afb53aae0d492c92ee0abfebc7351e [term 1 FOLLOWER]: Committing config change with OpId 1.2: config changed from index -1 to 2, NON_VOTER e213ea0a1f9443f6832bd38d20a22001 (127.2.190.132) added. New config: { opid_index: 2 OBSOLETE_local: false peers { permanent_uuid: "bb07e2399dcd4431b6e0c1c02cdfea5b" member_type: VOTER last_known_addr { host: "127.2.190.129" port: 40965 } } peers { permanent_uuid: "b5afb53aae0d492c92ee0abfebc7351e" member_type: VOTER last_known_addr { host: "127.2.190.130" port: 33955 } attrs { replace: true } } peers { permanent_uuid: "45382841cb544a1380a63dc315a8f93d" member_type: VOTER last_known_addr { host: "127.2.190.131" port: 45017 } } peers { permanent_uuid: "e213ea0a1f9443f6832bd38d20a22001" member_type: NON_VOTER last_known_addr { host: "127.2.190.132" port: 38925 } attrs { promote: true } } }
I20260710 11:00:20.374104  4065 raft_consensus.cc:2955] T e3cdc95ddbda49efb8aa32a2b207dabd P 45382841cb544a1380a63dc315a8f93d [term 1 FOLLOWER]: Committing config change with OpId 1.2: config changed from index -1 to 2, NON_VOTER e213ea0a1f9443f6832bd38d20a22001 (127.2.190.132) added. New config: { opid_index: 2 OBSOLETE_local: false peers { permanent_uuid: "bb07e2399dcd4431b6e0c1c02cdfea5b" member_type: VOTER last_known_addr { host: "127.2.190.129" port: 40965 } } peers { permanent_uuid: "b5afb53aae0d492c92ee0abfebc7351e" member_type: VOTER last_known_addr { host: "127.2.190.130" port: 33955 } attrs { replace: true } } peers { permanent_uuid: "45382841cb544a1380a63dc315a8f93d" member_type: VOTER last_known_addr { host: "127.2.190.131" port: 45017 } } peers { permanent_uuid: "e213ea0a1f9443f6832bd38d20a22001" member_type: NON_VOTER last_known_addr { host: "127.2.190.132" port: 38925 } attrs { promote: true } } }
I20260710 11:00:20.385087  3995 consensus_queue.cc:237] T 70b278db0b374952b2443afc2116d744 P b5afb53aae0d492c92ee0abfebc7351e [LEADER]: Queue going to LEADER mode. State: All replicated index: 0, Majority replicated index: 1, Committed index: 1, Last appended: 1.1, Last appended by leader: 0, Current term: 1, Majority size: 2, State: 0, Mode: LEADER, active raft config: opid_index: 2 OBSOLETE_local: false peers { permanent_uuid: "bb07e2399dcd4431b6e0c1c02cdfea5b" member_type: VOTER last_known_addr { host: "127.2.190.129" port: 40965 } attrs { replace: true } } peers { permanent_uuid: "b5afb53aae0d492c92ee0abfebc7351e" member_type: VOTER last_known_addr { host: "127.2.190.130" port: 33955 } } peers { permanent_uuid: "45382841cb544a1380a63dc315a8f93d" member_type: VOTER last_known_addr { host: "127.2.190.131" port: 45017 } } peers { permanent_uuid: "e213ea0a1f9443f6832bd38d20a22001" member_type: NON_VOTER last_known_addr { host: "127.2.190.132" port: 38925 } attrs { promote: true } }
I20260710 11:00:20.390497  3822 catalog_manager.cc:5697] T e3cdc95ddbda49efb8aa32a2b207dabd P bb07e2399dcd4431b6e0c1c02cdfea5b reported cstate change: config changed from index -1 to 2, NON_VOTER e213ea0a1f9443f6832bd38d20a22001 (127.2.190.132) added. New cstate: current_term: 1 leader_uuid: "bb07e2399dcd4431b6e0c1c02cdfea5b" committed_config { opid_index: 2 OBSOLETE_local: false peers { permanent_uuid: "bb07e2399dcd4431b6e0c1c02cdfea5b" member_type: VOTER last_known_addr { host: "127.2.190.129" port: 40965 } health_report { overall_health: HEALTHY } } peers { permanent_uuid: "b5afb53aae0d492c92ee0abfebc7351e" member_type: VOTER last_known_addr { host: "127.2.190.130" port: 33955 } attrs { replace: true } health_report { overall_health: HEALTHY } } peers { permanent_uuid: "45382841cb544a1380a63dc315a8f93d" member_type: VOTER last_known_addr { host: "127.2.190.131" port: 45017 } health_report { overall_health: HEALTHY } } peers { permanent_uuid: "e213ea0a1f9443f6832bd38d20a22001" member_type: NON_VOTER last_known_addr { host: "127.2.190.132" port: 38925 } attrs { promote: true } health_report { overall_health: UNKNOWN } } }
W20260710 11:00:20.400427  3964 consensus_peers.cc:597] T 70b278db0b374952b2443afc2116d744 P b5afb53aae0d492c92ee0abfebc7351e -> Peer e213ea0a1f9443f6832bd38d20a22001 (127.2.190.132:38925): Couldn't send request to peer e213ea0a1f9443f6832bd38d20a22001. Error code: TABLET_NOT_FOUND (6). Status: Not found: Tablet not found: 70b278db0b374952b2443afc2116d744. This is attempt 1: this message will repeat every 5th retry.
I20260710 11:00:20.402051  4065 raft_consensus.cc:1275] T 70b278db0b374952b2443afc2116d744 P 45382841cb544a1380a63dc315a8f93d [term 1 FOLLOWER]: Refusing update from remote peer b5afb53aae0d492c92ee0abfebc7351e: Log matching property violated. Preceding OpId in replica: term: 1 index: 1. Preceding OpId from leader: term: 1 index: 2. (index mismatch)
I20260710 11:00:20.402671  3917 raft_consensus.cc:1275] T 70b278db0b374952b2443afc2116d744 P bb07e2399dcd4431b6e0c1c02cdfea5b [term 1 FOLLOWER]: Refusing update from remote peer b5afb53aae0d492c92ee0abfebc7351e: Log matching property violated. Preceding OpId in replica: term: 1 index: 1. Preceding OpId from leader: term: 1 index: 2. (index mismatch)
I20260710 11:00:20.404263  4515 consensus_queue.cc:1048] T 70b278db0b374952b2443afc2116d744 P b5afb53aae0d492c92ee0abfebc7351e [LEADER]: Connected to new peer: Peer: permanent_uuid: "45382841cb544a1380a63dc315a8f93d" member_type: VOTER last_known_addr { host: "127.2.190.131" port: 45017 }, Status: LMP_MISMATCH, Last received: 0.0, Next index: 2, Last known committed idx: 1, Time since last communication: 0.000s
I20260710 11:00:20.408861  4515 consensus_queue.cc:1048] T 70b278db0b374952b2443afc2116d744 P b5afb53aae0d492c92ee0abfebc7351e [LEADER]: Connected to new peer: Peer: permanent_uuid: "bb07e2399dcd4431b6e0c1c02cdfea5b" member_type: VOTER last_known_addr { host: "127.2.190.129" port: 40965 } attrs { replace: true }, Status: LMP_MISMATCH, Last received: 0.0, Next index: 2, Last known committed idx: 1, Time since last communication: 0.000s
I20260710 11:00:20.424027  4537 raft_consensus.cc:2955] T 70b278db0b374952b2443afc2116d744 P b5afb53aae0d492c92ee0abfebc7351e [term 1 LEADER]: Committing config change with OpId 1.2: config changed from index -1 to 2, NON_VOTER e213ea0a1f9443f6832bd38d20a22001 (127.2.190.132) added. New config: { opid_index: 2 OBSOLETE_local: false peers { permanent_uuid: "bb07e2399dcd4431b6e0c1c02cdfea5b" member_type: VOTER last_known_addr { host: "127.2.190.129" port: 40965 } attrs { replace: true } } peers { permanent_uuid: "b5afb53aae0d492c92ee0abfebc7351e" member_type: VOTER last_known_addr { host: "127.2.190.130" port: 33955 } } peers { permanent_uuid: "45382841cb544a1380a63dc315a8f93d" member_type: VOTER last_known_addr { host: "127.2.190.131" port: 45017 } } peers { permanent_uuid: "e213ea0a1f9443f6832bd38d20a22001" member_type: NON_VOTER last_known_addr { host: "127.2.190.132" port: 38925 } attrs { promote: true } } }
I20260710 11:00:20.425791  3921 raft_consensus.cc:2955] T 70b278db0b374952b2443afc2116d744 P bb07e2399dcd4431b6e0c1c02cdfea5b [term 1 FOLLOWER]: Committing config change with OpId 1.2: config changed from index -1 to 2, NON_VOTER e213ea0a1f9443f6832bd38d20a22001 (127.2.190.132) added. New config: { opid_index: 2 OBSOLETE_local: false peers { permanent_uuid: "bb07e2399dcd4431b6e0c1c02cdfea5b" member_type: VOTER last_known_addr { host: "127.2.190.129" port: 40965 } attrs { replace: true } } peers { permanent_uuid: "b5afb53aae0d492c92ee0abfebc7351e" member_type: VOTER last_known_addr { host: "127.2.190.130" port: 33955 } } peers { permanent_uuid: "45382841cb544a1380a63dc315a8f93d" member_type: VOTER last_known_addr { host: "127.2.190.131" port: 45017 } } peers { permanent_uuid: "e213ea0a1f9443f6832bd38d20a22001" member_type: NON_VOTER last_known_addr { host: "127.2.190.132" port: 38925 } attrs { promote: true } } }
I20260710 11:00:20.441545  4065 raft_consensus.cc:2955] T 70b278db0b374952b2443afc2116d744 P 45382841cb544a1380a63dc315a8f93d [term 1 FOLLOWER]: Committing config change with OpId 1.2: config changed from index -1 to 2, NON_VOTER e213ea0a1f9443f6832bd38d20a22001 (127.2.190.132) added. New config: { opid_index: 2 OBSOLETE_local: false peers { permanent_uuid: "bb07e2399dcd4431b6e0c1c02cdfea5b" member_type: VOTER last_known_addr { host: "127.2.190.129" port: 40965 } attrs { replace: true } } peers { permanent_uuid: "b5afb53aae0d492c92ee0abfebc7351e" member_type: VOTER last_known_addr { host: "127.2.190.130" port: 33955 } } peers { permanent_uuid: "45382841cb544a1380a63dc315a8f93d" member_type: VOTER last_known_addr { host: "127.2.190.131" port: 45017 } } peers { permanent_uuid: "e213ea0a1f9443f6832bd38d20a22001" member_type: NON_VOTER last_known_addr { host: "127.2.190.132" port: 38925 } attrs { promote: true } } }
I20260710 11:00:20.446533  3819 catalog_manager.cc:5697] T 70b278db0b374952b2443afc2116d744 P bb07e2399dcd4431b6e0c1c02cdfea5b reported cstate change: config changed from index -1 to 2, NON_VOTER e213ea0a1f9443f6832bd38d20a22001 (127.2.190.132) added. New cstate: current_term: 1 leader_uuid: "b5afb53aae0d492c92ee0abfebc7351e" committed_config { opid_index: 2 OBSOLETE_local: false peers { permanent_uuid: "bb07e2399dcd4431b6e0c1c02cdfea5b" member_type: VOTER last_known_addr { host: "127.2.190.129" port: 40965 } attrs { replace: true } } peers { permanent_uuid: "b5afb53aae0d492c92ee0abfebc7351e" member_type: VOTER last_known_addr { host: "127.2.190.130" port: 33955 } } peers { permanent_uuid: "45382841cb544a1380a63dc315a8f93d" member_type: VOTER last_known_addr { host: "127.2.190.131" port: 45017 } } peers { permanent_uuid: "e213ea0a1f9443f6832bd38d20a22001" member_type: NON_VOTER last_known_addr { host: "127.2.190.132" port: 38925 } attrs { promote: true } } }
I20260710 11:00:20.594172  4540 ts_tablet_manager.cc:933] T 7cbe170ef86c46ff8117b7a20e75b854 P e213ea0a1f9443f6832bd38d20a22001: Initiating tablet copy from peer 45382841cb544a1380a63dc315a8f93d (127.2.190.131:45017)
I20260710 11:00:20.596220  4540 tablet_copy_client.cc:323] T 7cbe170ef86c46ff8117b7a20e75b854 P e213ea0a1f9443f6832bd38d20a22001: tablet copy: Beginning tablet copy session from remote peer at address 127.2.190.131:45017
I20260710 11:00:20.597940  4084 tablet_copy_service.cc:140] P 45382841cb544a1380a63dc315a8f93d: Received BeginTabletCopySession request for tablet 7cbe170ef86c46ff8117b7a20e75b854 from peer e213ea0a1f9443f6832bd38d20a22001 ({username='slave'} at 127.0.0.1:41876)
I20260710 11:00:20.598531  4084 tablet_copy_service.cc:161] P 45382841cb544a1380a63dc315a8f93d: Beginning new tablet copy session on tablet 7cbe170ef86c46ff8117b7a20e75b854 from peer e213ea0a1f9443f6832bd38d20a22001 at {username='slave'} at 127.0.0.1:41876: session id = e213ea0a1f9443f6832bd38d20a22001-7cbe170ef86c46ff8117b7a20e75b854
I20260710 11:00:20.608615  4084 tablet_copy_source_session.cc:215] T 7cbe170ef86c46ff8117b7a20e75b854 P 45382841cb544a1380a63dc315a8f93d: Tablet Copy: opened 0 blocks and 1 log segments
I20260710 11:00:20.611881  4540 data_dirs.cc:400] Could only allocate 1 dirs of requested 3 for tablet 7cbe170ef86c46ff8117b7a20e75b854. 1 dirs total, 0 dirs full, 0 dirs failed
I20260710 11:00:20.630170  4540 tablet_copy_client.cc:806] T 7cbe170ef86c46ff8117b7a20e75b854 P e213ea0a1f9443f6832bd38d20a22001: tablet copy: Starting download of 0 data blocks...
I20260710 11:00:20.630940  4540 tablet_copy_client.cc:670] T 7cbe170ef86c46ff8117b7a20e75b854 P e213ea0a1f9443f6832bd38d20a22001: tablet copy: Starting download of 1 WAL segments...
I20260710 11:00:20.634851  4540 tablet_copy_client.cc:538] T 7cbe170ef86c46ff8117b7a20e75b854 P e213ea0a1f9443f6832bd38d20a22001: tablet copy: Tablet Copy complete. Replacing tablet superblock.
I20260710 11:00:20.643028  4065 raft_consensus.cc:1275] T 8605134eeea84698a10ecc296d37f3a8 P 45382841cb544a1380a63dc315a8f93d [term 4 FOLLOWER]: Refusing update from remote peer bb07e2399dcd4431b6e0c1c02cdfea5b: Log matching property violated. Preceding OpId in replica: term: 2 index: 2. Preceding OpId from leader: term: 4 index: 3. (index mismatch)
I20260710 11:00:20.644483  4540 tablet_bootstrap.cc:492] T 7cbe170ef86c46ff8117b7a20e75b854 P e213ea0a1f9443f6832bd38d20a22001: Bootstrap starting.
I20260710 11:00:20.644755  4495 consensus_queue.cc:1048] T 8605134eeea84698a10ecc296d37f3a8 P bb07e2399dcd4431b6e0c1c02cdfea5b [LEADER]: Connected to new peer: Peer: permanent_uuid: "45382841cb544a1380a63dc315a8f93d" member_type: VOTER last_known_addr { host: "127.2.190.131" port: 45017 }, Status: LMP_MISMATCH, Last received: 0.0, Next index: 3, Last known committed idx: 2, Time since last communication: 0.000s
I20260710 11:00:20.675945  4540 tablet_bootstrap.cc:492] T 7cbe170ef86c46ff8117b7a20e75b854 P e213ea0a1f9443f6832bd38d20a22001: Bootstrap replayed 1/1 log segments. Stats: ops{read=3 overwritten=0 applied=3 ignored=0} inserts{seen=0 ignored=0} mutations{seen=0 ignored=0} orphaned_commits=0. Pending: 0 replicates
I20260710 11:00:20.677119  4540 tablet_bootstrap.cc:492] T 7cbe170ef86c46ff8117b7a20e75b854 P e213ea0a1f9443f6832bd38d20a22001: Bootstrap complete.
I20260710 11:00:20.677970  4540 ts_tablet_manager.cc:1403] T 7cbe170ef86c46ff8117b7a20e75b854 P e213ea0a1f9443f6832bd38d20a22001: Time spent bootstrapping tablet: real 0.034s	user 0.025s	sys 0.009s
I20260710 11:00:20.680958  4540 raft_consensus.cc:359] T 7cbe170ef86c46ff8117b7a20e75b854 P e213ea0a1f9443f6832bd38d20a22001 [term 2 LEARNER]: Replica starting. Triggering 0 pending ops. Active config: opid_index: 3 OBSOLETE_local: false peers { permanent_uuid: "bb07e2399dcd4431b6e0c1c02cdfea5b" member_type: VOTER last_known_addr { host: "127.2.190.129" port: 40965 } } peers { permanent_uuid: "b5afb53aae0d492c92ee0abfebc7351e" member_type: VOTER last_known_addr { host: "127.2.190.130" port: 33955 } attrs { replace: true } } peers { permanent_uuid: "45382841cb544a1380a63dc315a8f93d" member_type: VOTER last_known_addr { host: "127.2.190.131" port: 45017 } } peers { permanent_uuid: "e213ea0a1f9443f6832bd38d20a22001" member_type: NON_VOTER last_known_addr { host: "127.2.190.132" port: 38925 } attrs { promote: true } }
I20260710 11:00:20.681464  3992 raft_consensus.cc:1275] T 8605134eeea84698a10ecc296d37f3a8 P b5afb53aae0d492c92ee0abfebc7351e [term 4 FOLLOWER]: Refusing update from remote peer bb07e2399dcd4431b6e0c1c02cdfea5b: Log matching property violated. Preceding OpId in replica: term: 2 index: 2. Preceding OpId from leader: term: 4 index: 3. (index mismatch)
I20260710 11:00:20.681929  4540 raft_consensus.cc:740] T 7cbe170ef86c46ff8117b7a20e75b854 P e213ea0a1f9443f6832bd38d20a22001 [term 2 LEARNER]: Becoming Follower/Learner. State: Replica: e213ea0a1f9443f6832bd38d20a22001, State: Initialized, Role: LEARNER
I20260710 11:00:20.682735  4540 consensus_queue.cc:260] T 7cbe170ef86c46ff8117b7a20e75b854 P e213ea0a1f9443f6832bd38d20a22001 [NON_LEADER]: Queue going to NON_LEADER mode. State: All replicated index: 0, Majority replicated index: 0, Committed index: 3, Last appended: 2.3, Last appended by leader: 3, Current term: 0, Majority size: -1, State: 0, Mode: NON_LEADER, active raft config: opid_index: 3 OBSOLETE_local: false peers { permanent_uuid: "bb07e2399dcd4431b6e0c1c02cdfea5b" member_type: VOTER last_known_addr { host: "127.2.190.129" port: 40965 } } peers { permanent_uuid: "b5afb53aae0d492c92ee0abfebc7351e" member_type: VOTER last_known_addr { host: "127.2.190.130" port: 33955 } attrs { replace: true } } peers { permanent_uuid: "45382841cb544a1380a63dc315a8f93d" member_type: VOTER last_known_addr { host: "127.2.190.131" port: 45017 } } peers { permanent_uuid: "e213ea0a1f9443f6832bd38d20a22001" member_type: NON_VOTER last_known_addr { host: "127.2.190.132" port: 38925 } attrs { promote: true } }
I20260710 11:00:20.686688  4495 consensus_queue.cc:1048] T 8605134eeea84698a10ecc296d37f3a8 P bb07e2399dcd4431b6e0c1c02cdfea5b [LEADER]: Connected to new peer: Peer: permanent_uuid: "b5afb53aae0d492c92ee0abfebc7351e" member_type: VOTER last_known_addr { host: "127.2.190.130" port: 33955 }, Status: LMP_MISMATCH, Last received: 0.0, Next index: 3, Last known committed idx: 1, Time since last communication: 0.000s
I20260710 11:00:20.785600  4540 ts_tablet_manager.cc:1434] T 7cbe170ef86c46ff8117b7a20e75b854 P e213ea0a1f9443f6832bd38d20a22001: Time spent starting tablet: real 0.107s	user 0.014s	sys 0.047s
