I20260710 11:00:14.233265  8506 raft_consensus.cc:2955] T bdcde03cf75242e3bc23170617d549b8 P 89f71700feb446689d0c34d67439a867 [term 1 FOLLOWER]: Committing config change with OpId 1.2: config changed from index -1 to 2, NON_VOTER fe110a86a36f4e41ac388436d41bc279 (127.7.61.4) added. New config: { opid_index: 2 OBSOLETE_local: false peers { permanent_uuid: "89f71700feb446689d0c34d67439a867" member_type: VOTER last_known_addr { host: "127.7.61.1" port: 40665 } } peers { permanent_uuid: "a9b1deb98add4bee8e5416d8210a744b" member_type: VOTER last_known_addr { host: "127.7.61.2" port: 44649 } } peers { permanent_uuid: "281aecb7aed947adb150f6d860112422" member_type: VOTER last_known_addr { host: "127.7.61.3" port: 39645 } attrs { replace: true } } peers { permanent_uuid: "fe110a86a36f4e41ac388436d41bc279" member_type: NON_VOTER last_known_addr { host: "127.7.61.4" port: 34257 } attrs { promote: true } } }
I20260710 11:00:14.235397  8657 raft_consensus.cc:2955] T bdcde03cf75242e3bc23170617d549b8 P 281aecb7aed947adb150f6d860112422 [term 1 FOLLOWER]: Committing config change with OpId 1.2: config changed from index -1 to 2, NON_VOTER fe110a86a36f4e41ac388436d41bc279 (127.7.61.4) added. New config: { opid_index: 2 OBSOLETE_local: false peers { permanent_uuid: "89f71700feb446689d0c34d67439a867" member_type: VOTER last_known_addr { host: "127.7.61.1" port: 40665 } } peers { permanent_uuid: "a9b1deb98add4bee8e5416d8210a744b" member_type: VOTER last_known_addr { host: "127.7.61.2" port: 44649 } } peers { permanent_uuid: "281aecb7aed947adb150f6d860112422" member_type: VOTER last_known_addr { host: "127.7.61.3" port: 39645 } attrs { replace: true } } peers { permanent_uuid: "fe110a86a36f4e41ac388436d41bc279" member_type: NON_VOTER last_known_addr { host: "127.7.61.4" port: 34257 } attrs { promote: true } } }
I20260710 11:00:14.245394  8406 catalog_manager.cc:5697] T bdcde03cf75242e3bc23170617d549b8 P a9b1deb98add4bee8e5416d8210a744b reported cstate change: config changed from index -1 to 2, NON_VOTER fe110a86a36f4e41ac388436d41bc279 (127.7.61.4) added. New cstate: current_term: 1 leader_uuid: "a9b1deb98add4bee8e5416d8210a744b" committed_config { opid_index: 2 OBSOLETE_local: false peers { permanent_uuid: "89f71700feb446689d0c34d67439a867" member_type: VOTER last_known_addr { host: "127.7.61.1" port: 40665 } health_report { overall_health: HEALTHY } } peers { permanent_uuid: "a9b1deb98add4bee8e5416d8210a744b" member_type: VOTER last_known_addr { host: "127.7.61.2" port: 44649 } health_report { overall_health: HEALTHY } } peers { permanent_uuid: "281aecb7aed947adb150f6d860112422" member_type: VOTER last_known_addr { host: "127.7.61.3" port: 39645 } attrs { replace: true } health_report { overall_health: HEALTHY } } peers { permanent_uuid: "fe110a86a36f4e41ac388436d41bc279" member_type: NON_VOTER last_known_addr { host: "127.7.61.4" port: 34257 } attrs { promote: true } health_report { overall_health: UNKNOWN } } }
I20260710 11:00:14.267017  8657 consensus_queue.cc:237] T 690504ede129419287ee8c381837400f P 281aecb7aed947adb150f6d860112422 [LEADER]: Queue going to LEADER mode. State: All replicated index: 0, Majority replicated index: 1, Committed index: 1, Last appended: 1.1, Last appended by leader: 0, Current term: 1, Majority size: 2, State: 0, Mode: LEADER, active raft config: opid_index: 2 OBSOLETE_local: false peers { permanent_uuid: "89f71700feb446689d0c34d67439a867" member_type: VOTER last_known_addr { host: "127.7.61.1" port: 40665 } attrs { replace: true } } peers { permanent_uuid: "a9b1deb98add4bee8e5416d8210a744b" member_type: VOTER last_known_addr { host: "127.7.61.2" port: 44649 } } peers { permanent_uuid: "281aecb7aed947adb150f6d860112422" member_type: VOTER last_known_addr { host: "127.7.61.3" port: 39645 } } peers { permanent_uuid: "fe110a86a36f4e41ac388436d41bc279" member_type: NON_VOTER last_known_addr { host: "127.7.61.4" port: 34257 } attrs { promote: true } }
I20260710 11:00:14.274884  8506 raft_consensus.cc:1275] T 690504ede129419287ee8c381837400f P 89f71700feb446689d0c34d67439a867 [term 1 FOLLOWER]: Refusing update from remote peer 281aecb7aed947adb150f6d860112422: Log matching property violated. Preceding OpId in replica: term: 1 index: 1. Preceding OpId from leader: term: 1 index: 2. (index mismatch)
I20260710 11:00:14.276167  8583 raft_consensus.cc:1275] T 690504ede129419287ee8c381837400f P a9b1deb98add4bee8e5416d8210a744b [term 1 FOLLOWER]: Refusing update from remote peer 281aecb7aed947adb150f6d860112422: Log matching property violated. Preceding OpId in replica: term: 1 index: 1. Preceding OpId from leader: term: 1 index: 2. (index mismatch)
I20260710 11:00:14.277624  8980 consensus_queue.cc:1048] T 690504ede129419287ee8c381837400f P 281aecb7aed947adb150f6d860112422 [LEADER]: Connected to new peer: Peer: permanent_uuid: "89f71700feb446689d0c34d67439a867" member_type: VOTER last_known_addr { host: "127.7.61.1" port: 40665 } attrs { replace: true }, Status: LMP_MISMATCH, Last received: 0.0, Next index: 2, Last known committed idx: 1, Time since last communication: 0.000s
I20260710 11:00:14.279821  8980 consensus_queue.cc:1048] T 690504ede129419287ee8c381837400f P 281aecb7aed947adb150f6d860112422 [LEADER]: Connected to new peer: Peer: permanent_uuid: "a9b1deb98add4bee8e5416d8210a744b" member_type: VOTER last_known_addr { host: "127.7.61.2" port: 44649 }, Status: LMP_MISMATCH, Last received: 0.0, Next index: 2, Last known committed idx: 1, Time since last communication: 0.000s
I20260710 11:00:14.290593  9050 raft_consensus.cc:2955] T 690504ede129419287ee8c381837400f P 281aecb7aed947adb150f6d860112422 [term 1 LEADER]: Committing config change with OpId 1.2: config changed from index -1 to 2, NON_VOTER fe110a86a36f4e41ac388436d41bc279 (127.7.61.4) added. New config: { opid_index: 2 OBSOLETE_local: false peers { permanent_uuid: "89f71700feb446689d0c34d67439a867" member_type: VOTER last_known_addr { host: "127.7.61.1" port: 40665 } attrs { replace: true } } peers { permanent_uuid: "a9b1deb98add4bee8e5416d8210a744b" member_type: VOTER last_known_addr { host: "127.7.61.2" port: 44649 } } peers { permanent_uuid: "281aecb7aed947adb150f6d860112422" member_type: VOTER last_known_addr { host: "127.7.61.3" port: 39645 } } peers { permanent_uuid: "fe110a86a36f4e41ac388436d41bc279" member_type: NON_VOTER last_known_addr { host: "127.7.61.4" port: 34257 } attrs { promote: true } } }
I20260710 11:00:14.292309  8506 raft_consensus.cc:2955] T 690504ede129419287ee8c381837400f P 89f71700feb446689d0c34d67439a867 [term 1 FOLLOWER]: Committing config change with OpId 1.2: config changed from index -1 to 2, NON_VOTER fe110a86a36f4e41ac388436d41bc279 (127.7.61.4) added. New config: { opid_index: 2 OBSOLETE_local: false peers { permanent_uuid: "89f71700feb446689d0c34d67439a867" member_type: VOTER last_known_addr { host: "127.7.61.1" port: 40665 } attrs { replace: true } } peers { permanent_uuid: "a9b1deb98add4bee8e5416d8210a744b" member_type: VOTER last_known_addr { host: "127.7.61.2" port: 44649 } } peers { permanent_uuid: "281aecb7aed947adb150f6d860112422" member_type: VOTER last_known_addr { host: "127.7.61.3" port: 39645 } } peers { permanent_uuid: "fe110a86a36f4e41ac388436d41bc279" member_type: NON_VOTER last_known_addr { host: "127.7.61.4" port: 34257 } attrs { promote: true } } }
W20260710 11:00:14.299153  8624 consensus_peers.cc:597] T 690504ede129419287ee8c381837400f P 281aecb7aed947adb150f6d860112422 -> Peer fe110a86a36f4e41ac388436d41bc279 (127.7.61.4:34257): Couldn't send request to peer fe110a86a36f4e41ac388436d41bc279. Error code: TABLET_NOT_FOUND (6). Status: Not found: Tablet not found: 690504ede129419287ee8c381837400f. This is attempt 1: this message will repeat every 5th retry.
I20260710 11:00:14.309955  8404 catalog_manager.cc:5697] T 690504ede129419287ee8c381837400f P 89f71700feb446689d0c34d67439a867 reported cstate change: config changed from index -1 to 2, NON_VOTER fe110a86a36f4e41ac388436d41bc279 (127.7.61.4) added. New cstate: current_term: 1 leader_uuid: "281aecb7aed947adb150f6d860112422" committed_config { opid_index: 2 OBSOLETE_local: false peers { permanent_uuid: "89f71700feb446689d0c34d67439a867" member_type: VOTER last_known_addr { host: "127.7.61.1" port: 40665 } attrs { replace: true } } peers { permanent_uuid: "a9b1deb98add4bee8e5416d8210a744b" member_type: VOTER last_known_addr { host: "127.7.61.2" port: 44649 } } peers { permanent_uuid: "281aecb7aed947adb150f6d860112422" member_type: VOTER last_known_addr { host: "127.7.61.3" port: 39645 } } peers { permanent_uuid: "fe110a86a36f4e41ac388436d41bc279" member_type: NON_VOTER last_known_addr { host: "127.7.61.4" port: 34257 } attrs { promote: true } } }
I20260710 11:00:14.315698  8583 raft_consensus.cc:2955] T 690504ede129419287ee8c381837400f P a9b1deb98add4bee8e5416d8210a744b [term 1 FOLLOWER]: Committing config change with OpId 1.2: config changed from index -1 to 2, NON_VOTER fe110a86a36f4e41ac388436d41bc279 (127.7.61.4) added. New config: { opid_index: 2 OBSOLETE_local: false peers { permanent_uuid: "89f71700feb446689d0c34d67439a867" member_type: VOTER last_known_addr { host: "127.7.61.1" port: 40665 } attrs { replace: true } } peers { permanent_uuid: "a9b1deb98add4bee8e5416d8210a744b" member_type: VOTER last_known_addr { host: "127.7.61.2" port: 44649 } } peers { permanent_uuid: "281aecb7aed947adb150f6d860112422" member_type: VOTER last_known_addr { host: "127.7.61.3" port: 39645 } } peers { permanent_uuid: "fe110a86a36f4e41ac388436d41bc279" member_type: NON_VOTER last_known_addr { host: "127.7.61.4" port: 34257 } attrs { promote: true } } }
I20260710 11:00:14.613652  9077 ts_tablet_manager.cc:933] T bdcde03cf75242e3bc23170617d549b8 P fe110a86a36f4e41ac388436d41bc279: Initiating tablet copy from peer a9b1deb98add4bee8e5416d8210a744b (127.7.61.2:44649)
I20260710 11:00:14.616425  9077 tablet_copy_client.cc:323] T bdcde03cf75242e3bc23170617d549b8 P fe110a86a36f4e41ac388436d41bc279: tablet copy: Beginning tablet copy session from remote peer at address 127.7.61.2:44649
I20260710 11:00:14.618180  8594 tablet_copy_service.cc:140] P a9b1deb98add4bee8e5416d8210a744b: Received BeginTabletCopySession request for tablet bdcde03cf75242e3bc23170617d549b8 from peer fe110a86a36f4e41ac388436d41bc279 ({username='slave'} at 127.0.0.1:48316)
I20260710 11:00:14.618712  8594 tablet_copy_service.cc:161] P a9b1deb98add4bee8e5416d8210a744b: Beginning new tablet copy session on tablet bdcde03cf75242e3bc23170617d549b8 from peer fe110a86a36f4e41ac388436d41bc279 at {username='slave'} at 127.0.0.1:48316: session id = fe110a86a36f4e41ac388436d41bc279-bdcde03cf75242e3bc23170617d549b8
I20260710 11:00:14.623893  8594 tablet_copy_source_session.cc:215] T bdcde03cf75242e3bc23170617d549b8 P a9b1deb98add4bee8e5416d8210a744b: Tablet Copy: opened 0 blocks and 1 log segments
I20260710 11:00:14.626214  9077 data_dirs.cc:400] Could only allocate 1 dirs of requested 3 for tablet bdcde03cf75242e3bc23170617d549b8. 1 dirs total, 0 dirs full, 0 dirs failed
I20260710 11:00:14.638669  9077 tablet_copy_client.cc:806] T bdcde03cf75242e3bc23170617d549b8 P fe110a86a36f4e41ac388436d41bc279: tablet copy: Starting download of 0 data blocks...
I20260710 11:00:14.639329  9077 tablet_copy_client.cc:670] T bdcde03cf75242e3bc23170617d549b8 P fe110a86a36f4e41ac388436d41bc279: tablet copy: Starting download of 1 WAL segments...
I20260710 11:00:14.643419  9077 tablet_copy_client.cc:538] T bdcde03cf75242e3bc23170617d549b8 P fe110a86a36f4e41ac388436d41bc279: tablet copy: Tablet Copy complete. Replacing tablet superblock.
I20260710 11:00:14.644034  9079 ts_tablet_manager.cc:933] T 6b69e8de2cc04afca04867c2eaabd42e P fe110a86a36f4e41ac388436d41bc279: Initiating tablet copy from peer a9b1deb98add4bee8e5416d8210a744b (127.7.61.2:44649)
I20260710 11:00:14.645975  9079 tablet_copy_client.cc:323] T 6b69e8de2cc04afca04867c2eaabd42e P fe110a86a36f4e41ac388436d41bc279: tablet copy: Beginning tablet copy session from remote peer at address 127.7.61.2:44649
I20260710 11:00:14.647526  8594 tablet_copy_service.cc:140] P a9b1deb98add4bee8e5416d8210a744b: Received BeginTabletCopySession request for tablet 6b69e8de2cc04afca04867c2eaabd42e from peer fe110a86a36f4e41ac388436d41bc279 ({username='slave'} at 127.0.0.1:48316)
I20260710 11:00:14.648052  8594 tablet_copy_service.cc:161] P a9b1deb98add4bee8e5416d8210a744b: Beginning new tablet copy session on tablet 6b69e8de2cc04afca04867c2eaabd42e from peer fe110a86a36f4e41ac388436d41bc279 at {username='slave'} at 127.0.0.1:48316: session id = fe110a86a36f4e41ac388436d41bc279-6b69e8de2cc04afca04867c2eaabd42e
I20260710 11:00:14.650718  9077 tablet_bootstrap.cc:492] T bdcde03cf75242e3bc23170617d549b8 P fe110a86a36f4e41ac388436d41bc279: Bootstrap starting.
I20260710 11:00:14.654937  8594 tablet_copy_source_session.cc:215] T 6b69e8de2cc04afca04867c2eaabd42e P a9b1deb98add4bee8e5416d8210a744b: Tablet Copy: opened 0 blocks and 1 log segments
I20260710 11:00:14.658025  9079 data_dirs.cc:400] Could only allocate 1 dirs of requested 3 for tablet 6b69e8de2cc04afca04867c2eaabd42e. 1 dirs total, 0 dirs full, 0 dirs failed
I20260710 11:00:14.673169  9077 tablet_bootstrap.cc:492] T bdcde03cf75242e3bc23170617d549b8 P fe110a86a36f4e41ac388436d41bc279: Bootstrap replayed 1/1 log segments. Stats: ops{read=2 overwritten=0 applied=2 ignored=0} inserts{seen=0 ignored=0} mutations{seen=0 ignored=0} orphaned_commits=0. Pending: 0 replicates
I20260710 11:00:14.674226  9079 tablet_copy_client.cc:806] T 6b69e8de2cc04afca04867c2eaabd42e P fe110a86a36f4e41ac388436d41bc279: tablet copy: Starting download of 0 data blocks...
I20260710 11:00:14.674459  9077 tablet_bootstrap.cc:492] T bdcde03cf75242e3bc23170617d549b8 P fe110a86a36f4e41ac388436d41bc279: Bootstrap complete.
I20260710 11:00:14.674746  9079 tablet_copy_client.cc:670] T 6b69e8de2cc04afca04867c2eaabd42e P fe110a86a36f4e41ac388436d41bc279: tablet copy: Starting download of 1 WAL segments...
I20260710 11:00:14.675321  9077 ts_tablet_manager.cc:1403] T bdcde03cf75242e3bc23170617d549b8 P fe110a86a36f4e41ac388436d41bc279: Time spent bootstrapping tablet: real 0.025s	user 0.015s	sys 0.010s
I20260710 11:00:14.678023  9082 ts_tablet_manager.cc:933] T 3ef38fd60be1471785f257f9cd3d92ff P fe110a86a36f4e41ac388436d41bc279: Initiating tablet copy from peer 89f71700feb446689d0c34d67439a867 (127.7.61.1:40665)
I20260710 11:00:14.678736  9079 tablet_copy_client.cc:538] T 6b69e8de2cc04afca04867c2eaabd42e P fe110a86a36f4e41ac388436d41bc279: tablet copy: Tablet Copy complete. Replacing tablet superblock.
I20260710 11:00:14.678999  9077 raft_consensus.cc:359] T bdcde03cf75242e3bc23170617d549b8 P fe110a86a36f4e41ac388436d41bc279 [term 1 LEARNER]: Replica starting. Triggering 0 pending ops. Active config: opid_index: 2 OBSOLETE_local: false peers { permanent_uuid: "89f71700feb446689d0c34d67439a867" member_type: VOTER last_known_addr { host: "127.7.61.1" port: 40665 } } peers { permanent_uuid: "a9b1deb98add4bee8e5416d8210a744b" member_type: VOTER last_known_addr { host: "127.7.61.2" port: 44649 } } peers { permanent_uuid: "281aecb7aed947adb150f6d860112422" member_type: VOTER last_known_addr { host: "127.7.61.3" port: 39645 } attrs { replace: true } } peers { permanent_uuid: "fe110a86a36f4e41ac388436d41bc279" member_type: NON_VOTER last_known_addr { host: "127.7.61.4" port: 34257 } attrs { promote: true } }
I20260710 11:00:14.679929  9077 raft_consensus.cc:740] T bdcde03cf75242e3bc23170617d549b8 P fe110a86a36f4e41ac388436d41bc279 [term 1 LEARNER]: Becoming Follower/Learner. State: Replica: fe110a86a36f4e41ac388436d41bc279, State: Initialized, Role: LEARNER
I20260710 11:00:14.680719  9077 consensus_queue.cc:260] T bdcde03cf75242e3bc23170617d549b8 P fe110a86a36f4e41ac388436d41bc279 [NON_LEADER]: Queue going to NON_LEADER mode. State: All replicated index: 0, Majority replicated index: 0, Committed index: 2, Last appended: 1.2, Last appended by leader: 2, Current term: 0, Majority size: -1, State: 0, Mode: NON_LEADER, active raft config: opid_index: 2 OBSOLETE_local: false peers { permanent_uuid: "89f71700feb446689d0c34d67439a867" member_type: VOTER last_known_addr { host: "127.7.61.1" port: 40665 } } peers { permanent_uuid: "a9b1deb98add4bee8e5416d8210a744b" member_type: VOTER last_known_addr { host: "127.7.61.2" port: 44649 } } peers { permanent_uuid: "281aecb7aed947adb150f6d860112422" member_type: VOTER last_known_addr { host: "127.7.61.3" port: 39645 } attrs { replace: true } } peers { permanent_uuid: "fe110a86a36f4e41ac388436d41bc279" member_type: NON_VOTER last_known_addr { host: "127.7.61.4" port: 34257 } attrs { promote: true } }
I20260710 11:00:14.687219  9079 tablet_bootstrap.cc:492] T 6b69e8de2cc04afca04867c2eaabd42e P fe110a86a36f4e41ac388436d41bc279: Bootstrap starting.
I20260710 11:00:14.695842  9077 ts_tablet_manager.cc:1434] T bdcde03cf75242e3bc23170617d549b8 P fe110a86a36f4e41ac388436d41bc279: Time spent starting tablet: real 0.020s	user 0.005s	sys 0.012s
I20260710 11:00:14.697506  8594 tablet_copy_service.cc:342] P a9b1deb98add4bee8e5416d8210a744b: Request end of tablet copy session fe110a86a36f4e41ac388436d41bc279-bdcde03cf75242e3bc23170617d549b8 received from {username='slave'} at 127.0.0.1:48316
I20260710 11:00:14.697959  8594 tablet_copy_service.cc:434] P a9b1deb98add4bee8e5416d8210a744b: ending tablet copy session fe110a86a36f4e41ac388436d41bc279-bdcde03cf75242e3bc23170617d549b8 on tablet bdcde03cf75242e3bc23170617d549b8 with peer fe110a86a36f4e41ac388436d41bc279
I20260710 11:00:14.700693  9082 tablet_copy_client.cc:323] T 3ef38fd60be1471785f257f9cd3d92ff P fe110a86a36f4e41ac388436d41bc279: tablet copy: Beginning tablet copy session from remote peer at address 127.7.61.1:40665
I20260710 11:00:14.702668  8519 tablet_copy_service.cc:140] P 89f71700feb446689d0c34d67439a867: Received BeginTabletCopySession request for tablet 3ef38fd60be1471785f257f9cd3d92ff from peer fe110a86a36f4e41ac388436d41bc279 ({username='slave'} at 127.0.0.1:55760)
I20260710 11:00:14.703166  8519 tablet_copy_service.cc:161] P 89f71700feb446689d0c34d67439a867: Beginning new tablet copy session on tablet 3ef38fd60be1471785f257f9cd3d92ff from peer fe110a86a36f4e41ac388436d41bc279 at {username='slave'} at 127.0.0.1:55760: session id = fe110a86a36f4e41ac388436d41bc279-3ef38fd60be1471785f257f9cd3d92ff
I20260710 11:00:14.709456  8519 tablet_copy_source_session.cc:215] T 3ef38fd60be1471785f257f9cd3d92ff P 89f71700feb446689d0c34d67439a867: Tablet Copy: opened 0 blocks and 1 log segments
I20260710 11:00:14.712733  9082 data_dirs.cc:400] Could only allocate 1 dirs of requested 3 for tablet 3ef38fd60be1471785f257f9cd3d92ff. 1 dirs total, 0 dirs full, 0 dirs failed
I20260710 11:00:14.724339  9079 tablet_bootstrap.cc:492] T 6b69e8de2cc04afca04867c2eaabd42e P fe110a86a36f4e41ac388436d41bc279: Bootstrap replayed 1/1 log segments. Stats: ops{read=3 overwritten=0 applied=3 ignored=0} inserts{seen=0 ignored=0} mutations{seen=0 ignored=0} orphaned_commits=0. Pending: 0 replicates
I20260710 11:00:14.724530  9082 tablet_copy_client.cc:806] T 3ef38fd60be1471785f257f9cd3d92ff P fe110a86a36f4e41ac388436d41bc279: tablet copy: Starting download of 0 data blocks...
I20260710 11:00:14.725118  9082 tablet_copy_client.cc:670] T 3ef38fd60be1471785f257f9cd3d92ff P fe110a86a36f4e41ac388436d41bc279: tablet copy: Starting download of 1 WAL segments...
I20260710 11:00:14.725313  9079 tablet_bootstrap.cc:492] T 6b69e8de2cc04afca04867c2eaabd42e P fe110a86a36f4e41ac388436d41bc279: Bootstrap complete.
I20260710 11:00:14.726037  9079 ts_tablet_manager.cc:1403] T 6b69e8de2cc04afca04867c2eaabd42e P fe110a86a36f4e41ac388436d41bc279: Time spent bootstrapping tablet: real 0.039s	user 0.035s	sys 0.004s
I20260710 11:00:14.728083  9082 tablet_copy_client.cc:538] T 3ef38fd60be1471785f257f9cd3d92ff P fe110a86a36f4e41ac388436d41bc279: tablet copy: Tablet Copy complete. Replacing tablet superblock.
I20260710 11:00:14.728998  9079 raft_consensus.cc:359] T 6b69e8de2cc04afca04867c2eaabd42e P fe110a86a36f4e41ac388436d41bc279 [term 2 LEARNER]: Replica starting. Triggering 0 pending ops. Active config: opid_index: 3 OBSOLETE_local: false peers { permanent_uuid: "89f71700feb446689d0c34d67439a867" member_type: VOTER last_known_addr { host: "127.7.61.1" port: 40665 } attrs { replace: true } } peers { permanent_uuid: "a9b1deb98add4bee8e5416d8210a744b" member_type: VOTER last_known_addr { host: "127.7.61.2" port: 44649 } } peers { permanent_uuid: "281aecb7aed947adb150f6d860112422" member_type: VOTER last_known_addr { host: "127.7.61.3" port: 39645 } } peers { permanent_uuid: "fe110a86a36f4e41ac388436d41bc279" member_type: NON_VOTER last_known_addr { host: "127.7.61.4" port: 34257 } attrs { promote: true } }
I20260710 11:00:14.729806  9079 raft_consensus.cc:740] T 6b69e8de2cc04afca04867c2eaabd42e P fe110a86a36f4e41ac388436d41bc279 [term 2 LEARNER]: Becoming Follower/Learner. State: Replica: fe110a86a36f4e41ac388436d41bc279, State: Initialized, Role: LEARNER
I20260710 11:00:14.730438  9079 consensus_queue.cc:260] T 6b69e8de2cc04afca04867c2eaabd42e P fe110a86a36f4e41ac388436d41bc279 [NON_LEADER]: Queue going to NON_LEADER mode. State: All replicated index: 0, Majority replicated index: 0, Committed index: 3, Last appended: 2.3, Last appended by leader: 3, Current term: 0, Majority size: -1, State: 0, Mode: NON_LEADER, active raft config: opid_index: 3 OBSOLETE_local: false peers { permanent_uuid: "89f71700feb446689d0c34d67439a867" member_type: VOTER last_known_addr { host: "127.7.61.1" port: 40665 } attrs { replace: true } } peers { permanent_uuid: "a9b1deb98add4bee8e5416d8210a744b" member_type: VOTER last_known_addr { host: "127.7.61.2" port: 44649 } } peers { permanent_uuid: "281aecb7aed947adb150f6d860112422" member_type: VOTER last_known_addr { host: "127.7.61.3" port: 39645 } } peers { permanent_uuid: "fe110a86a36f4e41ac388436d41bc279" member_type: NON_VOTER last_known_addr { host: "127.7.61.4" port: 34257 } attrs { promote: true } }
I20260710 11:00:14.732689  9079 ts_tablet_manager.cc:1434] T 6b69e8de2cc04afca04867c2eaabd42e P fe110a86a36f4e41ac388436d41bc279: Time spent starting tablet: real 0.006s	user 0.002s	sys 0.004s
I20260710 11:00:14.734326  9082 tablet_bootstrap.cc:492] T 3ef38fd60be1471785f257f9cd3d92ff P fe110a86a36f4e41ac388436d41bc279: Bootstrap starting.
I20260710 11:00:14.734761  8594 tablet_copy_service.cc:342] P a9b1deb98add4bee8e5416d8210a744b: Request end of tablet copy session fe110a86a36f4e41ac388436d41bc279-6b69e8de2cc04afca04867c2eaabd42e received from {username='slave'} at 127.0.0.1:48316
I20260710 11:00:14.735240  8594 tablet_copy_service.cc:434] P a9b1deb98add4bee8e5416d8210a744b: ending tablet copy session fe110a86a36f4e41ac388436d41bc279-6b69e8de2cc04afca04867c2eaabd42e on tablet 6b69e8de2cc04afca04867c2eaabd42e with peer fe110a86a36f4e41ac388436d41bc279
I20260710 11:00:14.754211  9082 tablet_bootstrap.cc:492] T 3ef38fd60be1471785f257f9cd3d92ff P fe110a86a36f4e41ac388436d41bc279: Bootstrap replayed 1/1 log segments. Stats: ops{read=2 overwritten=0 applied=2 ignored=0} inserts{seen=0 ignored=0} mutations{seen=0 ignored=0} orphaned_commits=0. Pending: 0 replicates
I20260710 11:00:14.755613  9082 tablet_bootstrap.cc:492] T 3ef38fd60be1471785f257f9cd3d92ff P fe110a86a36f4e41ac388436d41bc279: Bootstrap complete.
I20260710 11:00:14.756155  9082 ts_tablet_manager.cc:1403] T 3ef38fd60be1471785f257f9cd3d92ff P fe110a86a36f4e41ac388436d41bc279: Time spent bootstrapping tablet: real 0.022s	user 0.019s	sys 0.002s
I20260710 11:00:14.759560  9082 raft_consensus.cc:359] T 3ef38fd60be1471785f257f9cd3d92ff P fe110a86a36f4e41ac388436d41bc279 [term 1 LEARNER]: Replica starting. Triggering 0 pending ops. Active config: opid_index: 2 OBSOLETE_local: false peers { permanent_uuid: "89f71700feb446689d0c34d67439a867" member_type: VOTER last_known_addr { host: "127.7.61.1" port: 40665 } } peers { permanent_uuid: "a9b1deb98add4bee8e5416d8210a744b" member_type: VOTER last_known_addr { host: "127.7.61.2" port: 44649 } } peers { permanent_uuid: "281aecb7aed947adb150f6d860112422" member_type: VOTER last_known_addr { host: "127.7.61.3" port: 39645 } attrs { replace: true } } peers { permanent_uuid: "fe110a86a36f4e41ac388436d41bc279" member_type: NON_VOTER last_known_addr { host: "127.7.61.4" port: 34257 } attrs { promote: true } }
I20260710 11:00:14.760406  9082 raft_consensus.cc:740] T 3ef38fd60be1471785f257f9cd3d92ff P fe110a86a36f4e41ac388436d41bc279 [term 1 LEARNER]: Becoming Follower/Learner. State: Replica: fe110a86a36f4e41ac388436d41bc279, State: Initialized, Role: LEARNER
I20260710 11:00:14.760910  9082 consensus_queue.cc:260] T 3ef38fd60be1471785f257f9cd3d92ff P fe110a86a36f4e41ac388436d41bc279 [NON_LEADER]: Queue going to NON_LEADER mode. State: All replicated index: 0, Majority replicated index: 0, Committed index: 2, Last appended: 1.2, Last appended by leader: 2, Current term: 0, Majority size: -1, State: 0, Mode: NON_LEADER, active raft config: opid_index: 2 OBSOLETE_local: false peers { permanent_uuid: "89f71700feb446689d0c34d67439a867" member_type: VOTER last_known_addr { host: "127.7.61.1" port: 40665 } } peers { permanent_uuid: "a9b1deb98add4bee8e5416d8210a744b" member_type: VOTER last_known_addr { host: "127.7.61.2" port: 44649 } } peers { permanent_uuid: "281aecb7aed947adb150f6d860112422" member_type: VOTER last_known_addr { host: "127.7.61.3" port: 39645 } attrs { replace: true } } peers { permanent_uuid: "fe110a86a36f4e41ac388436d41bc279" member_type: NON_VOTER last_known_addr { host: "127.7.61.4" port: 34257 } attrs { promote: true } }
I20260710 11:00:14.762742  9082 ts_tablet_manager.cc:1434] T 3ef38fd60be1471785f257f9cd3d92ff P fe110a86a36f4e41ac388436d41bc279: Time spent starting tablet: real 0.006s	user 0.004s	sys 0.000s
I20260710 11:00:14.764518  8519 tablet_copy_service.cc:342] P 89f71700feb446689d0c34d67439a867: Request end of tablet copy session fe110a86a36f4e41ac388436d41bc279-3ef38fd60be1471785f257f9cd3d92ff received from {username='slave'} at 127.0.0.1:55760
I20260710 11:00:14.764993  8519 tablet_copy_service.cc:434] P 89f71700feb446689d0c34d67439a867: ending tablet copy session fe110a86a36f4e41ac388436d41bc279-3ef38fd60be1471785f257f9cd3d92ff on tablet 3ef38fd60be1471785f257f9cd3d92ff with peer fe110a86a36f4e41ac388436d41bc279
I20260710 11:00:14.886984  9082 ts_tablet_manager.cc:933] T 690504ede129419287ee8c381837400f P fe110a86a36f4e41ac388436d41bc279: Initiating tablet copy from peer 281aecb7aed947adb150f6d860112422 (127.7.61.3:39645)
I20260710 11:00:14.888597  9082 tablet_copy_client.cc:323] T 690504ede129419287ee8c381837400f P fe110a86a36f4e41ac388436d41bc279: tablet copy: Beginning tablet copy session from remote peer at address 127.7.61.3:39645
I20260710 11:00:14.898053  8668 tablet_copy_service.cc:140] P 281aecb7aed947adb150f6d860112422: Received BeginTabletCopySession request for tablet 690504ede129419287ee8c381837400f from peer fe110a86a36f4e41ac388436d41bc279 ({username='slave'} at 127.0.0.1:48496)
I20260710 11:00:14.898506  8668 tablet_copy_service.cc:161] P 281aecb7aed947adb150f6d860112422: Beginning new tablet copy session on tablet 690504ede129419287ee8c381837400f from peer fe110a86a36f4e41ac388436d41bc279 at {username='slave'} at 127.0.0.1:48496: session id = fe110a86a36f4e41ac388436d41bc279-690504ede129419287ee8c381837400f
I20260710 11:00:14.904912  8668 tablet_copy_source_session.cc:215] T 690504ede129419287ee8c381837400f P 281aecb7aed947adb150f6d860112422: Tablet Copy: opened 0 blocks and 1 log segments
I20260710 11:00:14.907585  9082 data_dirs.cc:400] Could only allocate 1 dirs of requested 3 for tablet 690504ede129419287ee8c381837400f. 1 dirs total, 0 dirs full, 0 dirs failed
I20260710 11:00:14.922194  9082 tablet_copy_client.cc:806] T 690504ede129419287ee8c381837400f P fe110a86a36f4e41ac388436d41bc279: tablet copy: Starting download of 0 data blocks...
I20260710 11:00:14.922768  9082 tablet_copy_client.cc:670] T 690504ede129419287ee8c381837400f P fe110a86a36f4e41ac388436d41bc279: tablet copy: Starting download of 1 WAL segments...
I20260710 11:00:14.926209  9082 tablet_copy_client.cc:538] T 690504ede129419287ee8c381837400f P fe110a86a36f4e41ac388436d41bc279: tablet copy: Tablet Copy complete. Replacing tablet superblock.
I20260710 11:00:14.932308  9082 tablet_bootstrap.cc:492] T 690504ede129419287ee8c381837400f P fe110a86a36f4e41ac388436d41bc279: Bootstrap starting.
I20260710 11:00:14.945704  9082 tablet_bootstrap.cc:492] T 690504ede129419287ee8c381837400f P fe110a86a36f4e41ac388436d41bc279: Bootstrap replayed 1/1 log segments. Stats: ops{read=2 overwritten=0 applied=2 ignored=0} inserts{seen=0 ignored=0} mutations{seen=0 ignored=0} orphaned_commits=0. Pending: 0 replicates
I20260710 11:00:14.946336  9082 tablet_bootstrap.cc:492] T 690504ede129419287ee8c381837400f P fe110a86a36f4e41ac388436d41bc279: Bootstrap complete.
I20260710 11:00:14.946825  9082 ts_tablet_manager.cc:1403] T 690504ede129419287ee8c381837400f P fe110a86a36f4e41ac388436d41bc279: Time spent bootstrapping tablet: real 0.015s	user 0.007s	sys 0.004s
I20260710 11:00:14.948874  9082 raft_consensus.cc:359] T 690504ede129419287ee8c381837400f P fe110a86a36f4e41ac388436d41bc279 [term 1 LEARNER]: Replica starting. Triggering 0 pending ops. Active config: opid_index: 2 OBSOLETE_local: false peers { permanent_uuid: "89f71700feb446689d0c34d67439a867" member_type: VOTER last_known_addr { host: "127.7.61.1" port: 40665 } attrs { replace: true } } peers { permanent_uuid: "a9b1deb98add4bee8e5416d8210a744b" member_type: VOTER last_known_addr { host: "127.7.61.2" port: 44649 } } peers { permanent_uuid: "281aecb7aed947adb150f6d860112422" member_type: VOTER last_known_addr { host: "127.7.61.3" port: 39645 } } peers { permanent_uuid: "fe110a86a36f4e41ac388436d41bc279" member_type: NON_VOTER last_known_addr { host: "127.7.61.4" port: 34257 } attrs { promote: true } }
I20260710 11:00:14.949473  9082 raft_consensus.cc:740] T 690504ede129419287ee8c381837400f P fe110a86a36f4e41ac388436d41bc279 [term 1 LEARNER]: Becoming Follower/Learner. State: Replica: fe110a86a36f4e41ac388436d41bc279, State: Initialized, Role: LEARNER
I20260710 11:00:14.950400  9082 consensus_queue.cc:260] T 690504ede129419287ee8c381837400f P fe110a86a36f4e41ac388436d41bc279 [NON_LEADER]: Queue going to NON_LEADER mode. State: All replicated index: 0, Majority replicated index: 0, Committed index: 2, Last appended: 1.2, Last appended by leader: 2, Current term: 0, Majority size: -1, State: 0, Mode: NON_LEADER, active raft config: opid_index: 2 OBSOLETE_local: false peers { permanent_uuid: "89f71700feb446689d0c34d67439a867" member_type: VOTER last_known_addr { host: "127.7.61.1" port: 40665 } attrs { replace: true } } peers { permanent_uuid: "a9b1deb98add4bee8e5416d8210a744b" member_type: VOTER last_known_addr { host: "127.7.61.2" port: 44649 } } peers { permanent_uuid: "281aecb7aed947adb150f6d860112422" member_type: VOTER last_known_addr { host: "127.7.61.3" port: 39645 } } peers { permanent_uuid: "fe110a86a36f4e41ac388436d41bc279" member_type: NON_VOTER last_known_addr { host: "127.7.61.4" port: 34257 } attrs { promote: true } }
I20260710 11:00:14.952894  9082 ts_tablet_manager.cc:1434] T 690504ede129419287ee8c381837400f P fe110a86a36f4e41ac388436d41bc279: Time spent starting tablet: real 0.006s	user 0.007s	sys 0.000s
I20260710 11:00:14.954955  8668 tablet_copy_service.cc:342] P 281aecb7aed947adb150f6d860112422: Request end of tablet copy session fe110a86a36f4e41ac388436d41bc279-690504ede129419287ee8c381837400f received from {username='slave'} at 127.0.0.1:48496
I20260710 11:00:14.955435  8668 tablet_copy_service.cc:434] P 281aecb7aed947adb150f6d860112422: ending tablet copy session fe110a86a36f4e41ac388436d41bc279-690504ede129419287ee8c381837400f on tablet 690504ede129419287ee8c381837400f with peer fe110a86a36f4e41ac388436d41bc279
I20260710 11:00:15.171803  8946 raft_consensus.cc:1217] T bdcde03cf75242e3bc23170617d549b8 P fe110a86a36f4e41ac388436d41bc279 [term 1 LEARNER]: Deduplicated request from leader. Original: 1.1->[1.2-1.2]   Dedup: 1.2->[]
I20260710 11:00:15.201210  8946 raft_consensus.cc:1217] T 3ef38fd60be1471785f257f9cd3d92ff P fe110a86a36f4e41ac388436d41bc279 [term 1 LEARNER]: Deduplicated request from leader. Original: 1.1->[1.2-1.2]   Dedup: 1.2->[]
I20260710 11:00:15.249269  8946 raft_consensus.cc:1217] T 6b69e8de2cc04afca04867c2eaabd42e P fe110a86a36f4e41ac388436d41bc279 [term 2 LEARNER]: Deduplicated request from leader. Original: 2.2->[2.3-2.3]   Dedup: 2.3->[]
I20260710 11:00:15.487177  8946 raft_consensus.cc:1217] T 690504ede129419287ee8c381837400f P fe110a86a36f4e41ac388436d41bc279 [term 1 LEARNER]: Deduplicated request from leader. Original: 1.1->[1.2-1.2]   Dedup: 1.2->[]
I20260710 11:00:15.593776  9093 raft_consensus.cc:1064] T 3ef38fd60be1471785f257f9cd3d92ff P 89f71700feb446689d0c34d67439a867: attempting to promote NON_VOTER fe110a86a36f4e41ac388436d41bc279 to VOTER
I20260710 11:00:15.595656  9093 consensus_queue.cc:237] T 3ef38fd60be1471785f257f9cd3d92ff P 89f71700feb446689d0c34d67439a867 [LEADER]: Queue going to LEADER mode. State: All replicated index: 0, Majority replicated index: 2, Committed index: 2, Last appended: 1.2, Last appended by leader: 0, Current term: 1, Majority size: 3, State: 0, Mode: LEADER, active raft config: opid_index: 3 OBSOLETE_local: false peers { permanent_uuid: "89f71700feb446689d0c34d67439a867" member_type: VOTER last_known_addr { host: "127.7.61.1" port: 40665 } } peers { permanent_uuid: "a9b1deb98add4bee8e5416d8210a744b" member_type: VOTER last_known_addr { host: "127.7.61.2" port: 44649 } } peers { permanent_uuid: "281aecb7aed947adb150f6d860112422" member_type: VOTER last_known_addr { host: "127.7.61.3" port: 39645 } attrs { replace: true } } peers { permanent_uuid: "fe110a86a36f4e41ac388436d41bc279" member_type: VOTER last_known_addr { host: "127.7.61.4" port: 34257 } attrs { promote: false } }
I20260710 11:00:15.607678  8653 raft_consensus.cc:1275] T 3ef38fd60be1471785f257f9cd3d92ff P 281aecb7aed947adb150f6d860112422 [term 1 FOLLOWER]: Refusing update from remote peer 89f71700feb446689d0c34d67439a867: Log matching property violated. Preceding OpId in replica: term: 1 index: 2. Preceding OpId from leader: term: 1 index: 3. (index mismatch)
I20260710 11:00:15.608366  8946 raft_consensus.cc:1275] T 3ef38fd60be1471785f257f9cd3d92ff P fe110a86a36f4e41ac388436d41bc279 [term 1 LEARNER]: Refusing update from remote peer 89f71700feb446689d0c34d67439a867: Log matching property violated. Preceding OpId in replica: term: 1 index: 2. Preceding OpId from leader: term: 1 index: 3. (index mismatch)
I20260710 11:00:15.609232  8990 consensus_queue.cc:1048] T 3ef38fd60be1471785f257f9cd3d92ff P 89f71700feb446689d0c34d67439a867 [LEADER]: Connected to new peer: Peer: permanent_uuid: "281aecb7aed947adb150f6d860112422" member_type: VOTER last_known_addr { host: "127.7.61.3" port: 39645 } attrs { replace: true }, Status: LMP_MISMATCH, Last received: 0.0, Next index: 3, Last known committed idx: 2, Time since last communication: 0.000s
I20260710 11:00:15.610571  8583 raft_consensus.cc:1275] T 3ef38fd60be1471785f257f9cd3d92ff P a9b1deb98add4bee8e5416d8210a744b [term 1 FOLLOWER]: Refusing update from remote peer 89f71700feb446689d0c34d67439a867: Log matching property violated. Preceding OpId in replica: term: 1 index: 2. Preceding OpId from leader: term: 1 index: 3. (index mismatch)
I20260710 11:00:15.610733  8990 consensus_queue.cc:1048] T 3ef38fd60be1471785f257f9cd3d92ff P 89f71700feb446689d0c34d67439a867 [LEADER]: Connected to new peer: Peer: permanent_uuid: "fe110a86a36f4e41ac388436d41bc279" member_type: VOTER last_known_addr { host: "127.7.61.4" port: 34257 } attrs { promote: false }, Status: LMP_MISMATCH, Last received: 0.0, Next index: 3, Last known committed idx: 2, Time since last communication: 0.002s
I20260710 11:00:15.612787  9064 consensus_queue.cc:1048] T 3ef38fd60be1471785f257f9cd3d92ff P 89f71700feb446689d0c34d67439a867 [LEADER]: Connected to new peer: Peer: permanent_uuid: "a9b1deb98add4bee8e5416d8210a744b" member_type: VOTER last_known_addr { host: "127.7.61.2" port: 44649 }, Status: LMP_MISMATCH, Last received: 0.0, Next index: 3, Last known committed idx: 2, Time since last communication: 0.000s
I20260710 11:00:15.621764  8990 raft_consensus.cc:2955] T 3ef38fd60be1471785f257f9cd3d92ff P 89f71700feb446689d0c34d67439a867 [term 1 LEADER]: Committing config change with OpId 1.3: config changed from index 2 to 3, fe110a86a36f4e41ac388436d41bc279 (127.7.61.4) changed from NON_VOTER to VOTER. New config: { opid_index: 3 OBSOLETE_local: false peers { permanent_uuid: "89f71700feb446689d0c34d67439a867" member_type: VOTER last_known_addr { host: "127.7.61.1" port: 40665 } } peers { permanent_uuid: "a9b1deb98add4bee8e5416d8210a744b" member_type: VOTER last_known_addr { host: "127.7.61.2" port: 44649 } } peers { permanent_uuid: "281aecb7aed947adb150f6d860112422" member_type: VOTER last_known_addr { host: "127.7.61.3" port: 39645 } attrs { replace: true } } peers { permanent_uuid: "fe110a86a36f4e41ac388436d41bc279" member_type: VOTER last_known_addr { host: "127.7.61.4" port: 34257 } attrs { promote: false } } }
I20260710 11:00:15.623318  8583 raft_consensus.cc:2955] T 3ef38fd60be1471785f257f9cd3d92ff P a9b1deb98add4bee8e5416d8210a744b [term 1 FOLLOWER]: Committing config change with OpId 1.3: config changed from index 2 to 3, fe110a86a36f4e41ac388436d41bc279 (127.7.61.4) changed from NON_VOTER to VOTER. New config: { opid_index: 3 OBSOLETE_local: false peers { permanent_uuid: "89f71700feb446689d0c34d67439a867" member_type: VOTER last_known_addr { host: "127.7.61.1" port: 40665 } } peers { permanent_uuid: "a9b1deb98add4bee8e5416d8210a744b" member_type: VOTER last_known_addr { host: "127.7.61.2" port: 44649 } } peers { permanent_uuid: "281aecb7aed947adb150f6d860112422" member_type: VOTER last_known_addr { host: "127.7.61.3" port: 39645 } attrs { replace: true } } peers { permanent_uuid: "fe110a86a36f4e41ac388436d41bc279" member_type: VOTER last_known_addr { host: "127.7.61.4" port: 34257 } attrs { promote: false } } }
I20260710 11:00:15.631042  8945 raft_consensus.cc:2955] T 3ef38fd60be1471785f257f9cd3d92ff P fe110a86a36f4e41ac388436d41bc279 [term 1 FOLLOWER]: Committing config change with OpId 1.3: config changed from index 2 to 3, fe110a86a36f4e41ac388436d41bc279 (127.7.61.4) changed from NON_VOTER to VOTER. New config: { opid_index: 3 OBSOLETE_local: false peers { permanent_uuid: "89f71700feb446689d0c34d67439a867" member_type: VOTER last_known_addr { host: "127.7.61.1" port: 40665 } } peers { permanent_uuid: "a9b1deb98add4bee8e5416d8210a744b" member_type: VOTER last_known_addr { host: "127.7.61.2" port: 44649 } } peers { permanent_uuid: "281aecb7aed947adb150f6d860112422" member_type: VOTER last_known_addr { host: "127.7.61.3" port: 39645 } attrs { replace: true } } peers { permanent_uuid: "fe110a86a36f4e41ac388436d41bc279" member_type: VOTER last_known_addr { host: "127.7.61.4" port: 34257 } attrs { promote: false } } }
I20260710 11:00:15.633266  8657 raft_consensus.cc:2955] T 3ef38fd60be1471785f257f9cd3d92ff P 281aecb7aed947adb150f6d860112422 [term 1 FOLLOWER]: Committing config change with OpId 1.3: config changed from index 2 to 3, fe110a86a36f4e41ac388436d41bc279 (127.7.61.4) changed from NON_VOTER to VOTER. New config: { opid_index: 3 OBSOLETE_local: false peers { permanent_uuid: "89f71700feb446689d0c34d67439a867" member_type: VOTER last_known_addr { host: "127.7.61.1" port: 40665 } } peers { permanent_uuid: "a9b1deb98add4bee8e5416d8210a744b" member_type: VOTER last_known_addr { host: "127.7.61.2" port: 44649 } } peers { permanent_uuid: "281aecb7aed947adb150f6d860112422" member_type: VOTER last_known_addr { host: "127.7.61.3" port: 39645 } attrs { replace: true } } peers { permanent_uuid: "fe110a86a36f4e41ac388436d41bc279" member_type: VOTER last_known_addr { host: "127.7.61.4" port: 34257 } attrs { promote: false } } }
I20260710 11:00:15.638167  8403 catalog_manager.cc:5697] T 3ef38fd60be1471785f257f9cd3d92ff P 89f71700feb446689d0c34d67439a867 reported cstate change: config changed from index 2 to 3, fe110a86a36f4e41ac388436d41bc279 (127.7.61.4) changed from NON_VOTER to VOTER. New cstate: current_term: 1 leader_uuid: "89f71700feb446689d0c34d67439a867" committed_config { opid_index: 3 OBSOLETE_local: false peers { permanent_uuid: "89f71700feb446689d0c34d67439a867" member_type: VOTER last_known_addr { host: "127.7.61.1" port: 40665 } health_report { overall_health: HEALTHY } } peers { permanent_uuid: "a9b1deb98add4bee8e5416d8210a744b" member_type: VOTER last_known_addr { host: "127.7.61.2" port: 44649 } health_report { overall_health: HEALTHY } } peers { permanent_uuid: "281aecb7aed947adb150f6d860112422" member_type: VOTER last_known_addr { host: "127.7.61.3" port: 39645 } attrs { replace: true } health_report { overall_health: HEALTHY } } peers { permanent_uuid: "fe110a86a36f4e41ac388436d41bc279" member_type: VOTER last_known_addr { host: "127.7.61.4" port: 34257 } attrs { promote: false } health_report { overall_health: HEALTHY } } }
I20260710 11:00:15.661568  8506 consensus_queue.cc:237] T 3ef38fd60be1471785f257f9cd3d92ff P 89f71700feb446689d0c34d67439a867 [LEADER]: Queue going to LEADER mode. State: All replicated index: 0, Majority replicated index: 3, Committed index: 3, Last appended: 1.3, Last appended by leader: 0, Current term: 1, Majority size: 2, State: 0, Mode: LEADER, active raft config: opid_index: 4 OBSOLETE_local: false peers { permanent_uuid: "89f71700feb446689d0c34d67439a867" member_type: VOTER last_known_addr { host: "127.7.61.1" port: 40665 } } peers { permanent_uuid: "a9b1deb98add4bee8e5416d8210a744b" member_type: VOTER last_known_addr { host: "127.7.61.2" port: 44649 } } peers { permanent_uuid: "fe110a86a36f4e41ac388436d41bc279" member_type: VOTER last_known_addr { host: "127.7.61.4" port: 34257 } attrs { promote: false } }
I20260710 11:00:15.667459  8945 raft_consensus.cc:1275] T 3ef38fd60be1471785f257f9cd3d92ff P fe110a86a36f4e41ac388436d41bc279 [term 1 FOLLOWER]: Refusing update from remote peer 89f71700feb446689d0c34d67439a867: Log matching property violated. Preceding OpId in replica: term: 1 index: 3. Preceding OpId from leader: term: 1 index: 4. (index mismatch)
I20260710 11:00:15.668730  8583 raft_consensus.cc:1275] T 3ef38fd60be1471785f257f9cd3d92ff P a9b1deb98add4bee8e5416d8210a744b [term 1 FOLLOWER]: Refusing update from remote peer 89f71700feb446689d0c34d67439a867: Log matching property violated. Preceding OpId in replica: term: 1 index: 3. Preceding OpId from leader: term: 1 index: 4. (index mismatch)
I20260710 11:00:15.668889  9064 consensus_queue.cc:1048] T 3ef38fd60be1471785f257f9cd3d92ff P 89f71700feb446689d0c34d67439a867 [LEADER]: Connected to new peer: Peer: permanent_uuid: "fe110a86a36f4e41ac388436d41bc279" member_type: VOTER last_known_addr { host: "127.7.61.4" port: 34257 } attrs { promote: false }, Status: LMP_MISMATCH, Last received: 0.0, Next index: 4, Last known committed idx: 3, Time since last communication: 0.000s
I20260710 11:00:15.670120  8990 consensus_queue.cc:1048] T 3ef38fd60be1471785f257f9cd3d92ff P 89f71700feb446689d0c34d67439a867 [LEADER]: Connected to new peer: Peer: permanent_uuid: "a9b1deb98add4bee8e5416d8210a744b" member_type: VOTER last_known_addr { host: "127.7.61.2" port: 44649 }, Status: LMP_MISMATCH, Last received: 0.0, Next index: 4, Last known committed idx: 3, Time since last communication: 0.000s
I20260710 11:00:15.676321  9093 raft_consensus.cc:2955] T 3ef38fd60be1471785f257f9cd3d92ff P 89f71700feb446689d0c34d67439a867 [term 1 LEADER]: Committing config change with OpId 1.4: config changed from index 3 to 4, VOTER 281aecb7aed947adb150f6d860112422 (127.7.61.3) evicted. New config: { opid_index: 4 OBSOLETE_local: false peers { permanent_uuid: "89f71700feb446689d0c34d67439a867" member_type: VOTER last_known_addr { host: "127.7.61.1" port: 40665 } } peers { permanent_uuid: "a9b1deb98add4bee8e5416d8210a744b" member_type: VOTER last_known_addr { host: "127.7.61.2" port: 44649 } } peers { permanent_uuid: "fe110a86a36f4e41ac388436d41bc279" member_type: VOTER last_known_addr { host: "127.7.61.4" port: 34257 } attrs { promote: false } } }
I20260710 11:00:15.678378  8945 raft_consensus.cc:2955] T 3ef38fd60be1471785f257f9cd3d92ff P fe110a86a36f4e41ac388436d41bc279 [term 1 FOLLOWER]: Committing config change with OpId 1.4: config changed from index 3 to 4, VOTER 281aecb7aed947adb150f6d860112422 (127.7.61.3) evicted. New config: { opid_index: 4 OBSOLETE_local: false peers { permanent_uuid: "89f71700feb446689d0c34d67439a867" member_type: VOTER last_known_addr { host: "127.7.61.1" port: 40665 } } peers { permanent_uuid: "a9b1deb98add4bee8e5416d8210a744b" member_type: VOTER last_known_addr { host: "127.7.61.2" port: 44649 } } peers { permanent_uuid: "fe110a86a36f4e41ac388436d41bc279" member_type: VOTER last_known_addr { host: "127.7.61.4" port: 34257 } attrs { promote: false } } }
I20260710 11:00:15.677790  8583 raft_consensus.cc:2955] T 3ef38fd60be1471785f257f9cd3d92ff P a9b1deb98add4bee8e5416d8210a744b [term 1 FOLLOWER]: Committing config change with OpId 1.4: config changed from index 3 to 4, VOTER 281aecb7aed947adb150f6d860112422 (127.7.61.3) evicted. New config: { opid_index: 4 OBSOLETE_local: false peers { permanent_uuid: "89f71700feb446689d0c34d67439a867" member_type: VOTER last_known_addr { host: "127.7.61.1" port: 40665 } } peers { permanent_uuid: "a9b1deb98add4bee8e5416d8210a744b" member_type: VOTER last_known_addr { host: "127.7.61.2" port: 44649 } } peers { permanent_uuid: "fe110a86a36f4e41ac388436d41bc279" member_type: VOTER last_known_addr { host: "127.7.61.4" port: 34257 } attrs { promote: false } } }
I20260710 11:00:15.685386  8391 catalog_manager.cc:5210] ChangeConfig:REMOVE_PEER RPC for tablet 3ef38fd60be1471785f257f9cd3d92ff with cas_config_opid_index 3: ChangeConfig:REMOVE_PEER succeeded (attempt 1)
I20260710 11:00:15.691479  8406 catalog_manager.cc:5697] T 3ef38fd60be1471785f257f9cd3d92ff P 89f71700feb446689d0c34d67439a867 reported cstate change: config changed from index 3 to 4, VOTER 281aecb7aed947adb150f6d860112422 (127.7.61.3) evicted. New cstate: current_term: 1 leader_uuid: "89f71700feb446689d0c34d67439a867" committed_config { opid_index: 4 OBSOLETE_local: false peers { permanent_uuid: "89f71700feb446689d0c34d67439a867" member_type: VOTER last_known_addr { host: "127.7.61.1" port: 40665 } health_report { overall_health: HEALTHY } } peers { permanent_uuid: "a9b1deb98add4bee8e5416d8210a744b" member_type: VOTER last_known_addr { host: "127.7.61.2" port: 44649 } health_report { overall_health: HEALTHY } } peers { permanent_uuid: "fe110a86a36f4e41ac388436d41bc279" member_type: VOTER last_known_addr { host: "127.7.61.4" port: 34257 } attrs { promote: false } health_report { overall_health: HEALTHY } } }
I20260710 11:00:15.699136  9036 raft_consensus.cc:1064] T bdcde03cf75242e3bc23170617d549b8 P a9b1deb98add4bee8e5416d8210a744b: attempting to promote NON_VOTER fe110a86a36f4e41ac388436d41bc279 to VOTER
I20260710 11:00:15.701236  8646 tablet_service.cc:1558] Processing DeleteTablet for tablet 3ef38fd60be1471785f257f9cd3d92ff with delete_type TABLET_DATA_TOMBSTONED (TS 281aecb7aed947adb150f6d860112422 not found in new config with opid_index 4) from {username='slave'} at 127.0.0.1:48456
I20260710 11:00:15.704890  9036 consensus_queue.cc:237] T bdcde03cf75242e3bc23170617d549b8 P a9b1deb98add4bee8e5416d8210a744b [LEADER]: Queue going to LEADER mode. State: All replicated index: 0, Majority replicated index: 2, Committed index: 2, Last appended: 1.2, Last appended by leader: 0, Current term: 1, Majority size: 3, State: 0, Mode: LEADER, active raft config: opid_index: 3 OBSOLETE_local: false peers { permanent_uuid: "89f71700feb446689d0c34d67439a867" member_type: VOTER last_known_addr { host: "127.7.61.1" port: 40665 } } peers { permanent_uuid: "a9b1deb98add4bee8e5416d8210a744b" member_type: VOTER last_known_addr { host: "127.7.61.2" port: 44649 } } peers { permanent_uuid: "281aecb7aed947adb150f6d860112422" member_type: VOTER last_known_addr { host: "127.7.61.3" port: 39645 } attrs { replace: true } } peers { permanent_uuid: "fe110a86a36f4e41ac388436d41bc279" member_type: VOTER last_known_addr { host: "127.7.61.4" port: 34257 } attrs { promote: false } }
I20260710 11:00:15.712704  9104 tablet_replica.cc:333] T 3ef38fd60be1471785f257f9cd3d92ff P 281aecb7aed947adb150f6d860112422: stopping tablet replica
I20260710 11:00:15.713810  9104 raft_consensus.cc:2243] T 3ef38fd60be1471785f257f9cd3d92ff P 281aecb7aed947adb150f6d860112422 [term 1 FOLLOWER]: Raft consensus shutting down.
I20260710 11:00:15.714570  9104 raft_consensus.cc:2272] T 3ef38fd60be1471785f257f9cd3d92ff P 281aecb7aed947adb150f6d860112422 [term 1 FOLLOWER]: Raft consensus is shut down!
I20260710 11:00:15.716549  8945 raft_consensus.cc:1275] T bdcde03cf75242e3bc23170617d549b8 P fe110a86a36f4e41ac388436d41bc279 [term 1 LEARNER]: Refusing update from remote peer a9b1deb98add4bee8e5416d8210a744b: Log matching property violated. Preceding OpId in replica: term: 1 index: 2. Preceding OpId from leader: term: 1 index: 3. (index mismatch)
I20260710 11:00:15.717900  8657 raft_consensus.cc:1275] T bdcde03cf75242e3bc23170617d549b8 P 281aecb7aed947adb150f6d860112422 [term 1 FOLLOWER]: Refusing update from remote peer a9b1deb98add4bee8e5416d8210a744b: Log matching property violated. Preceding OpId in replica: term: 1 index: 2. Preceding OpId from leader: term: 1 index: 3. (index mismatch)
I20260710 11:00:15.717912  8506 raft_consensus.cc:1275] T bdcde03cf75242e3bc23170617d549b8 P 89f71700feb446689d0c34d67439a867 [term 1 FOLLOWER]: Refusing update from remote peer a9b1deb98add4bee8e5416d8210a744b: Log matching property violated. Preceding OpId in replica: term: 1 index: 2. Preceding OpId from leader: term: 1 index: 3. (index mismatch)
