W20260710 10:59:54.887245  7659 consensus_peers.cc:597] T f267da6d763c4821aa506c34f5a91eee P b2043af30f714da6b493a8aa14cf5267 -> Peer 783ab04c4c684792a7cbadb403cfd3ca (127.7.61.1:36911): Couldn't send request to peer 783ab04c4c684792a7cbadb403cfd3ca. Status: Network error: Client connection negotiation failed: client connection to 127.7.61.1:36911: connect: Connection refused (error 111). This is attempt 1: this message will repeat every 5th retry.
I20260710 10:59:54.900485  7412 tablet_server.cc:179] TabletServer@127.7.61.2:0 shutting down...
I20260710 10:59:54.918870  7412 ts_tablet_manager.cc:1507] Shutting down tablet manager...
I20260710 10:59:54.919452  7412 tablet_replica.cc:333] T d1f093f895c94f4f9f7596cbda1d041d P c7537408b09346909e1b3ce16ab07225: stopping tablet replica
I20260710 10:59:54.920069  7412 raft_consensus.cc:2243] T d1f093f895c94f4f9f7596cbda1d041d P c7537408b09346909e1b3ce16ab07225 [term 6 FOLLOWER]: Raft consensus shutting down.
I20260710 10:59:54.920564  7412 raft_consensus.cc:2272] T d1f093f895c94f4f9f7596cbda1d041d P c7537408b09346909e1b3ce16ab07225 [term 6 FOLLOWER]: Raft consensus is shut down!
I20260710 10:59:54.922799  7412 tablet_replica.cc:333] T f267da6d763c4821aa506c34f5a91eee P c7537408b09346909e1b3ce16ab07225: stopping tablet replica
I20260710 10:59:54.923316  7412 raft_consensus.cc:2243] T f267da6d763c4821aa506c34f5a91eee P c7537408b09346909e1b3ce16ab07225 [term 2 FOLLOWER]: Raft consensus shutting down.
I20260710 10:59:54.923669  7412 raft_consensus.cc:2272] T f267da6d763c4821aa506c34f5a91eee P c7537408b09346909e1b3ce16ab07225 [term 2 FOLLOWER]: Raft consensus is shut down!
I20260710 10:59:54.925277  7412 tablet_replica.cc:333] T d5fde45ec9aa4cc1b46132952f68e59d P c7537408b09346909e1b3ce16ab07225: stopping tablet replica
I20260710 10:59:54.925686  7412 raft_consensus.cc:2243] T d5fde45ec9aa4cc1b46132952f68e59d P c7537408b09346909e1b3ce16ab07225 [term 4 LEADER]: Raft consensus shutting down.
I20260710 10:59:54.926286  7412 raft_consensus.cc:2272] T d5fde45ec9aa4cc1b46132952f68e59d P c7537408b09346909e1b3ce16ab07225 [term 4 FOLLOWER]: Raft consensus is shut down!
I20260710 10:59:54.927644  7412 tablet_replica.cc:333] T ce02ea986f2b4cfaac787f813e939212 P c7537408b09346909e1b3ce16ab07225: stopping tablet replica
I20260710 10:59:54.928088  7412 raft_consensus.cc:2243] T ce02ea986f2b4cfaac787f813e939212 P c7537408b09346909e1b3ce16ab07225 [term 1 LEADER]: Raft consensus shutting down.
I20260710 10:59:54.928691  7412 raft_consensus.cc:2272] T ce02ea986f2b4cfaac787f813e939212 P c7537408b09346909e1b3ce16ab07225 [term 1 FOLLOWER]: Raft consensus is shut down!
I20260710 10:59:54.930114  7412 tablet_replica.cc:333] T 087c0784969e4ccb81051cc7b114af91 P c7537408b09346909e1b3ce16ab07225: stopping tablet replica
I20260710 10:59:54.930509  7412 raft_consensus.cc:2243] T 087c0784969e4ccb81051cc7b114af91 P c7537408b09346909e1b3ce16ab07225 [term 2 LEADER]: Raft consensus shutting down.
I20260710 10:59:54.931082  7412 raft_consensus.cc:2272] T 087c0784969e4ccb81051cc7b114af91 P c7537408b09346909e1b3ce16ab07225 [term 2 FOLLOWER]: Raft consensus is shut down!
I20260710 10:59:54.932510  7412 tablet_replica.cc:333] T bd183d0f8e9d4423b5fb16c21f86732c P c7537408b09346909e1b3ce16ab07225: stopping tablet replica
I20260710 10:59:54.932928  7412 raft_consensus.cc:2243] T bd183d0f8e9d4423b5fb16c21f86732c P c7537408b09346909e1b3ce16ab07225 [term 3 FOLLOWER]: Raft consensus shutting down.
I20260710 10:59:54.933231  7412 raft_consensus.cc:2272] T bd183d0f8e9d4423b5fb16c21f86732c P c7537408b09346909e1b3ce16ab07225 [term 3 FOLLOWER]: Raft consensus is shut down!
I20260710 10:59:54.934823  7412 tablet_replica.cc:333] T 82c9aea99cf54da78ec115449bbf7356 P c7537408b09346909e1b3ce16ab07225: stopping tablet replica
I20260710 10:59:54.935218  7412 raft_consensus.cc:2243] T 82c9aea99cf54da78ec115449bbf7356 P c7537408b09346909e1b3ce16ab07225 [term 4 FOLLOWER]: Raft consensus shutting down.
I20260710 10:59:54.935518  7412 raft_consensus.cc:2272] T 82c9aea99cf54da78ec115449bbf7356 P c7537408b09346909e1b3ce16ab07225 [term 4 FOLLOWER]: Raft consensus is shut down!
I20260710 10:59:54.937196  7412 tablet_replica.cc:333] T f485e63e05c5450287e48c84df555264 P c7537408b09346909e1b3ce16ab07225: stopping tablet replica
I20260710 10:59:54.937588  7412 raft_consensus.cc:2243] T f485e63e05c5450287e48c84df555264 P c7537408b09346909e1b3ce16ab07225 [term 3 FOLLOWER]: Raft consensus shutting down.
I20260710 10:59:54.937899  7412 raft_consensus.cc:2272] T f485e63e05c5450287e48c84df555264 P c7537408b09346909e1b3ce16ab07225 [term 3 FOLLOWER]: Raft consensus is shut down!
I20260710 10:59:54.939628  7412 tablet_replica.cc:333] T 59631758d7104d5a99c120baddaba6aa P c7537408b09346909e1b3ce16ab07225: stopping tablet replica
I20260710 10:59:54.940035  7412 raft_consensus.cc:2243] T 59631758d7104d5a99c120baddaba6aa P c7537408b09346909e1b3ce16ab07225 [term 3 FOLLOWER]: Raft consensus shutting down.
I20260710 10:59:54.940339  7412 raft_consensus.cc:2272] T 59631758d7104d5a99c120baddaba6aa P c7537408b09346909e1b3ce16ab07225 [term 3 FOLLOWER]: Raft consensus is shut down!
I20260710 10:59:54.964691  7412 tablet_server.cc:196] TabletServer@127.7.61.2:0 shutdown complete.
I20260710 10:59:54.979478  7412 tablet_server.cc:179] TabletServer@127.7.61.3:0 shutting down...
I20260710 10:59:54.998726  7412 ts_tablet_manager.cc:1507] Shutting down tablet manager...
I20260710 10:59:54.999264  7412 tablet_replica.cc:333] T d1f093f895c94f4f9f7596cbda1d041d P b2043af30f714da6b493a8aa14cf5267: stopping tablet replica
I20260710 10:59:54.999776  7412 raft_consensus.cc:2243] T d1f093f895c94f4f9f7596cbda1d041d P b2043af30f714da6b493a8aa14cf5267 [term 6 FOLLOWER]: Raft consensus shutting down.
I20260710 10:59:55.000168  7412 raft_consensus.cc:2272] T d1f093f895c94f4f9f7596cbda1d041d P b2043af30f714da6b493a8aa14cf5267 [term 6 FOLLOWER]: Raft consensus is shut down!
I20260710 10:59:55.002391  7412 tablet_replica.cc:333] T bd183d0f8e9d4423b5fb16c21f86732c P b2043af30f714da6b493a8aa14cf5267: stopping tablet replica
I20260710 10:59:55.002825  7412 raft_consensus.cc:2243] T bd183d0f8e9d4423b5fb16c21f86732c P b2043af30f714da6b493a8aa14cf5267 [term 3 LEADER]: Raft consensus shutting down.
I20260710 10:59:55.003417  7412 raft_consensus.cc:2272] T bd183d0f8e9d4423b5fb16c21f86732c P b2043af30f714da6b493a8aa14cf5267 [term 3 FOLLOWER]: Raft consensus is shut down!
I20260710 10:59:55.005116  7412 tablet_replica.cc:333] T 59631758d7104d5a99c120baddaba6aa P b2043af30f714da6b493a8aa14cf5267: stopping tablet replica
I20260710 10:59:55.005545  7412 raft_consensus.cc:2243] T 59631758d7104d5a99c120baddaba6aa P b2043af30f714da6b493a8aa14cf5267 [term 3 FOLLOWER]: Raft consensus shutting down.
I20260710 10:59:55.005897  7412 raft_consensus.cc:2272] T 59631758d7104d5a99c120baddaba6aa P b2043af30f714da6b493a8aa14cf5267 [term 3 FOLLOWER]: Raft consensus is shut down!
I20260710 10:59:55.007543  7412 tablet_replica.cc:333] T f485e63e05c5450287e48c84df555264 P b2043af30f714da6b493a8aa14cf5267: stopping tablet replica
I20260710 10:59:55.007992  7412 raft_consensus.cc:2243] T f485e63e05c5450287e48c84df555264 P b2043af30f714da6b493a8aa14cf5267 [term 3 FOLLOWER]: Raft consensus shutting down.
I20260710 10:59:55.008332  7412 raft_consensus.cc:2272] T f485e63e05c5450287e48c84df555264 P b2043af30f714da6b493a8aa14cf5267 [term 3 FOLLOWER]: Raft consensus is shut down!
I20260710 10:59:55.009904  7412 tablet_replica.cc:333] T f267da6d763c4821aa506c34f5a91eee P b2043af30f714da6b493a8aa14cf5267: stopping tablet replica
I20260710 10:59:55.010293  7412 raft_consensus.cc:2243] T f267da6d763c4821aa506c34f5a91eee P b2043af30f714da6b493a8aa14cf5267 [term 2 LEADER]: Raft consensus shutting down.
I20260710 10:59:55.010878  7412 raft_consensus.cc:2272] T f267da6d763c4821aa506c34f5a91eee P b2043af30f714da6b493a8aa14cf5267 [term 2 FOLLOWER]: Raft consensus is shut down!
I20260710 10:59:55.012346  7412 tablet_replica.cc:333] T d5fde45ec9aa4cc1b46132952f68e59d P b2043af30f714da6b493a8aa14cf5267: stopping tablet replica
I20260710 10:59:55.012717  7412 raft_consensus.cc:2243] T d5fde45ec9aa4cc1b46132952f68e59d P b2043af30f714da6b493a8aa14cf5267 [term 4 FOLLOWER]: Raft consensus shutting down.
I20260710 10:59:55.013034  7412 raft_consensus.cc:2272] T d5fde45ec9aa4cc1b46132952f68e59d P b2043af30f714da6b493a8aa14cf5267 [term 4 FOLLOWER]: Raft consensus is shut down!
I20260710 10:59:55.014310  7412 tablet_replica.cc:333] T ce02ea986f2b4cfaac787f813e939212 P b2043af30f714da6b493a8aa14cf5267: stopping tablet replica
I20260710 10:59:55.014681  7412 raft_consensus.cc:2243] T ce02ea986f2b4cfaac787f813e939212 P b2043af30f714da6b493a8aa14cf5267 [term 1 FOLLOWER]: Raft consensus shutting down.
I20260710 10:59:55.014986  7412 raft_consensus.cc:2272] T ce02ea986f2b4cfaac787f813e939212 P b2043af30f714da6b493a8aa14cf5267 [term 1 FOLLOWER]: Raft consensus is shut down!
I20260710 10:59:55.016388  7412 tablet_replica.cc:333] T 087c0784969e4ccb81051cc7b114af91 P b2043af30f714da6b493a8aa14cf5267: stopping tablet replica
I20260710 10:59:55.016743  7412 raft_consensus.cc:2243] T 087c0784969e4ccb81051cc7b114af91 P b2043af30f714da6b493a8aa14cf5267 [term 2 FOLLOWER]: Raft consensus shutting down.
I20260710 10:59:55.017040  7412 raft_consensus.cc:2272] T 087c0784969e4ccb81051cc7b114af91 P b2043af30f714da6b493a8aa14cf5267 [term 2 FOLLOWER]: Raft consensus is shut down!
I20260710 10:59:55.018385  7412 tablet_replica.cc:333] T 82c9aea99cf54da78ec115449bbf7356 P b2043af30f714da6b493a8aa14cf5267: stopping tablet replica
I20260710 10:59:55.018724  7412 raft_consensus.cc:2243] T 82c9aea99cf54da78ec115449bbf7356 P b2043af30f714da6b493a8aa14cf5267 [term 4 LEADER]: Raft consensus shutting down.
I20260710 10:59:55.019300  7412 raft_consensus.cc:2272] T 82c9aea99cf54da78ec115449bbf7356 P b2043af30f714da6b493a8aa14cf5267 [term 4 FOLLOWER]: Raft consensus is shut down!
I20260710 10:59:55.043062  7412 tablet_server.cc:196] TabletServer@127.7.61.3:0 shutdown complete.
I20260710 10:59:55.057473  7412 master.cc:562] Master@127.7.61.62:41211 shutting down...
I20260710 10:59:55.191820  7412 raft_consensus.cc:2243] T 00000000000000000000000000000000 P 4abdc2b2b20248c6a3942fe78c387621 [term 1 LEADER]: Raft consensus shutting down.
I20260710 10:59:55.192364  7412 raft_consensus.cc:2272] T 00000000000000000000000000000000 P 4abdc2b2b20248c6a3942fe78c387621 [term 1 FOLLOWER]: Raft consensus is shut down!
I20260710 10:59:55.192687  7412 tablet_replica.cc:333] T 00000000000000000000000000000000 P 4abdc2b2b20248c6a3942fe78c387621: stopping tablet replica
I20260710 10:59:55.210831  7412 master.cc:584] Master@127.7.61.62:41211 shutdown complete.
783ab04c4c684792a7cbadb403cfd3ca  5
b2043af30f714da6b493a8aa14cf5267  1
c7537408b09346909e1b3ce16ab07225  3
[       OK ] LeaderRebalancerTest.FunctionalTestForDivided (12432 ms)
[ RUN      ] LeaderRebalancerTest.FunctionalTestForNotDivided
I20260710 10:59:55.246798  7412 internal_mini_cluster.cc:156] Creating distributed mini masters. Addrs: 127.7.61.62:44851
I20260710 10:59:55.247915  7412 file_cache.cc:504] Constructed file cache file cache with capacity 419430
W20260710 10:59:55.253203  7907 instance_detector.cc:116] could not retrieve AWS instance metadata: Network error: curl error: HTTP response code said error: The requested URL returned error: 404
W20260710 10:59:55.253451  7908 instance_detector.cc:116] could not retrieve Azure instance metadata: Network error: curl error: HTTP response code said error: The requested URL returned error: 404
W20260710 10:59:55.254218  7910 instance_detector.cc:116] could not retrieve OpenStack instance metadata: Network error: curl error: HTTP response code said error: The requested URL returned error: 404
I20260710 10:59:55.254434  7412 server_base.cc:1061] running on GCE node
I20260710 10:59:55.255287  7412 hybrid_clock.cc:584] initializing the hybrid clock with 'system_unsync' time source
W20260710 10:59:55.255460  7412 system_unsync_time.cc:38] NTP support is disabled. Clock error bounds will not be accurate. This configuration is not suitable for distributed clusters.
I20260710 10:59:55.255568  7412 hybrid_clock.cc:648] HybridClock initialized: now 1783681195255557 us; error 0 us; skew 500 ppm
I20260710 10:59:55.256036  7412 server_base.cc:861] Flag tcmalloc_max_total_thread_cache_bytes is not working since tcmalloc is not enabled.
I20260710 10:59:55.258178  7412 webserver.cc:533] Webserver started at http://127.7.61.62:45169/ using document root <none> and password file <none>
I20260710 10:59:55.258574  7412 fs_manager.cc:362] Metadata directory not provided
I20260710 10:59:55.258718  7412 fs_manager.cc:368] Using write-ahead log directory (fs_wal_dir) as metadata directory
I20260710 10:59:55.258919  7412 server_base.cc:909] This appears to be a new deployment of Kudu; creating new FS layout
I20260710 10:59:55.260174  7412 fs_manager.cc:1068] Generated new instance metadata in path /tmp/dist-test-taskTTORi6/test-tmp/auto_leader_rebalancer-test.0.LeaderRebalancerTest.FunctionalTestForNotDivided.1783681182655593-7412-0/minicluster-data/master-0-root/instance:
uuid: "0d23d8d733904e5f92210d688bcfa2e1"
format_stamp: "Formatted at 2026-07-10 10:59:55 on dist-test-slave-ghlv"
I20260710 10:59:55.264119  7412 fs_manager.cc:696] Time spent creating directory manager: real 0.003s	user 0.003s	sys 0.001s
I20260710 10:59:55.267043  7915 log_block_manager.cc:4127] Time spent loading block containers with low live blocks: real 0.000s	user 0.000s	sys 0.000s
I20260710 10:59:55.268622  7412 fs_manager.cc:730] Time spent opening block manager: real 0.003s	user 0.002s	sys 0.001s
I20260710 10:59:55.268862  7412 fs_manager.cc:647] Opened local filesystem: /tmp/dist-test-taskTTORi6/test-tmp/auto_leader_rebalancer-test.0.LeaderRebalancerTest.FunctionalTestForNotDivided.1783681182655593-7412-0/minicluster-data/master-0-root
uuid: "0d23d8d733904e5f92210d688bcfa2e1"
format_stamp: "Formatted at 2026-07-10 10:59:55 on dist-test-slave-ghlv"
I20260710 10:59:55.269107  7412 fs_report.cc:389] FS layout report
--------------------
wal directory: /tmp/dist-test-taskTTORi6/test-tmp/auto_leader_rebalancer-test.0.LeaderRebalancerTest.FunctionalTestForNotDivided.1783681182655593-7412-0/minicluster-data/master-0-root
metadata directory: /tmp/dist-test-taskTTORi6/test-tmp/auto_leader_rebalancer-test.0.LeaderRebalancerTest.FunctionalTestForNotDivided.1783681182655593-7412-0/minicluster-data/master-0-root
1 data directories: /tmp/dist-test-taskTTORi6/test-tmp/auto_leader_rebalancer-test.0.LeaderRebalancerTest.FunctionalTestForNotDivided.1783681182655593-7412-0/minicluster-data/master-0-root/data
Total live blocks: 0
Total live bytes: 0
Total live bytes (after alignment): 0
Total number of LBM containers: 0 (0 full)
Did not check for missing blocks
Did not check for orphaned blocks
Total full LBM containers with extra space: 0 (0 repaired)
Total full LBM container extra space in bytes: 0 (0 repaired)
Total incomplete LBM containers: 0 (0 repaired)
Total LBM partial records: 0 (0 repaired)
Total corrupted LBM metadata records in RocksDB: 0 (0 repaired)
I20260710 10:59:55.278318  7412 rpc_server.cc:225] running with OpenSSL 1.1.1  11 Sep 2018
I20260710 10:59:55.279328  7412 kserver.cc:163] Server-wide thread pool size limit: 3276
I20260710 10:59:55.313261  7412 rpc_server.cc:307] RPC server started. Bound to: 127.7.61.62:44851
I20260710 10:59:55.313338  7966 acceptor_pool.cc:272] collecting diagnostics on the listening RPC socket 127.7.61.62:44851 every 8 connection(s)
I20260710 10:59:55.316756  7967 data_dirs.cc:400] Could only allocate 1 dirs of requested 3 for tablet 00000000000000000000000000000000. 1 dirs total, 0 dirs full, 0 dirs failed
I20260710 10:59:55.325297  7967 tablet_bootstrap.cc:492] T 00000000000000000000000000000000 P 0d23d8d733904e5f92210d688bcfa2e1: Bootstrap starting.
I20260710 10:59:55.329519  7967 tablet_bootstrap.cc:654] T 00000000000000000000000000000000 P 0d23d8d733904e5f92210d688bcfa2e1: Neither blocks nor log segments found. Creating new log.
I20260710 10:59:55.333197  7967 tablet_bootstrap.cc:492] T 00000000000000000000000000000000 P 0d23d8d733904e5f92210d688bcfa2e1: No bootstrap required, opened a new log
I20260710 10:59:55.335048  7967 raft_consensus.cc:359] T 00000000000000000000000000000000 P 0d23d8d733904e5f92210d688bcfa2e1 [term 0 FOLLOWER]: Replica starting. Triggering 0 pending ops. Active config: opid_index: -1 OBSOLETE_local: true peers { permanent_uuid: "0d23d8d733904e5f92210d688bcfa2e1" member_type: VOTER }
I20260710 10:59:55.335376  7967 raft_consensus.cc:385] T 00000000000000000000000000000000 P 0d23d8d733904e5f92210d688bcfa2e1 [term 0 FOLLOWER]: Consensus starting up: Expiring failure detector timer to make a prompt election more likely
I20260710 10:59:55.335546  7967 raft_consensus.cc:740] T 00000000000000000000000000000000 P 0d23d8d733904e5f92210d688bcfa2e1 [term 0 FOLLOWER]: Becoming Follower/Learner. State: Replica: 0d23d8d733904e5f92210d688bcfa2e1, State: Initialized, Role: FOLLOWER
I20260710 10:59:55.336089  7967 consensus_queue.cc:260] T 00000000000000000000000000000000 P 0d23d8d733904e5f92210d688bcfa2e1 [NON_LEADER]: Queue going to NON_LEADER mode. State: All replicated index: 0, Majority replicated index: 0, Committed index: 0, Last appended: 0.0, Last appended by leader: 0, Current term: 0, Majority size: -1, State: 0, Mode: NON_LEADER, active raft config: opid_index: -1 OBSOLETE_local: true peers { permanent_uuid: "0d23d8d733904e5f92210d688bcfa2e1" member_type: VOTER }
I20260710 10:59:55.336483  7967 raft_consensus.cc:399] T 00000000000000000000000000000000 P 0d23d8d733904e5f92210d688bcfa2e1 [term 0 FOLLOWER]: Only one voter in the Raft config. Triggering election immediately
I20260710 10:59:55.336663  7967 raft_consensus.cc:493] T 00000000000000000000000000000000 P 0d23d8d733904e5f92210d688bcfa2e1 [term 0 FOLLOWER]: Starting leader election (initial election of a single-replica configuration)
I20260710 10:59:55.336859  7967 raft_consensus.cc:3060] T 00000000000000000000000000000000 P 0d23d8d733904e5f92210d688bcfa2e1 [term 0 FOLLOWER]: Advancing to term 1
I20260710 10:59:55.340495  7967 raft_consensus.cc:515] T 00000000000000000000000000000000 P 0d23d8d733904e5f92210d688bcfa2e1 [term 1 FOLLOWER]: Starting leader election with config: opid_index: -1 OBSOLETE_local: true peers { permanent_uuid: "0d23d8d733904e5f92210d688bcfa2e1" member_type: VOTER }
I20260710 10:59:55.340922  7967 leader_election.cc:304] T 00000000000000000000000000000000 P 0d23d8d733904e5f92210d688bcfa2e1 [CANDIDATE]: Term 1 election: Election decided. Result: candidate won. Election summary: received 1 responses out of 1 voters: 1 yes votes; 0 no votes. yes voters: 0d23d8d733904e5f92210d688bcfa2e1; no voters: 
I20260710 10:59:55.341849  7967 leader_election.cc:290] T 00000000000000000000000000000000 P 0d23d8d733904e5f92210d688bcfa2e1 [CANDIDATE]: Term 1 election: Requested vote from peers 
I20260710 10:59:55.342141  7970 raft_consensus.cc:2804] T 00000000000000000000000000000000 P 0d23d8d733904e5f92210d688bcfa2e1 [term 1 FOLLOWER]: Leader election won for term 1
I20260710 10:59:55.343458  7970 raft_consensus.cc:697] T 00000000000000000000000000000000 P 0d23d8d733904e5f92210d688bcfa2e1 [term 1 LEADER]: Becoming Leader. State: Replica: 0d23d8d733904e5f92210d688bcfa2e1, State: Running, Role: LEADER
I20260710 10:59:55.344094  7970 consensus_queue.cc:237] T 00000000000000000000000000000000 P 0d23d8d733904e5f92210d688bcfa2e1 [LEADER]: Queue going to LEADER mode. State: All replicated index: 0, Majority replicated index: 0, Committed index: 0, Last appended: 0.0, Last appended by leader: 0, Current term: 1, Majority size: 1, State: 0, Mode: LEADER, active raft config: opid_index: -1 OBSOLETE_local: true peers { permanent_uuid: "0d23d8d733904e5f92210d688bcfa2e1" member_type: VOTER }
I20260710 10:59:55.344552  7967 sys_catalog.cc:565] T 00000000000000000000000000000000 P 0d23d8d733904e5f92210d688bcfa2e1 [sys.catalog]: configured and running, proceeding with master startup.
I20260710 10:59:55.348398  7971 sys_catalog.cc:455] T 00000000000000000000000000000000 P 0d23d8d733904e5f92210d688bcfa2e1 [sys.catalog]: SysCatalogTable state changed. Reason: RaftConsensus started. Latest consensus state: current_term: 1 leader_uuid: "0d23d8d733904e5f92210d688bcfa2e1" committed_config { opid_index: -1 OBSOLETE_local: true peers { permanent_uuid: "0d23d8d733904e5f92210d688bcfa2e1" member_type: VOTER } }
I20260710 10:59:55.348620  7972 sys_catalog.cc:455] T 00000000000000000000000000000000 P 0d23d8d733904e5f92210d688bcfa2e1 [sys.catalog]: SysCatalogTable state changed. Reason: New leader 0d23d8d733904e5f92210d688bcfa2e1. Latest consensus state: current_term: 1 leader_uuid: "0d23d8d733904e5f92210d688bcfa2e1" committed_config { opid_index: -1 OBSOLETE_local: true peers { permanent_uuid: "0d23d8d733904e5f92210d688bcfa2e1" member_type: VOTER } }
I20260710 10:59:55.349033  7971 sys_catalog.cc:458] T 00000000000000000000000000000000 P 0d23d8d733904e5f92210d688bcfa2e1 [sys.catalog]: This master's current role is: LEADER
I20260710 10:59:55.349151  7972 sys_catalog.cc:458] T 00000000000000000000000000000000 P 0d23d8d733904e5f92210d688bcfa2e1 [sys.catalog]: This master's current role is: LEADER
I20260710 10:59:55.350732  7977 catalog_manager.cc:1511] Loading table and tablet metadata into memory...
I20260710 10:59:55.355437  7977 catalog_manager.cc:1520] Initializing Kudu cluster ID...
I20260710 10:59:55.358667  7412 internal_mini_cluster.cc:184] Waiting to initialize catalog manager on master 0
I20260710 10:59:55.362988  7977 catalog_manager.cc:1383] Generated new cluster ID: ea04bd8d6c6c405999b05a58c7510e86
I20260710 10:59:55.363256  7977 catalog_manager.cc:1531] Initializing Kudu internal certificate authority...
I20260710 10:59:55.381894  7977 catalog_manager.cc:1406] Generated new certificate authority record
I20260710 10:59:55.382984  7977 catalog_manager.cc:1540] Loading token signing keys...
I20260710 10:59:55.402323  7977 catalog_manager.cc:6070] T 00000000000000000000000000000000 P 0d23d8d733904e5f92210d688bcfa2e1: Generated new TSK 0
I20260710 10:59:55.402855  7977 catalog_manager.cc:1550] Initializing in-progress tserver states...
I20260710 10:59:55.424597  7412 file_cache.cc:504] Constructed file cache file cache with capacity 419430
W20260710 10:59:55.429833  7988 instance_detector.cc:116] could not retrieve AWS instance metadata: Network error: curl error: HTTP response code said error: The requested URL returned error: 404
W20260710 10:59:55.430593  7989 instance_detector.cc:116] could not retrieve Azure instance metadata: Network error: curl error: HTTP response code said error: The requested URL returned error: 404
I20260710 10:59:55.432742  7412 server_base.cc:1061] running on GCE node
W20260710 10:59:55.433056  7991 instance_detector.cc:116] could not retrieve OpenStack instance metadata: Network error: curl error: HTTP response code said error: The requested URL returned error: 404
I20260710 10:59:55.433837  7412 hybrid_clock.cc:584] initializing the hybrid clock with 'system_unsync' time source
W20260710 10:59:55.434005  7412 system_unsync_time.cc:38] NTP support is disabled. Clock error bounds will not be accurate. This configuration is not suitable for distributed clusters.
I20260710 10:59:55.434118  7412 hybrid_clock.cc:648] HybridClock initialized: now 1783681195434107 us; error 0 us; skew 500 ppm
I20260710 10:59:55.434551  7412 server_base.cc:861] Flag tcmalloc_max_total_thread_cache_bytes is not working since tcmalloc is not enabled.
I20260710 10:59:55.436627  7412 webserver.cc:533] Webserver started at http://127.7.61.1:39221/ using document root <none> and password file <none>
I20260710 10:59:55.437027  7412 fs_manager.cc:362] Metadata directory not provided
I20260710 10:59:55.437201  7412 fs_manager.cc:368] Using write-ahead log directory (fs_wal_dir) as metadata directory
I20260710 10:59:55.437392  7412 server_base.cc:909] This appears to be a new deployment of Kudu; creating new FS layout
I20260710 10:59:55.438333  7412 fs_manager.cc:1068] Generated new instance metadata in path /tmp/dist-test-taskTTORi6/test-tmp/auto_leader_rebalancer-test.0.LeaderRebalancerTest.FunctionalTestForNotDivided.1783681182655593-7412-0/minicluster-data/ts-0-root/instance:
uuid: "ddc960a06f0e4a02b4eed343db36f83f"
format_stamp: "Formatted at 2026-07-10 10:59:55 on dist-test-slave-ghlv"
I20260710 10:59:55.442298  7412 fs_manager.cc:696] Time spent creating directory manager: real 0.004s	user 0.005s	sys 0.000s
I20260710 10:59:55.445272  7996 log_block_manager.cc:4127] Time spent loading block containers with low live blocks: real 0.000s	user 0.000s	sys 0.000s
I20260710 10:59:55.445894  7412 fs_manager.cc:730] Time spent opening block manager: real 0.002s	user 0.001s	sys 0.000s
I20260710 10:59:55.446161  7412 fs_manager.cc:647] Opened local filesystem: /tmp/dist-test-taskTTORi6/test-tmp/auto_leader_rebalancer-test.0.LeaderRebalancerTest.FunctionalTestForNotDivided.1783681182655593-7412-0/minicluster-data/ts-0-root
uuid: "ddc960a06f0e4a02b4eed343db36f83f"
format_stamp: "Formatted at 2026-07-10 10:59:55 on dist-test-slave-ghlv"
I20260710 10:59:55.446448  7412 fs_report.cc:389] FS layout report
--------------------
wal directory: /tmp/dist-test-taskTTORi6/test-tmp/auto_leader_rebalancer-test.0.LeaderRebalancerTest.FunctionalTestForNotDivided.1783681182655593-7412-0/minicluster-data/ts-0-root
metadata directory: /tmp/dist-test-taskTTORi6/test-tmp/auto_leader_rebalancer-test.0.LeaderRebalancerTest.FunctionalTestForNotDivided.1783681182655593-7412-0/minicluster-data/ts-0-root
1 data directories: /tmp/dist-test-taskTTORi6/test-tmp/auto_leader_rebalancer-test.0.LeaderRebalancerTest.FunctionalTestForNotDivided.1783681182655593-7412-0/minicluster-data/ts-0-root/data
Total live blocks: 0
Total live bytes: 0
Total live bytes (after alignment): 0
Total number of LBM containers: 0 (0 full)
Did not check for missing blocks
Did not check for orphaned blocks
Total full LBM containers with extra space: 0 (0 repaired)
Total full LBM container extra space in bytes: 0 (0 repaired)
Total incomplete LBM containers: 0 (0 repaired)
Total LBM partial records: 0 (0 repaired)
Total corrupted LBM metadata records in RocksDB: 0 (0 repaired)
I20260710 10:59:55.473557  7412 rpc_server.cc:225] running with OpenSSL 1.1.1  11 Sep 2018
I20260710 10:59:55.474915  7412 kserver.cc:163] Server-wide thread pool size limit: 3276
I20260710 10:59:55.476423  7412 txn_system_client.cc:432] TxnSystemClient initialization is disabled...
I20260710 10:59:55.478662  7412 ts_tablet_manager.cc:585] Loaded tablet metadata (0 total tablets, 0 live tablets)
I20260710 10:59:55.478865  7412 ts_tablet_manager.cc:531] Time spent load tablet metadata: real 0.000s	user 0.000s	sys 0.000s
I20260710 10:59:55.479074  7412 ts_tablet_manager.cc:616] Registered 0 tablets
I20260710 10:59:55.479241  7412 ts_tablet_manager.cc:595] Time spent register tablets: real 0.000s	user 0.000s	sys 0.000s
I20260710 10:59:55.518424  7412 rpc_server.cc:307] RPC server started. Bound to: 127.7.61.1:40075
I20260710 10:59:55.518512  8058 acceptor_pool.cc:272] collecting diagnostics on the listening RPC socket 127.7.61.1:40075 every 8 connection(s)
I20260710 10:59:55.522927  7412 file_cache.cc:504] Constructed file cache file cache with capacity 419430
W20260710 10:59:55.531075  8063 instance_detector.cc:116] could not retrieve AWS instance metadata: Network error: curl error: HTTP response code said error: The requested URL returned error: 404
W20260710 10:59:55.532037  8064 instance_detector.cc:116] could not retrieve Azure instance metadata: Network error: curl error: HTTP response code said error: The requested URL returned error: 404
W20260710 10:59:55.538753  8066 instance_detector.cc:116] could not retrieve OpenStack instance metadata: Network error: curl error: HTTP response code said error: The requested URL returned error: 404
I20260710 10:59:55.539440  7412 server_base.cc:1061] running on GCE node
I20260710 10:59:55.540493  7412 hybrid_clock.cc:584] initializing the hybrid clock with 'system_unsync' time source
W20260710 10:59:55.540691  7412 system_unsync_time.cc:38] NTP support is disabled. Clock error bounds will not be accurate. This configuration is not suitable for distributed clusters.
I20260710 10:59:55.540838  7412 hybrid_clock.cc:648] HybridClock initialized: now 1783681195540822 us; error 0 us; skew 500 ppm
I20260710 10:59:55.541492  7412 server_base.cc:861] Flag tcmalloc_max_total_thread_cache_bytes is not working since tcmalloc is not enabled.
I20260710 10:59:55.543706  8059 heartbeater.cc:344] Connected to a master server at 127.7.61.62:44851
I20260710 10:59:55.544098  8059 heartbeater.cc:461] Registering TS with master...
I20260710 10:59:55.544577  7412 webserver.cc:533] Webserver started at http://127.7.61.2:44865/ using document root <none> and password file <none>
I20260710 10:59:55.544974  8059 heartbeater.cc:507] Master 127.7.61.62:44851 requested a full tablet report, sending...
I20260710 10:59:55.545172  7412 fs_manager.cc:362] Metadata directory not provided
I20260710 10:59:55.545445  7412 fs_manager.cc:368] Using write-ahead log directory (fs_wal_dir) as metadata directory
I20260710 10:59:55.545743  7412 server_base.cc:909] This appears to be a new deployment of Kudu; creating new FS layout
I20260710 10:59:55.547049  7412 fs_manager.cc:1068] Generated new instance metadata in path /tmp/dist-test-taskTTORi6/test-tmp/auto_leader_rebalancer-test.0.LeaderRebalancerTest.FunctionalTestForNotDivided.1783681182655593-7412-0/minicluster-data/ts-1-root/instance:
uuid: "6954c15065414114b78c4979fedd4093"
format_stamp: "Formatted at 2026-07-10 10:59:55 on dist-test-slave-ghlv"
I20260710 10:59:55.547201  7932 ts_manager.cc:194] Registered new tserver with Master: ddc960a06f0e4a02b4eed343db36f83f (127.7.61.1:40075)
I20260710 10:59:55.549490  7932 master_service.cc:502] Signed X509 certificate for tserver {username='slave'} at 127.0.0.1:49140
I20260710 10:59:55.552487  7412 fs_manager.cc:696] Time spent creating directory manager: real 0.005s	user 0.004s	sys 0.000s
I20260710 10:59:55.555689  8071 log_block_manager.cc:4127] Time spent loading block containers with low live blocks: real 0.000s	user 0.000s	sys 0.000s
I20260710 10:59:55.556367  7412 fs_manager.cc:730] Time spent opening block manager: real 0.002s	user 0.003s	sys 0.000s
I20260710 10:59:55.556605  7412 fs_manager.cc:647] Opened local filesystem: /tmp/dist-test-taskTTORi6/test-tmp/auto_leader_rebalancer-test.0.LeaderRebalancerTest.FunctionalTestForNotDivided.1783681182655593-7412-0/minicluster-data/ts-1-root
uuid: "6954c15065414114b78c4979fedd4093"
format_stamp: "Formatted at 2026-07-10 10:59:55 on dist-test-slave-ghlv"
I20260710 10:59:55.556824  7412 fs_report.cc:389] FS layout report
--------------------
wal directory: /tmp/dist-test-taskTTORi6/test-tmp/auto_leader_rebalancer-test.0.LeaderRebalancerTest.FunctionalTestForNotDivided.1783681182655593-7412-0/minicluster-data/ts-1-root
metadata directory: /tmp/dist-test-taskTTORi6/test-tmp/auto_leader_rebalancer-test.0.LeaderRebalancerTest.FunctionalTestForNotDivided.1783681182655593-7412-0/minicluster-data/ts-1-root
1 data directories: /tmp/dist-test-taskTTORi6/test-tmp/auto_leader_rebalancer-test.0.LeaderRebalancerTest.FunctionalTestForNotDivided.1783681182655593-7412-0/minicluster-data/ts-1-root/data
Total live blocks: 0
Total live bytes: 0
Total live bytes (after alignment): 0
Total number of LBM containers: 0 (0 full)
Did not check for missing blocks
Did not check for orphaned blocks
Total full LBM containers with extra space: 0 (0 repaired)
Total full LBM container extra space in bytes: 0 (0 repaired)
Total incomplete LBM containers: 0 (0 repaired)
Total LBM partial records: 0 (0 repaired)
Total corrupted LBM metadata records in RocksDB: 0 (0 repaired)
I20260710 10:59:55.571949  7412 rpc_server.cc:225] running with OpenSSL 1.1.1  11 Sep 2018
I20260710 10:59:55.573035  7412 kserver.cc:163] Server-wide thread pool size limit: 3276
I20260710 10:59:55.574352  7412 txn_system_client.cc:432] TxnSystemClient initialization is disabled...
I20260710 10:59:55.576365  7412 ts_tablet_manager.cc:585] Loaded tablet metadata (0 total tablets, 0 live tablets)
I20260710 10:59:55.576539  7412 ts_tablet_manager.cc:531] Time spent load tablet metadata: real 0.000s	user 0.000s	sys 0.000s
I20260710 10:59:55.576773  7412 ts_tablet_manager.cc:616] Registered 0 tablets
I20260710 10:59:55.576907  7412 ts_tablet_manager.cc:595] Time spent register tablets: real 0.000s	user 0.000s	sys 0.000s
I20260710 10:59:55.612777  7412 rpc_server.cc:307] RPC server started. Bound to: 127.7.61.2:34907
I20260710 10:59:55.612872  8133 acceptor_pool.cc:272] collecting diagnostics on the listening RPC socket 127.7.61.2:34907 every 8 connection(s)
I20260710 10:59:55.617094  7412 file_cache.cc:504] Constructed file cache file cache with capacity 419430
W20260710 10:59:55.623533  8137 instance_detector.cc:116] could not retrieve AWS instance metadata: Network error: curl error: HTTP response code said error: The requested URL returned error: 404
W20260710 10:59:55.625063  8138 instance_detector.cc:116] could not retrieve Azure instance metadata: Network error: curl error: HTTP response code said error: The requested URL returned error: 404
W20260710 10:59:55.626163  8140 instance_detector.cc:116] could not retrieve OpenStack instance metadata: Network error: curl error: HTTP response code said error: The requested URL returned error: 404
I20260710 10:59:55.627033  7412 server_base.cc:1061] running on GCE node
I20260710 10:59:55.627952  7412 hybrid_clock.cc:584] initializing the hybrid clock with 'system_unsync' time source
W20260710 10:59:55.628140  7412 system_unsync_time.cc:38] NTP support is disabled. Clock error bounds will not be accurate. This configuration is not suitable for distributed clusters.
I20260710 10:59:55.628293  7412 hybrid_clock.cc:648] HybridClock initialized: now 1783681195628276 us; error 0 us; skew 500 ppm
I20260710 10:59:55.628585  8134 heartbeater.cc:344] Connected to a master server at 127.7.61.62:44851
I20260710 10:59:55.628873  7412 server_base.cc:861] Flag tcmalloc_max_total_thread_cache_bytes is not working since tcmalloc is not enabled.
I20260710 10:59:55.628912  8134 heartbeater.cc:461] Registering TS with master...
I20260710 10:59:55.629649  8134 heartbeater.cc:507] Master 127.7.61.62:44851 requested a full tablet report, sending...
I20260710 10:59:55.631340  7412 webserver.cc:533] Webserver started at http://127.7.61.3:44381/ using document root <none> and password file <none>
I20260710 10:59:55.631775  7932 ts_manager.cc:194] Registered new tserver with Master: 6954c15065414114b78c4979fedd4093 (127.7.61.2:34907)
I20260710 10:59:55.631985  7412 fs_manager.cc:362] Metadata directory not provided
I20260710 10:59:55.632249  7412 fs_manager.cc:368] Using write-ahead log directory (fs_wal_dir) as metadata directory
I20260710 10:59:55.632543  7412 server_base.cc:909] This appears to be a new deployment of Kudu; creating new FS layout
I20260710 10:59:55.633461  7932 master_service.cc:502] Signed X509 certificate for tserver {username='slave'} at 127.0.0.1:49150
I20260710 10:59:55.633976  7412 fs_manager.cc:1068] Generated new instance metadata in path /tmp/dist-test-taskTTORi6/test-tmp/auto_leader_rebalancer-test.0.LeaderRebalancerTest.FunctionalTestForNotDivided.1783681182655593-7412-0/minicluster-data/ts-2-root/instance:
uuid: "9b49fd1261ac42659657af65a912001c"
format_stamp: "Formatted at 2026-07-10 10:59:55 on dist-test-slave-ghlv"
I20260710 10:59:55.638447  7412 fs_manager.cc:696] Time spent creating directory manager: real 0.004s	user 0.006s	sys 0.000s
I20260710 10:59:55.641338  8145 log_block_manager.cc:4127] Time spent loading block containers with low live blocks: real 0.000s	user 0.000s	sys 0.000s
I20260710 10:59:55.642011  7412 fs_manager.cc:730] Time spent opening block manager: real 0.002s	user 0.001s	sys 0.000s
I20260710 10:59:55.642266  7412 fs_manager.cc:647] Opened local filesystem: /tmp/dist-test-taskTTORi6/test-tmp/auto_leader_rebalancer-test.0.LeaderRebalancerTest.FunctionalTestForNotDivided.1783681182655593-7412-0/minicluster-data/ts-2-root
uuid: "9b49fd1261ac42659657af65a912001c"
format_stamp: "Formatted at 2026-07-10 10:59:55 on dist-test-slave-ghlv"
I20260710 10:59:55.642518  7412 fs_report.cc:389] FS layout report
--------------------
wal directory: /tmp/dist-test-taskTTORi6/test-tmp/auto_leader_rebalancer-test.0.LeaderRebalancerTest.FunctionalTestForNotDivided.1783681182655593-7412-0/minicluster-data/ts-2-root
metadata directory: /tmp/dist-test-taskTTORi6/test-tmp/auto_leader_rebalancer-test.0.LeaderRebalancerTest.FunctionalTestForNotDivided.1783681182655593-7412-0/minicluster-data/ts-2-root
1 data directories: /tmp/dist-test-taskTTORi6/test-tmp/auto_leader_rebalancer-test.0.LeaderRebalancerTest.FunctionalTestForNotDivided.1783681182655593-7412-0/minicluster-data/ts-2-root/data
Total live blocks: 0
Total live bytes: 0
Total live bytes (after alignment): 0
Total number of LBM containers: 0 (0 full)
Did not check for missing blocks
Did not check for orphaned blocks
Total full LBM containers with extra space: 0 (0 repaired)
Total full LBM container extra space in bytes: 0 (0 repaired)
Total incomplete LBM containers: 0 (0 repaired)
Total LBM partial records: 0 (0 repaired)
Total corrupted LBM metadata records in RocksDB: 0 (0 repaired)
I20260710 10:59:55.665975  7412 rpc_server.cc:225] running with OpenSSL 1.1.1  11 Sep 2018
I20260710 10:59:55.667110  7412 kserver.cc:163] Server-wide thread pool size limit: 3276
I20260710 10:59:55.668546  7412 txn_system_client.cc:432] TxnSystemClient initialization is disabled...
I20260710 10:59:55.670677  7412 ts_tablet_manager.cc:585] Loaded tablet metadata (0 total tablets, 0 live tablets)
I20260710 10:59:55.670946  7412 ts_tablet_manager.cc:531] Time spent load tablet metadata: real 0.000s	user 0.000s	sys 0.000s
I20260710 10:59:55.671157  7412 ts_tablet_manager.cc:616] Registered 0 tablets
I20260710 10:59:55.671305  7412 ts_tablet_manager.cc:595] Time spent register tablets: real 0.000s	user 0.000s	sys 0.000s
I20260710 10:59:55.721892  7412 rpc_server.cc:307] RPC server started. Bound to: 127.7.61.3:40315
I20260710 10:59:55.721985  8207 acceptor_pool.cc:272] collecting diagnostics on the listening RPC socket 127.7.61.3:40315 every 8 connection(s)
I20260710 10:59:55.733865  8208 heartbeater.cc:344] Connected to a master server at 127.7.61.62:44851
I20260710 10:59:55.734211  8208 heartbeater.cc:461] Registering TS with master...
I20260710 10:59:55.735019  8208 heartbeater.cc:507] Master 127.7.61.62:44851 requested a full tablet report, sending...
I20260710 10:59:55.737007  7932 ts_manager.cc:194] Registered new tserver with Master: 9b49fd1261ac42659657af65a912001c (127.7.61.3:40315)
I20260710 10:59:55.737830  7412 internal_mini_cluster.cc:371] 3 TS(s) registered with all masters after 0.013029788s
I20260710 10:59:55.738464  7932 master_service.cc:502] Signed X509 certificate for tserver {username='slave'} at 127.0.0.1:49164
I20260710 10:59:55.760699  7932 catalog_manager.cc:2283] Servicing CreateTable request from {username='slave'} at 127.0.0.1:49174:
name: "test-workload"
schema {
  columns {
    name: "key"
    type: INT32
    is_key: true
    is_nullable: false
    encoding: AUTO_ENCODING
    compression: DEFAULT_COMPRESSION
    cfile_block_size: 0
    immutable: false
  }
  columns {
    name: "int_val"
    type: INT32
    is_key: false
    is_nullable: false
    encoding: AUTO_ENCODING
    compression: DEFAULT_COMPRESSION
    cfile_block_size: 0
    immutable: false
  }
  columns {
    name: "string_val"
    type: STRING
    is_key: false
    is_nullable: true
    encoding: AUTO_ENCODING
    compression: DEFAULT_COMPRESSION
    cfile_block_size: 0
    immutable: false
  }
}
num_replicas: 3
split_rows_range_bounds {
  rows: "\004\001\000\314\314\314\014\004\001\000\230\231\231\031\004\001\000dff&\004\001\0000333\004\001\000\374\377\377?\004\001\000\310\314\314L\004\001\000\224\231\231Y\004\001\000`fff\004\001\000,33s""\004\001\000\314\314\314\014\004\001\000\230\231\231\031\004\001\000dff&\004\001\0000333\004\001\000\374\377\377?\004\001\000\310\314\314L\004\001\000\224\231\231Y\004\001\000`fff\004\001\000,33s"
  indirect_data: """"
}
partition_schema {
  range_schema {
    columns {
      name: "key"
    }
  }
}
W20260710 10:59:55.763307  7932 catalog_manager.cc:7077] The number of live tablet servers is not enough to re-replicate a tablet replica of the newly created table test-workload in case of a server failure: 4 tablet servers would be needed, 3 are available. Consider bringing up more tablet servers.
I20260710 10:59:55.828862  8099 tablet_service.cc:1511] Processing CreateTablet for tablet a1c4216c871c492885d8093d0f4fc18b (DEFAULT_TABLE table=test-workload [id=3019bc0cea1c4a458c8fad73c407515c]), partition=RANGE (key) PARTITION VALUES < 214748364
I20260710 10:59:55.830399  8099 data_dirs.cc:400] Could only allocate 1 dirs of requested 3 for tablet a1c4216c871c492885d8093d0f4fc18b. 1 dirs total, 0 dirs full, 0 dirs failed
I20260710 10:59:55.832707  8094 tablet_service.cc:1511] Processing CreateTablet for tablet abc37e0913924a0fb658c430ef801e2a (DEFAULT_TABLE table=test-workload [id=3019bc0cea1c4a458c8fad73c407515c]), partition=RANGE (key) PARTITION 1073741820 <= VALUES < 1288490184
I20260710 10:59:55.832926  8095 tablet_service.cc:1511] Processing CreateTablet for tablet 4069adfb8c484ac2a8f3fa9665cf14bd (DEFAULT_TABLE table=test-workload [id=3019bc0cea1c4a458c8fad73c407515c]), partition=RANGE (key) PARTITION 858993456 <= VALUES < 1073741820
I20260710 10:59:55.832815  8096 tablet_service.cc:1511] Processing CreateTablet for tablet a7cdfc0e5b174544a75f586e2e5f7461 (DEFAULT_TABLE table=test-workload [id=3019bc0cea1c4a458c8fad73c407515c]), partition=RANGE (key) PARTITION 644245092 <= VALUES < 858993456
I20260710 10:59:55.834295  8094 data_dirs.cc:400] Could only allocate 1 dirs of requested 3 for tablet abc37e0913924a0fb658c430ef801e2a. 1 dirs total, 0 dirs full, 0 dirs failed
I20260710 10:59:55.835467  8095 data_dirs.cc:400] Could only allocate 1 dirs of requested 3 for tablet 4069adfb8c484ac2a8f3fa9665cf14bd. 1 dirs total, 0 dirs full, 0 dirs failed
I20260710 10:59:55.836099  8096 data_dirs.cc:400] Could only allocate 1 dirs of requested 3 for tablet a7cdfc0e5b174544a75f586e2e5f7461. 1 dirs total, 0 dirs full, 0 dirs failed
I20260710 10:59:55.832939  8098 tablet_service.cc:1511] Processing CreateTablet for tablet becbcbf32676444492c6dfec85dd1499 (DEFAULT_TABLE table=test-workload [id=3019bc0cea1c4a458c8fad73c407515c]), partition=RANGE (key) PARTITION 214748364 <= VALUES < 429496728
I20260710 10:59:55.839389  8098 data_dirs.cc:400] Could only allocate 1 dirs of requested 3 for tablet becbcbf32676444492c6dfec85dd1499. 1 dirs total, 0 dirs full, 0 dirs failed
I20260710 10:59:55.834205  8097 tablet_service.cc:1511] Processing CreateTablet for tablet a3052a0fb9fc492ca462ac7ae4f1ae64 (DEFAULT_TABLE table=test-workload [id=3019bc0cea1c4a458c8fad73c407515c]), partition=RANGE (key) PARTITION 429496728 <= VALUES < 644245092
I20260710 10:59:55.844961  8097 data_dirs.cc:400] Could only allocate 1 dirs of requested 3 for tablet a3052a0fb9fc492ca462ac7ae4f1ae64. 1 dirs total, 0 dirs full, 0 dirs failed
I20260710 10:59:55.852519  8093 tablet_service.cc:1511] Processing CreateTablet for tablet 6a9c2c17fa774d19a5614b5a0defe914 (DEFAULT_TABLE table=test-workload [id=3019bc0cea1c4a458c8fad73c407515c]), partition=RANGE (key) PARTITION 1288490184 <= VALUES < 1503238548
I20260710 10:59:55.853806  8093 data_dirs.cc:400] Could only allocate 1 dirs of requested 3 for tablet 6a9c2c17fa774d19a5614b5a0defe914. 1 dirs total, 0 dirs full, 0 dirs failed
I20260710 10:59:55.873452  8222 tablet_bootstrap.cc:492] T 4069adfb8c484ac2a8f3fa9665cf14bd P 6954c15065414114b78c4979fedd4093: Bootstrap starting.
I20260710 10:59:55.876582  8093 tablet_service.cc:1511] Processing CreateTablet for tablet b138bd7a3e0648399e22c656d0e8e56a (DEFAULT_TABLE table=test-workload [id=3019bc0cea1c4a458c8fad73c407515c]), partition=RANGE (key) PARTITION 1717986912 <= VALUES < 1932735276
I20260710 10:59:55.877374  8097 tablet_service.cc:1511] Processing CreateTablet for tablet 62f2394d54dd42c2bd0aa0d3dd343ee8 (DEFAULT_TABLE table=test-workload [id=3019bc0cea1c4a458c8fad73c407515c]), partition=RANGE (key) PARTITION 1503238548 <= VALUES < 1717986912
I20260710 10:59:55.877887  8093 data_dirs.cc:400] Could only allocate 1 dirs of requested 3 for tablet b138bd7a3e0648399e22c656d0e8e56a. 1 dirs total, 0 dirs full, 0 dirs failed
I20260710 10:59:55.879088  8222 tablet_bootstrap.cc:654] T 4069adfb8c484ac2a8f3fa9665cf14bd P 6954c15065414114b78c4979fedd4093: Neither blocks nor log segments found. Creating new log.
I20260710 10:59:55.880486  8097 data_dirs.cc:400] Could only allocate 1 dirs of requested 3 for tablet 62f2394d54dd42c2bd0aa0d3dd343ee8. 1 dirs total, 0 dirs full, 0 dirs failed
I20260710 10:59:55.884403  8024 tablet_service.cc:1511] Processing CreateTablet for tablet a1c4216c871c492885d8093d0f4fc18b (DEFAULT_TABLE table=test-workload [id=3019bc0cea1c4a458c8fad73c407515c]), partition=RANGE (key) PARTITION VALUES < 214748364
I20260710 10:59:55.885675  8024 data_dirs.cc:400] Could only allocate 1 dirs of requested 3 for tablet a1c4216c871c492885d8093d0f4fc18b. 1 dirs total, 0 dirs full, 0 dirs failed
I20260710 10:59:55.886924  8173 tablet_service.cc:1511] Processing CreateTablet for tablet a1c4216c871c492885d8093d0f4fc18b (DEFAULT_TABLE table=test-workload [id=3019bc0cea1c4a458c8fad73c407515c]), partition=RANGE (key) PARTITION VALUES < 214748364
I20260710 10:59:55.888160  8173 data_dirs.cc:400] Could only allocate 1 dirs of requested 3 for tablet a1c4216c871c492885d8093d0f4fc18b. 1 dirs total, 0 dirs full, 0 dirs failed
I20260710 10:59:55.888787  8023 tablet_service.cc:1511] Processing CreateTablet for tablet becbcbf32676444492c6dfec85dd1499 (DEFAULT_TABLE table=test-workload [id=3019bc0cea1c4a458c8fad73c407515c]), partition=RANGE (key) PARTITION 214748364 <= VALUES < 429496728
I20260710 10:59:55.889978  8023 data_dirs.cc:400] Could only allocate 1 dirs of requested 3 for tablet becbcbf32676444492c6dfec85dd1499. 1 dirs total, 0 dirs full, 0 dirs failed
I20260710 10:59:55.892824  8022 tablet_service.cc:1511] Processing CreateTablet for tablet a3052a0fb9fc492ca462ac7ae4f1ae64 (DEFAULT_TABLE table=test-workload [id=3019bc0cea1c4a458c8fad73c407515c]), partition=RANGE (key) PARTITION 429496728 <= VALUES < 644245092
I20260710 10:59:55.894040  8022 data_dirs.cc:400] Could only allocate 1 dirs of requested 3 for tablet a3052a0fb9fc492ca462ac7ae4f1ae64. 1 dirs total, 0 dirs full, 0 dirs failed
I20260710 10:59:55.893844  8018 tablet_service.cc:1511] Processing CreateTablet for tablet 6a9c2c17fa774d19a5614b5a0defe914 (DEFAULT_TABLE table=test-workload [id=3019bc0cea1c4a458c8fad73c407515c]), partition=RANGE (key) PARTITION 1288490184 <= VALUES < 1503238548
I20260710 10:59:55.894992  8018 data_dirs.cc:400] Could only allocate 1 dirs of requested 3 for tablet 6a9c2c17fa774d19a5614b5a0defe914. 1 dirs total, 0 dirs full, 0 dirs failed
I20260710 10:59:55.895820  8021 tablet_service.cc:1511] Processing CreateTablet for tablet a7cdfc0e5b174544a75f586e2e5f7461 (DEFAULT_TABLE table=test-workload [id=3019bc0cea1c4a458c8fad73c407515c]), partition=RANGE (key) PARTITION 644245092 <= VALUES < 858993456
I20260710 10:59:55.896977  8021 data_dirs.cc:400] Could only allocate 1 dirs of requested 3 for tablet a7cdfc0e5b174544a75f586e2e5f7461. 1 dirs total, 0 dirs full, 0 dirs failed
I20260710 10:59:55.897410  8172 tablet_service.cc:1511] Processing CreateTablet for tablet becbcbf32676444492c6dfec85dd1499 (DEFAULT_TABLE table=test-workload [id=3019bc0cea1c4a458c8fad73c407515c]), partition=RANGE (key) PARTITION 214748364 <= VALUES < 429496728
I20260710 10:59:55.898586  8172 data_dirs.cc:400] Could only allocate 1 dirs of requested 3 for tablet becbcbf32676444492c6dfec85dd1499. 1 dirs total, 0 dirs full, 0 dirs failed
I20260710 10:59:55.900760  8170 tablet_service.cc:1511] Processing CreateTablet for tablet a7cdfc0e5b174544a75f586e2e5f7461 (DEFAULT_TABLE table=test-workload [id=3019bc0cea1c4a458c8fad73c407515c]), partition=RANGE (key) PARTITION 644245092 <= VALUES < 858993456
I20260710 10:59:55.901995  8170 data_dirs.cc:400] Could only allocate 1 dirs of requested 3 for tablet a7cdfc0e5b174544a75f586e2e5f7461. 1 dirs total, 0 dirs full, 0 dirs failed
I20260710 10:59:55.904757  8169 tablet_service.cc:1511] Processing CreateTablet for tablet 4069adfb8c484ac2a8f3fa9665cf14bd (DEFAULT_TABLE table=test-workload [id=3019bc0cea1c4a458c8fad73c407515c]), partition=RANGE (key) PARTITION 858993456 <= VALUES < 1073741820
I20260710 10:59:55.892824  8019 tablet_service.cc:1511] Processing CreateTablet for tablet abc37e0913924a0fb658c430ef801e2a (DEFAULT_TABLE table=test-workload [id=3019bc0cea1c4a458c8fad73c407515c]), partition=RANGE (key) PARTITION 1073741820 <= VALUES < 1288490184
I20260710 10:59:55.905951  8169 data_dirs.cc:400] Could only allocate 1 dirs of requested 3 for tablet 4069adfb8c484ac2a8f3fa9665cf14bd. 1 dirs total, 0 dirs full, 0 dirs failed
I20260710 10:59:55.906213  8019 data_dirs.cc:400] Could only allocate 1 dirs of requested 3 for tablet abc37e0913924a0fb658c430ef801e2a. 1 dirs total, 0 dirs full, 0 dirs failed
I20260710 10:59:55.908660  8168 tablet_service.cc:1511] Processing CreateTablet for tablet abc37e0913924a0fb658c430ef801e2a (DEFAULT_TABLE table=test-workload [id=3019bc0cea1c4a458c8fad73c407515c]), partition=RANGE (key) PARTITION 1073741820 <= VALUES < 1288490184
I20260710 10:59:55.909849  8168 data_dirs.cc:400] Could only allocate 1 dirs of requested 3 for tablet abc37e0913924a0fb658c430ef801e2a. 1 dirs total, 0 dirs full, 0 dirs failed
