I20260710 11:06:34.265817 31245 consensus_queue.cc:1048] T 26f496c3f1a94266ab2bbca319468f59 P f356fe5d996d48faa5baa3d94bd3c66b [LEADER]: Connected to new peer: Peer: permanent_uuid: "13831b58afa345fa82a525f83a2f3342" member_type: VOTER last_known_addr { host: "127.30.23.65" port: 42393 }, Status: LMP_MISMATCH, Last received: 0.0, Next index: 3, Last known committed idx: 2, Time since last communication: 0.000s
I20260710 11:06:34.273387 31097 raft_consensus.cc:1275] T 26f496c3f1a94266ab2bbca319468f59 P e8d7f41ab60447d5ad28c643b50bcde0 [term 3 FOLLOWER]: Refusing update from remote peer f356fe5d996d48faa5baa3d94bd3c66b: Log matching property violated. Preceding OpId in replica: term: 2 index: 2. Preceding OpId from leader: term: 3 index: 3. (index mismatch)
I20260710 11:06:34.274937 31245 consensus_queue.cc:1048] T 26f496c3f1a94266ab2bbca319468f59 P f356fe5d996d48faa5baa3d94bd3c66b [LEADER]: Connected to new peer: Peer: permanent_uuid: "e8d7f41ab60447d5ad28c643b50bcde0" member_type: VOTER last_known_addr { host: "127.30.23.67" port: 46179 }, Status: LMP_MISMATCH, Last received: 0.0, Next index: 3, Last known committed idx: 2, Time since last communication: 0.000s
I20260710 11:06:34.319515 30946 raft_consensus.cc:1275] T ba1c65a1e3e04148a4a041e9ffc482b8 P 13831b58afa345fa82a525f83a2f3342 [term 3 FOLLOWER]: Refusing update from remote peer f356fe5d996d48faa5baa3d94bd3c66b: Log matching property violated. Preceding OpId in replica: term: 2 index: 2. Preceding OpId from leader: term: 3 index: 3. (index mismatch)
I20260710 11:06:34.320873 31245 consensus_queue.cc:1048] T ba1c65a1e3e04148a4a041e9ffc482b8 P f356fe5d996d48faa5baa3d94bd3c66b [LEADER]: Connected to new peer: Peer: permanent_uuid: "13831b58afa345fa82a525f83a2f3342" member_type: VOTER last_known_addr { host: "127.30.23.65" port: 42393 }, Status: LMP_MISMATCH, Last received: 0.0, Next index: 3, Last known committed idx: 2, Time since last communication: 0.000s
I20260710 11:06:34.329717 31097 raft_consensus.cc:1275] T ba1c65a1e3e04148a4a041e9ffc482b8 P e8d7f41ab60447d5ad28c643b50bcde0 [term 3 FOLLOWER]: Refusing update from remote peer f356fe5d996d48faa5baa3d94bd3c66b: Log matching property violated. Preceding OpId in replica: term: 2 index: 2. Preceding OpId from leader: term: 3 index: 3. (index mismatch)
I20260710 11:06:34.331379 31261 consensus_queue.cc:1048] T ba1c65a1e3e04148a4a041e9ffc482b8 P f356fe5d996d48faa5baa3d94bd3c66b [LEADER]: Connected to new peer: Peer: permanent_uuid: "e8d7f41ab60447d5ad28c643b50bcde0" member_type: VOTER last_known_addr { host: "127.30.23.67" port: 46179 }, Status: LMP_MISMATCH, Last received: 0.0, Next index: 3, Last known committed idx: 2, Time since last communication: 0.000s
I20260710 11:06:36.546883 30813 auto_leader_rebalancer.cc:141] leader rebalance for table test-workload
I20260710 11:06:36.554025 31023 tablet_service.cc:2072] Received LeaderStepDown RPC: tablet_id: "26f496c3f1a94266ab2bbca319468f59"
dest_uuid: "f356fe5d996d48faa5baa3d94bd3c66b"
mode: GRACEFUL
new_leader_uuid: "13831b58afa345fa82a525f83a2f3342"
 from {username='slave'} at 127.0.0.1:37104
I20260710 11:06:36.554728 31023 raft_consensus.cc:606] T 26f496c3f1a94266ab2bbca319468f59 P f356fe5d996d48faa5baa3d94bd3c66b [term 3 LEADER]: Received request to transfer leadership to TS 13831b58afa345fa82a525f83a2f3342
I20260710 11:06:36.557237 31023 tablet_service.cc:2072] Received LeaderStepDown RPC: tablet_id: "7f7d7309b61c42038fe9d4e8065b7659"
dest_uuid: "f356fe5d996d48faa5baa3d94bd3c66b"
mode: GRACEFUL
new_leader_uuid: "e8d7f41ab60447d5ad28c643b50bcde0"
 from {username='slave'} at 127.0.0.1:37104
I20260710 11:06:36.557690 31023 raft_consensus.cc:606] T 7f7d7309b61c42038fe9d4e8065b7659 P f356fe5d996d48faa5baa3d94bd3c66b [term 4 LEADER]: Received request to transfer leadership to TS e8d7f41ab60447d5ad28c643b50bcde0
I20260710 11:06:36.559825 31023 tablet_service.cc:2072] Received LeaderStepDown RPC: tablet_id: "7f9f3dbf69ac40fda8699d158918ecbe"
dest_uuid: "f356fe5d996d48faa5baa3d94bd3c66b"
mode: GRACEFUL
new_leader_uuid: "13831b58afa345fa82a525f83a2f3342"
 from {username='slave'} at 127.0.0.1:37104
I20260710 11:06:36.560256 31023 raft_consensus.cc:606] T 7f9f3dbf69ac40fda8699d158918ecbe P f356fe5d996d48faa5baa3d94bd3c66b [term 2 LEADER]: Received request to transfer leadership to TS 13831b58afa345fa82a525f83a2f3342
I20260710 11:06:36.562311 31023 tablet_service.cc:2072] Received LeaderStepDown RPC: tablet_id: "7fd873c63fc84c6593a0ca1bb641e2e7"
dest_uuid: "f356fe5d996d48faa5baa3d94bd3c66b"
mode: GRACEFUL
new_leader_uuid: "13831b58afa345fa82a525f83a2f3342"
 from {username='slave'} at 127.0.0.1:37104
I20260710 11:06:36.562724 31023 raft_consensus.cc:606] T 7fd873c63fc84c6593a0ca1bb641e2e7 P f356fe5d996d48faa5baa3d94bd3c66b [term 3 LEADER]: Received request to transfer leadership to TS 13831b58afa345fa82a525f83a2f3342
I20260710 11:06:36.564733 31023 tablet_service.cc:2072] Received LeaderStepDown RPC: tablet_id: "c07bf29749094a59a58a4c2df261bc6e"
dest_uuid: "f356fe5d996d48faa5baa3d94bd3c66b"
mode: GRACEFUL
new_leader_uuid: "e8d7f41ab60447d5ad28c643b50bcde0"
 from {username='slave'} at 127.0.0.1:37104
I20260710 11:06:36.565178 31023 raft_consensus.cc:606] T c07bf29749094a59a58a4c2df261bc6e P f356fe5d996d48faa5baa3d94bd3c66b [term 1 LEADER]: Received request to transfer leadership to TS e8d7f41ab60447d5ad28c643b50bcde0
I20260710 11:06:36.566119 30813 auto_leader_rebalancer.cc:452] table: test-workload, leader rebalance finish, leader transfer count: 5
I20260710 11:06:36.566560 30813 auto_leader_rebalancer.cc:527] All tables' leader rebalancing finished this round
I20260710 11:06:36.587029 31274 raft_consensus.cc:993] T 26f496c3f1a94266ab2bbca319468f59 P f356fe5d996d48faa5baa3d94bd3c66b: : Instructing follower 13831b58afa345fa82a525f83a2f3342 to start an election
I20260710 11:06:36.587572 31276 raft_consensus.cc:1081] T 26f496c3f1a94266ab2bbca319468f59 P f356fe5d996d48faa5baa3d94bd3c66b [term 3 LEADER]: Signalling peer 13831b58afa345fa82a525f83a2f3342 to start an election
I20260710 11:06:36.589197 30946 tablet_service.cc:2044] Received Run Leader Election RPC: tablet_id: "26f496c3f1a94266ab2bbca319468f59"
dest_uuid: "13831b58afa345fa82a525f83a2f3342"
 from {username='slave'} at 127.0.0.1:52640
I20260710 11:06:36.589673 30946 raft_consensus.cc:493] T 26f496c3f1a94266ab2bbca319468f59 P 13831b58afa345fa82a525f83a2f3342 [term 3 FOLLOWER]: Starting forced leader election (received explicit request)
I20260710 11:06:36.590000 30946 raft_consensus.cc:3060] T 26f496c3f1a94266ab2bbca319468f59 P 13831b58afa345fa82a525f83a2f3342 [term 3 FOLLOWER]: Advancing to term 4
I20260710 11:06:36.594806 30946 raft_consensus.cc:515] T 26f496c3f1a94266ab2bbca319468f59 P 13831b58afa345fa82a525f83a2f3342 [term 4 FOLLOWER]: Starting forced leader election with config: opid_index: -1 OBSOLETE_local: false peers { permanent_uuid: "13831b58afa345fa82a525f83a2f3342" member_type: VOTER last_known_addr { host: "127.30.23.65" port: 42393 } } peers { permanent_uuid: "f356fe5d996d48faa5baa3d94bd3c66b" member_type: VOTER last_known_addr { host: "127.30.23.66" port: 35977 } } peers { permanent_uuid: "e8d7f41ab60447d5ad28c643b50bcde0" member_type: VOTER last_known_addr { host: "127.30.23.67" port: 46179 } }
I20260710 11:06:36.596704 30946 leader_election.cc:290] T 26f496c3f1a94266ab2bbca319468f59 P 13831b58afa345fa82a525f83a2f3342 [CANDIDATE]: Term 4 election: Requested vote from peers f356fe5d996d48faa5baa3d94bd3c66b (127.30.23.66:35977), e8d7f41ab60447d5ad28c643b50bcde0 (127.30.23.67:46179)
I20260710 11:06:36.597586 31023 tablet_service.cc:1917] Received RequestConsensusVote() RPC: tablet_id: "26f496c3f1a94266ab2bbca319468f59" candidate_uuid: "13831b58afa345fa82a525f83a2f3342" candidate_term: 4 candidate_status { last_received { term: 3 index: 3 } } ignore_live_leader: true dest_uuid: "f356fe5d996d48faa5baa3d94bd3c66b"
I20260710 11:06:36.598097 31097 tablet_service.cc:1917] Received RequestConsensusVote() RPC: tablet_id: "26f496c3f1a94266ab2bbca319468f59" candidate_uuid: "13831b58afa345fa82a525f83a2f3342" candidate_term: 4 candidate_status { last_received { term: 3 index: 3 } } ignore_live_leader: true dest_uuid: "e8d7f41ab60447d5ad28c643b50bcde0"
I20260710 11:06:36.598366 31023 raft_consensus.cc:3055] T 26f496c3f1a94266ab2bbca319468f59 P f356fe5d996d48faa5baa3d94bd3c66b [term 3 LEADER]: Stepping down as leader of term 3
I20260710 11:06:36.598659 31097 raft_consensus.cc:3060] T 26f496c3f1a94266ab2bbca319468f59 P e8d7f41ab60447d5ad28c643b50bcde0 [term 3 FOLLOWER]: Advancing to term 4
I20260710 11:06:36.598701 31023 raft_consensus.cc:740] T 26f496c3f1a94266ab2bbca319468f59 P f356fe5d996d48faa5baa3d94bd3c66b [term 3 LEADER]: Becoming Follower/Learner. State: Replica: f356fe5d996d48faa5baa3d94bd3c66b, State: Running, Role: LEADER
I20260710 11:06:36.599572 31023 consensus_queue.cc:260] T 26f496c3f1a94266ab2bbca319468f59 P f356fe5d996d48faa5baa3d94bd3c66b [NON_LEADER]: Queue going to NON_LEADER mode. State: All replicated index: 0, Majority replicated index: 3, Committed index: 3, Last appended: 3.3, Last appended by leader: 3, Current term: 3, Majority size: -1, State: 0, Mode: NON_LEADER, active raft config: opid_index: -1 OBSOLETE_local: false peers { permanent_uuid: "13831b58afa345fa82a525f83a2f3342" member_type: VOTER last_known_addr { host: "127.30.23.65" port: 42393 } } peers { permanent_uuid: "f356fe5d996d48faa5baa3d94bd3c66b" member_type: VOTER last_known_addr { host: "127.30.23.66" port: 35977 } } peers { permanent_uuid: "e8d7f41ab60447d5ad28c643b50bcde0" member_type: VOTER last_known_addr { host: "127.30.23.67" port: 46179 } }
I20260710 11:06:36.600579 31023 raft_consensus.cc:3060] T 26f496c3f1a94266ab2bbca319468f59 P f356fe5d996d48faa5baa3d94bd3c66b [term 3 FOLLOWER]: Advancing to term 4
I20260710 11:06:36.603375 31097 raft_consensus.cc:2468] T 26f496c3f1a94266ab2bbca319468f59 P e8d7f41ab60447d5ad28c643b50bcde0 [term 4 FOLLOWER]: Leader election vote request: Granting yes vote for candidate 13831b58afa345fa82a525f83a2f3342 in term 4.
I20260710 11:06:36.604750 30911 leader_election.cc:304] T 26f496c3f1a94266ab2bbca319468f59 P 13831b58afa345fa82a525f83a2f3342 [CANDIDATE]: Term 4 election: Election decided. Result: candidate won. Election summary: received 2 responses out of 3 voters: 2 yes votes; 0 no votes. yes voters: 13831b58afa345fa82a525f83a2f3342, e8d7f41ab60447d5ad28c643b50bcde0; no voters: 
I20260710 11:06:36.605207 31023 raft_consensus.cc:2468] T 26f496c3f1a94266ab2bbca319468f59 P f356fe5d996d48faa5baa3d94bd3c66b [term 4 FOLLOWER]: Leader election vote request: Granting yes vote for candidate 13831b58afa345fa82a525f83a2f3342 in term 4.
I20260710 11:06:36.606594 31277 raft_consensus.cc:2804] T 26f496c3f1a94266ab2bbca319468f59 P 13831b58afa345fa82a525f83a2f3342 [term 4 FOLLOWER]: Leader election won for term 4
I20260710 11:06:36.607421 31277 raft_consensus.cc:697] T 26f496c3f1a94266ab2bbca319468f59 P 13831b58afa345fa82a525f83a2f3342 [term 4 LEADER]: Becoming Leader. State: Replica: 13831b58afa345fa82a525f83a2f3342, State: Running, Role: LEADER
I20260710 11:06:36.608246 31277 consensus_queue.cc:237] T 26f496c3f1a94266ab2bbca319468f59 P 13831b58afa345fa82a525f83a2f3342 [LEADER]: Queue going to LEADER mode. State: All replicated index: 0, Majority replicated index: 3, Committed index: 3, Last appended: 3.3, Last appended by leader: 3, Current term: 4, Majority size: 2, State: 0, Mode: LEADER, active raft config: opid_index: -1 OBSOLETE_local: false peers { permanent_uuid: "13831b58afa345fa82a525f83a2f3342" member_type: VOTER last_known_addr { host: "127.30.23.65" port: 42393 } } peers { permanent_uuid: "f356fe5d996d48faa5baa3d94bd3c66b" member_type: VOTER last_known_addr { host: "127.30.23.66" port: 35977 } } peers { permanent_uuid: "e8d7f41ab60447d5ad28c643b50bcde0" member_type: VOTER last_known_addr { host: "127.30.23.67" port: 46179 } }
I20260710 11:06:36.615038 30842 catalog_manager.cc:5697] T 26f496c3f1a94266ab2bbca319468f59 P 13831b58afa345fa82a525f83a2f3342 reported cstate change: term changed from 3 to 4, leader changed from f356fe5d996d48faa5baa3d94bd3c66b (127.30.23.66) to 13831b58afa345fa82a525f83a2f3342 (127.30.23.65). New cstate: current_term: 4 leader_uuid: "13831b58afa345fa82a525f83a2f3342" committed_config { opid_index: -1 OBSOLETE_local: false peers { permanent_uuid: "13831b58afa345fa82a525f83a2f3342" member_type: VOTER last_known_addr { host: "127.30.23.65" port: 42393 } health_report { overall_health: HEALTHY } } peers { permanent_uuid: "f356fe5d996d48faa5baa3d94bd3c66b" member_type: VOTER last_known_addr { host: "127.30.23.66" port: 35977 } health_report { overall_health: UNKNOWN } } peers { permanent_uuid: "e8d7f41ab60447d5ad28c643b50bcde0" member_type: VOTER last_known_addr { host: "127.30.23.67" port: 46179 } health_report { overall_health: UNKNOWN } } }
I20260710 11:06:36.733920 31274 raft_consensus.cc:993] T 7fd873c63fc84c6593a0ca1bb641e2e7 P f356fe5d996d48faa5baa3d94bd3c66b: : Instructing follower 13831b58afa345fa82a525f83a2f3342 to start an election
I20260710 11:06:36.734380 31276 raft_consensus.cc:1081] T 7fd873c63fc84c6593a0ca1bb641e2e7 P f356fe5d996d48faa5baa3d94bd3c66b [term 3 LEADER]: Signalling peer 13831b58afa345fa82a525f83a2f3342 to start an election
I20260710 11:06:36.735790 30946 tablet_service.cc:2044] Received Run Leader Election RPC: tablet_id: "7fd873c63fc84c6593a0ca1bb641e2e7"
dest_uuid: "13831b58afa345fa82a525f83a2f3342"
 from {username='slave'} at 127.0.0.1:52640
I20260710 11:06:36.736286 30946 raft_consensus.cc:493] T 7fd873c63fc84c6593a0ca1bb641e2e7 P 13831b58afa345fa82a525f83a2f3342 [term 3 FOLLOWER]: Starting forced leader election (received explicit request)
I20260710 11:06:36.736577 30946 raft_consensus.cc:3060] T 7fd873c63fc84c6593a0ca1bb641e2e7 P 13831b58afa345fa82a525f83a2f3342 [term 3 FOLLOWER]: Advancing to term 4
I20260710 11:06:36.740689 30946 raft_consensus.cc:515] T 7fd873c63fc84c6593a0ca1bb641e2e7 P 13831b58afa345fa82a525f83a2f3342 [term 4 FOLLOWER]: Starting forced leader election with config: opid_index: -1 OBSOLETE_local: false peers { permanent_uuid: "f356fe5d996d48faa5baa3d94bd3c66b" member_type: VOTER last_known_addr { host: "127.30.23.66" port: 35977 } } peers { permanent_uuid: "e8d7f41ab60447d5ad28c643b50bcde0" member_type: VOTER last_known_addr { host: "127.30.23.67" port: 46179 } } peers { permanent_uuid: "13831b58afa345fa82a525f83a2f3342" member_type: VOTER last_known_addr { host: "127.30.23.65" port: 42393 } }
I20260710 11:06:36.742231 30946 leader_election.cc:290] T 7fd873c63fc84c6593a0ca1bb641e2e7 P 13831b58afa345fa82a525f83a2f3342 [CANDIDATE]: Term 4 election: Requested vote from peers f356fe5d996d48faa5baa3d94bd3c66b (127.30.23.66:35977), e8d7f41ab60447d5ad28c643b50bcde0 (127.30.23.67:46179)
I20260710 11:06:36.743096 31023 tablet_service.cc:1917] Received RequestConsensusVote() RPC: tablet_id: "7fd873c63fc84c6593a0ca1bb641e2e7" candidate_uuid: "13831b58afa345fa82a525f83a2f3342" candidate_term: 4 candidate_status { last_received { term: 3 index: 3 } } ignore_live_leader: true dest_uuid: "f356fe5d996d48faa5baa3d94bd3c66b"
I20260710 11:06:36.743299 31097 tablet_service.cc:1917] Received RequestConsensusVote() RPC: tablet_id: "7fd873c63fc84c6593a0ca1bb641e2e7" candidate_uuid: "13831b58afa345fa82a525f83a2f3342" candidate_term: 4 candidate_status { last_received { term: 3 index: 3 } } ignore_live_leader: true dest_uuid: "e8d7f41ab60447d5ad28c643b50bcde0"
I20260710 11:06:36.743681 31023 raft_consensus.cc:3055] T 7fd873c63fc84c6593a0ca1bb641e2e7 P f356fe5d996d48faa5baa3d94bd3c66b [term 3 LEADER]: Stepping down as leader of term 3
I20260710 11:06:36.743801 31097 raft_consensus.cc:3060] T 7fd873c63fc84c6593a0ca1bb641e2e7 P e8d7f41ab60447d5ad28c643b50bcde0 [term 3 FOLLOWER]: Advancing to term 4
I20260710 11:06:36.743984 31023 raft_consensus.cc:740] T 7fd873c63fc84c6593a0ca1bb641e2e7 P f356fe5d996d48faa5baa3d94bd3c66b [term 3 LEADER]: Becoming Follower/Learner. State: Replica: f356fe5d996d48faa5baa3d94bd3c66b, State: Running, Role: LEADER
I20260710 11:06:36.744747 31023 consensus_queue.cc:260] T 7fd873c63fc84c6593a0ca1bb641e2e7 P f356fe5d996d48faa5baa3d94bd3c66b [NON_LEADER]: Queue going to NON_LEADER mode. State: All replicated index: 0, Majority replicated index: 3, Committed index: 3, Last appended: 3.3, Last appended by leader: 3, Current term: 3, Majority size: -1, State: 0, Mode: NON_LEADER, active raft config: opid_index: -1 OBSOLETE_local: false peers { permanent_uuid: "f356fe5d996d48faa5baa3d94bd3c66b" member_type: VOTER last_known_addr { host: "127.30.23.66" port: 35977 } } peers { permanent_uuid: "e8d7f41ab60447d5ad28c643b50bcde0" member_type: VOTER last_known_addr { host: "127.30.23.67" port: 46179 } } peers { permanent_uuid: "13831b58afa345fa82a525f83a2f3342" member_type: VOTER last_known_addr { host: "127.30.23.65" port: 42393 } }
I20260710 11:06:36.745637 31023 raft_consensus.cc:3060] T 7fd873c63fc84c6593a0ca1bb641e2e7 P f356fe5d996d48faa5baa3d94bd3c66b [term 3 FOLLOWER]: Advancing to term 4
I20260710 11:06:36.748060 31097 raft_consensus.cc:2468] T 7fd873c63fc84c6593a0ca1bb641e2e7 P e8d7f41ab60447d5ad28c643b50bcde0 [term 4 FOLLOWER]: Leader election vote request: Granting yes vote for candidate 13831b58afa345fa82a525f83a2f3342 in term 4.
I20260710 11:06:36.748991 30911 leader_election.cc:304] T 7fd873c63fc84c6593a0ca1bb641e2e7 P 13831b58afa345fa82a525f83a2f3342 [CANDIDATE]: Term 4 election: Election decided. Result: candidate won. Election summary: received 2 responses out of 3 voters: 2 yes votes; 0 no votes. yes voters: 13831b58afa345fa82a525f83a2f3342, e8d7f41ab60447d5ad28c643b50bcde0; no voters: 
I20260710 11:06:36.749682 31277 raft_consensus.cc:2804] T 7fd873c63fc84c6593a0ca1bb641e2e7 P 13831b58afa345fa82a525f83a2f3342 [term 4 FOLLOWER]: Leader election won for term 4
I20260710 11:06:36.750111 31277 raft_consensus.cc:697] T 7fd873c63fc84c6593a0ca1bb641e2e7 P 13831b58afa345fa82a525f83a2f3342 [term 4 LEADER]: Becoming Leader. State: Replica: 13831b58afa345fa82a525f83a2f3342, State: Running, Role: LEADER
I20260710 11:06:36.750512 31023 raft_consensus.cc:2468] T 7fd873c63fc84c6593a0ca1bb641e2e7 P f356fe5d996d48faa5baa3d94bd3c66b [term 4 FOLLOWER]: Leader election vote request: Granting yes vote for candidate 13831b58afa345fa82a525f83a2f3342 in term 4.
I20260710 11:06:36.750902 31277 consensus_queue.cc:237] T 7fd873c63fc84c6593a0ca1bb641e2e7 P 13831b58afa345fa82a525f83a2f3342 [LEADER]: Queue going to LEADER mode. State: All replicated index: 0, Majority replicated index: 3, Committed index: 3, Last appended: 3.3, Last appended by leader: 3, Current term: 4, Majority size: 2, State: 0, Mode: LEADER, active raft config: opid_index: -1 OBSOLETE_local: false peers { permanent_uuid: "f356fe5d996d48faa5baa3d94bd3c66b" member_type: VOTER last_known_addr { host: "127.30.23.66" port: 35977 } } peers { permanent_uuid: "e8d7f41ab60447d5ad28c643b50bcde0" member_type: VOTER last_known_addr { host: "127.30.23.67" port: 46179 } } peers { permanent_uuid: "13831b58afa345fa82a525f83a2f3342" member_type: VOTER last_known_addr { host: "127.30.23.65" port: 42393 } }
I20260710 11:06:36.757251 30842 catalog_manager.cc:5697] T 7fd873c63fc84c6593a0ca1bb641e2e7 P 13831b58afa345fa82a525f83a2f3342 reported cstate change: term changed from 3 to 4, leader changed from f356fe5d996d48faa5baa3d94bd3c66b (127.30.23.66) to 13831b58afa345fa82a525f83a2f3342 (127.30.23.65). New cstate: current_term: 4 leader_uuid: "13831b58afa345fa82a525f83a2f3342" committed_config { opid_index: -1 OBSOLETE_local: false peers { permanent_uuid: "f356fe5d996d48faa5baa3d94bd3c66b" member_type: VOTER last_known_addr { host: "127.30.23.66" port: 35977 } health_report { overall_health: UNKNOWN } } peers { permanent_uuid: "e8d7f41ab60447d5ad28c643b50bcde0" member_type: VOTER last_known_addr { host: "127.30.23.67" port: 46179 } health_report { overall_health: UNKNOWN } } peers { permanent_uuid: "13831b58afa345fa82a525f83a2f3342" member_type: VOTER last_known_addr { host: "127.30.23.65" port: 42393 } health_report { overall_health: HEALTHY } } }
I20260710 11:06:36.878862 31276 raft_consensus.cc:993] T 7f9f3dbf69ac40fda8699d158918ecbe P f356fe5d996d48faa5baa3d94bd3c66b: : Instructing follower 13831b58afa345fa82a525f83a2f3342 to start an election
I20260710 11:06:36.879339 31274 raft_consensus.cc:1081] T 7f9f3dbf69ac40fda8699d158918ecbe P f356fe5d996d48faa5baa3d94bd3c66b [term 2 LEADER]: Signalling peer 13831b58afa345fa82a525f83a2f3342 to start an election
I20260710 11:06:36.880776 30946 tablet_service.cc:2044] Received Run Leader Election RPC: tablet_id: "7f9f3dbf69ac40fda8699d158918ecbe"
dest_uuid: "13831b58afa345fa82a525f83a2f3342"
 from {username='slave'} at 127.0.0.1:52640
I20260710 11:06:36.881243 30946 raft_consensus.cc:493] T 7f9f3dbf69ac40fda8699d158918ecbe P 13831b58afa345fa82a525f83a2f3342 [term 2 FOLLOWER]: Starting forced leader election (received explicit request)
I20260710 11:06:36.881534 30946 raft_consensus.cc:3060] T 7f9f3dbf69ac40fda8699d158918ecbe P 13831b58afa345fa82a525f83a2f3342 [term 2 FOLLOWER]: Advancing to term 3
I20260710 11:06:36.885509 30946 raft_consensus.cc:515] T 7f9f3dbf69ac40fda8699d158918ecbe P 13831b58afa345fa82a525f83a2f3342 [term 3 FOLLOWER]: Starting forced leader election with config: opid_index: -1 OBSOLETE_local: false peers { permanent_uuid: "13831b58afa345fa82a525f83a2f3342" member_type: VOTER last_known_addr { host: "127.30.23.65" port: 42393 } } peers { permanent_uuid: "f356fe5d996d48faa5baa3d94bd3c66b" member_type: VOTER last_known_addr { host: "127.30.23.66" port: 35977 } } peers { permanent_uuid: "e8d7f41ab60447d5ad28c643b50bcde0" member_type: VOTER last_known_addr { host: "127.30.23.67" port: 46179 } }
I20260710 11:06:36.887147 30946 leader_election.cc:290] T 7f9f3dbf69ac40fda8699d158918ecbe P 13831b58afa345fa82a525f83a2f3342 [CANDIDATE]: Term 3 election: Requested vote from peers f356fe5d996d48faa5baa3d94bd3c66b (127.30.23.66:35977), e8d7f41ab60447d5ad28c643b50bcde0 (127.30.23.67:46179)
I20260710 11:06:36.887909 31023 tablet_service.cc:1917] Received RequestConsensusVote() RPC: tablet_id: "7f9f3dbf69ac40fda8699d158918ecbe" candidate_uuid: "13831b58afa345fa82a525f83a2f3342" candidate_term: 3 candidate_status { last_received { term: 2 index: 2 } } ignore_live_leader: true dest_uuid: "f356fe5d996d48faa5baa3d94bd3c66b"
I20260710 11:06:36.888458 31023 raft_consensus.cc:3055] T 7f9f3dbf69ac40fda8699d158918ecbe P f356fe5d996d48faa5baa3d94bd3c66b [term 2 LEADER]: Stepping down as leader of term 2
I20260710 11:06:36.888362 31097 tablet_service.cc:1917] Received RequestConsensusVote() RPC: tablet_id: "7f9f3dbf69ac40fda8699d158918ecbe" candidate_uuid: "13831b58afa345fa82a525f83a2f3342" candidate_term: 3 candidate_status { last_received { term: 2 index: 2 } } ignore_live_leader: true dest_uuid: "e8d7f41ab60447d5ad28c643b50bcde0"
I20260710 11:06:36.888767 31023 raft_consensus.cc:740] T 7f9f3dbf69ac40fda8699d158918ecbe P f356fe5d996d48faa5baa3d94bd3c66b [term 2 LEADER]: Becoming Follower/Learner. State: Replica: f356fe5d996d48faa5baa3d94bd3c66b, State: Running, Role: LEADER
I20260710 11:06:36.888960 31097 raft_consensus.cc:3060] T 7f9f3dbf69ac40fda8699d158918ecbe P e8d7f41ab60447d5ad28c643b50bcde0 [term 2 FOLLOWER]: Advancing to term 3
I20260710 11:06:36.889550 31023 consensus_queue.cc:260] T 7f9f3dbf69ac40fda8699d158918ecbe P f356fe5d996d48faa5baa3d94bd3c66b [NON_LEADER]: Queue going to NON_LEADER mode. State: All replicated index: 0, Majority replicated index: 2, Committed index: 2, Last appended: 2.2, Last appended by leader: 2, Current term: 2, Majority size: -1, State: 0, Mode: NON_LEADER, active raft config: opid_index: -1 OBSOLETE_local: false peers { permanent_uuid: "13831b58afa345fa82a525f83a2f3342" member_type: VOTER last_known_addr { host: "127.30.23.65" port: 42393 } } peers { permanent_uuid: "f356fe5d996d48faa5baa3d94bd3c66b" member_type: VOTER last_known_addr { host: "127.30.23.66" port: 35977 } } peers { permanent_uuid: "e8d7f41ab60447d5ad28c643b50bcde0" member_type: VOTER last_known_addr { host: "127.30.23.67" port: 46179 } }
I20260710 11:06:36.890681 31023 raft_consensus.cc:3060] T 7f9f3dbf69ac40fda8699d158918ecbe P f356fe5d996d48faa5baa3d94bd3c66b [term 2 FOLLOWER]: Advancing to term 3
I20260710 11:06:36.895043 31097 raft_consensus.cc:2468] T 7f9f3dbf69ac40fda8699d158918ecbe P e8d7f41ab60447d5ad28c643b50bcde0 [term 3 FOLLOWER]: Leader election vote request: Granting yes vote for candidate 13831b58afa345fa82a525f83a2f3342 in term 3.
I20260710 11:06:36.896122 30911 leader_election.cc:304] T 7f9f3dbf69ac40fda8699d158918ecbe P 13831b58afa345fa82a525f83a2f3342 [CANDIDATE]: Term 3 election: Election decided. Result: candidate won. Election summary: received 2 responses out of 3 voters: 2 yes votes; 0 no votes. yes voters: 13831b58afa345fa82a525f83a2f3342, e8d7f41ab60447d5ad28c643b50bcde0; no voters: 
I20260710 11:06:36.896339 31023 raft_consensus.cc:2468] T 7f9f3dbf69ac40fda8699d158918ecbe P f356fe5d996d48faa5baa3d94bd3c66b [term 3 FOLLOWER]: Leader election vote request: Granting yes vote for candidate 13831b58afa345fa82a525f83a2f3342 in term 3.
I20260710 11:06:36.896908 31277 raft_consensus.cc:2804] T 7f9f3dbf69ac40fda8699d158918ecbe P 13831b58afa345fa82a525f83a2f3342 [term 3 FOLLOWER]: Leader election won for term 3
I20260710 11:06:36.897360 31277 raft_consensus.cc:697] T 7f9f3dbf69ac40fda8699d158918ecbe P 13831b58afa345fa82a525f83a2f3342 [term 3 LEADER]: Becoming Leader. State: Replica: 13831b58afa345fa82a525f83a2f3342, State: Running, Role: LEADER
I20260710 11:06:36.898118 31277 consensus_queue.cc:237] T 7f9f3dbf69ac40fda8699d158918ecbe P 13831b58afa345fa82a525f83a2f3342 [LEADER]: Queue going to LEADER mode. State: All replicated index: 0, Majority replicated index: 2, Committed index: 2, Last appended: 2.2, Last appended by leader: 2, Current term: 3, Majority size: 2, State: 0, Mode: LEADER, active raft config: opid_index: -1 OBSOLETE_local: false peers { permanent_uuid: "13831b58afa345fa82a525f83a2f3342" member_type: VOTER last_known_addr { host: "127.30.23.65" port: 42393 } } peers { permanent_uuid: "f356fe5d996d48faa5baa3d94bd3c66b" member_type: VOTER last_known_addr { host: "127.30.23.66" port: 35977 } } peers { permanent_uuid: "e8d7f41ab60447d5ad28c643b50bcde0" member_type: VOTER last_known_addr { host: "127.30.23.67" port: 46179 } }
I20260710 11:06:36.904727 30842 catalog_manager.cc:5697] T 7f9f3dbf69ac40fda8699d158918ecbe P 13831b58afa345fa82a525f83a2f3342 reported cstate change: term changed from 2 to 3, leader changed from f356fe5d996d48faa5baa3d94bd3c66b (127.30.23.66) to 13831b58afa345fa82a525f83a2f3342 (127.30.23.65). New cstate: current_term: 3 leader_uuid: "13831b58afa345fa82a525f83a2f3342" committed_config { opid_index: -1 OBSOLETE_local: false peers { permanent_uuid: "13831b58afa345fa82a525f83a2f3342" member_type: VOTER last_known_addr { host: "127.30.23.65" port: 42393 } health_report { overall_health: HEALTHY } } peers { permanent_uuid: "f356fe5d996d48faa5baa3d94bd3c66b" member_type: VOTER last_known_addr { host: "127.30.23.66" port: 35977 } health_report { overall_health: UNKNOWN } } peers { permanent_uuid: "e8d7f41ab60447d5ad28c643b50bcde0" member_type: VOTER last_known_addr { host: "127.30.23.67" port: 46179 } health_report { overall_health: UNKNOWN } } }
I20260710 11:06:36.995498 31276 raft_consensus.cc:993] T 7f7d7309b61c42038fe9d4e8065b7659 P f356fe5d996d48faa5baa3d94bd3c66b: : Instructing follower e8d7f41ab60447d5ad28c643b50bcde0 to start an election
I20260710 11:06:36.995970 31274 raft_consensus.cc:1081] T 7f7d7309b61c42038fe9d4e8065b7659 P f356fe5d996d48faa5baa3d94bd3c66b [term 4 LEADER]: Signalling peer e8d7f41ab60447d5ad28c643b50bcde0 to start an election
I20260710 11:06:36.997499 31097 tablet_service.cc:2044] Received Run Leader Election RPC: tablet_id: "7f7d7309b61c42038fe9d4e8065b7659"
dest_uuid: "e8d7f41ab60447d5ad28c643b50bcde0"
 from {username='slave'} at 127.0.0.1:60732
I20260710 11:06:36.997952 31097 raft_consensus.cc:493] T 7f7d7309b61c42038fe9d4e8065b7659 P e8d7f41ab60447d5ad28c643b50bcde0 [term 4 FOLLOWER]: Starting forced leader election (received explicit request)
I20260710 11:06:36.998220 31097 raft_consensus.cc:3060] T 7f7d7309b61c42038fe9d4e8065b7659 P e8d7f41ab60447d5ad28c643b50bcde0 [term 4 FOLLOWER]: Advancing to term 5
I20260710 11:06:37.002316 31097 raft_consensus.cc:515] T 7f7d7309b61c42038fe9d4e8065b7659 P e8d7f41ab60447d5ad28c643b50bcde0 [term 5 FOLLOWER]: Starting forced leader election with config: opid_index: -1 OBSOLETE_local: false peers { permanent_uuid: "13831b58afa345fa82a525f83a2f3342" member_type: VOTER last_known_addr { host: "127.30.23.65" port: 42393 } } peers { permanent_uuid: "f356fe5d996d48faa5baa3d94bd3c66b" member_type: VOTER last_known_addr { host: "127.30.23.66" port: 35977 } } peers { permanent_uuid: "e8d7f41ab60447d5ad28c643b50bcde0" member_type: VOTER last_known_addr { host: "127.30.23.67" port: 46179 } }
I20260710 11:06:37.003733 31097 leader_election.cc:290] T 7f7d7309b61c42038fe9d4e8065b7659 P e8d7f41ab60447d5ad28c643b50bcde0 [CANDIDATE]: Term 5 election: Requested vote from peers 13831b58afa345fa82a525f83a2f3342 (127.30.23.65:42393), f356fe5d996d48faa5baa3d94bd3c66b (127.30.23.66:35977)
I20260710 11:06:37.004678 30946 tablet_service.cc:1917] Received RequestConsensusVote() RPC: tablet_id: "7f7d7309b61c42038fe9d4e8065b7659" candidate_uuid: "e8d7f41ab60447d5ad28c643b50bcde0" candidate_term: 5 candidate_status { last_received { term: 4 index: 4 } } ignore_live_leader: true dest_uuid: "13831b58afa345fa82a525f83a2f3342"
I20260710 11:06:37.005010 31023 tablet_service.cc:1917] Received RequestConsensusVote() RPC: tablet_id: "7f7d7309b61c42038fe9d4e8065b7659" candidate_uuid: "e8d7f41ab60447d5ad28c643b50bcde0" candidate_term: 5 candidate_status { last_received { term: 4 index: 4 } } ignore_live_leader: true dest_uuid: "f356fe5d996d48faa5baa3d94bd3c66b"
I20260710 11:06:37.005204 30946 raft_consensus.cc:3060] T 7f7d7309b61c42038fe9d4e8065b7659 P 13831b58afa345fa82a525f83a2f3342 [term 4 FOLLOWER]: Advancing to term 5
I20260710 11:06:37.005559 31023 raft_consensus.cc:3055] T 7f7d7309b61c42038fe9d4e8065b7659 P f356fe5d996d48faa5baa3d94bd3c66b [term 4 LEADER]: Stepping down as leader of term 4
I20260710 11:06:37.005812 31023 raft_consensus.cc:740] T 7f7d7309b61c42038fe9d4e8065b7659 P f356fe5d996d48faa5baa3d94bd3c66b [term 4 LEADER]: Becoming Follower/Learner. State: Replica: f356fe5d996d48faa5baa3d94bd3c66b, State: Running, Role: LEADER
I20260710 11:06:37.006490 31023 consensus_queue.cc:260] T 7f7d7309b61c42038fe9d4e8065b7659 P f356fe5d996d48faa5baa3d94bd3c66b [NON_LEADER]: Queue going to NON_LEADER mode. State: All replicated index: 0, Majority replicated index: 4, Committed index: 4, Last appended: 4.4, Last appended by leader: 4, Current term: 4, Majority size: -1, State: 0, Mode: NON_LEADER, active raft config: opid_index: -1 OBSOLETE_local: false peers { permanent_uuid: "13831b58afa345fa82a525f83a2f3342" member_type: VOTER last_known_addr { host: "127.30.23.65" port: 42393 } } peers { permanent_uuid: "f356fe5d996d48faa5baa3d94bd3c66b" member_type: VOTER last_known_addr { host: "127.30.23.66" port: 35977 } } peers { permanent_uuid: "e8d7f41ab60447d5ad28c643b50bcde0" member_type: VOTER last_known_addr { host: "127.30.23.67" port: 46179 } }
I20260710 11:06:37.007293 31023 raft_consensus.cc:3060] T 7f7d7309b61c42038fe9d4e8065b7659 P f356fe5d996d48faa5baa3d94bd3c66b [term 4 FOLLOWER]: Advancing to term 5
I20260710 11:06:37.009464 30946 raft_consensus.cc:2468] T 7f7d7309b61c42038fe9d4e8065b7659 P 13831b58afa345fa82a525f83a2f3342 [term 5 FOLLOWER]: Leader election vote request: Granting yes vote for candidate e8d7f41ab60447d5ad28c643b50bcde0 in term 5.
I20260710 11:06:37.010640 31062 leader_election.cc:304] T 7f7d7309b61c42038fe9d4e8065b7659 P e8d7f41ab60447d5ad28c643b50bcde0 [CANDIDATE]: Term 5 election: Election decided. Result: candidate won. Election summary: received 2 responses out of 3 voters: 2 yes votes; 0 no votes. yes voters: 13831b58afa345fa82a525f83a2f3342, e8d7f41ab60447d5ad28c643b50bcde0; no voters: 
I20260710 11:06:37.011376 31023 raft_consensus.cc:2468] T 7f7d7309b61c42038fe9d4e8065b7659 P f356fe5d996d48faa5baa3d94bd3c66b [term 5 FOLLOWER]: Leader election vote request: Granting yes vote for candidate e8d7f41ab60447d5ad28c643b50bcde0 in term 5.
I20260710 11:06:37.011430 31233 raft_consensus.cc:2804] T 7f7d7309b61c42038fe9d4e8065b7659 P e8d7f41ab60447d5ad28c643b50bcde0 [term 5 FOLLOWER]: Leader election won for term 5
I20260710 11:06:37.012670 31233 raft_consensus.cc:697] T 7f7d7309b61c42038fe9d4e8065b7659 P e8d7f41ab60447d5ad28c643b50bcde0 [term 5 LEADER]: Becoming Leader. State: Replica: e8d7f41ab60447d5ad28c643b50bcde0, State: Running, Role: LEADER
I20260710 11:06:37.013511 31233 consensus_queue.cc:237] T 7f7d7309b61c42038fe9d4e8065b7659 P e8d7f41ab60447d5ad28c643b50bcde0 [LEADER]: Queue going to LEADER mode. State: All replicated index: 0, Majority replicated index: 4, Committed index: 4, Last appended: 4.4, Last appended by leader: 4, Current term: 5, Majority size: 2, State: 0, Mode: LEADER, active raft config: opid_index: -1 OBSOLETE_local: false peers { permanent_uuid: "13831b58afa345fa82a525f83a2f3342" member_type: VOTER last_known_addr { host: "127.30.23.65" port: 42393 } } peers { permanent_uuid: "f356fe5d996d48faa5baa3d94bd3c66b" member_type: VOTER last_known_addr { host: "127.30.23.66" port: 35977 } } peers { permanent_uuid: "e8d7f41ab60447d5ad28c643b50bcde0" member_type: VOTER last_known_addr { host: "127.30.23.67" port: 46179 } }
I20260710 11:06:37.020677 30842 catalog_manager.cc:5697] T 7f7d7309b61c42038fe9d4e8065b7659 P e8d7f41ab60447d5ad28c643b50bcde0 reported cstate change: term changed from 4 to 5, leader changed from f356fe5d996d48faa5baa3d94bd3c66b (127.30.23.66) to e8d7f41ab60447d5ad28c643b50bcde0 (127.30.23.67). New cstate: current_term: 5 leader_uuid: "e8d7f41ab60447d5ad28c643b50bcde0" committed_config { opid_index: -1 OBSOLETE_local: false peers { permanent_uuid: "13831b58afa345fa82a525f83a2f3342" member_type: VOTER last_known_addr { host: "127.30.23.65" port: 42393 } health_report { overall_health: UNKNOWN } } peers { permanent_uuid: "f356fe5d996d48faa5baa3d94bd3c66b" member_type: VOTER last_known_addr { host: "127.30.23.66" port: 35977 } health_report { overall_health: UNKNOWN } } peers { permanent_uuid: "e8d7f41ab60447d5ad28c643b50bcde0" member_type: VOTER last_known_addr { host: "127.30.23.67" port: 46179 } health_report { overall_health: HEALTHY } } }
I20260710 11:06:37.033437 31276 raft_consensus.cc:993] T c07bf29749094a59a58a4c2df261bc6e P f356fe5d996d48faa5baa3d94bd3c66b: : Instructing follower e8d7f41ab60447d5ad28c643b50bcde0 to start an election
I20260710 11:06:37.033885 31274 raft_consensus.cc:1081] T c07bf29749094a59a58a4c2df261bc6e P f356fe5d996d48faa5baa3d94bd3c66b [term 1 LEADER]: Signalling peer e8d7f41ab60447d5ad28c643b50bcde0 to start an election
I20260710 11:06:37.035276 31097 tablet_service.cc:2044] Received Run Leader Election RPC: tablet_id: "c07bf29749094a59a58a4c2df261bc6e"
dest_uuid: "e8d7f41ab60447d5ad28c643b50bcde0"
 from {username='slave'} at 127.0.0.1:60732
I20260710 11:06:37.035704 31097 raft_consensus.cc:493] T c07bf29749094a59a58a4c2df261bc6e P e8d7f41ab60447d5ad28c643b50bcde0 [term 1 FOLLOWER]: Starting forced leader election (received explicit request)
I20260710 11:06:37.035977 31097 raft_consensus.cc:3060] T c07bf29749094a59a58a4c2df261bc6e P e8d7f41ab60447d5ad28c643b50bcde0 [term 1 FOLLOWER]: Advancing to term 2
I20260710 11:06:37.040081 31097 raft_consensus.cc:515] T c07bf29749094a59a58a4c2df261bc6e P e8d7f41ab60447d5ad28c643b50bcde0 [term 2 FOLLOWER]: Starting forced leader election with config: opid_index: -1 OBSOLETE_local: false peers { permanent_uuid: "13831b58afa345fa82a525f83a2f3342" member_type: VOTER last_known_addr { host: "127.30.23.65" port: 42393 } } peers { permanent_uuid: "f356fe5d996d48faa5baa3d94bd3c66b" member_type: VOTER last_known_addr { host: "127.30.23.66" port: 35977 } } peers { permanent_uuid: "e8d7f41ab60447d5ad28c643b50bcde0" member_type: VOTER last_known_addr { host: "127.30.23.67" port: 46179 } }
I20260710 11:06:37.041693 31097 leader_election.cc:290] T c07bf29749094a59a58a4c2df261bc6e P e8d7f41ab60447d5ad28c643b50bcde0 [CANDIDATE]: Term 2 election: Requested vote from peers 13831b58afa345fa82a525f83a2f3342 (127.30.23.65:42393), f356fe5d996d48faa5baa3d94bd3c66b (127.30.23.66:35977)
I20260710 11:06:37.042357 30946 tablet_service.cc:1917] Received RequestConsensusVote() RPC: tablet_id: "c07bf29749094a59a58a4c2df261bc6e" candidate_uuid: "e8d7f41ab60447d5ad28c643b50bcde0" candidate_term: 2 candidate_status { last_received { term: 1 index: 1 } } ignore_live_leader: true dest_uuid: "13831b58afa345fa82a525f83a2f3342"
I20260710 11:06:37.042641 31023 tablet_service.cc:1917] Received RequestConsensusVote() RPC: tablet_id: "c07bf29749094a59a58a4c2df261bc6e" candidate_uuid: "e8d7f41ab60447d5ad28c643b50bcde0" candidate_term: 2 candidate_status { last_received { term: 1 index: 1 } } ignore_live_leader: true dest_uuid: "f356fe5d996d48faa5baa3d94bd3c66b"
I20260710 11:06:37.042950 30946 raft_consensus.cc:3060] T c07bf29749094a59a58a4c2df261bc6e P 13831b58afa345fa82a525f83a2f3342 [term 1 FOLLOWER]: Advancing to term 2
I20260710 11:06:37.043143 31023 raft_consensus.cc:3055] T c07bf29749094a59a58a4c2df261bc6e P f356fe5d996d48faa5baa3d94bd3c66b [term 1 LEADER]: Stepping down as leader of term 1
I20260710 11:06:37.043459 31023 raft_consensus.cc:740] T c07bf29749094a59a58a4c2df261bc6e P f356fe5d996d48faa5baa3d94bd3c66b [term 1 LEADER]: Becoming Follower/Learner. State: Replica: f356fe5d996d48faa5baa3d94bd3c66b, State: Running, Role: LEADER
I20260710 11:06:37.044121 31023 consensus_queue.cc:260] T c07bf29749094a59a58a4c2df261bc6e P f356fe5d996d48faa5baa3d94bd3c66b [NON_LEADER]: Queue going to NON_LEADER mode. State: All replicated index: 0, Majority replicated index: 1, Committed index: 1, Last appended: 1.1, Last appended by leader: 1, Current term: 1, Majority size: -1, State: 0, Mode: NON_LEADER, active raft config: opid_index: -1 OBSOLETE_local: false peers { permanent_uuid: "13831b58afa345fa82a525f83a2f3342" member_type: VOTER last_known_addr { host: "127.30.23.65" port: 42393 } } peers { permanent_uuid: "f356fe5d996d48faa5baa3d94bd3c66b" member_type: VOTER last_known_addr { host: "127.30.23.66" port: 35977 } } peers { permanent_uuid: "e8d7f41ab60447d5ad28c643b50bcde0" member_type: VOTER last_known_addr { host: "127.30.23.67" port: 46179 } }
I20260710 11:06:37.044940 31023 raft_consensus.cc:3060] T c07bf29749094a59a58a4c2df261bc6e P f356fe5d996d48faa5baa3d94bd3c66b [term 1 FOLLOWER]: Advancing to term 2
I20260710 11:06:37.047308 30946 raft_consensus.cc:2468] T c07bf29749094a59a58a4c2df261bc6e P 13831b58afa345fa82a525f83a2f3342 [term 2 FOLLOWER]: Leader election vote request: Granting yes vote for candidate e8d7f41ab60447d5ad28c643b50bcde0 in term 2.
I20260710 11:06:37.048256 31062 leader_election.cc:304] T c07bf29749094a59a58a4c2df261bc6e P e8d7f41ab60447d5ad28c643b50bcde0 [CANDIDATE]: Term 2 election: Election decided. Result: candidate won. Election summary: received 2 responses out of 3 voters: 2 yes votes; 0 no votes. yes voters: 13831b58afa345fa82a525f83a2f3342, e8d7f41ab60447d5ad28c643b50bcde0; no voters: 
I20260710 11:06:37.049031 31233 raft_consensus.cc:2804] T c07bf29749094a59a58a4c2df261bc6e P e8d7f41ab60447d5ad28c643b50bcde0 [term 2 FOLLOWER]: Leader election won for term 2
I20260710 11:06:37.049333 31023 raft_consensus.cc:2468] T c07bf29749094a59a58a4c2df261bc6e P f356fe5d996d48faa5baa3d94bd3c66b [term 2 FOLLOWER]: Leader election vote request: Granting yes vote for candidate e8d7f41ab60447d5ad28c643b50bcde0 in term 2.
I20260710 11:06:37.049439 31233 raft_consensus.cc:697] T c07bf29749094a59a58a4c2df261bc6e P e8d7f41ab60447d5ad28c643b50bcde0 [term 2 LEADER]: Becoming Leader. State: Replica: e8d7f41ab60447d5ad28c643b50bcde0, State: Running, Role: LEADER
I20260710 11:06:37.050351 31233 consensus_queue.cc:237] T c07bf29749094a59a58a4c2df261bc6e P e8d7f41ab60447d5ad28c643b50bcde0 [LEADER]: Queue going to LEADER mode. State: All replicated index: 0, Majority replicated index: 1, Committed index: 1, Last appended: 1.1, Last appended by leader: 1, Current term: 2, Majority size: 2, State: 0, Mode: LEADER, active raft config: opid_index: -1 OBSOLETE_local: false peers { permanent_uuid: "13831b58afa345fa82a525f83a2f3342" member_type: VOTER last_known_addr { host: "127.30.23.65" port: 42393 } } peers { permanent_uuid: "f356fe5d996d48faa5baa3d94bd3c66b" member_type: VOTER last_known_addr { host: "127.30.23.66" port: 35977 } } peers { permanent_uuid: "e8d7f41ab60447d5ad28c643b50bcde0" member_type: VOTER last_known_addr { host: "127.30.23.67" port: 46179 } }
I20260710 11:06:37.056627 30842 catalog_manager.cc:5697] T c07bf29749094a59a58a4c2df261bc6e P e8d7f41ab60447d5ad28c643b50bcde0 reported cstate change: term changed from 1 to 2, leader changed from f356fe5d996d48faa5baa3d94bd3c66b (127.30.23.66) to e8d7f41ab60447d5ad28c643b50bcde0 (127.30.23.67). New cstate: current_term: 2 leader_uuid: "e8d7f41ab60447d5ad28c643b50bcde0" committed_config { opid_index: -1 OBSOLETE_local: false peers { permanent_uuid: "13831b58afa345fa82a525f83a2f3342" member_type: VOTER last_known_addr { host: "127.30.23.65" port: 42393 } health_report { overall_health: UNKNOWN } } peers { permanent_uuid: "f356fe5d996d48faa5baa3d94bd3c66b" member_type: VOTER last_known_addr { host: "127.30.23.66" port: 35977 } health_report { overall_health: UNKNOWN } } peers { permanent_uuid: "e8d7f41ab60447d5ad28c643b50bcde0" member_type: VOTER last_known_addr { host: "127.30.23.67" port: 46179 } health_report { overall_health: HEALTHY } } }
I20260710 11:06:37.088618 31097 raft_consensus.cc:1275] T 26f496c3f1a94266ab2bbca319468f59 P e8d7f41ab60447d5ad28c643b50bcde0 [term 4 FOLLOWER]: Refusing update from remote peer 13831b58afa345fa82a525f83a2f3342: Log matching property violated. Preceding OpId in replica: term: 3 index: 3. Preceding OpId from leader: term: 4 index: 4. (index mismatch)
I20260710 11:06:37.090106 31277 consensus_queue.cc:1048] T 26f496c3f1a94266ab2bbca319468f59 P 13831b58afa345fa82a525f83a2f3342 [LEADER]: Connected to new peer: Peer: permanent_uuid: "e8d7f41ab60447d5ad28c643b50bcde0" member_type: VOTER last_known_addr { host: "127.30.23.67" port: 46179 }, Status: LMP_MISMATCH, Last received: 0.0, Next index: 4, Last known committed idx: 3, Time since last communication: 0.000s
I20260710 11:06:37.095607 31023 raft_consensus.cc:1275] T 26f496c3f1a94266ab2bbca319468f59 P f356fe5d996d48faa5baa3d94bd3c66b [term 4 FOLLOWER]: Refusing update from remote peer 13831b58afa345fa82a525f83a2f3342: Log matching property violated. Preceding OpId in replica: term: 3 index: 3. Preceding OpId from leader: term: 4 index: 4. (index mismatch)
I20260710 11:06:37.097647 31277 consensus_queue.cc:1048] T 26f496c3f1a94266ab2bbca319468f59 P 13831b58afa345fa82a525f83a2f3342 [LEADER]: Connected to new peer: Peer: permanent_uuid: "f356fe5d996d48faa5baa3d94bd3c66b" member_type: VOTER last_known_addr { host: "127.30.23.66" port: 35977 }, Status: LMP_MISMATCH, Last received: 0.0, Next index: 4, Last known committed idx: 3, Time since last communication: 0.000s
I20260710 11:06:37.133687 31097 raft_consensus.cc:1275] T 7fd873c63fc84c6593a0ca1bb641e2e7 P e8d7f41ab60447d5ad28c643b50bcde0 [term 4 FOLLOWER]: Refusing update from remote peer 13831b58afa345fa82a525f83a2f3342: Log matching property violated. Preceding OpId in replica: term: 3 index: 3. Preceding OpId from leader: term: 4 index: 4. (index mismatch)
I20260710 11:06:37.134393 31023 raft_consensus.cc:1275] T 7fd873c63fc84c6593a0ca1bb641e2e7 P f356fe5d996d48faa5baa3d94bd3c66b [term 4 FOLLOWER]: Refusing update from remote peer 13831b58afa345fa82a525f83a2f3342: Log matching property violated. Preceding OpId in replica: term: 3 index: 3. Preceding OpId from leader: term: 4 index: 4. (index mismatch)
I20260710 11:06:37.135012 31277 consensus_queue.cc:1048] T 7fd873c63fc84c6593a0ca1bb641e2e7 P 13831b58afa345fa82a525f83a2f3342 [LEADER]: Connected to new peer: Peer: permanent_uuid: "e8d7f41ab60447d5ad28c643b50bcde0" member_type: VOTER last_known_addr { host: "127.30.23.67" port: 46179 }, Status: LMP_MISMATCH, Last received: 0.0, Next index: 4, Last known committed idx: 3, Time since last communication: 0.000s
I20260710 11:06:37.136171 31277 consensus_queue.cc:1048] T 7fd873c63fc84c6593a0ca1bb641e2e7 P 13831b58afa345fa82a525f83a2f3342 [LEADER]: Connected to new peer: Peer: permanent_uuid: "f356fe5d996d48faa5baa3d94bd3c66b" member_type: VOTER last_known_addr { host: "127.30.23.66" port: 35977 }, Status: LMP_MISMATCH, Last received: 0.0, Next index: 4, Last known committed idx: 3, Time since last communication: 0.000s
I20260710 11:06:37.494983 31097 raft_consensus.cc:1275] T 7f9f3dbf69ac40fda8699d158918ecbe P e8d7f41ab60447d5ad28c643b50bcde0 [term 3 FOLLOWER]: Refusing update from remote peer 13831b58afa345fa82a525f83a2f3342: Log matching property violated. Preceding OpId in replica: term: 2 index: 2. Preceding OpId from leader: term: 3 index: 3. (index mismatch)
I20260710 11:06:37.494978 31023 raft_consensus.cc:1275] T 7f9f3dbf69ac40fda8699d158918ecbe P f356fe5d996d48faa5baa3d94bd3c66b [term 3 FOLLOWER]: Refusing update from remote peer 13831b58afa345fa82a525f83a2f3342: Log matching property violated. Preceding OpId in replica: term: 2 index: 2. Preceding OpId from leader: term: 3 index: 3. (index mismatch)
I20260710 11:06:37.496896 31278 consensus_queue.cc:1048] T 7f9f3dbf69ac40fda8699d158918ecbe P 13831b58afa345fa82a525f83a2f3342 [LEADER]: Connected to new peer: Peer: permanent_uuid: "e8d7f41ab60447d5ad28c643b50bcde0" member_type: VOTER last_known_addr { host: "127.30.23.67" port: 46179 }, Status: LMP_MISMATCH, Last received: 0.0, Next index: 3, Last known committed idx: 2, Time since last communication: 0.000s
I20260710 11:06:37.497511 31277 consensus_queue.cc:1048] T 7f9f3dbf69ac40fda8699d158918ecbe P 13831b58afa345fa82a525f83a2f3342 [LEADER]: Connected to new peer: Peer: permanent_uuid: "f356fe5d996d48faa5baa3d94bd3c66b" member_type: VOTER last_known_addr { host: "127.30.23.66" port: 35977 }, Status: LMP_MISMATCH, Last received: 0.0, Next index: 3, Last known committed idx: 2, Time since last communication: 0.000s
I20260710 11:06:37.551679 31023 raft_consensus.cc:1275] T 7f7d7309b61c42038fe9d4e8065b7659 P f356fe5d996d48faa5baa3d94bd3c66b [term 5 FOLLOWER]: Refusing update from remote peer e8d7f41ab60447d5ad28c643b50bcde0: Log matching property violated. Preceding OpId in replica: term: 4 index: 4. Preceding OpId from leader: term: 5 index: 5. (index mismatch)
I20260710 11:06:37.552878 31233 consensus_queue.cc:1048] T 7f7d7309b61c42038fe9d4e8065b7659 P e8d7f41ab60447d5ad28c643b50bcde0 [LEADER]: Connected to new peer: Peer: permanent_uuid: "f356fe5d996d48faa5baa3d94bd3c66b" member_type: VOTER last_known_addr { host: "127.30.23.66" port: 35977 }, Status: LMP_MISMATCH, Last received: 0.0, Next index: 5, Last known committed idx: 4, Time since last communication: 0.000s
I20260710 11:06:37.563087 30946 raft_consensus.cc:1275] T 7f7d7309b61c42038fe9d4e8065b7659 P 13831b58afa345fa82a525f83a2f3342 [term 5 FOLLOWER]: Refusing update from remote peer e8d7f41ab60447d5ad28c643b50bcde0: Log matching property violated. Preceding OpId in replica: term: 4 index: 4. Preceding OpId from leader: term: 5 index: 5. (index mismatch)
I20260710 11:06:37.564535 31301 consensus_queue.cc:1048] T 7f7d7309b61c42038fe9d4e8065b7659 P e8d7f41ab60447d5ad28c643b50bcde0 [LEADER]: Connected to new peer: Peer: permanent_uuid: "13831b58afa345fa82a525f83a2f3342" member_type: VOTER last_known_addr { host: "127.30.23.65" port: 42393 }, Status: LMP_MISMATCH, Last received: 0.0, Next index: 5, Last known committed idx: 4, Time since last communication: 0.001s
I20260710 11:06:37.568249 30813 auto_leader_rebalancer.cc:141] leader rebalance for table test-workload
I20260710 11:06:37.576896 30813 tablet_server.cc:179] TabletServer@127.30.23.65:0 shutting down...
W20260710 11:06:37.593379 31062 proxy.cc:239] Call had error, refreshing address and retrying: Remote error: Service unavailable: service kudu.consensus.ConsensusService not registered on TabletServer
W20260710 11:06:37.597246 31062 consensus_peers.cc:597] T c07bf29749094a59a58a4c2df261bc6e P e8d7f41ab60447d5ad28c643b50bcde0 -> Peer 13831b58afa345fa82a525f83a2f3342 (127.30.23.65:42393): Couldn't send request to peer 13831b58afa345fa82a525f83a2f3342. Status: Remote error: Service unavailable: service kudu.consensus.ConsensusService not registered on TabletServer. This is attempt 1: this message will repeat every 5th retry.
I20260710 11:06:37.609309 30813 ts_tablet_manager.cc:1507] Shutting down tablet manager...
I20260710 11:06:37.610301 30813 tablet_replica.cc:333] T 9d0abca04e984982b9ef7bab089f8c40 P 13831b58afa345fa82a525f83a2f3342: stopping tablet replica
I20260710 11:06:37.611151 30813 raft_consensus.cc:2243] T 9d0abca04e984982b9ef7bab089f8c40 P 13831b58afa345fa82a525f83a2f3342 [term 2 FOLLOWER]: Raft consensus shutting down.
I20260710 11:06:37.611706 30813 raft_consensus.cc:2272] T 9d0abca04e984982b9ef7bab089f8c40 P 13831b58afa345fa82a525f83a2f3342 [term 2 FOLLOWER]: Raft consensus is shut down!
I20260710 11:06:37.614302 30813 tablet_replica.cc:333] T ba1c65a1e3e04148a4a041e9ffc482b8 P 13831b58afa345fa82a525f83a2f3342: stopping tablet replica
I20260710 11:06:37.614836 30813 raft_consensus.cc:2243] T ba1c65a1e3e04148a4a041e9ffc482b8 P 13831b58afa345fa82a525f83a2f3342 [term 3 FOLLOWER]: Raft consensus shutting down.
I20260710 11:06:37.615254 30813 raft_consensus.cc:2272] T ba1c65a1e3e04148a4a041e9ffc482b8 P 13831b58afa345fa82a525f83a2f3342 [term 3 FOLLOWER]: Raft consensus is shut down!
I20260710 11:06:37.616897 30813 tablet_replica.cc:333] T 7f9f3dbf69ac40fda8699d158918ecbe P 13831b58afa345fa82a525f83a2f3342: stopping tablet replica
