I20260710 11:06:50.912914 32119 consensus_queue.cc:260] T 3c5abb3109e94c50b3a105127b205406 P ab02c6b88424491d964d9e8b5eab2117 [NON_LEADER]: Queue going to NON_LEADER mode. State: All replicated index: 0, Majority replicated index: 0, Committed index: 0, Last appended: 0.0, Last appended by leader: 0, Current term: 0, Majority size: -1, State: 0, Mode: NON_LEADER, active raft config: opid_index: -1 OBSOLETE_local: false peers { permanent_uuid: "ab02c6b88424491d964d9e8b5eab2117" member_type: VOTER last_known_addr { host: "127.30.23.65" port: 38277 } } peers { permanent_uuid: "cc1678398d044526999532d7a6b58aa9" member_type: VOTER last_known_addr { host: "127.30.23.66" port: 46047 } } peers { permanent_uuid: "95399bbf70b84419afa321c868e25861" member_type: VOTER last_known_addr { host: "127.30.23.67" port: 32925 } }
I20260710 11:06:50.913275 32116 raft_consensus.cc:385] T 7ecf5ae2ddea45b99c996b95d24b7438 P 95399bbf70b84419afa321c868e25861 [term 0 FOLLOWER]: Consensus starting up: Expiring failure detector timer to make a prompt election more likely
I20260710 11:06:50.913657 32116 raft_consensus.cc:740] T 7ecf5ae2ddea45b99c996b95d24b7438 P 95399bbf70b84419afa321c868e25861 [term 0 FOLLOWER]: Becoming Follower/Learner. State: Replica: 95399bbf70b84419afa321c868e25861, State: Initialized, Role: FOLLOWER
I20260710 11:06:50.914466 32116 consensus_queue.cc:260] T 7ecf5ae2ddea45b99c996b95d24b7438 P 95399bbf70b84419afa321c868e25861 [NON_LEADER]: Queue going to NON_LEADER mode. State: All replicated index: 0, Majority replicated index: 0, Committed index: 0, Last appended: 0.0, Last appended by leader: 0, Current term: 0, Majority size: -1, State: 0, Mode: NON_LEADER, active raft config: opid_index: -1 OBSOLETE_local: false peers { permanent_uuid: "ab02c6b88424491d964d9e8b5eab2117" member_type: VOTER last_known_addr { host: "127.30.23.65" port: 38277 } } peers { permanent_uuid: "cc1678398d044526999532d7a6b58aa9" member_type: VOTER last_known_addr { host: "127.30.23.66" port: 46047 } } peers { permanent_uuid: "95399bbf70b84419afa321c868e25861" member_type: VOTER last_known_addr { host: "127.30.23.67" port: 32925 } }
I20260710 11:06:50.917232 32116 ts_tablet_manager.cc:1434] T 7ecf5ae2ddea45b99c996b95d24b7438 P 95399bbf70b84419afa321c868e25861: Time spent starting tablet: real 0.008s	user 0.006s	sys 0.001s
I20260710 11:06:50.918164 32116 tablet_bootstrap.cc:492] T 3edfb176ad8740b2b0670638663d52b1 P 95399bbf70b84419afa321c868e25861: Bootstrap starting.
I20260710 11:06:50.923408 32127 raft_consensus.cc:493] T 16dde889dfa9420999d21d60ebc082d9 P ab02c6b88424491d964d9e8b5eab2117 [term 0 FOLLOWER]: Starting pre-election (no leader contacted us within the election timeout)
I20260710 11:06:50.924140 32116 tablet_bootstrap.cc:654] T 3edfb176ad8740b2b0670638663d52b1 P 95399bbf70b84419afa321c868e25861: Neither blocks nor log segments found. Creating new log.
I20260710 11:06:50.923913 32127 raft_consensus.cc:515] T 16dde889dfa9420999d21d60ebc082d9 P ab02c6b88424491d964d9e8b5eab2117 [term 0 FOLLOWER]: Starting pre-election with config: opid_index: -1 OBSOLETE_local: false peers { permanent_uuid: "ab02c6b88424491d964d9e8b5eab2117" member_type: VOTER last_known_addr { host: "127.30.23.65" port: 38277 } } peers { permanent_uuid: "cc1678398d044526999532d7a6b58aa9" member_type: VOTER last_known_addr { host: "127.30.23.66" port: 46047 } } peers { permanent_uuid: "95399bbf70b84419afa321c868e25861" member_type: VOTER last_known_addr { host: "127.30.23.67" port: 32925 } }
I20260710 11:06:50.925995 32127 leader_election.cc:290] T 16dde889dfa9420999d21d60ebc082d9 P ab02c6b88424491d964d9e8b5eab2117 [CANDIDATE]: Term 1 pre-election: Requested pre-vote from peers cc1678398d044526999532d7a6b58aa9 (127.30.23.66:46047), 95399bbf70b84419afa321c868e25861 (127.30.23.67:32925)
I20260710 11:06:50.929153 32001 tablet_service.cc:1917] Received RequestConsensusVote() RPC: tablet_id: "16dde889dfa9420999d21d60ebc082d9" candidate_uuid: "ab02c6b88424491d964d9e8b5eab2117" candidate_term: 1 candidate_status { last_received { term: 0 index: 0 } } ignore_live_leader: false dest_uuid: "cc1678398d044526999532d7a6b58aa9" is_pre_election: true
I20260710 11:06:50.930894 32077 tablet_service.cc:1917] Received RequestConsensusVote() RPC: tablet_id: "16dde889dfa9420999d21d60ebc082d9" candidate_uuid: "ab02c6b88424491d964d9e8b5eab2117" candidate_term: 1 candidate_status { last_received { term: 0 index: 0 } } ignore_live_leader: false dest_uuid: "95399bbf70b84419afa321c868e25861" is_pre_election: true
I20260710 11:06:50.931705 32077 raft_consensus.cc:2468] T 16dde889dfa9420999d21d60ebc082d9 P 95399bbf70b84419afa321c868e25861 [term 0 FOLLOWER]: Leader pre-election vote request: Granting yes vote for candidate ab02c6b88424491d964d9e8b5eab2117 in term 0.
W20260710 11:06:50.935020 31893 leader_election.cc:343] T 16dde889dfa9420999d21d60ebc082d9 P ab02c6b88424491d964d9e8b5eab2117 [CANDIDATE]: Term 1 pre-election: Tablet error from VoteRequest() call to peer cc1678398d044526999532d7a6b58aa9 (127.30.23.66:46047): Illegal state: must be running to vote when last-logged opid is not known
I20260710 11:06:50.935745 31893 leader_election.cc:304] T 16dde889dfa9420999d21d60ebc082d9 P ab02c6b88424491d964d9e8b5eab2117 [CANDIDATE]: Term 1 pre-election: Election decided. Result: candidate won. Election summary: received 3 responses out of 3 voters: 2 yes votes; 1 no votes. yes voters: 95399bbf70b84419afa321c868e25861, ab02c6b88424491d964d9e8b5eab2117; no voters: cc1678398d044526999532d7a6b58aa9
I20260710 11:06:50.936057 31927 raft_consensus.cc:3060] T ab1eb09c100349b6add9a1bfedfe72f3 P ab02c6b88424491d964d9e8b5eab2117 [term 0 FOLLOWER]: Advancing to term 1
I20260710 11:06:50.938244 32127 raft_consensus.cc:2804] T 16dde889dfa9420999d21d60ebc082d9 P ab02c6b88424491d964d9e8b5eab2117 [term 0 FOLLOWER]: Leader pre-election won for term 1
I20260710 11:06:50.938613 32127 raft_consensus.cc:493] T 16dde889dfa9420999d21d60ebc082d9 P ab02c6b88424491d964d9e8b5eab2117 [term 0 FOLLOWER]: Starting leader election (no leader contacted us within the election timeout)
I20260710 11:06:50.938943 32127 raft_consensus.cc:3060] T 16dde889dfa9420999d21d60ebc082d9 P ab02c6b88424491d964d9e8b5eab2117 [term 0 FOLLOWER]: Advancing to term 1
I20260710 11:06:50.940191 32119 ts_tablet_manager.cc:1434] T 3c5abb3109e94c50b3a105127b205406 P ab02c6b88424491d964d9e8b5eab2117: Time spent starting tablet: real 0.034s	user 0.004s	sys 0.004s
I20260710 11:06:50.944463 32149 raft_consensus.cc:493] T 3c5abb3109e94c50b3a105127b205406 P ab02c6b88424491d964d9e8b5eab2117 [term 0 FOLLOWER]: Starting pre-election (no leader contacted us within the election timeout)
I20260710 11:06:50.944818 32133 raft_consensus.cc:493] T 7ecf5ae2ddea45b99c996b95d24b7438 P 95399bbf70b84419afa321c868e25861 [term 0 FOLLOWER]: Starting pre-election (no leader contacted us within the election timeout)
I20260710 11:06:50.944934 32149 raft_consensus.cc:515] T 3c5abb3109e94c50b3a105127b205406 P ab02c6b88424491d964d9e8b5eab2117 [term 0 FOLLOWER]: Starting pre-election with config: opid_index: -1 OBSOLETE_local: false peers { permanent_uuid: "ab02c6b88424491d964d9e8b5eab2117" member_type: VOTER last_known_addr { host: "127.30.23.65" port: 38277 } } peers { permanent_uuid: "cc1678398d044526999532d7a6b58aa9" member_type: VOTER last_known_addr { host: "127.30.23.66" port: 46047 } } peers { permanent_uuid: "95399bbf70b84419afa321c868e25861" member_type: VOTER last_known_addr { host: "127.30.23.67" port: 32925 } }
I20260710 11:06:50.945299 32133 raft_consensus.cc:515] T 7ecf5ae2ddea45b99c996b95d24b7438 P 95399bbf70b84419afa321c868e25861 [term 0 FOLLOWER]: Starting pre-election with config: opid_index: -1 OBSOLETE_local: false peers { permanent_uuid: "ab02c6b88424491d964d9e8b5eab2117" member_type: VOTER last_known_addr { host: "127.30.23.65" port: 38277 } } peers { permanent_uuid: "cc1678398d044526999532d7a6b58aa9" member_type: VOTER last_known_addr { host: "127.30.23.66" port: 46047 } } peers { permanent_uuid: "95399bbf70b84419afa321c868e25861" member_type: VOTER last_known_addr { host: "127.30.23.67" port: 32925 } }
I20260710 11:06:50.945981 32127 raft_consensus.cc:515] T 16dde889dfa9420999d21d60ebc082d9 P ab02c6b88424491d964d9e8b5eab2117 [term 1 FOLLOWER]: Starting leader election with config: opid_index: -1 OBSOLETE_local: false peers { permanent_uuid: "ab02c6b88424491d964d9e8b5eab2117" member_type: VOTER last_known_addr { host: "127.30.23.65" port: 38277 } } peers { permanent_uuid: "cc1678398d044526999532d7a6b58aa9" member_type: VOTER last_known_addr { host: "127.30.23.66" port: 46047 } } peers { permanent_uuid: "95399bbf70b84419afa321c868e25861" member_type: VOTER last_known_addr { host: "127.30.23.67" port: 32925 } }
I20260710 11:06:50.947082 32154 consensus_queue.cc:1048] T 543c95173402444c898563760221255d P ab02c6b88424491d964d9e8b5eab2117 [LEADER]: Connected to new peer: Peer: permanent_uuid: "cc1678398d044526999532d7a6b58aa9" member_type: VOTER last_known_addr { host: "127.30.23.66" port: 46047 }, Status: LMP_MISMATCH, Last received: 0.0, Next index: 1, Last known committed idx: 0, Time since last communication: 0.001s
I20260710 11:06:50.947384 32133 leader_election.cc:290] T 7ecf5ae2ddea45b99c996b95d24b7438 P 95399bbf70b84419afa321c868e25861 [CANDIDATE]: Term 1 pre-election: Requested pre-vote from peers ab02c6b88424491d964d9e8b5eab2117 (127.30.23.65:38277), cc1678398d044526999532d7a6b58aa9 (127.30.23.66:46047)
I20260710 11:06:50.948509 32001 tablet_service.cc:1917] Received RequestConsensusVote() RPC: tablet_id: "16dde889dfa9420999d21d60ebc082d9" candidate_uuid: "ab02c6b88424491d964d9e8b5eab2117" candidate_term: 1 candidate_status { last_received { term: 0 index: 0 } } ignore_live_leader: false dest_uuid: "cc1678398d044526999532d7a6b58aa9"
W20260710 11:06:50.950214 31893 leader_election.cc:343] T 16dde889dfa9420999d21d60ebc082d9 P ab02c6b88424491d964d9e8b5eab2117 [CANDIDATE]: Term 1 election: Tablet error from VoteRequest() call to peer cc1678398d044526999532d7a6b58aa9 (127.30.23.66:46047): Illegal state: must be running to vote when last-logged opid is not known
I20260710 11:06:50.950372 31928 tablet_service.cc:1917] Received RequestConsensusVote() RPC: tablet_id: "7ecf5ae2ddea45b99c996b95d24b7438" candidate_uuid: "95399bbf70b84419afa321c868e25861" candidate_term: 1 candidate_status { last_received { term: 0 index: 0 } } ignore_live_leader: false dest_uuid: "ab02c6b88424491d964d9e8b5eab2117" is_pre_election: true
I20260710 11:06:50.950457 32001 tablet_service.cc:1917] Received RequestConsensusVote() RPC: tablet_id: "7ecf5ae2ddea45b99c996b95d24b7438" candidate_uuid: "95399bbf70b84419afa321c868e25861" candidate_term: 1 candidate_status { last_received { term: 0 index: 0 } } ignore_live_leader: false dest_uuid: "cc1678398d044526999532d7a6b58aa9" is_pre_election: true
I20260710 11:06:50.938915 32123 tablet_bootstrap.cc:492] T 570290cb8cdd4fa08cf40c21961cbb21 P cc1678398d044526999532d7a6b58aa9: No bootstrap required, opened a new log
I20260710 11:06:50.951565 32123 ts_tablet_manager.cc:1403] T 570290cb8cdd4fa08cf40c21961cbb21 P cc1678398d044526999532d7a6b58aa9: Time spent bootstrapping tablet: real 0.047s	user 0.015s	sys 0.011s
W20260710 11:06:50.952311 32042 leader_election.cc:343] T 7ecf5ae2ddea45b99c996b95d24b7438 P 95399bbf70b84419afa321c868e25861 [CANDIDATE]: Term 1 pre-election: Tablet error from VoteRequest() call to peer cc1678398d044526999532d7a6b58aa9 (127.30.23.66:46047): Illegal state: must be running to vote when last-logged opid is not known
I20260710 11:06:50.953611 32149 leader_election.cc:290] T 3c5abb3109e94c50b3a105127b205406 P ab02c6b88424491d964d9e8b5eab2117 [CANDIDATE]: Term 1 pre-election: Requested pre-vote from peers cc1678398d044526999532d7a6b58aa9 (127.30.23.66:46047), 95399bbf70b84419afa321c868e25861 (127.30.23.67:32925)
I20260710 11:06:50.955541 32076 tablet_service.cc:1917] Received RequestConsensusVote() RPC: tablet_id: "3c5abb3109e94c50b3a105127b205406" candidate_uuid: "ab02c6b88424491d964d9e8b5eab2117" candidate_term: 1 candidate_status { last_received { term: 0 index: 0 } } ignore_live_leader: false dest_uuid: "95399bbf70b84419afa321c868e25861" is_pre_election: true
I20260710 11:06:50.955909 32132 raft_consensus.cc:493] T 570290cb8cdd4fa08cf40c21961cbb21 P 95399bbf70b84419afa321c868e25861 [term 0 FOLLOWER]: Starting pre-election (no leader contacted us within the election timeout)
I20260710 11:06:50.956359 32132 raft_consensus.cc:515] T 570290cb8cdd4fa08cf40c21961cbb21 P 95399bbf70b84419afa321c868e25861 [term 0 FOLLOWER]: Starting pre-election with config: opid_index: -1 OBSOLETE_local: false peers { permanent_uuid: "ab02c6b88424491d964d9e8b5eab2117" member_type: VOTER last_known_addr { host: "127.30.23.65" port: 38277 } } peers { permanent_uuid: "cc1678398d044526999532d7a6b58aa9" member_type: VOTER last_known_addr { host: "127.30.23.66" port: 46047 } } peers { permanent_uuid: "95399bbf70b84419afa321c868e25861" member_type: VOTER last_known_addr { host: "127.30.23.67" port: 32925 } }
I20260710 11:06:50.957267 32153 raft_consensus.cc:493] T ab1eb09c100349b6add9a1bfedfe72f3 P ab02c6b88424491d964d9e8b5eab2117 [term 1 FOLLOWER]: Starting pre-election (no leader contacted us within the election timeout)
I20260710 11:06:50.957758 32153 raft_consensus.cc:515] T ab1eb09c100349b6add9a1bfedfe72f3 P ab02c6b88424491d964d9e8b5eab2117 [term 1 FOLLOWER]: Starting pre-election with config: opid_index: -1 OBSOLETE_local: false peers { permanent_uuid: "ab02c6b88424491d964d9e8b5eab2117" member_type: VOTER last_known_addr { host: "127.30.23.65" port: 38277 } } peers { permanent_uuid: "cc1678398d044526999532d7a6b58aa9" member_type: VOTER last_known_addr { host: "127.30.23.66" port: 46047 } } peers { permanent_uuid: "95399bbf70b84419afa321c868e25861" member_type: VOTER last_known_addr { host: "127.30.23.67" port: 32925 } }
I20260710 11:06:50.958523 32132 leader_election.cc:290] T 570290cb8cdd4fa08cf40c21961cbb21 P 95399bbf70b84419afa321c868e25861 [CANDIDATE]: Term 1 pre-election: Requested pre-vote from peers ab02c6b88424491d964d9e8b5eab2117 (127.30.23.65:38277), cc1678398d044526999532d7a6b58aa9 (127.30.23.66:46047)
I20260710 11:06:50.954998 32001 tablet_service.cc:1917] Received RequestConsensusVote() RPC: tablet_id: "3c5abb3109e94c50b3a105127b205406" candidate_uuid: "ab02c6b88424491d964d9e8b5eab2117" candidate_term: 1 candidate_status { last_received { term: 0 index: 0 } } ignore_live_leader: false dest_uuid: "cc1678398d044526999532d7a6b58aa9" is_pre_election: true
I20260710 11:06:50.954231 32123 raft_consensus.cc:359] T 570290cb8cdd4fa08cf40c21961cbb21 P cc1678398d044526999532d7a6b58aa9 [term 0 FOLLOWER]: Replica starting. Triggering 0 pending ops. Active config: opid_index: -1 OBSOLETE_local: false peers { permanent_uuid: "ab02c6b88424491d964d9e8b5eab2117" member_type: VOTER last_known_addr { host: "127.30.23.65" port: 38277 } } peers { permanent_uuid: "cc1678398d044526999532d7a6b58aa9" member_type: VOTER last_known_addr { host: "127.30.23.66" port: 46047 } } peers { permanent_uuid: "95399bbf70b84419afa321c868e25861" member_type: VOTER last_known_addr { host: "127.30.23.67" port: 32925 } }
I20260710 11:06:50.960497 32123 raft_consensus.cc:385] T 570290cb8cdd4fa08cf40c21961cbb21 P cc1678398d044526999532d7a6b58aa9 [term 0 FOLLOWER]: Consensus starting up: Expiring failure detector timer to make a prompt election more likely
I20260710 11:06:50.960781 32123 raft_consensus.cc:740] T 570290cb8cdd4fa08cf40c21961cbb21 P cc1678398d044526999532d7a6b58aa9 [term 0 FOLLOWER]: Becoming Follower/Learner. State: Replica: cc1678398d044526999532d7a6b58aa9, State: Initialized, Role: FOLLOWER
I20260710 11:06:50.961880 32127 leader_election.cc:290] T 16dde889dfa9420999d21d60ebc082d9 P ab02c6b88424491d964d9e8b5eab2117 [CANDIDATE]: Term 1 election: Requested vote from peers cc1678398d044526999532d7a6b58aa9 (127.30.23.66:46047), 95399bbf70b84419afa321c868e25861 (127.30.23.67:32925)
W20260710 11:06:50.953624 32042 leader_election.cc:343] T 7ecf5ae2ddea45b99c996b95d24b7438 P 95399bbf70b84419afa321c868e25861 [CANDIDATE]: Term 1 pre-election: Tablet error from VoteRequest() call to peer ab02c6b88424491d964d9e8b5eab2117 (127.30.23.65:38277): Illegal state: must be running to vote when last-logged opid is not known
I20260710 11:06:50.962579 32123 consensus_queue.cc:260] T 570290cb8cdd4fa08cf40c21961cbb21 P cc1678398d044526999532d7a6b58aa9 [NON_LEADER]: Queue going to NON_LEADER mode. State: All replicated index: 0, Majority replicated index: 0, Committed index: 0, Last appended: 0.0, Last appended by leader: 0, Current term: 0, Majority size: -1, State: 0, Mode: NON_LEADER, active raft config: opid_index: -1 OBSOLETE_local: false peers { permanent_uuid: "ab02c6b88424491d964d9e8b5eab2117" member_type: VOTER last_known_addr { host: "127.30.23.65" port: 38277 } } peers { permanent_uuid: "cc1678398d044526999532d7a6b58aa9" member_type: VOTER last_known_addr { host: "127.30.23.66" port: 46047 } } peers { permanent_uuid: "95399bbf70b84419afa321c868e25861" member_type: VOTER last_known_addr { host: "127.30.23.67" port: 32925 } }
I20260710 11:06:50.962707 32042 leader_election.cc:304] T 7ecf5ae2ddea45b99c996b95d24b7438 P 95399bbf70b84419afa321c868e25861 [CANDIDATE]: Term 1 pre-election: Election decided. Result: candidate lost. Election summary: received 3 responses out of 3 voters: 1 yes votes; 2 no votes. yes voters: 95399bbf70b84419afa321c868e25861; no voters: ab02c6b88424491d964d9e8b5eab2117, cc1678398d044526999532d7a6b58aa9
I20260710 11:06:50.964686 32132 raft_consensus.cc:2749] T 7ecf5ae2ddea45b99c996b95d24b7438 P 95399bbf70b84419afa321c868e25861 [term 0 FOLLOWER]: Leader pre-election lost for term 1. Reason: could not achieve majority
I20260710 11:06:50.964847 31927 tablet_service.cc:1917] Received RequestConsensusVote() RPC: tablet_id: "570290cb8cdd4fa08cf40c21961cbb21" candidate_uuid: "95399bbf70b84419afa321c868e25861" candidate_term: 1 candidate_status { last_received { term: 0 index: 0 } } ignore_live_leader: false dest_uuid: "ab02c6b88424491d964d9e8b5eab2117" is_pre_election: true
I20260710 11:06:50.965823 32153 leader_election.cc:290] T ab1eb09c100349b6add9a1bfedfe72f3 P ab02c6b88424491d964d9e8b5eab2117 [CANDIDATE]: Term 2 pre-election: Requested pre-vote from peers cc1678398d044526999532d7a6b58aa9 (127.30.23.66:46047), 95399bbf70b84419afa321c868e25861 (127.30.23.67:32925)
I20260710 11:06:50.966394 32001 tablet_service.cc:1917] Received RequestConsensusVote() RPC: tablet_id: "ab1eb09c100349b6add9a1bfedfe72f3" candidate_uuid: "ab02c6b88424491d964d9e8b5eab2117" candidate_term: 2 candidate_status { last_received { term: 0 index: 0 } } ignore_live_leader: false dest_uuid: "cc1678398d044526999532d7a6b58aa9" is_pre_election: true
I20260710 11:06:50.966621 32002 tablet_service.cc:1917] Received RequestConsensusVote() RPC: tablet_id: "570290cb8cdd4fa08cf40c21961cbb21" candidate_uuid: "95399bbf70b84419afa321c868e25861" candidate_term: 1 candidate_status { last_received { term: 0 index: 0 } } ignore_live_leader: false dest_uuid: "cc1678398d044526999532d7a6b58aa9" is_pre_election: true
I20260710 11:06:50.966964 32001 raft_consensus.cc:2468] T ab1eb09c100349b6add9a1bfedfe72f3 P cc1678398d044526999532d7a6b58aa9 [term 1 FOLLOWER]: Leader pre-election vote request: Granting yes vote for candidate ab02c6b88424491d964d9e8b5eab2117 in term 1.
W20260710 11:06:50.967130 32042 leader_election.cc:343] T 570290cb8cdd4fa08cf40c21961cbb21 P 95399bbf70b84419afa321c868e25861 [CANDIDATE]: Term 1 pre-election: Tablet error from VoteRequest() call to peer ab02c6b88424491d964d9e8b5eab2117 (127.30.23.65:38277): Illegal state: must be running to vote when last-logged opid is not known
I20260710 11:06:50.967758 32132 consensus_queue.cc:1048] T ab1eb09c100349b6add9a1bfedfe72f3 P 95399bbf70b84419afa321c868e25861 [LEADER]: Connected to new peer: Peer: permanent_uuid: "ab02c6b88424491d964d9e8b5eab2117" member_type: VOTER last_known_addr { host: "127.30.23.65" port: 38277 }, Status: LMP_MISMATCH, Last received: 0.0, Next index: 1, Last known committed idx: 0, Time since last communication: 0.000s
I20260710 11:06:50.968129 32076 tablet_service.cc:1917] Received RequestConsensusVote() RPC: tablet_id: "16dde889dfa9420999d21d60ebc082d9" candidate_uuid: "ab02c6b88424491d964d9e8b5eab2117" candidate_term: 1 candidate_status { last_received { term: 0 index: 0 } } ignore_live_leader: false dest_uuid: "95399bbf70b84419afa321c868e25861"
I20260710 11:06:50.968665 32076 raft_consensus.cc:3060] T 16dde889dfa9420999d21d60ebc082d9 P 95399bbf70b84419afa321c868e25861 [term 0 FOLLOWER]: Advancing to term 1
I20260710 11:06:50.970798 32119 tablet_bootstrap.cc:492] T 4272c81283ac43c2b3555fe49679f675 P ab02c6b88424491d964d9e8b5eab2117: Bootstrap starting.
I20260710 11:06:50.971496 32123 ts_tablet_manager.cc:1434] T 570290cb8cdd4fa08cf40c21961cbb21 P cc1678398d044526999532d7a6b58aa9: Time spent starting tablet: real 0.020s	user 0.005s	sys 0.000s
I20260710 11:06:50.971626 32002 raft_consensus.cc:2468] T 570290cb8cdd4fa08cf40c21961cbb21 P cc1678398d044526999532d7a6b58aa9 [term 0 FOLLOWER]: Leader pre-election vote request: Granting yes vote for candidate 95399bbf70b84419afa321c868e25861 in term 0.
I20260710 11:06:50.972576 32123 tablet_bootstrap.cc:492] T 8f2c8e7d981843e3916a9e1b68d5cd7c P cc1678398d044526999532d7a6b58aa9: Bootstrap starting.
W20260710 11:06:50.973080 31893 leader_election.cc:343] T 3c5abb3109e94c50b3a105127b205406 P ab02c6b88424491d964d9e8b5eab2117 [CANDIDATE]: Term 1 pre-election: Tablet error from VoteRequest() call to peer cc1678398d044526999532d7a6b58aa9 (127.30.23.66:46047): Illegal state: must be running to vote when last-logged opid is not known
I20260710 11:06:50.973723 31893 leader_election.cc:304] T ab1eb09c100349b6add9a1bfedfe72f3 P ab02c6b88424491d964d9e8b5eab2117 [CANDIDATE]: Term 2 pre-election: Election decided. Result: candidate won. Election summary: received 2 responses out of 3 voters: 2 yes votes; 0 no votes. yes voters: ab02c6b88424491d964d9e8b5eab2117, cc1678398d044526999532d7a6b58aa9; no voters: 
I20260710 11:06:50.976353 32042 leader_election.cc:304] T 570290cb8cdd4fa08cf40c21961cbb21 P 95399bbf70b84419afa321c868e25861 [CANDIDATE]: Term 1 pre-election: Election decided. Result: candidate won. Election summary: received 3 responses out of 3 voters: 2 yes votes; 1 no votes. yes voters: 95399bbf70b84419afa321c868e25861, cc1678398d044526999532d7a6b58aa9; no voters: ab02c6b88424491d964d9e8b5eab2117
W20260710 11:06:50.977528 31893 leader_election.cc:343] T 3c5abb3109e94c50b3a105127b205406 P ab02c6b88424491d964d9e8b5eab2117 [CANDIDATE]: Term 1 pre-election: Tablet error from VoteRequest() call to peer 95399bbf70b84419afa321c868e25861 (127.30.23.67:32925): Illegal state: must be running to vote when last-logged opid is not known
I20260710 11:06:50.977566 32132 raft_consensus.cc:2804] T 570290cb8cdd4fa08cf40c21961cbb21 P 95399bbf70b84419afa321c868e25861 [term 0 FOLLOWER]: Leader pre-election won for term 1
I20260710 11:06:50.978137 32132 raft_consensus.cc:493] T 570290cb8cdd4fa08cf40c21961cbb21 P 95399bbf70b84419afa321c868e25861 [term 0 FOLLOWER]: Starting leader election (no leader contacted us within the election timeout)
I20260710 11:06:50.978092 31893 leader_election.cc:304] T 3c5abb3109e94c50b3a105127b205406 P ab02c6b88424491d964d9e8b5eab2117 [CANDIDATE]: Term 1 pre-election: Election decided. Result: candidate lost. Election summary: received 3 responses out of 3 voters: 1 yes votes; 2 no votes. yes voters: ab02c6b88424491d964d9e8b5eab2117; no voters: 95399bbf70b84419afa321c868e25861, cc1678398d044526999532d7a6b58aa9
I20260710 11:06:50.978672 32132 raft_consensus.cc:3060] T 570290cb8cdd4fa08cf40c21961cbb21 P 95399bbf70b84419afa321c868e25861 [term 0 FOLLOWER]: Advancing to term 1
I20260710 11:06:50.980218 32077 tablet_service.cc:1917] Received RequestConsensusVote() RPC: tablet_id: "ab1eb09c100349b6add9a1bfedfe72f3" candidate_uuid: "ab02c6b88424491d964d9e8b5eab2117" candidate_term: 2 candidate_status { last_received { term: 0 index: 0 } } ignore_live_leader: false dest_uuid: "95399bbf70b84419afa321c868e25861" is_pre_election: true
I20260710 11:06:50.985078 32127 raft_consensus.cc:2749] T 3c5abb3109e94c50b3a105127b205406 P ab02c6b88424491d964d9e8b5eab2117 [term 0 FOLLOWER]: Leader pre-election lost for term 1. Reason: could not achieve majority
I20260710 11:06:50.986187 32076 raft_consensus.cc:2468] T 16dde889dfa9420999d21d60ebc082d9 P 95399bbf70b84419afa321c868e25861 [term 1 FOLLOWER]: Leader election vote request: Granting yes vote for candidate ab02c6b88424491d964d9e8b5eab2117 in term 1.
I20260710 11:06:50.986533 32132 raft_consensus.cc:515] T 570290cb8cdd4fa08cf40c21961cbb21 P 95399bbf70b84419afa321c868e25861 [term 1 FOLLOWER]: Starting leader election with config: opid_index: -1 OBSOLETE_local: false peers { permanent_uuid: "ab02c6b88424491d964d9e8b5eab2117" member_type: VOTER last_known_addr { host: "127.30.23.65" port: 38277 } } peers { permanent_uuid: "cc1678398d044526999532d7a6b58aa9" member_type: VOTER last_known_addr { host: "127.30.23.66" port: 46047 } } peers { permanent_uuid: "95399bbf70b84419afa321c868e25861" member_type: VOTER last_known_addr { host: "127.30.23.67" port: 32925 } }
I20260710 11:06:50.987443 31893 leader_election.cc:304] T 16dde889dfa9420999d21d60ebc082d9 P ab02c6b88424491d964d9e8b5eab2117 [CANDIDATE]: Term 1 election: Election decided. Result: candidate won. Election summary: received 3 responses out of 3 voters: 2 yes votes; 1 no votes. yes voters: 95399bbf70b84419afa321c868e25861, ab02c6b88424491d964d9e8b5eab2117; no voters: cc1678398d044526999532d7a6b58aa9
I20260710 11:06:50.988197 32127 raft_consensus.cc:2804] T 16dde889dfa9420999d21d60ebc082d9 P ab02c6b88424491d964d9e8b5eab2117 [term 1 FOLLOWER]: Leader election won for term 1
I20260710 11:06:50.988662 32127 raft_consensus.cc:697] T 16dde889dfa9420999d21d60ebc082d9 P ab02c6b88424491d964d9e8b5eab2117 [term 1 LEADER]: Becoming Leader. State: Replica: ab02c6b88424491d964d9e8b5eab2117, State: Running, Role: LEADER
I20260710 11:06:50.989456 32127 consensus_queue.cc:237] T 16dde889dfa9420999d21d60ebc082d9 P ab02c6b88424491d964d9e8b5eab2117 [LEADER]: Queue going to LEADER mode. State: All replicated index: 0, Majority replicated index: 0, Committed index: 0, Last appended: 0.0, Last appended by leader: 0, Current term: 1, Majority size: 2, State: 0, Mode: LEADER, active raft config: opid_index: -1 OBSOLETE_local: false peers { permanent_uuid: "ab02c6b88424491d964d9e8b5eab2117" member_type: VOTER last_known_addr { host: "127.30.23.65" port: 38277 } } peers { permanent_uuid: "cc1678398d044526999532d7a6b58aa9" member_type: VOTER last_known_addr { host: "127.30.23.66" port: 46047 } } peers { permanent_uuid: "95399bbf70b84419afa321c868e25861" member_type: VOTER last_known_addr { host: "127.30.23.67" port: 32925 } }
I20260710 11:06:50.978662 32123 tablet_bootstrap.cc:654] T 8f2c8e7d981843e3916a9e1b68d5cd7c P cc1678398d044526999532d7a6b58aa9: Neither blocks nor log segments found. Creating new log.
W20260710 11:06:50.994385 31874 auto_rebalancer.cc:288] Could not retrieve cluster info: Service unavailable: Tablet not running
I20260710 11:06:50.995807 32119 tablet_bootstrap.cc:654] T 4272c81283ac43c2b3555fe49679f675 P ab02c6b88424491d964d9e8b5eab2117: Neither blocks nor log segments found. Creating new log.
I20260710 11:06:50.996757 31928 tablet_service.cc:1917] Received RequestConsensusVote() RPC: tablet_id: "570290cb8cdd4fa08cf40c21961cbb21" candidate_uuid: "95399bbf70b84419afa321c868e25861" candidate_term: 1 candidate_status { last_received { term: 0 index: 0 } } ignore_live_leader: false dest_uuid: "ab02c6b88424491d964d9e8b5eab2117"
W20260710 11:06:50.998431 32042 leader_election.cc:343] T 570290cb8cdd4fa08cf40c21961cbb21 P 95399bbf70b84419afa321c868e25861 [CANDIDATE]: Term 1 election: Tablet error from VoteRequest() call to peer ab02c6b88424491d964d9e8b5eab2117 (127.30.23.65:38277): Illegal state: must be running to vote when last-logged opid is not known
I20260710 11:06:50.999631 32153 raft_consensus.cc:2804] T ab1eb09c100349b6add9a1bfedfe72f3 P ab02c6b88424491d964d9e8b5eab2117 [term 1 FOLLOWER]: Leader pre-election won for term 2
I20260710 11:06:51.000675 32003 tablet_service.cc:1917] Received RequestConsensusVote() RPC: tablet_id: "570290cb8cdd4fa08cf40c21961cbb21" candidate_uuid: "95399bbf70b84419afa321c868e25861" candidate_term: 1 candidate_status { last_received { term: 0 index: 0 } } ignore_live_leader: false dest_uuid: "cc1678398d044526999532d7a6b58aa9"
I20260710 11:06:51.001268 32003 raft_consensus.cc:3060] T 570290cb8cdd4fa08cf40c21961cbb21 P cc1678398d044526999532d7a6b58aa9 [term 0 FOLLOWER]: Advancing to term 1
I20260710 11:06:51.009240 32003 raft_consensus.cc:2468] T 570290cb8cdd4fa08cf40c21961cbb21 P cc1678398d044526999532d7a6b58aa9 [term 1 FOLLOWER]: Leader election vote request: Granting yes vote for candidate 95399bbf70b84419afa321c868e25861 in term 1.
I20260710 11:06:51.010464 32042 leader_election.cc:304] T 570290cb8cdd4fa08cf40c21961cbb21 P 95399bbf70b84419afa321c868e25861 [CANDIDATE]: Term 1 election: Election decided. Result: candidate won. Election summary: received 3 responses out of 3 voters: 2 yes votes; 1 no votes. yes voters: 95399bbf70b84419afa321c868e25861, cc1678398d044526999532d7a6b58aa9; no voters: ab02c6b88424491d964d9e8b5eab2117
I20260710 11:06:51.014715 32133 raft_consensus.cc:2804] T 570290cb8cdd4fa08cf40c21961cbb21 P 95399bbf70b84419afa321c868e25861 [term 1 FOLLOWER]: Leader election won for term 1
I20260710 11:06:51.015496 32132 leader_election.cc:290] T 570290cb8cdd4fa08cf40c21961cbb21 P 95399bbf70b84419afa321c868e25861 [CANDIDATE]: Term 1 election: Requested vote from peers ab02c6b88424491d964d9e8b5eab2117 (127.30.23.65:38277), cc1678398d044526999532d7a6b58aa9 (127.30.23.66:46047)
I20260710 11:06:51.012275 32153 raft_consensus.cc:493] T ab1eb09c100349b6add9a1bfedfe72f3 P ab02c6b88424491d964d9e8b5eab2117 [term 1 FOLLOWER]: Starting leader election (detected failure of leader 95399bbf70b84419afa321c868e25861)
I20260710 11:06:51.016085 32153 raft_consensus.cc:3060] T ab1eb09c100349b6add9a1bfedfe72f3 P ab02c6b88424491d964d9e8b5eab2117 [term 1 FOLLOWER]: Advancing to term 2
I20260710 11:06:51.016381 32169 raft_consensus.cc:493] T f66b68c2c20e419d83c35b83898ce93d P cc1678398d044526999532d7a6b58aa9 [term 0 FOLLOWER]: Starting pre-election (no leader contacted us within the election timeout)
I20260710 11:06:51.017006 32169 raft_consensus.cc:515] T f66b68c2c20e419d83c35b83898ce93d P cc1678398d044526999532d7a6b58aa9 [term 0 FOLLOWER]: Starting pre-election with config: opid_index: -1 OBSOLETE_local: false peers { permanent_uuid: "ab02c6b88424491d964d9e8b5eab2117" member_type: VOTER last_known_addr { host: "127.30.23.65" port: 38277 } } peers { permanent_uuid: "cc1678398d044526999532d7a6b58aa9" member_type: VOTER last_known_addr { host: "127.30.23.66" port: 46047 } } peers { permanent_uuid: "95399bbf70b84419afa321c868e25861" member_type: VOTER last_known_addr { host: "127.30.23.67" port: 32925 } }
I20260710 11:06:51.021595 32169 leader_election.cc:290] T f66b68c2c20e419d83c35b83898ce93d P cc1678398d044526999532d7a6b58aa9 [CANDIDATE]: Term 1 pre-election: Requested pre-vote from peers ab02c6b88424491d964d9e8b5eab2117 (127.30.23.65:38277), 95399bbf70b84419afa321c868e25861 (127.30.23.67:32925)
I20260710 11:06:51.021821 32076 tablet_service.cc:1917] Received RequestConsensusVote() RPC: tablet_id: "f66b68c2c20e419d83c35b83898ce93d" candidate_uuid: "cc1678398d044526999532d7a6b58aa9" candidate_term: 1 candidate_status { last_received { term: 0 index: 0 } } ignore_live_leader: false dest_uuid: "95399bbf70b84419afa321c868e25861" is_pre_election: true
I20260710 11:06:51.022365 31926 tablet_service.cc:1917] Received RequestConsensusVote() RPC: tablet_id: "f66b68c2c20e419d83c35b83898ce93d" candidate_uuid: "cc1678398d044526999532d7a6b58aa9" candidate_term: 1 candidate_status { last_received { term: 0 index: 0 } } ignore_live_leader: false dest_uuid: "ab02c6b88424491d964d9e8b5eab2117" is_pre_election: true
I20260710 11:06:51.023705 32133 raft_consensus.cc:697] T 570290cb8cdd4fa08cf40c21961cbb21 P 95399bbf70b84419afa321c868e25861 [term 1 LEADER]: Becoming Leader. State: Replica: 95399bbf70b84419afa321c868e25861, State: Running, Role: LEADER
I20260710 11:06:51.024298 32154 raft_consensus.cc:493] T 9ce3ff0dafa740d28e6d911316ccc479 P ab02c6b88424491d964d9e8b5eab2117 [term 0 FOLLOWER]: Starting pre-election (no leader contacted us within the election timeout)
W20260710 11:06:51.024498 31968 leader_election.cc:343] T f66b68c2c20e419d83c35b83898ce93d P cc1678398d044526999532d7a6b58aa9 [CANDIDATE]: Term 1 pre-election: Tablet error from VoteRequest() call to peer ab02c6b88424491d964d9e8b5eab2117 (127.30.23.65:38277): Illegal state: must be running to vote when last-logged opid is not known
I20260710 11:06:51.022568 32076 raft_consensus.cc:2468] T f66b68c2c20e419d83c35b83898ce93d P 95399bbf70b84419afa321c868e25861 [term 0 FOLLOWER]: Leader pre-election vote request: Granting yes vote for candidate cc1678398d044526999532d7a6b58aa9 in term 0.
I20260710 11:06:51.024778 32154 raft_consensus.cc:515] T 9ce3ff0dafa740d28e6d911316ccc479 P ab02c6b88424491d964d9e8b5eab2117 [term 0 FOLLOWER]: Starting pre-election with config: opid_index: -1 OBSOLETE_local: false peers { permanent_uuid: "ab02c6b88424491d964d9e8b5eab2117" member_type: VOTER last_known_addr { host: "127.30.23.65" port: 38277 } } peers { permanent_uuid: "cc1678398d044526999532d7a6b58aa9" member_type: VOTER last_known_addr { host: "127.30.23.66" port: 46047 } } peers { permanent_uuid: "95399bbf70b84419afa321c868e25861" member_type: VOTER last_known_addr { host: "127.30.23.67" port: 32925 } }
I20260710 11:06:51.024658 32133 consensus_queue.cc:237] T 570290cb8cdd4fa08cf40c21961cbb21 P 95399bbf70b84419afa321c868e25861 [LEADER]: Queue going to LEADER mode. State: All replicated index: 0, Majority replicated index: 0, Committed index: 0, Last appended: 0.0, Last appended by leader: 0, Current term: 1, Majority size: 2, State: 0, Mode: LEADER, active raft config: opid_index: -1 OBSOLETE_local: false peers { permanent_uuid: "ab02c6b88424491d964d9e8b5eab2117" member_type: VOTER last_known_addr { host: "127.30.23.65" port: 38277 } } peers { permanent_uuid: "cc1678398d044526999532d7a6b58aa9" member_type: VOTER last_known_addr { host: "127.30.23.66" port: 46047 } } peers { permanent_uuid: "95399bbf70b84419afa321c868e25861" member_type: VOTER last_known_addr { host: "127.30.23.67" port: 32925 } }
I20260710 11:06:51.025920 31968 leader_election.cc:304] T f66b68c2c20e419d83c35b83898ce93d P cc1678398d044526999532d7a6b58aa9 [CANDIDATE]: Term 1 pre-election: Election decided. Result: candidate won. Election summary: received 3 responses out of 3 voters: 2 yes votes; 1 no votes. yes voters: 95399bbf70b84419afa321c868e25861, cc1678398d044526999532d7a6b58aa9; no voters: ab02c6b88424491d964d9e8b5eab2117
I20260710 11:06:51.026842 32154 leader_election.cc:290] T 9ce3ff0dafa740d28e6d911316ccc479 P ab02c6b88424491d964d9e8b5eab2117 [CANDIDATE]: Term 1 pre-election: Requested pre-vote from peers cc1678398d044526999532d7a6b58aa9 (127.30.23.66:46047), 95399bbf70b84419afa321c868e25861 (127.30.23.67:32925)
I20260710 11:06:51.027029 32169 raft_consensus.cc:2804] T f66b68c2c20e419d83c35b83898ce93d P cc1678398d044526999532d7a6b58aa9 [term 0 FOLLOWER]: Leader pre-election won for term 1
I20260710 11:06:51.027423 32169 raft_consensus.cc:493] T f66b68c2c20e419d83c35b83898ce93d P cc1678398d044526999532d7a6b58aa9 [term 0 FOLLOWER]: Starting leader election (no leader contacted us within the election timeout)
I20260710 11:06:51.027741 32169 raft_consensus.cc:3060] T f66b68c2c20e419d83c35b83898ce93d P cc1678398d044526999532d7a6b58aa9 [term 0 FOLLOWER]: Advancing to term 1
I20260710 11:06:51.028946 32076 tablet_service.cc:1917] Received RequestConsensusVote() RPC: tablet_id: "9ce3ff0dafa740d28e6d911316ccc479" candidate_uuid: "ab02c6b88424491d964d9e8b5eab2117" candidate_term: 1 candidate_status { last_received { term: 0 index: 0 } } ignore_live_leader: false dest_uuid: "95399bbf70b84419afa321c868e25861" is_pre_election: true
I20260710 11:06:51.029556 32076 raft_consensus.cc:2468] T 9ce3ff0dafa740d28e6d911316ccc479 P 95399bbf70b84419afa321c868e25861 [term 0 FOLLOWER]: Leader pre-election vote request: Granting yes vote for candidate ab02c6b88424491d964d9e8b5eab2117 in term 0.
I20260710 11:06:51.030975 31893 leader_election.cc:304] T 9ce3ff0dafa740d28e6d911316ccc479 P ab02c6b88424491d964d9e8b5eab2117 [CANDIDATE]: Term 1 pre-election: Election decided. Result: candidate won. Election summary: received 2 responses out of 3 voters: 2 yes votes; 0 no votes. yes voters: 95399bbf70b84419afa321c868e25861, ab02c6b88424491d964d9e8b5eab2117; no voters: 
I20260710 11:06:51.032542 32154 raft_consensus.cc:2804] T 9ce3ff0dafa740d28e6d911316ccc479 P ab02c6b88424491d964d9e8b5eab2117 [term 0 FOLLOWER]: Leader pre-election won for term 1
I20260710 11:06:51.032709 32003 tablet_service.cc:1917] Received RequestConsensusVote() RPC: tablet_id: "9ce3ff0dafa740d28e6d911316ccc479" candidate_uuid: "ab02c6b88424491d964d9e8b5eab2117" candidate_term: 1 candidate_status { last_received { term: 0 index: 0 } } ignore_live_leader: false dest_uuid: "cc1678398d044526999532d7a6b58aa9" is_pre_election: true
I20260710 11:06:51.033002 32154 raft_consensus.cc:493] T 9ce3ff0dafa740d28e6d911316ccc479 P ab02c6b88424491d964d9e8b5eab2117 [term 0 FOLLOWER]: Starting leader election (no leader contacted us within the election timeout)
I20260710 11:06:51.033358 32003 raft_consensus.cc:2468] T 9ce3ff0dafa740d28e6d911316ccc479 P cc1678398d044526999532d7a6b58aa9 [term 0 FOLLOWER]: Leader pre-election vote request: Granting yes vote for candidate ab02c6b88424491d964d9e8b5eab2117 in term 0.
I20260710 11:06:51.033893 32154 raft_consensus.cc:3060] T 9ce3ff0dafa740d28e6d911316ccc479 P ab02c6b88424491d964d9e8b5eab2117 [term 0 FOLLOWER]: Advancing to term 1
I20260710 11:06:51.041024 32116 tablet_bootstrap.cc:492] T 3edfb176ad8740b2b0670638663d52b1 P 95399bbf70b84419afa321c868e25861: No bootstrap required, opened a new log
I20260710 11:06:51.041646 32116 ts_tablet_manager.cc:1403] T 3edfb176ad8740b2b0670638663d52b1 P 95399bbf70b84419afa321c868e25861: Time spent bootstrapping tablet: real 0.124s	user 0.011s	sys 0.015s
I20260710 11:06:51.042816 32123 tablet_bootstrap.cc:492] T 8f2c8e7d981843e3916a9e1b68d5cd7c P cc1678398d044526999532d7a6b58aa9: No bootstrap required, opened a new log
I20260710 11:06:51.041890 31824 catalog_manager.cc:5697] T 570290cb8cdd4fa08cf40c21961cbb21 P 95399bbf70b84419afa321c868e25861 reported cstate change: term changed from 0 to 1, leader changed from <none> to 95399bbf70b84419afa321c868e25861 (127.30.23.67). New cstate: current_term: 1 leader_uuid: "95399bbf70b84419afa321c868e25861" committed_config { opid_index: -1 OBSOLETE_local: false peers { permanent_uuid: "ab02c6b88424491d964d9e8b5eab2117" member_type: VOTER last_known_addr { host: "127.30.23.65" port: 38277 } health_report { overall_health: UNKNOWN } } peers { permanent_uuid: "cc1678398d044526999532d7a6b58aa9" member_type: VOTER last_known_addr { host: "127.30.23.66" port: 46047 } health_report { overall_health: UNKNOWN } } peers { permanent_uuid: "95399bbf70b84419afa321c868e25861" member_type: VOTER last_known_addr { host: "127.30.23.67" port: 32925 } health_report { overall_health: HEALTHY } } }
I20260710 11:06:51.043290 32123 ts_tablet_manager.cc:1403] T 8f2c8e7d981843e3916a9e1b68d5cd7c P cc1678398d044526999532d7a6b58aa9: Time spent bootstrapping tablet: real 0.071s	user 0.011s	sys 0.000s
I20260710 11:06:51.051934 32123 raft_consensus.cc:359] T 8f2c8e7d981843e3916a9e1b68d5cd7c P cc1678398d044526999532d7a6b58aa9 [term 0 FOLLOWER]: Replica starting. Triggering 0 pending ops. Active config: opid_index: -1 OBSOLETE_local: false peers { permanent_uuid: "ab02c6b88424491d964d9e8b5eab2117" member_type: VOTER last_known_addr { host: "127.30.23.65" port: 38277 } } peers { permanent_uuid: "cc1678398d044526999532d7a6b58aa9" member_type: VOTER last_known_addr { host: "127.30.23.66" port: 46047 } } peers { permanent_uuid: "95399bbf70b84419afa321c868e25861" member_type: VOTER last_known_addr { host: "127.30.23.67" port: 32925 } }
I20260710 11:06:51.052631 32123 raft_consensus.cc:385] T 8f2c8e7d981843e3916a9e1b68d5cd7c P cc1678398d044526999532d7a6b58aa9 [term 0 FOLLOWER]: Consensus starting up: Expiring failure detector timer to make a prompt election more likely
I20260710 11:06:51.052917 32123 raft_consensus.cc:740] T 8f2c8e7d981843e3916a9e1b68d5cd7c P cc1678398d044526999532d7a6b58aa9 [term 0 FOLLOWER]: Becoming Follower/Learner. State: Replica: cc1678398d044526999532d7a6b58aa9, State: Initialized, Role: FOLLOWER
I20260710 11:06:51.053700 32123 consensus_queue.cc:260] T 8f2c8e7d981843e3916a9e1b68d5cd7c P cc1678398d044526999532d7a6b58aa9 [NON_LEADER]: Queue going to NON_LEADER mode. State: All replicated index: 0, Majority replicated index: 0, Committed index: 0, Last appended: 0.0, Last appended by leader: 0, Current term: 0, Majority size: -1, State: 0, Mode: NON_LEADER, active raft config: opid_index: -1 OBSOLETE_local: false peers { permanent_uuid: "ab02c6b88424491d964d9e8b5eab2117" member_type: VOTER last_known_addr { host: "127.30.23.65" port: 38277 } } peers { permanent_uuid: "cc1678398d044526999532d7a6b58aa9" member_type: VOTER last_known_addr { host: "127.30.23.66" port: 46047 } } peers { permanent_uuid: "95399bbf70b84419afa321c868e25861" member_type: VOTER last_known_addr { host: "127.30.23.67" port: 32925 } }
I20260710 11:06:51.054695 32133 raft_consensus.cc:493] T 74be127a014c425693ecd7275af3d3aa P 95399bbf70b84419afa321c868e25861 [term 0 FOLLOWER]: Starting pre-election (no leader contacted us within the election timeout)
I20260710 11:06:51.055147 32133 raft_consensus.cc:515] T 74be127a014c425693ecd7275af3d3aa P 95399bbf70b84419afa321c868e25861 [term 0 FOLLOWER]: Starting pre-election with config: opid_index: -1 OBSOLETE_local: false peers { permanent_uuid: "ab02c6b88424491d964d9e8b5eab2117" member_type: VOTER last_known_addr { host: "127.30.23.65" port: 38277 } } peers { permanent_uuid: "cc1678398d044526999532d7a6b58aa9" member_type: VOTER last_known_addr { host: "127.30.23.66" port: 46047 } } peers { permanent_uuid: "95399bbf70b84419afa321c868e25861" member_type: VOTER last_known_addr { host: "127.30.23.67" port: 32925 } }
I20260710 11:06:51.056032 32123 ts_tablet_manager.cc:1434] T 8f2c8e7d981843e3916a9e1b68d5cd7c P cc1678398d044526999532d7a6b58aa9: Time spent starting tablet: real 0.012s	user 0.007s	sys 0.000s
I20260710 11:06:51.056960 32123 tablet_bootstrap.cc:492] T 16dde889dfa9420999d21d60ebc082d9 P cc1678398d044526999532d7a6b58aa9: Bootstrap starting.
I20260710 11:06:51.061777 32127 consensus_queue.cc:1048] T 4f067dc876f44072a84c9dc65965b080 P ab02c6b88424491d964d9e8b5eab2117 [LEADER]: Connected to new peer: Peer: permanent_uuid: "95399bbf70b84419afa321c868e25861" member_type: VOTER last_known_addr { host: "127.30.23.67" port: 32925 }, Status: LMP_MISMATCH, Last received: 0.0, Next index: 1, Last known committed idx: 0, Time since last communication: 0.011s
I20260710 11:06:51.049945 32202 consensus_queue.cc:1048] T ab1eb09c100349b6add9a1bfedfe72f3 P 95399bbf70b84419afa321c868e25861 [LEADER]: Connected to new peer: Peer: permanent_uuid: "cc1678398d044526999532d7a6b58aa9" member_type: VOTER last_known_addr { host: "127.30.23.66" port: 46047 }, Status: LMP_MISMATCH, Last received: 0.0, Next index: 1, Last known committed idx: 0, Time since last communication: 0.049s
I20260710 11:06:51.070950 31823 catalog_manager.cc:5697] T 16dde889dfa9420999d21d60ebc082d9 P ab02c6b88424491d964d9e8b5eab2117 reported cstate change: term changed from 0 to 1, leader changed from <none> to ab02c6b88424491d964d9e8b5eab2117 (127.30.23.65). New cstate: current_term: 1 leader_uuid: "ab02c6b88424491d964d9e8b5eab2117" committed_config { opid_index: -1 OBSOLETE_local: false peers { permanent_uuid: "ab02c6b88424491d964d9e8b5eab2117" member_type: VOTER last_known_addr { host: "127.30.23.65" port: 38277 } health_report { overall_health: HEALTHY } } peers { permanent_uuid: "cc1678398d044526999532d7a6b58aa9" member_type: VOTER last_known_addr { host: "127.30.23.66" port: 46047 } health_report { overall_health: UNKNOWN } } peers { permanent_uuid: "95399bbf70b84419afa321c868e25861" member_type: VOTER last_known_addr { host: "127.30.23.67" port: 32925 } health_report { overall_health: UNKNOWN } } }
I20260710 11:06:51.066422 32133 leader_election.cc:290] T 74be127a014c425693ecd7275af3d3aa P 95399bbf70b84419afa321c868e25861 [CANDIDATE]: Term 1 pre-election: Requested pre-vote from peers ab02c6b88424491d964d9e8b5eab2117 (127.30.23.65:38277), cc1678398d044526999532d7a6b58aa9 (127.30.23.66:46047)
I20260710 11:06:51.073864 32149 consensus_queue.cc:1048] T 725d0a9fa9804c8c9731c8b4ad31c911 P ab02c6b88424491d964d9e8b5eab2117 [LEADER]: Connected to new peer: Peer: permanent_uuid: "95399bbf70b84419afa321c868e25861" member_type: VOTER last_known_addr { host: "127.30.23.67" port: 32925 }, Status: LMP_MISMATCH, Last received: 0.0, Next index: 1, Last known committed idx: 0, Time since last communication: 0.001s
I20260710 11:06:51.068167 32003 tablet_service.cc:1917] Received RequestConsensusVote() RPC: tablet_id: "74be127a014c425693ecd7275af3d3aa" candidate_uuid: "95399bbf70b84419afa321c868e25861" candidate_term: 1 candidate_status { last_received { term: 0 index: 0 } } ignore_live_leader: false dest_uuid: "cc1678398d044526999532d7a6b58aa9" is_pre_election: true
I20260710 11:06:51.067726 31927 tablet_service.cc:1917] Received RequestConsensusVote() RPC: tablet_id: "74be127a014c425693ecd7275af3d3aa" candidate_uuid: "95399bbf70b84419afa321c868e25861" candidate_term: 1 candidate_status { last_received { term: 0 index: 0 } } ignore_live_leader: false dest_uuid: "ab02c6b88424491d964d9e8b5eab2117" is_pre_election: true
W20260710 11:06:51.082038 32042 leader_election.cc:343] T 74be127a014c425693ecd7275af3d3aa P 95399bbf70b84419afa321c868e25861 [CANDIDATE]: Term 1 pre-election: Tablet error from VoteRequest() call to peer cc1678398d044526999532d7a6b58aa9 (127.30.23.66:46047): Illegal state: must be running to vote when last-logged opid is not known
I20260710 11:06:51.091195 32127 consensus_queue.cc:1048] T 4f067dc876f44072a84c9dc65965b080 P ab02c6b88424491d964d9e8b5eab2117 [LEADER]: Connected to new peer: Peer: permanent_uuid: "cc1678398d044526999532d7a6b58aa9" member_type: VOTER last_known_addr { host: "127.30.23.66" port: 46047 }, Status: LMP_MISMATCH, Last received: 0.0, Next index: 1, Last known committed idx: 0, Time since last communication: 0.001s
I20260710 11:06:51.092780 32123 tablet_bootstrap.cc:654] T 16dde889dfa9420999d21d60ebc082d9 P cc1678398d044526999532d7a6b58aa9: Neither blocks nor log segments found. Creating new log.
I20260710 11:06:51.083808 32154 raft_consensus.cc:515] T 9ce3ff0dafa740d28e6d911316ccc479 P ab02c6b88424491d964d9e8b5eab2117 [term 1 FOLLOWER]: Starting leader election with config: opid_index: -1 OBSOLETE_local: false peers { permanent_uuid: "ab02c6b88424491d964d9e8b5eab2117" member_type: VOTER last_known_addr { host: "127.30.23.65" port: 38277 } } peers { permanent_uuid: "cc1678398d044526999532d7a6b58aa9" member_type: VOTER last_known_addr { host: "127.30.23.66" port: 46047 } } peers { permanent_uuid: "95399bbf70b84419afa321c868e25861" member_type: VOTER last_known_addr { host: "127.30.23.67" port: 32925 } }
I20260710 11:06:51.096642 32154 leader_election.cc:290] T 9ce3ff0dafa740d28e6d911316ccc479 P ab02c6b88424491d964d9e8b5eab2117 [CANDIDATE]: Term 1 election: Requested vote from peers cc1678398d044526999532d7a6b58aa9 (127.30.23.66:46047), 95399bbf70b84419afa321c868e25861 (127.30.23.67:32925)
I20260710 11:06:51.100466 32116 raft_consensus.cc:359] T 3edfb176ad8740b2b0670638663d52b1 P 95399bbf70b84419afa321c868e25861 [term 0 FOLLOWER]: Replica starting. Triggering 0 pending ops. Active config: opid_index: -1 OBSOLETE_local: false peers { permanent_uuid: "ab02c6b88424491d964d9e8b5eab2117" member_type: VOTER last_known_addr { host: "127.30.23.65" port: 38277 } } peers { permanent_uuid: "cc1678398d044526999532d7a6b58aa9" member_type: VOTER last_known_addr { host: "127.30.23.66" port: 46047 } } peers { permanent_uuid: "95399bbf70b84419afa321c868e25861" member_type: VOTER last_known_addr { host: "127.30.23.67" port: 32925 } }
I20260710 11:06:51.101418 32116 raft_consensus.cc:385] T 3edfb176ad8740b2b0670638663d52b1 P 95399bbf70b84419afa321c868e25861 [term 0 FOLLOWER]: Consensus starting up: Expiring failure detector timer to make a prompt election more likely
I20260710 11:06:51.101756 32116 raft_consensus.cc:740] T 3edfb176ad8740b2b0670638663d52b1 P 95399bbf70b84419afa321c868e25861 [term 0 FOLLOWER]: Becoming Follower/Learner. State: Replica: 95399bbf70b84419afa321c868e25861, State: Initialized, Role: FOLLOWER
W20260710 11:06:51.106532 32042 leader_election.cc:343] T 74be127a014c425693ecd7275af3d3aa P 95399bbf70b84419afa321c868e25861 [CANDIDATE]: Term 1 pre-election: Tablet error from VoteRequest() call to peer ab02c6b88424491d964d9e8b5eab2117 (127.30.23.65:38277): Illegal state: must be running to vote when last-logged opid is not known
I20260710 11:06:51.106191 32128 raft_consensus.cc:493] T 8f2c8e7d981843e3916a9e1b68d5cd7c P cc1678398d044526999532d7a6b58aa9 [term 0 FOLLOWER]: Starting pre-election (no leader contacted us within the election timeout)
I20260710 11:06:51.106468 32001 tablet_service.cc:1917] Received RequestConsensusVote() RPC: tablet_id: "9ce3ff0dafa740d28e6d911316ccc479" candidate_uuid: "ab02c6b88424491d964d9e8b5eab2117" candidate_term: 1 candidate_status { last_received { term: 0 index: 0 } } ignore_live_leader: false dest_uuid: "cc1678398d044526999532d7a6b58aa9"
