I20260710 11:06:32.114415 24604 raft_consensus.cc:1275] T 2f3187b26b1e451cb615cf7c70bdb15e P fcdc88e8a0dc4c61b9200f6050f551f4 [term 3 FOLLOWER]: Refusing update from remote peer 72c78fc746f64ff9b188056d86ebc9b4: Log matching property violated. Preceding OpId in replica: term: 2 index: 2. Preceding OpId from leader: term: 3 index: 3. (index mismatch)
I20260710 11:06:32.118093 24817 consensus_queue.cc:1048] T 2f3187b26b1e451cb615cf7c70bdb15e P 72c78fc746f64ff9b188056d86ebc9b4 [LEADER]: Connected to new peer: Peer: permanent_uuid: "fcdc88e8a0dc4c61b9200f6050f551f4" member_type: VOTER last_known_addr { host: "127.23.90.66" port: 39981 }, Status: LMP_MISMATCH, Last received: 0.0, Next index: 3, Last known committed idx: 2, Time since last communication: 0.000s
I20260710 11:06:32.257879 23913 auto_leader_rebalancer.cc:141] leader rebalance for table test-workload
I20260710 11:06:32.271023 24677 tablet_service.cc:2072] Received LeaderStepDown RPC: tablet_id: "2f3187b26b1e451cb615cf7c70bdb15e"
dest_uuid: "72c78fc746f64ff9b188056d86ebc9b4"
mode: GRACEFUL
new_leader_uuid: "ac5d62c4743d42ce8345d87c6dcb5fd7"
 from {username='slave'} at 127.0.0.1:54544
I20260710 11:06:32.271574 24677 raft_consensus.cc:606] T 2f3187b26b1e451cb615cf7c70bdb15e P 72c78fc746f64ff9b188056d86ebc9b4 [term 3 LEADER]: Received request to transfer leadership to TS ac5d62c4743d42ce8345d87c6dcb5fd7
I20260710 11:06:32.278685 24677 tablet_service.cc:2072] Received LeaderStepDown RPC: tablet_id: "754a83ad91b44cedba1ae360e5005d16"
dest_uuid: "72c78fc746f64ff9b188056d86ebc9b4"
mode: GRACEFUL
new_leader_uuid: "ac5d62c4743d42ce8345d87c6dcb5fd7"
 from {username='slave'} at 127.0.0.1:54544
I20260710 11:06:32.278950 24531 raft_consensus.cc:1275] T 754a83ad91b44cedba1ae360e5005d16 P ac5d62c4743d42ce8345d87c6dcb5fd7 [term 3 FOLLOWER]: Refusing update from remote peer 72c78fc746f64ff9b188056d86ebc9b4: Log matching property violated. Preceding OpId in replica: term: 2 index: 2. Preceding OpId from leader: term: 3 index: 3. (index mismatch)
I20260710 11:06:32.279330 24677 raft_consensus.cc:606] T 754a83ad91b44cedba1ae360e5005d16 P 72c78fc746f64ff9b188056d86ebc9b4 [term 3 LEADER]: Received request to transfer leadership to TS ac5d62c4743d42ce8345d87c6dcb5fd7
I20260710 11:06:32.280294 24817 consensus_queue.cc:1048] T 754a83ad91b44cedba1ae360e5005d16 P 72c78fc746f64ff9b188056d86ebc9b4 [LEADER]: Connected to new peer: Peer: permanent_uuid: "ac5d62c4743d42ce8345d87c6dcb5fd7" member_type: VOTER last_known_addr { host: "127.23.90.65" port: 38715 }, Status: LMP_MISMATCH, Last received: 0.0, Next index: 3, Last known committed idx: 2, Time since last communication: 0.000s
I20260710 11:06:32.288501 24810 raft_consensus.cc:993] T 754a83ad91b44cedba1ae360e5005d16 P 72c78fc746f64ff9b188056d86ebc9b4: : Instructing follower ac5d62c4743d42ce8345d87c6dcb5fd7 to start an election
I20260710 11:06:32.288915 24810 raft_consensus.cc:1081] T 754a83ad91b44cedba1ae360e5005d16 P 72c78fc746f64ff9b188056d86ebc9b4 [term 3 LEADER]: Signalling peer ac5d62c4743d42ce8345d87c6dcb5fd7 to start an election
I20260710 11:06:32.288863 24604 tablet_service.cc:2072] Received LeaderStepDown RPC: tablet_id: "8d41e6f267254170b87740681da85f4c"
dest_uuid: "fcdc88e8a0dc4c61b9200f6050f551f4"
mode: GRACEFUL
new_leader_uuid: "ac5d62c4743d42ce8345d87c6dcb5fd7"
 from {username='slave'} at 127.0.0.1:50438
I20260710 11:06:32.289574 24604 raft_consensus.cc:606] T 8d41e6f267254170b87740681da85f4c P fcdc88e8a0dc4c61b9200f6050f551f4 [term 2 LEADER]: Received request to transfer leadership to TS ac5d62c4743d42ce8345d87c6dcb5fd7
I20260710 11:06:32.291090 24530 tablet_service.cc:2044] Received Run Leader Election RPC: tablet_id: "754a83ad91b44cedba1ae360e5005d16"
dest_uuid: "ac5d62c4743d42ce8345d87c6dcb5fd7"
 from {username='slave'} at 127.0.0.1:39572
I20260710 11:06:32.291950 24530 raft_consensus.cc:493] T 754a83ad91b44cedba1ae360e5005d16 P ac5d62c4743d42ce8345d87c6dcb5fd7 [term 3 FOLLOWER]: Starting forced leader election (received explicit request)
I20260710 11:06:32.292325 24530 raft_consensus.cc:3060] T 754a83ad91b44cedba1ae360e5005d16 P ac5d62c4743d42ce8345d87c6dcb5fd7 [term 3 FOLLOWER]: Advancing to term 4
I20260710 11:06:32.293648 24604 raft_consensus.cc:1275] T 754a83ad91b44cedba1ae360e5005d16 P fcdc88e8a0dc4c61b9200f6050f551f4 [term 3 FOLLOWER]: Refusing update from remote peer 72c78fc746f64ff9b188056d86ebc9b4: Log matching property violated. Preceding OpId in replica: term: 2 index: 2. Preceding OpId from leader: term: 3 index: 3. (index mismatch)
I20260710 11:06:32.296219 24810 consensus_queue.cc:1048] T 754a83ad91b44cedba1ae360e5005d16 P 72c78fc746f64ff9b188056d86ebc9b4 [LEADER]: Connected to new peer: Peer: permanent_uuid: "fcdc88e8a0dc4c61b9200f6050f551f4" member_type: VOTER last_known_addr { host: "127.23.90.66" port: 39981 }, Status: LMP_MISMATCH, Last received: 0.0, Next index: 3, Last known committed idx: 2, Time since last communication: 0.000s
I20260710 11:06:32.299315 24604 tablet_service.cc:2072] Received LeaderStepDown RPC: tablet_id: "e1afeb30dd1d4f1e8f1f684895fef737"
dest_uuid: "fcdc88e8a0dc4c61b9200f6050f551f4"
mode: GRACEFUL
new_leader_uuid: "ac5d62c4743d42ce8345d87c6dcb5fd7"
 from {username='slave'} at 127.0.0.1:50438
I20260710 11:06:32.299978 24604 raft_consensus.cc:606] T e1afeb30dd1d4f1e8f1f684895fef737 P fcdc88e8a0dc4c61b9200f6050f551f4 [term 1 LEADER]: Received request to transfer leadership to TS ac5d62c4743d42ce8345d87c6dcb5fd7
I20260710 11:06:32.303642 24530 raft_consensus.cc:515] T 754a83ad91b44cedba1ae360e5005d16 P ac5d62c4743d42ce8345d87c6dcb5fd7 [term 4 FOLLOWER]: Starting forced leader election with config: opid_index: -1 OBSOLETE_local: false peers { permanent_uuid: "ac5d62c4743d42ce8345d87c6dcb5fd7" member_type: VOTER last_known_addr { host: "127.23.90.65" port: 38715 } } peers { permanent_uuid: "fcdc88e8a0dc4c61b9200f6050f551f4" member_type: VOTER last_known_addr { host: "127.23.90.66" port: 39981 } } peers { permanent_uuid: "72c78fc746f64ff9b188056d86ebc9b4" member_type: VOTER last_known_addr { host: "127.23.90.67" port: 39479 } }
I20260710 11:06:32.305488 24530 leader_election.cc:290] T 754a83ad91b44cedba1ae360e5005d16 P ac5d62c4743d42ce8345d87c6dcb5fd7 [CANDIDATE]: Term 4 election: Requested vote from peers fcdc88e8a0dc4c61b9200f6050f551f4 (127.23.90.66:39981), 72c78fc746f64ff9b188056d86ebc9b4 (127.23.90.67:39479)
I20260710 11:06:32.308310 24605 tablet_service.cc:2072] Received LeaderStepDown RPC: tablet_id: "82d48e5972864b048918056772c6b237"
dest_uuid: "fcdc88e8a0dc4c61b9200f6050f551f4"
mode: GRACEFUL
new_leader_uuid: "ac5d62c4743d42ce8345d87c6dcb5fd7"
 from {username='slave'} at 127.0.0.1:50438
I20260710 11:06:32.308907 24605 raft_consensus.cc:606] T 82d48e5972864b048918056772c6b237 P fcdc88e8a0dc4c61b9200f6050f551f4 [term 2 LEADER]: Received request to transfer leadership to TS ac5d62c4743d42ce8345d87c6dcb5fd7
I20260710 11:06:32.308099 24604 tablet_service.cc:1917] Received RequestConsensusVote() RPC: tablet_id: "754a83ad91b44cedba1ae360e5005d16" candidate_uuid: "ac5d62c4743d42ce8345d87c6dcb5fd7" candidate_term: 4 candidate_status { last_received { term: 3 index: 3 } } ignore_live_leader: true dest_uuid: "fcdc88e8a0dc4c61b9200f6050f551f4"
I20260710 11:06:32.312125 24677 tablet_service.cc:1917] Received RequestConsensusVote() RPC: tablet_id: "754a83ad91b44cedba1ae360e5005d16" candidate_uuid: "ac5d62c4743d42ce8345d87c6dcb5fd7" candidate_term: 4 candidate_status { last_received { term: 3 index: 3 } } ignore_live_leader: true dest_uuid: "72c78fc746f64ff9b188056d86ebc9b4"
I20260710 11:06:32.312687 24677 raft_consensus.cc:3055] T 754a83ad91b44cedba1ae360e5005d16 P 72c78fc746f64ff9b188056d86ebc9b4 [term 3 LEADER]: Stepping down as leader of term 3
I20260710 11:06:32.312997 24677 raft_consensus.cc:740] T 754a83ad91b44cedba1ae360e5005d16 P 72c78fc746f64ff9b188056d86ebc9b4 [term 3 LEADER]: Becoming Follower/Learner. State: Replica: 72c78fc746f64ff9b188056d86ebc9b4, State: Running, Role: LEADER
I20260710 11:06:32.313825 24677 consensus_queue.cc:260] T 754a83ad91b44cedba1ae360e5005d16 P 72c78fc746f64ff9b188056d86ebc9b4 [NON_LEADER]: Queue going to NON_LEADER mode. State: All replicated index: 0, Majority replicated index: 3, Committed index: 3, Last appended: 3.3, Last appended by leader: 3, Current term: 3, Majority size: -1, State: 0, Mode: NON_LEADER, active raft config: opid_index: -1 OBSOLETE_local: false peers { permanent_uuid: "ac5d62c4743d42ce8345d87c6dcb5fd7" member_type: VOTER last_known_addr { host: "127.23.90.65" port: 38715 } } peers { permanent_uuid: "fcdc88e8a0dc4c61b9200f6050f551f4" member_type: VOTER last_known_addr { host: "127.23.90.66" port: 39981 } } peers { permanent_uuid: "72c78fc746f64ff9b188056d86ebc9b4" member_type: VOTER last_known_addr { host: "127.23.90.67" port: 39479 } }
I20260710 11:06:32.314834 24677 raft_consensus.cc:3060] T 754a83ad91b44cedba1ae360e5005d16 P 72c78fc746f64ff9b188056d86ebc9b4 [term 3 FOLLOWER]: Advancing to term 4
I20260710 11:06:32.320187 24677 raft_consensus.cc:2468] T 754a83ad91b44cedba1ae360e5005d16 P 72c78fc746f64ff9b188056d86ebc9b4 [term 4 FOLLOWER]: Leader election vote request: Granting yes vote for candidate ac5d62c4743d42ce8345d87c6dcb5fd7 in term 4.
I20260710 11:06:32.321302 24832 raft_consensus.cc:993] T e1afeb30dd1d4f1e8f1f684895fef737 P fcdc88e8a0dc4c61b9200f6050f551f4: : Instructing follower ac5d62c4743d42ce8345d87c6dcb5fd7 to start an election
I20260710 11:06:32.321453 24494 leader_election.cc:304] T 754a83ad91b44cedba1ae360e5005d16 P ac5d62c4743d42ce8345d87c6dcb5fd7 [CANDIDATE]: Term 4 election: Election decided. Result: candidate won. Election summary: received 3 responses out of 3 voters: 2 yes votes; 1 no votes. yes voters: 72c78fc746f64ff9b188056d86ebc9b4, ac5d62c4743d42ce8345d87c6dcb5fd7; no voters: fcdc88e8a0dc4c61b9200f6050f551f4
I20260710 11:06:32.322754 24833 raft_consensus.cc:1081] T e1afeb30dd1d4f1e8f1f684895fef737 P fcdc88e8a0dc4c61b9200f6050f551f4 [term 1 LEADER]: Signalling peer ac5d62c4743d42ce8345d87c6dcb5fd7 to start an election
I20260710 11:06:32.323460 24743 raft_consensus.cc:2804] T 754a83ad91b44cedba1ae360e5005d16 P ac5d62c4743d42ce8345d87c6dcb5fd7 [term 4 FOLLOWER]: Leader election won for term 4
I20260710 11:06:32.324486 24531 tablet_service.cc:2044] Received Run Leader Election RPC: tablet_id: "e1afeb30dd1d4f1e8f1f684895fef737"
dest_uuid: "ac5d62c4743d42ce8345d87c6dcb5fd7"
 from {username='slave'} at 127.0.0.1:39570
I20260710 11:06:32.325066 24531 raft_consensus.cc:493] T e1afeb30dd1d4f1e8f1f684895fef737 P ac5d62c4743d42ce8345d87c6dcb5fd7 [term 1 FOLLOWER]: Starting forced leader election (received explicit request)
I20260710 11:06:32.325426 24531 raft_consensus.cc:3060] T e1afeb30dd1d4f1e8f1f684895fef737 P ac5d62c4743d42ce8345d87c6dcb5fd7 [term 1 FOLLOWER]: Advancing to term 2
I20260710 11:06:32.325700 24743 raft_consensus.cc:697] T 754a83ad91b44cedba1ae360e5005d16 P ac5d62c4743d42ce8345d87c6dcb5fd7 [term 4 LEADER]: Becoming Leader. State: Replica: ac5d62c4743d42ce8345d87c6dcb5fd7, State: Running, Role: LEADER
I20260710 11:06:32.326476 24743 consensus_queue.cc:237] T 754a83ad91b44cedba1ae360e5005d16 P ac5d62c4743d42ce8345d87c6dcb5fd7 [LEADER]: Queue going to LEADER mode. State: All replicated index: 0, Majority replicated index: 3, Committed index: 3, Last appended: 3.3, Last appended by leader: 3, Current term: 4, Majority size: 2, State: 0, Mode: LEADER, active raft config: opid_index: -1 OBSOLETE_local: false peers { permanent_uuid: "ac5d62c4743d42ce8345d87c6dcb5fd7" member_type: VOTER last_known_addr { host: "127.23.90.65" port: 38715 } } peers { permanent_uuid: "fcdc88e8a0dc4c61b9200f6050f551f4" member_type: VOTER last_known_addr { host: "127.23.90.66" port: 39981 } } peers { permanent_uuid: "72c78fc746f64ff9b188056d86ebc9b4" member_type: VOTER last_known_addr { host: "127.23.90.67" port: 39479 } }
I20260710 11:06:32.332298 24531 raft_consensus.cc:515] T e1afeb30dd1d4f1e8f1f684895fef737 P ac5d62c4743d42ce8345d87c6dcb5fd7 [term 2 FOLLOWER]: Starting forced leader election with config: opid_index: -1 OBSOLETE_local: false peers { permanent_uuid: "ac5d62c4743d42ce8345d87c6dcb5fd7" member_type: VOTER last_known_addr { host: "127.23.90.65" port: 38715 } } peers { permanent_uuid: "fcdc88e8a0dc4c61b9200f6050f551f4" member_type: VOTER last_known_addr { host: "127.23.90.66" port: 39981 } } peers { permanent_uuid: "72c78fc746f64ff9b188056d86ebc9b4" member_type: VOTER last_known_addr { host: "127.23.90.67" port: 39479 } }
I20260710 11:06:32.334125 24429 catalog_manager.cc:5697] T 754a83ad91b44cedba1ae360e5005d16 P ac5d62c4743d42ce8345d87c6dcb5fd7 reported cstate change: term changed from 3 to 4, leader changed from 72c78fc746f64ff9b188056d86ebc9b4 (127.23.90.67) to ac5d62c4743d42ce8345d87c6dcb5fd7 (127.23.90.65). New cstate: current_term: 4 leader_uuid: "ac5d62c4743d42ce8345d87c6dcb5fd7" committed_config { opid_index: -1 OBSOLETE_local: false peers { permanent_uuid: "ac5d62c4743d42ce8345d87c6dcb5fd7" member_type: VOTER last_known_addr { host: "127.23.90.65" port: 38715 } health_report { overall_health: HEALTHY } } peers { permanent_uuid: "fcdc88e8a0dc4c61b9200f6050f551f4" member_type: VOTER last_known_addr { host: "127.23.90.66" port: 39981 } health_report { overall_health: UNKNOWN } } peers { permanent_uuid: "72c78fc746f64ff9b188056d86ebc9b4" member_type: VOTER last_known_addr { host: "127.23.90.67" port: 39479 } health_report { overall_health: UNKNOWN } } }
I20260710 11:06:32.335095 24606 tablet_service.cc:1917] Received RequestConsensusVote() RPC: tablet_id: "e1afeb30dd1d4f1e8f1f684895fef737" candidate_uuid: "ac5d62c4743d42ce8345d87c6dcb5fd7" candidate_term: 2 candidate_status { last_received { term: 1 index: 1 } } ignore_live_leader: true dest_uuid: "fcdc88e8a0dc4c61b9200f6050f551f4"
I20260710 11:06:32.335654 24606 raft_consensus.cc:3055] T e1afeb30dd1d4f1e8f1f684895fef737 P fcdc88e8a0dc4c61b9200f6050f551f4 [term 1 LEADER]: Stepping down as leader of term 1
I20260710 11:06:32.335925 24606 raft_consensus.cc:740] T e1afeb30dd1d4f1e8f1f684895fef737 P fcdc88e8a0dc4c61b9200f6050f551f4 [term 1 LEADER]: Becoming Follower/Learner. State: Replica: fcdc88e8a0dc4c61b9200f6050f551f4, State: Running, Role: LEADER
I20260710 11:06:32.336076 24531 leader_election.cc:290] T e1afeb30dd1d4f1e8f1f684895fef737 P ac5d62c4743d42ce8345d87c6dcb5fd7 [CANDIDATE]: Term 2 election: Requested vote from peers fcdc88e8a0dc4c61b9200f6050f551f4 (127.23.90.66:39981), 72c78fc746f64ff9b188056d86ebc9b4 (127.23.90.67:39479)
I20260710 11:06:32.336645 24606 consensus_queue.cc:260] T e1afeb30dd1d4f1e8f1f684895fef737 P fcdc88e8a0dc4c61b9200f6050f551f4 [NON_LEADER]: Queue going to NON_LEADER mode. State: All replicated index: 0, Majority replicated index: 1, Committed index: 1, Last appended: 1.1, Last appended by leader: 1, Current term: 1, Majority size: -1, State: 0, Mode: NON_LEADER, active raft config: opid_index: -1 OBSOLETE_local: false peers { permanent_uuid: "ac5d62c4743d42ce8345d87c6dcb5fd7" member_type: VOTER last_known_addr { host: "127.23.90.65" port: 38715 } } peers { permanent_uuid: "fcdc88e8a0dc4c61b9200f6050f551f4" member_type: VOTER last_known_addr { host: "127.23.90.66" port: 39981 } } peers { permanent_uuid: "72c78fc746f64ff9b188056d86ebc9b4" member_type: VOTER last_known_addr { host: "127.23.90.67" port: 39479 } }
I20260710 11:06:32.336751 24677 tablet_service.cc:1917] Received RequestConsensusVote() RPC: tablet_id: "e1afeb30dd1d4f1e8f1f684895fef737" candidate_uuid: "ac5d62c4743d42ce8345d87c6dcb5fd7" candidate_term: 2 candidate_status { last_received { term: 1 index: 1 } } ignore_live_leader: true dest_uuid: "72c78fc746f64ff9b188056d86ebc9b4"
I20260710 11:06:32.337869 24606 raft_consensus.cc:3060] T e1afeb30dd1d4f1e8f1f684895fef737 P fcdc88e8a0dc4c61b9200f6050f551f4 [term 1 FOLLOWER]: Advancing to term 2
I20260710 11:06:32.338089 24677 raft_consensus.cc:3060] T e1afeb30dd1d4f1e8f1f684895fef737 P 72c78fc746f64ff9b188056d86ebc9b4 [term 1 FOLLOWER]: Advancing to term 2
I20260710 11:06:32.343755 24606 raft_consensus.cc:2468] T e1afeb30dd1d4f1e8f1f684895fef737 P fcdc88e8a0dc4c61b9200f6050f551f4 [term 2 FOLLOWER]: Leader election vote request: Granting yes vote for candidate ac5d62c4743d42ce8345d87c6dcb5fd7 in term 2.
I20260710 11:06:32.344871 24494 leader_election.cc:304] T e1afeb30dd1d4f1e8f1f684895fef737 P ac5d62c4743d42ce8345d87c6dcb5fd7 [CANDIDATE]: Term 2 election: Election decided. Result: candidate won. Election summary: received 2 responses out of 3 voters: 2 yes votes; 0 no votes. yes voters: ac5d62c4743d42ce8345d87c6dcb5fd7, fcdc88e8a0dc4c61b9200f6050f551f4; no voters: 
I20260710 11:06:32.345755 24743 raft_consensus.cc:2804] T e1afeb30dd1d4f1e8f1f684895fef737 P ac5d62c4743d42ce8345d87c6dcb5fd7 [term 2 FOLLOWER]: Leader election won for term 2
I20260710 11:06:32.345755 24677 raft_consensus.cc:2468] T e1afeb30dd1d4f1e8f1f684895fef737 P 72c78fc746f64ff9b188056d86ebc9b4 [term 2 FOLLOWER]: Leader election vote request: Granting yes vote for candidate ac5d62c4743d42ce8345d87c6dcb5fd7 in term 2.
I20260710 11:06:32.346342 24743 raft_consensus.cc:697] T e1afeb30dd1d4f1e8f1f684895fef737 P ac5d62c4743d42ce8345d87c6dcb5fd7 [term 2 LEADER]: Becoming Leader. State: Replica: ac5d62c4743d42ce8345d87c6dcb5fd7, State: Running, Role: LEADER
I20260710 11:06:32.347083 24743 consensus_queue.cc:237] T e1afeb30dd1d4f1e8f1f684895fef737 P ac5d62c4743d42ce8345d87c6dcb5fd7 [LEADER]: Queue going to LEADER mode. State: All replicated index: 0, Majority replicated index: 1, Committed index: 1, Last appended: 1.1, Last appended by leader: 1, Current term: 2, Majority size: 2, State: 0, Mode: LEADER, active raft config: opid_index: -1 OBSOLETE_local: false peers { permanent_uuid: "ac5d62c4743d42ce8345d87c6dcb5fd7" member_type: VOTER last_known_addr { host: "127.23.90.65" port: 38715 } } peers { permanent_uuid: "fcdc88e8a0dc4c61b9200f6050f551f4" member_type: VOTER last_known_addr { host: "127.23.90.66" port: 39981 } } peers { permanent_uuid: "72c78fc746f64ff9b188056d86ebc9b4" member_type: VOTER last_known_addr { host: "127.23.90.67" port: 39479 } }
I20260710 11:06:32.355466 24429 catalog_manager.cc:5697] T e1afeb30dd1d4f1e8f1f684895fef737 P ac5d62c4743d42ce8345d87c6dcb5fd7 reported cstate change: term changed from 1 to 2, leader changed from fcdc88e8a0dc4c61b9200f6050f551f4 (127.23.90.66) to ac5d62c4743d42ce8345d87c6dcb5fd7 (127.23.90.65). New cstate: current_term: 2 leader_uuid: "ac5d62c4743d42ce8345d87c6dcb5fd7" committed_config { opid_index: -1 OBSOLETE_local: false peers { permanent_uuid: "ac5d62c4743d42ce8345d87c6dcb5fd7" member_type: VOTER last_known_addr { host: "127.23.90.65" port: 38715 } health_report { overall_health: HEALTHY } } peers { permanent_uuid: "fcdc88e8a0dc4c61b9200f6050f551f4" member_type: VOTER last_known_addr { host: "127.23.90.66" port: 39981 } health_report { overall_health: UNKNOWN } } peers { permanent_uuid: "72c78fc746f64ff9b188056d86ebc9b4" member_type: VOTER last_known_addr { host: "127.23.90.67" port: 39479 } health_report { overall_health: UNKNOWN } } }
I20260710 11:06:32.514603 24832 raft_consensus.cc:993] T 8d41e6f267254170b87740681da85f4c P fcdc88e8a0dc4c61b9200f6050f551f4: : Instructing follower ac5d62c4743d42ce8345d87c6dcb5fd7 to start an election
I20260710 11:06:32.515067 24833 raft_consensus.cc:1081] T 8d41e6f267254170b87740681da85f4c P fcdc88e8a0dc4c61b9200f6050f551f4 [term 2 LEADER]: Signalling peer ac5d62c4743d42ce8345d87c6dcb5fd7 to start an election
I20260710 11:06:32.516657 24531 tablet_service.cc:2044] Received Run Leader Election RPC: tablet_id: "8d41e6f267254170b87740681da85f4c"
dest_uuid: "ac5d62c4743d42ce8345d87c6dcb5fd7"
 from {username='slave'} at 127.0.0.1:39570
I20260710 11:06:32.517148 24531 raft_consensus.cc:493] T 8d41e6f267254170b87740681da85f4c P ac5d62c4743d42ce8345d87c6dcb5fd7 [term 2 FOLLOWER]: Starting forced leader election (received explicit request)
I20260710 11:06:32.517438 24531 raft_consensus.cc:3060] T 8d41e6f267254170b87740681da85f4c P ac5d62c4743d42ce8345d87c6dcb5fd7 [term 2 FOLLOWER]: Advancing to term 3
I20260710 11:06:32.522119 24531 raft_consensus.cc:515] T 8d41e6f267254170b87740681da85f4c P ac5d62c4743d42ce8345d87c6dcb5fd7 [term 3 FOLLOWER]: Starting forced leader election with config: opid_index: -1 OBSOLETE_local: false peers { permanent_uuid: "ac5d62c4743d42ce8345d87c6dcb5fd7" member_type: VOTER last_known_addr { host: "127.23.90.65" port: 38715 } } peers { permanent_uuid: "fcdc88e8a0dc4c61b9200f6050f551f4" member_type: VOTER last_known_addr { host: "127.23.90.66" port: 39981 } } peers { permanent_uuid: "72c78fc746f64ff9b188056d86ebc9b4" member_type: VOTER last_known_addr { host: "127.23.90.67" port: 39479 } }
I20260710 11:06:32.523793 24531 leader_election.cc:290] T 8d41e6f267254170b87740681da85f4c P ac5d62c4743d42ce8345d87c6dcb5fd7 [CANDIDATE]: Term 3 election: Requested vote from peers fcdc88e8a0dc4c61b9200f6050f551f4 (127.23.90.66:39981), 72c78fc746f64ff9b188056d86ebc9b4 (127.23.90.67:39479)
I20260710 11:06:32.524564 24606 tablet_service.cc:1917] Received RequestConsensusVote() RPC: tablet_id: "8d41e6f267254170b87740681da85f4c" candidate_uuid: "ac5d62c4743d42ce8345d87c6dcb5fd7" candidate_term: 3 candidate_status { last_received { term: 2 index: 2 } } ignore_live_leader: true dest_uuid: "fcdc88e8a0dc4c61b9200f6050f551f4"
I20260710 11:06:32.524920 24677 tablet_service.cc:1917] Received RequestConsensusVote() RPC: tablet_id: "8d41e6f267254170b87740681da85f4c" candidate_uuid: "ac5d62c4743d42ce8345d87c6dcb5fd7" candidate_term: 3 candidate_status { last_received { term: 2 index: 2 } } ignore_live_leader: true dest_uuid: "72c78fc746f64ff9b188056d86ebc9b4"
I20260710 11:06:32.525180 24606 raft_consensus.cc:3055] T 8d41e6f267254170b87740681da85f4c P fcdc88e8a0dc4c61b9200f6050f551f4 [term 2 LEADER]: Stepping down as leader of term 2
I20260710 11:06:32.525475 24677 raft_consensus.cc:3060] T 8d41e6f267254170b87740681da85f4c P 72c78fc746f64ff9b188056d86ebc9b4 [term 2 FOLLOWER]: Advancing to term 3
I20260710 11:06:32.525544 24606 raft_consensus.cc:740] T 8d41e6f267254170b87740681da85f4c P fcdc88e8a0dc4c61b9200f6050f551f4 [term 2 LEADER]: Becoming Follower/Learner. State: Replica: fcdc88e8a0dc4c61b9200f6050f551f4, State: Running, Role: LEADER
I20260710 11:06:32.526468 24606 consensus_queue.cc:260] T 8d41e6f267254170b87740681da85f4c P fcdc88e8a0dc4c61b9200f6050f551f4 [NON_LEADER]: Queue going to NON_LEADER mode. State: All replicated index: 0, Majority replicated index: 2, Committed index: 2, Last appended: 2.2, Last appended by leader: 2, Current term: 2, Majority size: -1, State: 0, Mode: NON_LEADER, active raft config: opid_index: -1 OBSOLETE_local: false peers { permanent_uuid: "ac5d62c4743d42ce8345d87c6dcb5fd7" member_type: VOTER last_known_addr { host: "127.23.90.65" port: 38715 } } peers { permanent_uuid: "fcdc88e8a0dc4c61b9200f6050f551f4" member_type: VOTER last_known_addr { host: "127.23.90.66" port: 39981 } } peers { permanent_uuid: "72c78fc746f64ff9b188056d86ebc9b4" member_type: VOTER last_known_addr { host: "127.23.90.67" port: 39479 } }
I20260710 11:06:32.527714 24606 raft_consensus.cc:3060] T 8d41e6f267254170b87740681da85f4c P fcdc88e8a0dc4c61b9200f6050f551f4 [term 2 FOLLOWER]: Advancing to term 3
I20260710 11:06:32.532439 24677 raft_consensus.cc:2468] T 8d41e6f267254170b87740681da85f4c P 72c78fc746f64ff9b188056d86ebc9b4 [term 3 FOLLOWER]: Leader election vote request: Granting yes vote for candidate ac5d62c4743d42ce8345d87c6dcb5fd7 in term 3.
I20260710 11:06:32.533731 24494 leader_election.cc:304] T 8d41e6f267254170b87740681da85f4c P ac5d62c4743d42ce8345d87c6dcb5fd7 [CANDIDATE]: Term 3 election: Election decided. Result: candidate won. Election summary: received 2 responses out of 3 voters: 2 yes votes; 0 no votes. yes voters: 72c78fc746f64ff9b188056d86ebc9b4, ac5d62c4743d42ce8345d87c6dcb5fd7; no voters: 
I20260710 11:06:32.534574 24743 raft_consensus.cc:2804] T 8d41e6f267254170b87740681da85f4c P ac5d62c4743d42ce8345d87c6dcb5fd7 [term 3 FOLLOWER]: Leader election won for term 3
I20260710 11:06:32.534524 24606 raft_consensus.cc:2468] T 8d41e6f267254170b87740681da85f4c P fcdc88e8a0dc4c61b9200f6050f551f4 [term 3 FOLLOWER]: Leader election vote request: Granting yes vote for candidate ac5d62c4743d42ce8345d87c6dcb5fd7 in term 3.
I20260710 11:06:32.535050 24743 raft_consensus.cc:697] T 8d41e6f267254170b87740681da85f4c P ac5d62c4743d42ce8345d87c6dcb5fd7 [term 3 LEADER]: Becoming Leader. State: Replica: ac5d62c4743d42ce8345d87c6dcb5fd7, State: Running, Role: LEADER
I20260710 11:06:32.535746 24743 consensus_queue.cc:237] T 8d41e6f267254170b87740681da85f4c P ac5d62c4743d42ce8345d87c6dcb5fd7 [LEADER]: Queue going to LEADER mode. State: All replicated index: 0, Majority replicated index: 2, Committed index: 2, Last appended: 2.2, Last appended by leader: 2, Current term: 3, Majority size: 2, State: 0, Mode: LEADER, active raft config: opid_index: -1 OBSOLETE_local: false peers { permanent_uuid: "ac5d62c4743d42ce8345d87c6dcb5fd7" member_type: VOTER last_known_addr { host: "127.23.90.65" port: 38715 } } peers { permanent_uuid: "fcdc88e8a0dc4c61b9200f6050f551f4" member_type: VOTER last_known_addr { host: "127.23.90.66" port: 39981 } } peers { permanent_uuid: "72c78fc746f64ff9b188056d86ebc9b4" member_type: VOTER last_known_addr { host: "127.23.90.67" port: 39479 } }
I20260710 11:06:32.541970 24429 catalog_manager.cc:5697] T 8d41e6f267254170b87740681da85f4c P ac5d62c4743d42ce8345d87c6dcb5fd7 reported cstate change: term changed from 2 to 3, leader changed from fcdc88e8a0dc4c61b9200f6050f551f4 (127.23.90.66) to ac5d62c4743d42ce8345d87c6dcb5fd7 (127.23.90.65). New cstate: current_term: 3 leader_uuid: "ac5d62c4743d42ce8345d87c6dcb5fd7" committed_config { opid_index: -1 OBSOLETE_local: false peers { permanent_uuid: "ac5d62c4743d42ce8345d87c6dcb5fd7" member_type: VOTER last_known_addr { host: "127.23.90.65" port: 38715 } health_report { overall_health: HEALTHY } } peers { permanent_uuid: "fcdc88e8a0dc4c61b9200f6050f551f4" member_type: VOTER last_known_addr { host: "127.23.90.66" port: 39981 } health_report { overall_health: UNKNOWN } } peers { permanent_uuid: "72c78fc746f64ff9b188056d86ebc9b4" member_type: VOTER last_known_addr { host: "127.23.90.67" port: 39479 } health_report { overall_health: UNKNOWN } } }
I20260710 11:06:32.589916 24817 raft_consensus.cc:993] T 2f3187b26b1e451cb615cf7c70bdb15e P 72c78fc746f64ff9b188056d86ebc9b4: : Instructing follower ac5d62c4743d42ce8345d87c6dcb5fd7 to start an election
I20260710 11:06:32.590322 24810 raft_consensus.cc:1081] T 2f3187b26b1e451cb615cf7c70bdb15e P 72c78fc746f64ff9b188056d86ebc9b4 [term 3 LEADER]: Signalling peer ac5d62c4743d42ce8345d87c6dcb5fd7 to start an election
I20260710 11:06:32.591794 24531 tablet_service.cc:2044] Received Run Leader Election RPC: tablet_id: "2f3187b26b1e451cb615cf7c70bdb15e"
dest_uuid: "ac5d62c4743d42ce8345d87c6dcb5fd7"
 from {username='slave'} at 127.0.0.1:39572
I20260710 11:06:32.592283 24531 raft_consensus.cc:493] T 2f3187b26b1e451cb615cf7c70bdb15e P ac5d62c4743d42ce8345d87c6dcb5fd7 [term 3 FOLLOWER]: Starting forced leader election (received explicit request)
I20260710 11:06:32.592590 24531 raft_consensus.cc:3060] T 2f3187b26b1e451cb615cf7c70bdb15e P ac5d62c4743d42ce8345d87c6dcb5fd7 [term 3 FOLLOWER]: Advancing to term 4
I20260710 11:06:32.597203 24531 raft_consensus.cc:515] T 2f3187b26b1e451cb615cf7c70bdb15e P ac5d62c4743d42ce8345d87c6dcb5fd7 [term 4 FOLLOWER]: Starting forced leader election with config: opid_index: -1 OBSOLETE_local: false peers { permanent_uuid: "ac5d62c4743d42ce8345d87c6dcb5fd7" member_type: VOTER last_known_addr { host: "127.23.90.65" port: 38715 } } peers { permanent_uuid: "fcdc88e8a0dc4c61b9200f6050f551f4" member_type: VOTER last_known_addr { host: "127.23.90.66" port: 39981 } } peers { permanent_uuid: "72c78fc746f64ff9b188056d86ebc9b4" member_type: VOTER last_known_addr { host: "127.23.90.67" port: 39479 } }
I20260710 11:06:32.598753 24531 leader_election.cc:290] T 2f3187b26b1e451cb615cf7c70bdb15e P ac5d62c4743d42ce8345d87c6dcb5fd7 [CANDIDATE]: Term 4 election: Requested vote from peers fcdc88e8a0dc4c61b9200f6050f551f4 (127.23.90.66:39981), 72c78fc746f64ff9b188056d86ebc9b4 (127.23.90.67:39479)
I20260710 11:06:32.599632 24606 tablet_service.cc:1917] Received RequestConsensusVote() RPC: tablet_id: "2f3187b26b1e451cb615cf7c70bdb15e" candidate_uuid: "ac5d62c4743d42ce8345d87c6dcb5fd7" candidate_term: 4 candidate_status { last_received { term: 3 index: 3 } } ignore_live_leader: true dest_uuid: "fcdc88e8a0dc4c61b9200f6050f551f4"
I20260710 11:06:32.599911 24677 tablet_service.cc:1917] Received RequestConsensusVote() RPC: tablet_id: "2f3187b26b1e451cb615cf7c70bdb15e" candidate_uuid: "ac5d62c4743d42ce8345d87c6dcb5fd7" candidate_term: 4 candidate_status { last_received { term: 3 index: 3 } } ignore_live_leader: true dest_uuid: "72c78fc746f64ff9b188056d86ebc9b4"
I20260710 11:06:32.600143 24606 raft_consensus.cc:3060] T 2f3187b26b1e451cb615cf7c70bdb15e P fcdc88e8a0dc4c61b9200f6050f551f4 [term 3 FOLLOWER]: Advancing to term 4
I20260710 11:06:32.600466 24677 raft_consensus.cc:3055] T 2f3187b26b1e451cb615cf7c70bdb15e P 72c78fc746f64ff9b188056d86ebc9b4 [term 3 LEADER]: Stepping down as leader of term 3
I20260710 11:06:32.600733 24677 raft_consensus.cc:740] T 2f3187b26b1e451cb615cf7c70bdb15e P 72c78fc746f64ff9b188056d86ebc9b4 [term 3 LEADER]: Becoming Follower/Learner. State: Replica: 72c78fc746f64ff9b188056d86ebc9b4, State: Running, Role: LEADER
I20260710 11:06:32.601387 24677 consensus_queue.cc:260] T 2f3187b26b1e451cb615cf7c70bdb15e P 72c78fc746f64ff9b188056d86ebc9b4 [NON_LEADER]: Queue going to NON_LEADER mode. State: All replicated index: 0, Majority replicated index: 3, Committed index: 3, Last appended: 3.3, Last appended by leader: 3, Current term: 3, Majority size: -1, State: 0, Mode: NON_LEADER, active raft config: opid_index: -1 OBSOLETE_local: false peers { permanent_uuid: "ac5d62c4743d42ce8345d87c6dcb5fd7" member_type: VOTER last_known_addr { host: "127.23.90.65" port: 38715 } } peers { permanent_uuid: "fcdc88e8a0dc4c61b9200f6050f551f4" member_type: VOTER last_known_addr { host: "127.23.90.66" port: 39981 } } peers { permanent_uuid: "72c78fc746f64ff9b188056d86ebc9b4" member_type: VOTER last_known_addr { host: "127.23.90.67" port: 39479 } }
I20260710 11:06:32.602370 24677 raft_consensus.cc:3060] T 2f3187b26b1e451cb615cf7c70bdb15e P 72c78fc746f64ff9b188056d86ebc9b4 [term 3 FOLLOWER]: Advancing to term 4
I20260710 11:06:32.605463 24606 raft_consensus.cc:2468] T 2f3187b26b1e451cb615cf7c70bdb15e P fcdc88e8a0dc4c61b9200f6050f551f4 [term 4 FOLLOWER]: Leader election vote request: Granting yes vote for candidate ac5d62c4743d42ce8345d87c6dcb5fd7 in term 4.
I20260710 11:06:32.606653 24494 leader_election.cc:304] T 2f3187b26b1e451cb615cf7c70bdb15e P ac5d62c4743d42ce8345d87c6dcb5fd7 [CANDIDATE]: Term 4 election: Election decided. Result: candidate won. Election summary: received 2 responses out of 3 voters: 2 yes votes; 0 no votes. yes voters: ac5d62c4743d42ce8345d87c6dcb5fd7, fcdc88e8a0dc4c61b9200f6050f551f4; no voters: 
I20260710 11:06:32.607028 24677 raft_consensus.cc:2468] T 2f3187b26b1e451cb615cf7c70bdb15e P 72c78fc746f64ff9b188056d86ebc9b4 [term 4 FOLLOWER]: Leader election vote request: Granting yes vote for candidate ac5d62c4743d42ce8345d87c6dcb5fd7 in term 4.
I20260710 11:06:32.607398 24743 raft_consensus.cc:2804] T 2f3187b26b1e451cb615cf7c70bdb15e P ac5d62c4743d42ce8345d87c6dcb5fd7 [term 4 FOLLOWER]: Leader election won for term 4
I20260710 11:06:32.607887 24743 raft_consensus.cc:697] T 2f3187b26b1e451cb615cf7c70bdb15e P ac5d62c4743d42ce8345d87c6dcb5fd7 [term 4 LEADER]: Becoming Leader. State: Replica: ac5d62c4743d42ce8345d87c6dcb5fd7, State: Running, Role: LEADER
I20260710 11:06:32.608574 24743 consensus_queue.cc:237] T 2f3187b26b1e451cb615cf7c70bdb15e P ac5d62c4743d42ce8345d87c6dcb5fd7 [LEADER]: Queue going to LEADER mode. State: All replicated index: 0, Majority replicated index: 3, Committed index: 3, Last appended: 3.3, Last appended by leader: 3, Current term: 4, Majority size: 2, State: 0, Mode: LEADER, active raft config: opid_index: -1 OBSOLETE_local: false peers { permanent_uuid: "ac5d62c4743d42ce8345d87c6dcb5fd7" member_type: VOTER last_known_addr { host: "127.23.90.65" port: 38715 } } peers { permanent_uuid: "fcdc88e8a0dc4c61b9200f6050f551f4" member_type: VOTER last_known_addr { host: "127.23.90.66" port: 39981 } } peers { permanent_uuid: "72c78fc746f64ff9b188056d86ebc9b4" member_type: VOTER last_known_addr { host: "127.23.90.67" port: 39479 } }
I20260710 11:06:32.614115 24429 catalog_manager.cc:5697] T 2f3187b26b1e451cb615cf7c70bdb15e P ac5d62c4743d42ce8345d87c6dcb5fd7 reported cstate change: term changed from 3 to 4, leader changed from 72c78fc746f64ff9b188056d86ebc9b4 (127.23.90.67) to ac5d62c4743d42ce8345d87c6dcb5fd7 (127.23.90.65). New cstate: current_term: 4 leader_uuid: "ac5d62c4743d42ce8345d87c6dcb5fd7" committed_config { opid_index: -1 OBSOLETE_local: false peers { permanent_uuid: "ac5d62c4743d42ce8345d87c6dcb5fd7" member_type: VOTER last_known_addr { host: "127.23.90.65" port: 38715 } health_report { overall_health: HEALTHY } } peers { permanent_uuid: "fcdc88e8a0dc4c61b9200f6050f551f4" member_type: VOTER last_known_addr { host: "127.23.90.66" port: 39981 } health_report { overall_health: UNKNOWN } } peers { permanent_uuid: "72c78fc746f64ff9b188056d86ebc9b4" member_type: VOTER last_known_addr { host: "127.23.90.67" port: 39479 } health_report { overall_health: UNKNOWN } } }
I20260710 11:06:32.620456 24833 raft_consensus.cc:993] T 82d48e5972864b048918056772c6b237 P fcdc88e8a0dc4c61b9200f6050f551f4: : Instructing follower ac5d62c4743d42ce8345d87c6dcb5fd7 to start an election
I20260710 11:06:32.620893 24832 raft_consensus.cc:1081] T 82d48e5972864b048918056772c6b237 P fcdc88e8a0dc4c61b9200f6050f551f4 [term 2 LEADER]: Signalling peer ac5d62c4743d42ce8345d87c6dcb5fd7 to start an election
I20260710 11:06:32.622489 24531 tablet_service.cc:2044] Received Run Leader Election RPC: tablet_id: "82d48e5972864b048918056772c6b237"
dest_uuid: "ac5d62c4743d42ce8345d87c6dcb5fd7"
 from {username='slave'} at 127.0.0.1:39570
I20260710 11:06:32.622988 24531 raft_consensus.cc:493] T 82d48e5972864b048918056772c6b237 P ac5d62c4743d42ce8345d87c6dcb5fd7 [term 2 FOLLOWER]: Starting forced leader election (received explicit request)
I20260710 11:06:32.623307 24531 raft_consensus.cc:3060] T 82d48e5972864b048918056772c6b237 P ac5d62c4743d42ce8345d87c6dcb5fd7 [term 2 FOLLOWER]: Advancing to term 3
I20260710 11:06:32.628041 24531 raft_consensus.cc:515] T 82d48e5972864b048918056772c6b237 P ac5d62c4743d42ce8345d87c6dcb5fd7 [term 3 FOLLOWER]: Starting forced leader election with config: opid_index: -1 OBSOLETE_local: false peers { permanent_uuid: "ac5d62c4743d42ce8345d87c6dcb5fd7" member_type: VOTER last_known_addr { host: "127.23.90.65" port: 38715 } } peers { permanent_uuid: "fcdc88e8a0dc4c61b9200f6050f551f4" member_type: VOTER last_known_addr { host: "127.23.90.66" port: 39981 } } peers { permanent_uuid: "72c78fc746f64ff9b188056d86ebc9b4" member_type: VOTER last_known_addr { host: "127.23.90.67" port: 39479 } }
I20260710 11:06:32.630020 24531 leader_election.cc:290] T 82d48e5972864b048918056772c6b237 P ac5d62c4743d42ce8345d87c6dcb5fd7 [CANDIDATE]: Term 3 election: Requested vote from peers fcdc88e8a0dc4c61b9200f6050f551f4 (127.23.90.66:39981), 72c78fc746f64ff9b188056d86ebc9b4 (127.23.90.67:39479)
I20260710 11:06:32.630582 24606 tablet_service.cc:1917] Received RequestConsensusVote() RPC: tablet_id: "82d48e5972864b048918056772c6b237" candidate_uuid: "ac5d62c4743d42ce8345d87c6dcb5fd7" candidate_term: 3 candidate_status { last_received { term: 2 index: 2 } } ignore_live_leader: true dest_uuid: "fcdc88e8a0dc4c61b9200f6050f551f4"
I20260710 11:06:32.631202 24606 raft_consensus.cc:3055] T 82d48e5972864b048918056772c6b237 P fcdc88e8a0dc4c61b9200f6050f551f4 [term 2 LEADER]: Stepping down as leader of term 2
I20260710 11:06:32.631224 24677 tablet_service.cc:1917] Received RequestConsensusVote() RPC: tablet_id: "82d48e5972864b048918056772c6b237" candidate_uuid: "ac5d62c4743d42ce8345d87c6dcb5fd7" candidate_term: 3 candidate_status { last_received { term: 2 index: 2 } } ignore_live_leader: true dest_uuid: "72c78fc746f64ff9b188056d86ebc9b4"
I20260710 11:06:32.631656 24606 raft_consensus.cc:740] T 82d48e5972864b048918056772c6b237 P fcdc88e8a0dc4c61b9200f6050f551f4 [term 2 LEADER]: Becoming Follower/Learner. State: Replica: fcdc88e8a0dc4c61b9200f6050f551f4, State: Running, Role: LEADER
I20260710 11:06:32.631852 24677 raft_consensus.cc:3060] T 82d48e5972864b048918056772c6b237 P 72c78fc746f64ff9b188056d86ebc9b4 [term 2 FOLLOWER]: Advancing to term 3
I20260710 11:06:32.632381 24606 consensus_queue.cc:260] T 82d48e5972864b048918056772c6b237 P fcdc88e8a0dc4c61b9200f6050f551f4 [NON_LEADER]: Queue going to NON_LEADER mode. State: All replicated index: 0, Majority replicated index: 2, Committed index: 2, Last appended: 2.2, Last appended by leader: 2, Current term: 2, Majority size: -1, State: 0, Mode: NON_LEADER, active raft config: opid_index: -1 OBSOLETE_local: false peers { permanent_uuid: "ac5d62c4743d42ce8345d87c6dcb5fd7" member_type: VOTER last_known_addr { host: "127.23.90.65" port: 38715 } } peers { permanent_uuid: "fcdc88e8a0dc4c61b9200f6050f551f4" member_type: VOTER last_known_addr { host: "127.23.90.66" port: 39981 } } peers { permanent_uuid: "72c78fc746f64ff9b188056d86ebc9b4" member_type: VOTER last_known_addr { host: "127.23.90.67" port: 39479 } }
I20260710 11:06:32.633352 24606 raft_consensus.cc:3060] T 82d48e5972864b048918056772c6b237 P fcdc88e8a0dc4c61b9200f6050f551f4 [term 2 FOLLOWER]: Advancing to term 3
I20260710 11:06:32.636641 24677 raft_consensus.cc:2468] T 82d48e5972864b048918056772c6b237 P 72c78fc746f64ff9b188056d86ebc9b4 [term 3 FOLLOWER]: Leader election vote request: Granting yes vote for candidate ac5d62c4743d42ce8345d87c6dcb5fd7 in term 3.
I20260710 11:06:32.637684 24494 leader_election.cc:304] T 82d48e5972864b048918056772c6b237 P ac5d62c4743d42ce8345d87c6dcb5fd7 [CANDIDATE]: Term 3 election: Election decided. Result: candidate won. Election summary: received 2 responses out of 3 voters: 2 yes votes; 0 no votes. yes voters: 72c78fc746f64ff9b188056d86ebc9b4, ac5d62c4743d42ce8345d87c6dcb5fd7; no voters: 
I20260710 11:06:32.638293 24743 raft_consensus.cc:2804] T 82d48e5972864b048918056772c6b237 P ac5d62c4743d42ce8345d87c6dcb5fd7 [term 3 FOLLOWER]: Leader election won for term 3
I20260710 11:06:32.638234 24606 raft_consensus.cc:2468] T 82d48e5972864b048918056772c6b237 P fcdc88e8a0dc4c61b9200f6050f551f4 [term 3 FOLLOWER]: Leader election vote request: Granting yes vote for candidate ac5d62c4743d42ce8345d87c6dcb5fd7 in term 3.
I20260710 11:06:32.638890 24743 raft_consensus.cc:697] T 82d48e5972864b048918056772c6b237 P ac5d62c4743d42ce8345d87c6dcb5fd7 [term 3 LEADER]: Becoming Leader. State: Replica: ac5d62c4743d42ce8345d87c6dcb5fd7, State: Running, Role: LEADER
I20260710 11:06:32.639603 24743 consensus_queue.cc:237] T 82d48e5972864b048918056772c6b237 P ac5d62c4743d42ce8345d87c6dcb5fd7 [LEADER]: Queue going to LEADER mode. State: All replicated index: 0, Majority replicated index: 2, Committed index: 2, Last appended: 2.2, Last appended by leader: 2, Current term: 3, Majority size: 2, State: 0, Mode: LEADER, active raft config: opid_index: -1 OBSOLETE_local: false peers { permanent_uuid: "ac5d62c4743d42ce8345d87c6dcb5fd7" member_type: VOTER last_known_addr { host: "127.23.90.65" port: 38715 } } peers { permanent_uuid: "fcdc88e8a0dc4c61b9200f6050f551f4" member_type: VOTER last_known_addr { host: "127.23.90.66" port: 39981 } } peers { permanent_uuid: "72c78fc746f64ff9b188056d86ebc9b4" member_type: VOTER last_known_addr { host: "127.23.90.67" port: 39479 } }
I20260710 11:06:32.645634 24429 catalog_manager.cc:5697] T 82d48e5972864b048918056772c6b237 P ac5d62c4743d42ce8345d87c6dcb5fd7 reported cstate change: term changed from 2 to 3, leader changed from fcdc88e8a0dc4c61b9200f6050f551f4 (127.23.90.66) to ac5d62c4743d42ce8345d87c6dcb5fd7 (127.23.90.65). New cstate: current_term: 3 leader_uuid: "ac5d62c4743d42ce8345d87c6dcb5fd7" committed_config { opid_index: -1 OBSOLETE_local: false peers { permanent_uuid: "ac5d62c4743d42ce8345d87c6dcb5fd7" member_type: VOTER last_known_addr { host: "127.23.90.65" port: 38715 } health_report { overall_health: HEALTHY } } peers { permanent_uuid: "fcdc88e8a0dc4c61b9200f6050f551f4" member_type: VOTER last_known_addr { host: "127.23.90.66" port: 39981 } health_report { overall_health: UNKNOWN } } peers { permanent_uuid: "72c78fc746f64ff9b188056d86ebc9b4" member_type: VOTER last_known_addr { host: "127.23.90.67" port: 39479 } health_report { overall_health: UNKNOWN } } }
I20260710 11:06:32.726783 24677 raft_consensus.cc:1275] T e1afeb30dd1d4f1e8f1f684895fef737 P 72c78fc746f64ff9b188056d86ebc9b4 [term 2 FOLLOWER]: Refusing update from remote peer ac5d62c4743d42ce8345d87c6dcb5fd7: Log matching property violated. Preceding OpId in replica: term: 1 index: 1. Preceding OpId from leader: term: 2 index: 2. (index mismatch)
I20260710 11:06:32.728399 24743 consensus_queue.cc:1048] T e1afeb30dd1d4f1e8f1f684895fef737 P ac5d62c4743d42ce8345d87c6dcb5fd7 [LEADER]: Connected to new peer: Peer: permanent_uuid: "72c78fc746f64ff9b188056d86ebc9b4" member_type: VOTER last_known_addr { host: "127.23.90.67" port: 39479 }, Status: LMP_MISMATCH, Last received: 0.0, Next index: 2, Last known committed idx: 1, Time since last communication: 0.000s
I20260710 11:06:32.738256 24606 raft_consensus.cc:1275] T e1afeb30dd1d4f1e8f1f684895fef737 P fcdc88e8a0dc4c61b9200f6050f551f4 [term 2 FOLLOWER]: Refusing update from remote peer ac5d62c4743d42ce8345d87c6dcb5fd7: Log matching property violated. Preceding OpId in replica: term: 1 index: 1. Preceding OpId from leader: term: 2 index: 2. (index mismatch)
I20260710 11:06:32.742266 24834 consensus_queue.cc:1048] T e1afeb30dd1d4f1e8f1f684895fef737 P ac5d62c4743d42ce8345d87c6dcb5fd7 [LEADER]: Connected to new peer: Peer: permanent_uuid: "fcdc88e8a0dc4c61b9200f6050f551f4" member_type: VOTER last_known_addr { host: "127.23.90.66" port: 39981 }, Status: LMP_MISMATCH, Last received: 0.0, Next index: 2, Last known committed idx: 1, Time since last communication: 0.000s
I20260710 11:06:32.856730 24606 raft_consensus.cc:3060] T 754a83ad91b44cedba1ae360e5005d16 P fcdc88e8a0dc4c61b9200f6050f551f4 [term 3 FOLLOWER]: Advancing to term 4
I20260710 11:06:32.861763 24606 raft_consensus.cc:1275] T 754a83ad91b44cedba1ae360e5005d16 P fcdc88e8a0dc4c61b9200f6050f551f4 [term 4 FOLLOWER]: Refusing update from remote peer ac5d62c4743d42ce8345d87c6dcb5fd7: Log matching property violated. Preceding OpId in replica: term: 3 index: 3. Preceding OpId from leader: term: 4 index: 4. (index mismatch)
I20260710 11:06:32.863121 24834 consensus_queue.cc:1048] T 754a83ad91b44cedba1ae360e5005d16 P ac5d62c4743d42ce8345d87c6dcb5fd7 [LEADER]: Connected to new peer: Peer: permanent_uuid: "fcdc88e8a0dc4c61b9200f6050f551f4" member_type: VOTER last_known_addr { host: "127.23.90.66" port: 39981 }, Status: LMP_MISMATCH, Last received: 0.0, Next index: 4, Last known committed idx: 3, Time since last communication: 0.000s
I20260710 11:06:32.870163 24677 raft_consensus.cc:1275] T 754a83ad91b44cedba1ae360e5005d16 P 72c78fc746f64ff9b188056d86ebc9b4 [term 4 FOLLOWER]: Refusing update from remote peer ac5d62c4743d42ce8345d87c6dcb5fd7: Log matching property violated. Preceding OpId in replica: term: 3 index: 3. Preceding OpId from leader: term: 4 index: 4. (index mismatch)
I20260710 11:06:32.872187 24842 consensus_queue.cc:1048] T 754a83ad91b44cedba1ae360e5005d16 P ac5d62c4743d42ce8345d87c6dcb5fd7 [LEADER]: Connected to new peer: Peer: permanent_uuid: "72c78fc746f64ff9b188056d86ebc9b4" member_type: VOTER last_known_addr { host: "127.23.90.67" port: 39479 }, Status: LMP_MISMATCH, Last received: 0.0, Next index: 4, Last known committed idx: 3, Time since last communication: 0.000s
I20260710 11:06:32.944983 24606 raft_consensus.cc:1275] T 8d41e6f267254170b87740681da85f4c P fcdc88e8a0dc4c61b9200f6050f551f4 [term 3 FOLLOWER]: Refusing update from remote peer ac5d62c4743d42ce8345d87c6dcb5fd7: Log matching property violated. Preceding OpId in replica: term: 2 index: 2. Preceding OpId from leader: term: 3 index: 3. (index mismatch)
I20260710 11:06:32.946233 24842 consensus_queue.cc:1048] T 8d41e6f267254170b87740681da85f4c P ac5d62c4743d42ce8345d87c6dcb5fd7 [LEADER]: Connected to new peer: Peer: permanent_uuid: "fcdc88e8a0dc4c61b9200f6050f551f4" member_type: VOTER last_known_addr { host: "127.23.90.66" port: 39981 }, Status: LMP_MISMATCH, Last received: 0.0, Next index: 3, Last known committed idx: 2, Time since last communication: 0.000s
I20260710 11:06:32.954569 24677 raft_consensus.cc:1275] T 8d41e6f267254170b87740681da85f4c P 72c78fc746f64ff9b188056d86ebc9b4 [term 3 FOLLOWER]: Refusing update from remote peer ac5d62c4743d42ce8345d87c6dcb5fd7: Log matching property violated. Preceding OpId in replica: term: 2 index: 2. Preceding OpId from leader: term: 3 index: 3. (index mismatch)
I20260710 11:06:32.956157 24842 consensus_queue.cc:1048] T 8d41e6f267254170b87740681da85f4c P ac5d62c4743d42ce8345d87c6dcb5fd7 [LEADER]: Connected to new peer: Peer: permanent_uuid: "72c78fc746f64ff9b188056d86ebc9b4" member_type: VOTER last_known_addr { host: "127.23.90.67" port: 39479 }, Status: LMP_MISMATCH, Last received: 0.0, Next index: 3, Last known committed idx: 2, Time since last communication: 0.001s
I20260710 11:06:33.029249 24606 raft_consensus.cc:1275] T 2f3187b26b1e451cb615cf7c70bdb15e P fcdc88e8a0dc4c61b9200f6050f551f4 [term 4 FOLLOWER]: Refusing update from remote peer ac5d62c4743d42ce8345d87c6dcb5fd7: Log matching property violated. Preceding OpId in replica: term: 3 index: 3. Preceding OpId from leader: term: 4 index: 4. (index mismatch)
I20260710 11:06:33.030383 24842 consensus_queue.cc:1048] T 2f3187b26b1e451cb615cf7c70bdb15e P ac5d62c4743d42ce8345d87c6dcb5fd7 [LEADER]: Connected to new peer: Peer: permanent_uuid: "fcdc88e8a0dc4c61b9200f6050f551f4" member_type: VOTER last_known_addr { host: "127.23.90.66" port: 39981 }, Status: LMP_MISMATCH, Last received: 0.0, Next index: 4, Last known committed idx: 3, Time since last communication: 0.000s
I20260710 11:06:33.037101 24677 raft_consensus.cc:1275] T 2f3187b26b1e451cb615cf7c70bdb15e P 72c78fc746f64ff9b188056d86ebc9b4 [term 4 FOLLOWER]: Refusing update from remote peer ac5d62c4743d42ce8345d87c6dcb5fd7: Log matching property violated. Preceding OpId in replica: term: 3 index: 3. Preceding OpId from leader: term: 4 index: 4. (index mismatch)
I20260710 11:06:33.038662 24834 consensus_queue.cc:1048] T 2f3187b26b1e451cb615cf7c70bdb15e P ac5d62c4743d42ce8345d87c6dcb5fd7 [LEADER]: Connected to new peer: Peer: permanent_uuid: "72c78fc746f64ff9b188056d86ebc9b4" member_type: VOTER last_known_addr { host: "127.23.90.67" port: 39479 }, Status: LMP_MISMATCH, Last received: 0.0, Next index: 4, Last known committed idx: 3, Time since last communication: 0.000s
I20260710 11:06:33.099440 24679 raft_consensus.cc:1275] T 82d48e5972864b048918056772c6b237 P 72c78fc746f64ff9b188056d86ebc9b4 [term 3 FOLLOWER]: Refusing update from remote peer ac5d62c4743d42ce8345d87c6dcb5fd7: Log matching property violated. Preceding OpId in replica: term: 2 index: 2. Preceding OpId from leader: term: 3 index: 3. (index mismatch)
I20260710 11:06:33.100679 24834 consensus_queue.cc:1048] T 82d48e5972864b048918056772c6b237 P ac5d62c4743d42ce8345d87c6dcb5fd7 [LEADER]: Connected to new peer: Peer: permanent_uuid: "72c78fc746f64ff9b188056d86ebc9b4" member_type: VOTER last_known_addr { host: "127.23.90.67" port: 39479 }, Status: LMP_MISMATCH, Last received: 0.0, Next index: 3, Last known committed idx: 2, Time since last communication: 0.000s
I20260710 11:06:33.108306 24606 raft_consensus.cc:1275] T 82d48e5972864b048918056772c6b237 P fcdc88e8a0dc4c61b9200f6050f551f4 [term 3 FOLLOWER]: Refusing update from remote peer ac5d62c4743d42ce8345d87c6dcb5fd7: Log matching property violated. Preceding OpId in replica: term: 2 index: 2. Preceding OpId from leader: term: 3 index: 3. (index mismatch)
I20260710 11:06:33.110369 24834 consensus_queue.cc:1048] T 82d48e5972864b048918056772c6b237 P ac5d62c4743d42ce8345d87c6dcb5fd7 [LEADER]: Connected to new peer: Peer: permanent_uuid: "fcdc88e8a0dc4c61b9200f6050f551f4" member_type: VOTER last_known_addr { host: "127.23.90.66" port: 39981 }, Status: LMP_MISMATCH, Last received: 0.0, Next index: 3, Last known committed idx: 2, Time since last communication: 0.000s
I20260710 11:06:35.319121 23913 auto_leader_rebalancer.cc:141] leader rebalance for table test-workload
I20260710 11:06:35.327665 24531 tablet_service.cc:2072] Received LeaderStepDown RPC: tablet_id: "2f3187b26b1e451cb615cf7c70bdb15e"
dest_uuid: "ac5d62c4743d42ce8345d87c6dcb5fd7"
mode: GRACEFUL
new_leader_uuid: "72c78fc746f64ff9b188056d86ebc9b4"
 from {username='slave'} at 127.0.0.1:53720
I20260710 11:06:35.328385 24531 raft_consensus.cc:606] T 2f3187b26b1e451cb615cf7c70bdb15e P ac5d62c4743d42ce8345d87c6dcb5fd7 [term 4 LEADER]: Received request to transfer leadership to TS 72c78fc746f64ff9b188056d86ebc9b4
I20260710 11:06:35.331102 24531 tablet_service.cc:2072] Received LeaderStepDown RPC: tablet_id: "82d48e5972864b048918056772c6b237"
dest_uuid: "ac5d62c4743d42ce8345d87c6dcb5fd7"
mode: GRACEFUL
new_leader_uuid: "fcdc88e8a0dc4c61b9200f6050f551f4"
 from {username='slave'} at 127.0.0.1:53720
I20260710 11:06:35.331629 24531 raft_consensus.cc:606] T 82d48e5972864b048918056772c6b237 P ac5d62c4743d42ce8345d87c6dcb5fd7 [term 3 LEADER]: Received request to transfer leadership to TS fcdc88e8a0dc4c61b9200f6050f551f4
I20260710 11:06:35.334002 24531 tablet_service.cc:2072] Received LeaderStepDown RPC: tablet_id: "8d41e6f267254170b87740681da85f4c"
dest_uuid: "ac5d62c4743d42ce8345d87c6dcb5fd7"
mode: GRACEFUL
new_leader_uuid: "72c78fc746f64ff9b188056d86ebc9b4"
 from {username='slave'} at 127.0.0.1:53720
