I20260710 11:06:24.824806 10217 tablet_service.cc:1917] Received RequestConsensusVote() RPC: tablet_id: "516734b8a79d46e79c936e8d301447e9" candidate_uuid: "3942b663821e493ea268862439f53bb2" candidate_term: 1 candidate_status { last_received { term: 0 index: 0 } } ignore_live_leader: false dest_uuid: "ebeee850824642ab839de3d1de72fa9d" is_pre_election: true
I20260710 11:06:24.825519 10217 raft_consensus.cc:2468] T 516734b8a79d46e79c936e8d301447e9 P ebeee850824642ab839de3d1de72fa9d [term 0 FOLLOWER]: Leader pre-election vote request: Granting yes vote for candidate 3942b663821e493ea268862439f53bb2 in term 0.
I20260710 11:06:24.825659 10340 raft_consensus.cc:493] T 730b0ec6618245aeb3b4d5d36780180e P 4cea343c81384eb8ad51200473b3e908 [term 0 FOLLOWER]: Starting pre-election (no leader contacted us within the election timeout)
I20260710 11:06:24.826761 10105 leader_election.cc:304] T 516734b8a79d46e79c936e8d301447e9 P 3942b663821e493ea268862439f53bb2 [CANDIDATE]: Term 1 pre-election: Election decided. Result: candidate won. Election summary: received 2 responses out of 3 voters: 2 yes votes; 0 no votes. yes voters: 3942b663821e493ea268862439f53bb2, ebeee850824642ab839de3d1de72fa9d; no voters: 
I20260710 11:06:24.828684 10331 tablet_bootstrap.cc:492] T 382fedef47fa4d42bcc0abe6fa799cc3 P ebeee850824642ab839de3d1de72fa9d: No bootstrap required, opened a new log
I20260710 11:06:24.829200 10331 ts_tablet_manager.cc:1403] T 382fedef47fa4d42bcc0abe6fa799cc3 P ebeee850824642ab839de3d1de72fa9d: Time spent bootstrapping tablet: real 0.023s	user 0.005s	sys 0.011s
I20260710 11:06:24.831303 10333 tablet_bootstrap.cc:492] T 382fedef47fa4d42bcc0abe6fa799cc3 P 3942b663821e493ea268862439f53bb2: No bootstrap required, opened a new log
I20260710 11:06:24.831841 10333 ts_tablet_manager.cc:1403] T 382fedef47fa4d42bcc0abe6fa799cc3 P 3942b663821e493ea268862439f53bb2: Time spent bootstrapping tablet: real 0.047s	user 0.015s	sys 0.022s
I20260710 11:06:24.831934 10331 raft_consensus.cc:359] T 382fedef47fa4d42bcc0abe6fa799cc3 P ebeee850824642ab839de3d1de72fa9d [term 0 FOLLOWER]: Replica starting. Triggering 0 pending ops. Active config: opid_index: -1 OBSOLETE_local: false peers { permanent_uuid: "3942b663821e493ea268862439f53bb2" member_type: VOTER last_known_addr { host: "127.8.204.193" port: 42821 } } peers { permanent_uuid: "ebeee850824642ab839de3d1de72fa9d" member_type: VOTER last_known_addr { host: "127.8.204.194" port: 41073 } } peers { permanent_uuid: "4cea343c81384eb8ad51200473b3e908" member_type: VOTER last_known_addr { host: "127.8.204.195" port: 36609 } }
I20260710 11:06:24.832664 10331 raft_consensus.cc:385] T 382fedef47fa4d42bcc0abe6fa799cc3 P ebeee850824642ab839de3d1de72fa9d [term 0 FOLLOWER]: Consensus starting up: Expiring failure detector timer to make a prompt election more likely
I20260710 11:06:24.832949 10331 raft_consensus.cc:740] T 382fedef47fa4d42bcc0abe6fa799cc3 P ebeee850824642ab839de3d1de72fa9d [term 0 FOLLOWER]: Becoming Follower/Learner. State: Replica: ebeee850824642ab839de3d1de72fa9d, State: Initialized, Role: FOLLOWER
I20260710 11:06:24.833705 10337 raft_consensus.cc:2804] T 516734b8a79d46e79c936e8d301447e9 P 3942b663821e493ea268862439f53bb2 [term 0 FOLLOWER]: Leader pre-election won for term 1
I20260710 11:06:24.833628 10331 consensus_queue.cc:260] T 382fedef47fa4d42bcc0abe6fa799cc3 P ebeee850824642ab839de3d1de72fa9d [NON_LEADER]: Queue going to NON_LEADER mode. State: All replicated index: 0, Majority replicated index: 0, Committed index: 0, Last appended: 0.0, Last appended by leader: 0, Current term: 0, Majority size: -1, State: 0, Mode: NON_LEADER, active raft config: opid_index: -1 OBSOLETE_local: false peers { permanent_uuid: "3942b663821e493ea268862439f53bb2" member_type: VOTER last_known_addr { host: "127.8.204.193" port: 42821 } } peers { permanent_uuid: "ebeee850824642ab839de3d1de72fa9d" member_type: VOTER last_known_addr { host: "127.8.204.194" port: 41073 } } peers { permanent_uuid: "4cea343c81384eb8ad51200473b3e908" member_type: VOTER last_known_addr { host: "127.8.204.195" port: 36609 } }
I20260710 11:06:24.834147 10337 raft_consensus.cc:493] T 516734b8a79d46e79c936e8d301447e9 P 3942b663821e493ea268862439f53bb2 [term 0 FOLLOWER]: Starting leader election (no leader contacted us within the election timeout)
I20260710 11:06:24.834571 10337 raft_consensus.cc:3060] T 516734b8a79d46e79c936e8d301447e9 P 3942b663821e493ea268862439f53bb2 [term 0 FOLLOWER]: Advancing to term 1
I20260710 11:06:24.835124 10333 raft_consensus.cc:359] T 382fedef47fa4d42bcc0abe6fa799cc3 P 3942b663821e493ea268862439f53bb2 [term 0 FOLLOWER]: Replica starting. Triggering 0 pending ops. Active config: opid_index: -1 OBSOLETE_local: false peers { permanent_uuid: "3942b663821e493ea268862439f53bb2" member_type: VOTER last_known_addr { host: "127.8.204.193" port: 42821 } } peers { permanent_uuid: "ebeee850824642ab839de3d1de72fa9d" member_type: VOTER last_known_addr { host: "127.8.204.194" port: 41073 } } peers { permanent_uuid: "4cea343c81384eb8ad51200473b3e908" member_type: VOTER last_known_addr { host: "127.8.204.195" port: 36609 } }
I20260710 11:06:24.835850 10333 raft_consensus.cc:385] T 382fedef47fa4d42bcc0abe6fa799cc3 P 3942b663821e493ea268862439f53bb2 [term 0 FOLLOWER]: Consensus starting up: Expiring failure detector timer to make a prompt election more likely
I20260710 11:06:24.836009 10367 raft_consensus.cc:493] T 84e3f2fd033a406bbab523c6d6c65127 P 3942b663821e493ea268862439f53bb2 [term 0 FOLLOWER]: Starting pre-election (no leader contacted us within the election timeout)
I20260710 11:06:24.836192 10333 raft_consensus.cc:740] T 382fedef47fa4d42bcc0abe6fa799cc3 P 3942b663821e493ea268862439f53bb2 [term 0 FOLLOWER]: Becoming Follower/Learner. State: Replica: 3942b663821e493ea268862439f53bb2, State: Initialized, Role: FOLLOWER
I20260710 11:06:24.836561 10367 raft_consensus.cc:515] T 84e3f2fd033a406bbab523c6d6c65127 P 3942b663821e493ea268862439f53bb2 [term 0 FOLLOWER]: Starting pre-election with config: opid_index: -1 OBSOLETE_local: false peers { permanent_uuid: "3942b663821e493ea268862439f53bb2" member_type: VOTER last_known_addr { host: "127.8.204.193" port: 42821 } } peers { permanent_uuid: "ebeee850824642ab839de3d1de72fa9d" member_type: VOTER last_known_addr { host: "127.8.204.194" port: 41073 } } peers { permanent_uuid: "4cea343c81384eb8ad51200473b3e908" member_type: VOTER last_known_addr { host: "127.8.204.195" port: 36609 } }
I20260710 11:06:24.826079 10340 raft_consensus.cc:515] T 730b0ec6618245aeb3b4d5d36780180e P 4cea343c81384eb8ad51200473b3e908 [term 0 FOLLOWER]: Starting pre-election with config: opid_index: -1 OBSOLETE_local: false peers { permanent_uuid: "3942b663821e493ea268862439f53bb2" member_type: VOTER last_known_addr { host: "127.8.204.193" port: 42821 } } peers { permanent_uuid: "ebeee850824642ab839de3d1de72fa9d" member_type: VOTER last_known_addr { host: "127.8.204.194" port: 41073 } } peers { permanent_uuid: "4cea343c81384eb8ad51200473b3e908" member_type: VOTER last_known_addr { host: "127.8.204.195" port: 36609 } }
I20260710 11:06:24.837204 10333 consensus_queue.cc:260] T 382fedef47fa4d42bcc0abe6fa799cc3 P 3942b663821e493ea268862439f53bb2 [NON_LEADER]: Queue going to NON_LEADER mode. State: All replicated index: 0, Majority replicated index: 0, Committed index: 0, Last appended: 0.0, Last appended by leader: 0, Current term: 0, Majority size: -1, State: 0, Mode: NON_LEADER, active raft config: opid_index: -1 OBSOLETE_local: false peers { permanent_uuid: "3942b663821e493ea268862439f53bb2" member_type: VOTER last_known_addr { host: "127.8.204.193" port: 42821 } } peers { permanent_uuid: "ebeee850824642ab839de3d1de72fa9d" member_type: VOTER last_known_addr { host: "127.8.204.194" port: 41073 } } peers { permanent_uuid: "4cea343c81384eb8ad51200473b3e908" member_type: VOTER last_known_addr { host: "127.8.204.195" port: 36609 } }
I20260710 11:06:24.839092 10367 leader_election.cc:290] T 84e3f2fd033a406bbab523c6d6c65127 P 3942b663821e493ea268862439f53bb2 [CANDIDATE]: Term 1 pre-election: Requested pre-vote from peers ebeee850824642ab839de3d1de72fa9d (127.8.204.194:41073), 4cea343c81384eb8ad51200473b3e908 (127.8.204.195:36609)
I20260710 11:06:24.840664 10217 tablet_service.cc:1917] Received RequestConsensusVote() RPC: tablet_id: "84e3f2fd033a406bbab523c6d6c65127" candidate_uuid: "3942b663821e493ea268862439f53bb2" candidate_term: 1 candidate_status { last_received { term: 0 index: 0 } } ignore_live_leader: false dest_uuid: "ebeee850824642ab839de3d1de72fa9d" is_pre_election: true
I20260710 11:06:24.841543 10217 raft_consensus.cc:2468] T 84e3f2fd033a406bbab523c6d6c65127 P ebeee850824642ab839de3d1de72fa9d [term 0 FOLLOWER]: Leader pre-election vote request: Granting yes vote for candidate 3942b663821e493ea268862439f53bb2 in term 0.
I20260710 11:06:24.842904 10331 ts_tablet_manager.cc:1434] T 382fedef47fa4d42bcc0abe6fa799cc3 P ebeee850824642ab839de3d1de72fa9d: Time spent starting tablet: real 0.013s	user 0.008s	sys 0.000s
I20260710 11:06:24.843020 10105 leader_election.cc:304] T 84e3f2fd033a406bbab523c6d6c65127 P 3942b663821e493ea268862439f53bb2 [CANDIDATE]: Term 1 pre-election: Election decided. Result: candidate won. Election summary: received 2 responses out of 3 voters: 2 yes votes; 0 no votes. yes voters: 3942b663821e493ea268862439f53bb2, ebeee850824642ab839de3d1de72fa9d; no voters: 
I20260710 11:06:24.844007 10331 tablet_bootstrap.cc:492] T 6ecf98a0addb46c9b5c56f74c44569f0 P ebeee850824642ab839de3d1de72fa9d: Bootstrap starting.
I20260710 11:06:24.844408 10367 raft_consensus.cc:2804] T 84e3f2fd033a406bbab523c6d6c65127 P 3942b663821e493ea268862439f53bb2 [term 0 FOLLOWER]: Leader pre-election won for term 1
I20260710 11:06:24.844914 10367 raft_consensus.cc:493] T 84e3f2fd033a406bbab523c6d6c65127 P 3942b663821e493ea268862439f53bb2 [term 0 FOLLOWER]: Starting leader election (no leader contacted us within the election timeout)
I20260710 11:06:24.845346 10367 raft_consensus.cc:3060] T 84e3f2fd033a406bbab523c6d6c65127 P 3942b663821e493ea268862439f53bb2 [term 0 FOLLOWER]: Advancing to term 1
I20260710 11:06:24.850682 10331 tablet_bootstrap.cc:654] T 6ecf98a0addb46c9b5c56f74c44569f0 P ebeee850824642ab839de3d1de72fa9d: Neither blocks nor log segments found. Creating new log.
I20260710 11:06:24.856385 10142 tablet_service.cc:1917] Received RequestConsensusVote() RPC: tablet_id: "730b0ec6618245aeb3b4d5d36780180e" candidate_uuid: "4cea343c81384eb8ad51200473b3e908" candidate_term: 1 candidate_status { last_received { term: 0 index: 0 } } ignore_live_leader: false dest_uuid: "3942b663821e493ea268862439f53bb2" is_pre_election: true
I20260710 11:06:24.857295 10142 raft_consensus.cc:2468] T 730b0ec6618245aeb3b4d5d36780180e P 3942b663821e493ea268862439f53bb2 [term 0 FOLLOWER]: Leader pre-election vote request: Granting yes vote for candidate 4cea343c81384eb8ad51200473b3e908 in term 0.
I20260710 11:06:24.859194 10256 leader_election.cc:304] T 730b0ec6618245aeb3b4d5d36780180e P 4cea343c81384eb8ad51200473b3e908 [CANDIDATE]: Term 1 pre-election: Election decided. Result: candidate won. Election summary: received 2 responses out of 3 voters: 2 yes votes; 0 no votes. yes voters: 3942b663821e493ea268862439f53bb2, 4cea343c81384eb8ad51200473b3e908; no voters: 
I20260710 11:06:24.860800 10340 leader_election.cc:290] T 730b0ec6618245aeb3b4d5d36780180e P 4cea343c81384eb8ad51200473b3e908 [CANDIDATE]: Term 1 pre-election: Requested pre-vote from peers 3942b663821e493ea268862439f53bb2 (127.8.204.193:42821), ebeee850824642ab839de3d1de72fa9d (127.8.204.194:41073)
I20260710 11:06:24.861409 10340 raft_consensus.cc:2804] T 730b0ec6618245aeb3b4d5d36780180e P 4cea343c81384eb8ad51200473b3e908 [term 0 FOLLOWER]: Leader pre-election won for term 1
I20260710 11:06:24.861896 10340 raft_consensus.cc:493] T 730b0ec6618245aeb3b4d5d36780180e P 4cea343c81384eb8ad51200473b3e908 [term 0 FOLLOWER]: Starting leader election (no leader contacted us within the election timeout)
I20260710 11:06:24.862337 10340 raft_consensus.cc:3060] T 730b0ec6618245aeb3b4d5d36780180e P 4cea343c81384eb8ad51200473b3e908 [term 0 FOLLOWER]: Advancing to term 1
I20260710 11:06:24.862706 10331 tablet_bootstrap.cc:492] T 6ecf98a0addb46c9b5c56f74c44569f0 P ebeee850824642ab839de3d1de72fa9d: No bootstrap required, opened a new log
I20260710 11:06:24.863243 10331 ts_tablet_manager.cc:1403] T 6ecf98a0addb46c9b5c56f74c44569f0 P ebeee850824642ab839de3d1de72fa9d: Time spent bootstrapping tablet: real 0.019s	user 0.015s	sys 0.004s
I20260710 11:06:24.865497 10331 raft_consensus.cc:359] T 6ecf98a0addb46c9b5c56f74c44569f0 P ebeee850824642ab839de3d1de72fa9d [term 0 FOLLOWER]: Replica starting. Triggering 0 pending ops. Active config: opid_index: -1 OBSOLETE_local: false peers { permanent_uuid: "3942b663821e493ea268862439f53bb2" member_type: VOTER last_known_addr { host: "127.8.204.193" port: 42821 } } peers { permanent_uuid: "ebeee850824642ab839de3d1de72fa9d" member_type: VOTER last_known_addr { host: "127.8.204.194" port: 41073 } } peers { permanent_uuid: "4cea343c81384eb8ad51200473b3e908" member_type: VOTER last_known_addr { host: "127.8.204.195" port: 36609 } }
I20260710 11:06:24.866029 10331 raft_consensus.cc:385] T 6ecf98a0addb46c9b5c56f74c44569f0 P ebeee850824642ab839de3d1de72fa9d [term 0 FOLLOWER]: Consensus starting up: Expiring failure detector timer to make a prompt election more likely
I20260710 11:06:24.866248 10331 raft_consensus.cc:740] T 6ecf98a0addb46c9b5c56f74c44569f0 P ebeee850824642ab839de3d1de72fa9d [term 0 FOLLOWER]: Becoming Follower/Learner. State: Replica: ebeee850824642ab839de3d1de72fa9d, State: Initialized, Role: FOLLOWER
I20260710 11:06:24.866849 10331 consensus_queue.cc:260] T 6ecf98a0addb46c9b5c56f74c44569f0 P ebeee850824642ab839de3d1de72fa9d [NON_LEADER]: Queue going to NON_LEADER mode. State: All replicated index: 0, Majority replicated index: 0, Committed index: 0, Last appended: 0.0, Last appended by leader: 0, Current term: 0, Majority size: -1, State: 0, Mode: NON_LEADER, active raft config: opid_index: -1 OBSOLETE_local: false peers { permanent_uuid: "3942b663821e493ea268862439f53bb2" member_type: VOTER last_known_addr { host: "127.8.204.193" port: 42821 } } peers { permanent_uuid: "ebeee850824642ab839de3d1de72fa9d" member_type: VOTER last_known_addr { host: "127.8.204.194" port: 41073 } } peers { permanent_uuid: "4cea343c81384eb8ad51200473b3e908" member_type: VOTER last_known_addr { host: "127.8.204.195" port: 36609 } }
I20260710 11:06:24.869362 10331 ts_tablet_manager.cc:1434] T 6ecf98a0addb46c9b5c56f74c44569f0 P ebeee850824642ab839de3d1de72fa9d: Time spent starting tablet: real 0.006s	user 0.002s	sys 0.004s
I20260710 11:06:24.870303 10331 tablet_bootstrap.cc:492] T 03206101170f4a728d30973507db45ba P ebeee850824642ab839de3d1de72fa9d: Bootstrap starting.
I20260710 11:06:24.876166 10331 tablet_bootstrap.cc:654] T 03206101170f4a728d30973507db45ba P ebeee850824642ab839de3d1de72fa9d: Neither blocks nor log segments found. Creating new log.
I20260710 11:06:24.877853 10332 tablet_bootstrap.cc:654] T 382fedef47fa4d42bcc0abe6fa799cc3 P 4cea343c81384eb8ad51200473b3e908: Neither blocks nor log segments found. Creating new log.
I20260710 11:06:24.888594 10362 raft_consensus.cc:515] T cd9bb03a96364a6ba4dfb092ac619a8a P 4cea343c81384eb8ad51200473b3e908 [term 1 FOLLOWER]: Starting leader election with config: opid_index: -1 OBSOLETE_local: false peers { permanent_uuid: "ebeee850824642ab839de3d1de72fa9d" member_type: VOTER last_known_addr { host: "127.8.204.194" port: 41073 } } peers { permanent_uuid: "4cea343c81384eb8ad51200473b3e908" member_type: VOTER last_known_addr { host: "127.8.204.195" port: 36609 } } peers { permanent_uuid: "3942b663821e493ea268862439f53bb2" member_type: VOTER last_known_addr { host: "127.8.204.193" port: 42821 } }
I20260710 11:06:24.892990 10367 raft_consensus.cc:515] T 84e3f2fd033a406bbab523c6d6c65127 P 3942b663821e493ea268862439f53bb2 [term 1 FOLLOWER]: Starting leader election with config: opid_index: -1 OBSOLETE_local: false peers { permanent_uuid: "3942b663821e493ea268862439f53bb2" member_type: VOTER last_known_addr { host: "127.8.204.193" port: 42821 } } peers { permanent_uuid: "ebeee850824642ab839de3d1de72fa9d" member_type: VOTER last_known_addr { host: "127.8.204.194" port: 41073 } } peers { permanent_uuid: "4cea343c81384eb8ad51200473b3e908" member_type: VOTER last_known_addr { host: "127.8.204.195" port: 36609 } }
I20260710 11:06:24.893534 10217 tablet_service.cc:1917] Received RequestConsensusVote() RPC: tablet_id: "730b0ec6618245aeb3b4d5d36780180e" candidate_uuid: "4cea343c81384eb8ad51200473b3e908" candidate_term: 1 candidate_status { last_received { term: 0 index: 0 } } ignore_live_leader: false dest_uuid: "ebeee850824642ab839de3d1de72fa9d" is_pre_election: true
I20260710 11:06:24.894201 10291 tablet_service.cc:1917] Received RequestConsensusVote() RPC: tablet_id: "516734b8a79d46e79c936e8d301447e9" candidate_uuid: "3942b663821e493ea268862439f53bb2" candidate_term: 1 candidate_status { last_received { term: 0 index: 0 } } ignore_live_leader: false dest_uuid: "4cea343c81384eb8ad51200473b3e908" is_pre_election: true
I20260710 11:06:24.894799 10290 tablet_service.cc:1917] Received RequestConsensusVote() RPC: tablet_id: "84e3f2fd033a406bbab523c6d6c65127" candidate_uuid: "3942b663821e493ea268862439f53bb2" candidate_term: 1 candidate_status { last_received { term: 0 index: 0 } } ignore_live_leader: false dest_uuid: "4cea343c81384eb8ad51200473b3e908" is_pre_election: true
I20260710 11:06:24.895145 10216 tablet_service.cc:1917] Received RequestConsensusVote() RPC: tablet_id: "cd9bb03a96364a6ba4dfb092ac619a8a" candidate_uuid: "4cea343c81384eb8ad51200473b3e908" candidate_term: 1 candidate_status { last_received { term: 0 index: 0 } } ignore_live_leader: false dest_uuid: "ebeee850824642ab839de3d1de72fa9d"
I20260710 11:06:24.895936 10216 raft_consensus.cc:3060] T cd9bb03a96364a6ba4dfb092ac619a8a P ebeee850824642ab839de3d1de72fa9d [term 0 FOLLOWER]: Advancing to term 1
I20260710 11:06:24.897390 10383 raft_consensus.cc:493] T 93ecbdc351a04392b186fbee010fdc62 P 3942b663821e493ea268862439f53bb2 [term 0 FOLLOWER]: Starting pre-election (no leader contacted us within the election timeout)
I20260710 11:06:24.898115 10333 ts_tablet_manager.cc:1434] T 382fedef47fa4d42bcc0abe6fa799cc3 P 3942b663821e493ea268862439f53bb2: Time spent starting tablet: real 0.066s	user 0.017s	sys 0.043s
I20260710 11:06:24.898048 10383 raft_consensus.cc:515] T 93ecbdc351a04392b186fbee010fdc62 P 3942b663821e493ea268862439f53bb2 [term 0 FOLLOWER]: Starting pre-election with config: opid_index: -1 OBSOLETE_local: false peers { permanent_uuid: "3942b663821e493ea268862439f53bb2" member_type: VOTER last_known_addr { host: "127.8.204.193" port: 42821 } } peers { permanent_uuid: "ebeee850824642ab839de3d1de72fa9d" member_type: VOTER last_known_addr { host: "127.8.204.194" port: 41073 } } peers { permanent_uuid: "4cea343c81384eb8ad51200473b3e908" member_type: VOTER last_known_addr { host: "127.8.204.195" port: 36609 } }
W20260710 11:06:24.899102 10108 leader_election.cc:343] T 516734b8a79d46e79c936e8d301447e9 P 3942b663821e493ea268862439f53bb2 [CANDIDATE]: Term 1 pre-election: Tablet error from VoteRequest() call to peer 4cea343c81384eb8ad51200473b3e908 (127.8.204.195:36609): Illegal state: must be running to vote when last-logged opid is not known
W20260710 11:06:24.900287 10108 leader_election.cc:343] T 84e3f2fd033a406bbab523c6d6c65127 P 3942b663821e493ea268862439f53bb2 [CANDIDATE]: Term 1 pre-election: Tablet error from VoteRequest() call to peer 4cea343c81384eb8ad51200473b3e908 (127.8.204.195:36609): Illegal state: must be running to vote when last-logged opid is not known
I20260710 11:06:24.901152 10383 leader_election.cc:290] T 93ecbdc351a04392b186fbee010fdc62 P 3942b663821e493ea268862439f53bb2 [CANDIDATE]: Term 1 pre-election: Requested pre-vote from peers ebeee850824642ab839de3d1de72fa9d (127.8.204.194:41073), 4cea343c81384eb8ad51200473b3e908 (127.8.204.195:36609)
W20260710 11:06:24.901317 10254 leader_election.cc:343] T 730b0ec6618245aeb3b4d5d36780180e P 4cea343c81384eb8ad51200473b3e908 [CANDIDATE]: Term 1 pre-election: Tablet error from VoteRequest() call to peer ebeee850824642ab839de3d1de72fa9d (127.8.204.194:41073): Illegal state: must be running to vote when last-logged opid is not known
I20260710 11:06:24.885607 10337 raft_consensus.cc:515] T 516734b8a79d46e79c936e8d301447e9 P 3942b663821e493ea268862439f53bb2 [term 1 FOLLOWER]: Starting leader election with config: opid_index: -1 OBSOLETE_local: false peers { permanent_uuid: "3942b663821e493ea268862439f53bb2" member_type: VOTER last_known_addr { host: "127.8.204.193" port: 42821 } } peers { permanent_uuid: "ebeee850824642ab839de3d1de72fa9d" member_type: VOTER last_known_addr { host: "127.8.204.194" port: 41073 } } peers { permanent_uuid: "4cea343c81384eb8ad51200473b3e908" member_type: VOTER last_known_addr { host: "127.8.204.195" port: 36609 } }
I20260710 11:06:24.894801 10142 tablet_service.cc:1917] Received RequestConsensusVote() RPC: tablet_id: "cd9bb03a96364a6ba4dfb092ac619a8a" candidate_uuid: "4cea343c81384eb8ad51200473b3e908" candidate_term: 1 candidate_status { last_received { term: 0 index: 0 } } ignore_live_leader: false dest_uuid: "3942b663821e493ea268862439f53bb2"
I20260710 11:06:24.903369 10142 raft_consensus.cc:3060] T cd9bb03a96364a6ba4dfb092ac619a8a P 3942b663821e493ea268862439f53bb2 [term 0 FOLLOWER]: Advancing to term 1
I20260710 11:06:24.906054 10337 leader_election.cc:290] T 516734b8a79d46e79c936e8d301447e9 P 3942b663821e493ea268862439f53bb2 [CANDIDATE]: Term 1 election: Requested vote from peers ebeee850824642ab839de3d1de72fa9d (127.8.204.194:41073), 4cea343c81384eb8ad51200473b3e908 (127.8.204.195:36609)
I20260710 11:06:24.908499 10215 tablet_service.cc:1917] Received RequestConsensusVote() RPC: tablet_id: "93ecbdc351a04392b186fbee010fdc62" candidate_uuid: "3942b663821e493ea268862439f53bb2" candidate_term: 1 candidate_status { last_received { term: 0 index: 0 } } ignore_live_leader: false dest_uuid: "ebeee850824642ab839de3d1de72fa9d" is_pre_election: true
I20260710 11:06:24.909123 10333 tablet_bootstrap.cc:492] T 03206101170f4a728d30973507db45ba P 3942b663821e493ea268862439f53bb2: Bootstrap starting.
I20260710 11:06:24.909224 10215 raft_consensus.cc:2468] T 93ecbdc351a04392b186fbee010fdc62 P ebeee850824642ab839de3d1de72fa9d [term 0 FOLLOWER]: Leader pre-election vote request: Granting yes vote for candidate 3942b663821e493ea268862439f53bb2 in term 0.
I20260710 11:06:24.910336 10214 tablet_service.cc:1917] Received RequestConsensusVote() RPC: tablet_id: "516734b8a79d46e79c936e8d301447e9" candidate_uuid: "3942b663821e493ea268862439f53bb2" candidate_term: 1 candidate_status { last_received { term: 0 index: 0 } } ignore_live_leader: false dest_uuid: "ebeee850824642ab839de3d1de72fa9d"
I20260710 11:06:24.910538 10382 raft_consensus.cc:493] T 6ecf98a0addb46c9b5c56f74c44569f0 P 4cea343c81384eb8ad51200473b3e908 [term 0 FOLLOWER]: Starting pre-election (no leader contacted us within the election timeout)
I20260710 11:06:24.910953 10214 raft_consensus.cc:3060] T 516734b8a79d46e79c936e8d301447e9 P ebeee850824642ab839de3d1de72fa9d [term 0 FOLLOWER]: Advancing to term 1
I20260710 11:06:24.911633 10382 raft_consensus.cc:515] T 6ecf98a0addb46c9b5c56f74c44569f0 P 4cea343c81384eb8ad51200473b3e908 [term 0 FOLLOWER]: Starting pre-election with config: opid_index: -1 OBSOLETE_local: false peers { permanent_uuid: "3942b663821e493ea268862439f53bb2" member_type: VOTER last_known_addr { host: "127.8.204.193" port: 42821 } } peers { permanent_uuid: "ebeee850824642ab839de3d1de72fa9d" member_type: VOTER last_known_addr { host: "127.8.204.194" port: 41073 } } peers { permanent_uuid: "4cea343c81384eb8ad51200473b3e908" member_type: VOTER last_known_addr { host: "127.8.204.195" port: 36609 } }
I20260710 11:06:24.914788 10105 leader_election.cc:304] T 93ecbdc351a04392b186fbee010fdc62 P 3942b663821e493ea268862439f53bb2 [CANDIDATE]: Term 1 pre-election: Election decided. Result: candidate won. Election summary: received 2 responses out of 3 voters: 2 yes votes; 0 no votes. yes voters: 3942b663821e493ea268862439f53bb2, ebeee850824642ab839de3d1de72fa9d; no voters: 
I20260710 11:06:24.915273 10333 tablet_bootstrap.cc:654] T 03206101170f4a728d30973507db45ba P 3942b663821e493ea268862439f53bb2: Neither blocks nor log segments found. Creating new log.
I20260710 11:06:24.916607 10367 leader_election.cc:290] T 84e3f2fd033a406bbab523c6d6c65127 P 3942b663821e493ea268862439f53bb2 [CANDIDATE]: Term 1 election: Requested vote from peers ebeee850824642ab839de3d1de72fa9d (127.8.204.194:41073), 4cea343c81384eb8ad51200473b3e908 (127.8.204.195:36609)
I20260710 11:06:24.917196 10367 raft_consensus.cc:2804] T 93ecbdc351a04392b186fbee010fdc62 P 3942b663821e493ea268862439f53bb2 [term 0 FOLLOWER]: Leader pre-election won for term 1
I20260710 11:06:24.917542 10367 raft_consensus.cc:493] T 93ecbdc351a04392b186fbee010fdc62 P 3942b663821e493ea268862439f53bb2 [term 0 FOLLOWER]: Starting leader election (no leader contacted us within the election timeout)
I20260710 11:06:24.917870 10217 tablet_service.cc:1917] Received RequestConsensusVote() RPC: tablet_id: "6ecf98a0addb46c9b5c56f74c44569f0" candidate_uuid: "4cea343c81384eb8ad51200473b3e908" candidate_term: 1 candidate_status { last_received { term: 0 index: 0 } } ignore_live_leader: false dest_uuid: "ebeee850824642ab839de3d1de72fa9d" is_pre_election: true
I20260710 11:06:24.918861 10290 tablet_service.cc:1917] Received RequestConsensusVote() RPC: tablet_id: "93ecbdc351a04392b186fbee010fdc62" candidate_uuid: "3942b663821e493ea268862439f53bb2" candidate_term: 1 candidate_status { last_received { term: 0 index: 0 } } ignore_live_leader: false dest_uuid: "4cea343c81384eb8ad51200473b3e908" is_pre_election: true
I20260710 11:06:24.919121 10217 raft_consensus.cc:2468] T 6ecf98a0addb46c9b5c56f74c44569f0 P ebeee850824642ab839de3d1de72fa9d [term 0 FOLLOWER]: Leader pre-election vote request: Granting yes vote for candidate 4cea343c81384eb8ad51200473b3e908 in term 0.
I20260710 11:06:24.919530 10290 raft_consensus.cc:2468] T 93ecbdc351a04392b186fbee010fdc62 P 4cea343c81384eb8ad51200473b3e908 [term 0 FOLLOWER]: Leader pre-election vote request: Granting yes vote for candidate 3942b663821e493ea268862439f53bb2 in term 0.
I20260710 11:06:24.907276 10340 raft_consensus.cc:515] T 730b0ec6618245aeb3b4d5d36780180e P 4cea343c81384eb8ad51200473b3e908 [term 1 FOLLOWER]: Starting leader election with config: opid_index: -1 OBSOLETE_local: false peers { permanent_uuid: "3942b663821e493ea268862439f53bb2" member_type: VOTER last_known_addr { host: "127.8.204.193" port: 42821 } } peers { permanent_uuid: "ebeee850824642ab839de3d1de72fa9d" member_type: VOTER last_known_addr { host: "127.8.204.194" port: 41073 } } peers { permanent_uuid: "4cea343c81384eb8ad51200473b3e908" member_type: VOTER last_known_addr { host: "127.8.204.195" port: 36609 } }
I20260710 11:06:24.920578 10291 tablet_service.cc:1917] Received RequestConsensusVote() RPC: tablet_id: "516734b8a79d46e79c936e8d301447e9" candidate_uuid: "3942b663821e493ea268862439f53bb2" candidate_term: 1 candidate_status { last_received { term: 0 index: 0 } } ignore_live_leader: false dest_uuid: "4cea343c81384eb8ad51200473b3e908"
I20260710 11:06:24.920879 10382 leader_election.cc:290] T 6ecf98a0addb46c9b5c56f74c44569f0 P 4cea343c81384eb8ad51200473b3e908 [CANDIDATE]: Term 1 pre-election: Requested pre-vote from peers 3942b663821e493ea268862439f53bb2 (127.8.204.193:42821), ebeee850824642ab839de3d1de72fa9d (127.8.204.194:41073)
I20260710 11:06:24.921486 10289 tablet_service.cc:1917] Received RequestConsensusVote() RPC: tablet_id: "84e3f2fd033a406bbab523c6d6c65127" candidate_uuid: "3942b663821e493ea268862439f53bb2" candidate_term: 1 candidate_status { last_received { term: 0 index: 0 } } ignore_live_leader: false dest_uuid: "4cea343c81384eb8ad51200473b3e908"
I20260710 11:06:24.921993 10340 leader_election.cc:290] T 730b0ec6618245aeb3b4d5d36780180e P 4cea343c81384eb8ad51200473b3e908 [CANDIDATE]: Term 1 election: Requested vote from peers 3942b663821e493ea268862439f53bb2 (127.8.204.193:42821), ebeee850824642ab839de3d1de72fa9d (127.8.204.194:41073)
I20260710 11:06:24.922158 10331 tablet_bootstrap.cc:492] T 03206101170f4a728d30973507db45ba P ebeee850824642ab839de3d1de72fa9d: No bootstrap required, opened a new log
I20260710 11:06:24.922768 10331 ts_tablet_manager.cc:1403] T 03206101170f4a728d30973507db45ba P ebeee850824642ab839de3d1de72fa9d: Time spent bootstrapping tablet: real 0.053s	user 0.015s	sys 0.013s
I20260710 11:06:24.922609 10141 tablet_service.cc:1917] Received RequestConsensusVote() RPC: tablet_id: "6ecf98a0addb46c9b5c56f74c44569f0" candidate_uuid: "4cea343c81384eb8ad51200473b3e908" candidate_term: 1 candidate_status { last_received { term: 0 index: 0 } } ignore_live_leader: false dest_uuid: "3942b663821e493ea268862439f53bb2" is_pre_election: true
W20260710 11:06:24.925568 10256 leader_election.cc:343] T 6ecf98a0addb46c9b5c56f74c44569f0 P 4cea343c81384eb8ad51200473b3e908 [CANDIDATE]: Term 1 pre-election: Tablet error from VoteRequest() call to peer 3942b663821e493ea268862439f53bb2 (127.8.204.193:42821): Illegal state: must be running to vote when last-logged opid is not known
I20260710 11:06:24.926781 10331 raft_consensus.cc:359] T 03206101170f4a728d30973507db45ba P ebeee850824642ab839de3d1de72fa9d [term 0 FOLLOWER]: Replica starting. Triggering 0 pending ops. Active config: opid_index: -1 OBSOLETE_local: false peers { permanent_uuid: "3942b663821e493ea268862439f53bb2" member_type: VOTER last_known_addr { host: "127.8.204.193" port: 42821 } } peers { permanent_uuid: "ebeee850824642ab839de3d1de72fa9d" member_type: VOTER last_known_addr { host: "127.8.204.194" port: 41073 } } peers { permanent_uuid: "4cea343c81384eb8ad51200473b3e908" member_type: VOTER last_known_addr { host: "127.8.204.195" port: 36609 } }
I20260710 11:06:24.927167 10217 tablet_service.cc:1917] Received RequestConsensusVote() RPC: tablet_id: "84e3f2fd033a406bbab523c6d6c65127" candidate_uuid: "3942b663821e493ea268862439f53bb2" candidate_term: 1 candidate_status { last_received { term: 0 index: 0 } } ignore_live_leader: false dest_uuid: "ebeee850824642ab839de3d1de72fa9d"
I20260710 11:06:24.927603 10331 raft_consensus.cc:385] T 03206101170f4a728d30973507db45ba P ebeee850824642ab839de3d1de72fa9d [term 0 FOLLOWER]: Consensus starting up: Expiring failure detector timer to make a prompt election more likely
I20260710 11:06:24.927762 10217 raft_consensus.cc:3060] T 84e3f2fd033a406bbab523c6d6c65127 P ebeee850824642ab839de3d1de72fa9d [term 0 FOLLOWER]: Advancing to term 1
I20260710 11:06:24.927902 10331 raft_consensus.cc:740] T 03206101170f4a728d30973507db45ba P ebeee850824642ab839de3d1de72fa9d [term 0 FOLLOWER]: Becoming Follower/Learner. State: Replica: ebeee850824642ab839de3d1de72fa9d, State: Initialized, Role: FOLLOWER
I20260710 11:06:24.928771 10254 leader_election.cc:304] T 6ecf98a0addb46c9b5c56f74c44569f0 P 4cea343c81384eb8ad51200473b3e908 [CANDIDATE]: Term 1 pre-election: Election decided. Result: candidate won. Election summary: received 3 responses out of 3 voters: 2 yes votes; 1 no votes. yes voters: 4cea343c81384eb8ad51200473b3e908, ebeee850824642ab839de3d1de72fa9d; no voters: 3942b663821e493ea268862439f53bb2
I20260710 11:06:24.928805 10331 consensus_queue.cc:260] T 03206101170f4a728d30973507db45ba P ebeee850824642ab839de3d1de72fa9d [NON_LEADER]: Queue going to NON_LEADER mode. State: All replicated index: 0, Majority replicated index: 0, Committed index: 0, Last appended: 0.0, Last appended by leader: 0, Current term: 0, Majority size: -1, State: 0, Mode: NON_LEADER, active raft config: opid_index: -1 OBSOLETE_local: false peers { permanent_uuid: "3942b663821e493ea268862439f53bb2" member_type: VOTER last_known_addr { host: "127.8.204.193" port: 42821 } } peers { permanent_uuid: "ebeee850824642ab839de3d1de72fa9d" member_type: VOTER last_known_addr { host: "127.8.204.194" port: 41073 } } peers { permanent_uuid: "4cea343c81384eb8ad51200473b3e908" member_type: VOTER last_known_addr { host: "127.8.204.195" port: 36609 } }
I20260710 11:06:24.930172 10340 raft_consensus.cc:2804] T 6ecf98a0addb46c9b5c56f74c44569f0 P 4cea343c81384eb8ad51200473b3e908 [term 0 FOLLOWER]: Leader pre-election won for term 1
I20260710 11:06:24.930567 10340 raft_consensus.cc:493] T 6ecf98a0addb46c9b5c56f74c44569f0 P 4cea343c81384eb8ad51200473b3e908 [term 0 FOLLOWER]: Starting leader election (no leader contacted us within the election timeout)
I20260710 11:06:24.930789 10215 tablet_service.cc:1917] Received RequestConsensusVote() RPC: tablet_id: "730b0ec6618245aeb3b4d5d36780180e" candidate_uuid: "4cea343c81384eb8ad51200473b3e908" candidate_term: 1 candidate_status { last_received { term: 0 index: 0 } } ignore_live_leader: false dest_uuid: "ebeee850824642ab839de3d1de72fa9d"
W20260710 11:06:24.932587 10108 leader_election.cc:343] T 84e3f2fd033a406bbab523c6d6c65127 P 3942b663821e493ea268862439f53bb2 [CANDIDATE]: Term 1 election: Tablet error from VoteRequest() call to peer 4cea343c81384eb8ad51200473b3e908 (127.8.204.195:36609): Illegal state: must be running to vote when last-logged opid is not known
I20260710 11:06:24.931157 10340 raft_consensus.cc:3060] T 6ecf98a0addb46c9b5c56f74c44569f0 P 4cea343c81384eb8ad51200473b3e908 [term 0 FOLLOWER]: Advancing to term 1
I20260710 11:06:24.937937 10141 tablet_service.cc:1917] Received RequestConsensusVote() RPC: tablet_id: "730b0ec6618245aeb3b4d5d36780180e" candidate_uuid: "4cea343c81384eb8ad51200473b3e908" candidate_term: 1 candidate_status { last_received { term: 0 index: 0 } } ignore_live_leader: false dest_uuid: "3942b663821e493ea268862439f53bb2"
I20260710 11:06:24.938628 10141 raft_consensus.cc:3060] T 730b0ec6618245aeb3b4d5d36780180e P 3942b663821e493ea268862439f53bb2 [term 0 FOLLOWER]: Advancing to term 1
I20260710 11:06:24.938910 10338 raft_consensus.cc:493] T c16fa2a66f1f48a4a83b9ece53249a6e P ebeee850824642ab839de3d1de72fa9d [term 0 FOLLOWER]: Starting pre-election (no leader contacted us within the election timeout)
I20260710 11:06:24.939467 10338 raft_consensus.cc:515] T c16fa2a66f1f48a4a83b9ece53249a6e P ebeee850824642ab839de3d1de72fa9d [term 0 FOLLOWER]: Starting pre-election with config: opid_index: -1 OBSOLETE_local: false peers { permanent_uuid: "3942b663821e493ea268862439f53bb2" member_type: VOTER last_known_addr { host: "127.8.204.193" port: 42821 } } peers { permanent_uuid: "ebeee850824642ab839de3d1de72fa9d" member_type: VOTER last_known_addr { host: "127.8.204.194" port: 41073 } } peers { permanent_uuid: "4cea343c81384eb8ad51200473b3e908" member_type: VOTER last_known_addr { host: "127.8.204.195" port: 36609 } }
W20260710 11:06:24.940132 10254 leader_election.cc:343] T 730b0ec6618245aeb3b4d5d36780180e P 4cea343c81384eb8ad51200473b3e908 [CANDIDATE]: Term 1 election: Tablet error from VoteRequest() call to peer ebeee850824642ab839de3d1de72fa9d (127.8.204.194:41073): Illegal state: must be running to vote when last-logged opid is not known
I20260710 11:06:24.941581 10331 ts_tablet_manager.cc:1434] T 03206101170f4a728d30973507db45ba P ebeee850824642ab839de3d1de72fa9d: Time spent starting tablet: real 0.018s	user 0.007s	sys 0.001s
I20260710 11:06:24.941715 10338 leader_election.cc:290] T c16fa2a66f1f48a4a83b9ece53249a6e P ebeee850824642ab839de3d1de72fa9d [CANDIDATE]: Term 1 pre-election: Requested pre-vote from peers 3942b663821e493ea268862439f53bb2 (127.8.204.193:42821), 4cea343c81384eb8ad51200473b3e908 (127.8.204.195:36609)
I20260710 11:06:24.943073 10289 tablet_service.cc:1917] Received RequestConsensusVote() RPC: tablet_id: "c16fa2a66f1f48a4a83b9ece53249a6e" candidate_uuid: "ebeee850824642ab839de3d1de72fa9d" candidate_term: 1 candidate_status { last_received { term: 0 index: 0 } } ignore_live_leader: false dest_uuid: "4cea343c81384eb8ad51200473b3e908" is_pre_election: true
W20260710 11:06:24.944671 10183 leader_election.cc:343] T c16fa2a66f1f48a4a83b9ece53249a6e P ebeee850824642ab839de3d1de72fa9d [CANDIDATE]: Term 1 pre-election: Tablet error from VoteRequest() call to peer 4cea343c81384eb8ad51200473b3e908 (127.8.204.195:36609): Illegal state: must be running to vote when last-logged opid is not known
I20260710 11:06:24.945446 10140 tablet_service.cc:1917] Received RequestConsensusVote() RPC: tablet_id: "c16fa2a66f1f48a4a83b9ece53249a6e" candidate_uuid: "ebeee850824642ab839de3d1de72fa9d" candidate_term: 1 candidate_status { last_received { term: 0 index: 0 } } ignore_live_leader: false dest_uuid: "3942b663821e493ea268862439f53bb2" is_pre_election: true
I20260710 11:06:24.941349 10340 raft_consensus.cc:515] T 6ecf98a0addb46c9b5c56f74c44569f0 P 4cea343c81384eb8ad51200473b3e908 [term 1 FOLLOWER]: Starting leader election with config: opid_index: -1 OBSOLETE_local: false peers { permanent_uuid: "3942b663821e493ea268862439f53bb2" member_type: VOTER last_known_addr { host: "127.8.204.193" port: 42821 } } peers { permanent_uuid: "ebeee850824642ab839de3d1de72fa9d" member_type: VOTER last_known_addr { host: "127.8.204.194" port: 41073 } } peers { permanent_uuid: "4cea343c81384eb8ad51200473b3e908" member_type: VOTER last_known_addr { host: "127.8.204.195" port: 36609 } }
I20260710 11:06:24.946162 10140 raft_consensus.cc:2468] T c16fa2a66f1f48a4a83b9ece53249a6e P 3942b663821e493ea268862439f53bb2 [term 0 FOLLOWER]: Leader pre-election vote request: Granting yes vote for candidate ebeee850824642ab839de3d1de72fa9d in term 0.
I20260710 11:06:24.949208 10217 raft_consensus.cc:2468] T 84e3f2fd033a406bbab523c6d6c65127 P ebeee850824642ab839de3d1de72fa9d [term 1 FOLLOWER]: Leader election vote request: Granting yes vote for candidate 3942b663821e493ea268862439f53bb2 in term 1.
I20260710 11:06:24.950443 10340 leader_election.cc:290] T 6ecf98a0addb46c9b5c56f74c44569f0 P 4cea343c81384eb8ad51200473b3e908 [CANDIDATE]: Term 1 election: Requested vote from peers 3942b663821e493ea268862439f53bb2 (127.8.204.193:42821), ebeee850824642ab839de3d1de72fa9d (127.8.204.194:41073)
I20260710 11:06:24.950742 10105 leader_election.cc:304] T 84e3f2fd033a406bbab523c6d6c65127 P 3942b663821e493ea268862439f53bb2 [CANDIDATE]: Term 1 election: Election decided. Result: candidate won. Election summary: received 3 responses out of 3 voters: 2 yes votes; 1 no votes. yes voters: 3942b663821e493ea268862439f53bb2, ebeee850824642ab839de3d1de72fa9d; no voters: 4cea343c81384eb8ad51200473b3e908
I20260710 11:06:24.952047 10383 raft_consensus.cc:2804] T 84e3f2fd033a406bbab523c6d6c65127 P 3942b663821e493ea268862439f53bb2 [term 1 FOLLOWER]: Leader election won for term 1
I20260710 11:06:24.952096 10140 tablet_service.cc:1917] Received RequestConsensusVote() RPC: tablet_id: "6ecf98a0addb46c9b5c56f74c44569f0" candidate_uuid: "4cea343c81384eb8ad51200473b3e908" candidate_term: 1 candidate_status { last_received { term: 0 index: 0 } } ignore_live_leader: false dest_uuid: "3942b663821e493ea268862439f53bb2"
I20260710 11:06:24.952687 10383 raft_consensus.cc:697] T 84e3f2fd033a406bbab523c6d6c65127 P 3942b663821e493ea268862439f53bb2 [term 1 LEADER]: Becoming Leader. State: Replica: 3942b663821e493ea268862439f53bb2, State: Running, Role: LEADER
W20260710 11:06:24.953532 10256 leader_election.cc:343] T 6ecf98a0addb46c9b5c56f74c44569f0 P 4cea343c81384eb8ad51200473b3e908 [CANDIDATE]: Term 1 election: Tablet error from VoteRequest() call to peer 3942b663821e493ea268862439f53bb2 (127.8.204.193:42821): Illegal state: must be running to vote when last-logged opid is not known
I20260710 11:06:24.953672 10383 consensus_queue.cc:237] T 84e3f2fd033a406bbab523c6d6c65127 P 3942b663821e493ea268862439f53bb2 [LEADER]: Queue going to LEADER mode. State: All replicated index: 0, Majority replicated index: 0, Committed index: 0, Last appended: 0.0, Last appended by leader: 0, Current term: 1, Majority size: 2, State: 0, Mode: LEADER, active raft config: opid_index: -1 OBSOLETE_local: false peers { permanent_uuid: "3942b663821e493ea268862439f53bb2" member_type: VOTER last_known_addr { host: "127.8.204.193" port: 42821 } } peers { permanent_uuid: "ebeee850824642ab839de3d1de72fa9d" member_type: VOTER last_known_addr { host: "127.8.204.194" port: 41073 } } peers { permanent_uuid: "4cea343c81384eb8ad51200473b3e908" member_type: VOTER last_known_addr { host: "127.8.204.195" port: 36609 } }
I20260710 11:06:24.954879 10182 leader_election.cc:304] T c16fa2a66f1f48a4a83b9ece53249a6e P ebeee850824642ab839de3d1de72fa9d [CANDIDATE]: Term 1 pre-election: Election decided. Result: candidate won. Election summary: received 3 responses out of 3 voters: 2 yes votes; 1 no votes. yes voters: 3942b663821e493ea268862439f53bb2, ebeee850824642ab839de3d1de72fa9d; no voters: 4cea343c81384eb8ad51200473b3e908
I20260710 11:06:24.957576 10338 raft_consensus.cc:2804] T c16fa2a66f1f48a4a83b9ece53249a6e P ebeee850824642ab839de3d1de72fa9d [term 0 FOLLOWER]: Leader pre-election won for term 1
W20260710 11:06:24.957612 10108 leader_election.cc:343] T 516734b8a79d46e79c936e8d301447e9 P 3942b663821e493ea268862439f53bb2 [CANDIDATE]: Term 1 election: Tablet error from VoteRequest() call to peer 4cea343c81384eb8ad51200473b3e908 (127.8.204.195:36609): Illegal state: must be running to vote when last-logged opid is not known
I20260710 11:06:24.958230 10338 raft_consensus.cc:493] T c16fa2a66f1f48a4a83b9ece53249a6e P ebeee850824642ab839de3d1de72fa9d [term 0 FOLLOWER]: Starting leader election (no leader contacted us within the election timeout)
I20260710 11:06:24.958808 10338 raft_consensus.cc:3060] T c16fa2a66f1f48a4a83b9ece53249a6e P ebeee850824642ab839de3d1de72fa9d [term 0 FOLLOWER]: Advancing to term 1
I20260710 11:06:24.959059 10331 tablet_bootstrap.cc:492] T 730b0ec6618245aeb3b4d5d36780180e P ebeee850824642ab839de3d1de72fa9d: Bootstrap starting.
I20260710 11:06:24.960683 10141 raft_consensus.cc:2468] T 730b0ec6618245aeb3b4d5d36780180e P 3942b663821e493ea268862439f53bb2 [term 1 FOLLOWER]: Leader election vote request: Granting yes vote for candidate 4cea343c81384eb8ad51200473b3e908 in term 1.
I20260710 11:06:24.962327 10256 leader_election.cc:304] T 730b0ec6618245aeb3b4d5d36780180e P 4cea343c81384eb8ad51200473b3e908 [CANDIDATE]: Term 1 election: Election decided. Result: candidate won. Election summary: received 3 responses out of 3 voters: 2 yes votes; 1 no votes. yes voters: 3942b663821e493ea268862439f53bb2, 4cea343c81384eb8ad51200473b3e908; no voters: ebeee850824642ab839de3d1de72fa9d
I20260710 11:06:24.963479 10340 raft_consensus.cc:2804] T 730b0ec6618245aeb3b4d5d36780180e P 4cea343c81384eb8ad51200473b3e908 [term 1 FOLLOWER]: Leader election won for term 1
I20260710 11:06:24.964007 10340 raft_consensus.cc:697] T 730b0ec6618245aeb3b4d5d36780180e P 4cea343c81384eb8ad51200473b3e908 [term 1 LEADER]: Becoming Leader. State: Replica: 4cea343c81384eb8ad51200473b3e908, State: Running, Role: LEADER
I20260710 11:06:24.964855 10340 consensus_queue.cc:237] T 730b0ec6618245aeb3b4d5d36780180e P 4cea343c81384eb8ad51200473b3e908 [LEADER]: Queue going to LEADER mode. State: All replicated index: 0, Majority replicated index: 0, Committed index: 0, Last appended: 0.0, Last appended by leader: 0, Current term: 1, Majority size: 2, State: 0, Mode: LEADER, active raft config: opid_index: -1 OBSOLETE_local: false peers { permanent_uuid: "3942b663821e493ea268862439f53bb2" member_type: VOTER last_known_addr { host: "127.8.204.193" port: 42821 } } peers { permanent_uuid: "ebeee850824642ab839de3d1de72fa9d" member_type: VOTER last_known_addr { host: "127.8.204.194" port: 41073 } } peers { permanent_uuid: "4cea343c81384eb8ad51200473b3e908" member_type: VOTER last_known_addr { host: "127.8.204.195" port: 36609 } }
I20260710 11:06:24.965696 10142 raft_consensus.cc:2468] T cd9bb03a96364a6ba4dfb092ac619a8a P 3942b663821e493ea268862439f53bb2 [term 1 FOLLOWER]: Leader election vote request: Granting yes vote for candidate 4cea343c81384eb8ad51200473b3e908 in term 1.
I20260710 11:06:24.966952 10331 tablet_bootstrap.cc:654] T 730b0ec6618245aeb3b4d5d36780180e P ebeee850824642ab839de3d1de72fa9d: Neither blocks nor log segments found. Creating new log.
I20260710 11:06:24.966825 10256 leader_election.cc:304] T cd9bb03a96364a6ba4dfb092ac619a8a P 4cea343c81384eb8ad51200473b3e908 [CANDIDATE]: Term 1 election: Election decided. Result: candidate won. Election summary: received 2 responses out of 3 voters: 2 yes votes; 0 no votes. yes voters: 3942b663821e493ea268862439f53bb2, 4cea343c81384eb8ad51200473b3e908; no voters: 
I20260710 11:06:24.967890 10382 raft_consensus.cc:2804] T cd9bb03a96364a6ba4dfb092ac619a8a P 4cea343c81384eb8ad51200473b3e908 [term 1 FOLLOWER]: Leader election won for term 1
I20260710 11:06:24.969195 10216 raft_consensus.cc:2468] T cd9bb03a96364a6ba4dfb092ac619a8a P ebeee850824642ab839de3d1de72fa9d [term 1 FOLLOWER]: Leader election vote request: Granting yes vote for candidate 4cea343c81384eb8ad51200473b3e908 in term 1.
I20260710 11:06:24.917896 10367 raft_consensus.cc:3060] T 93ecbdc351a04392b186fbee010fdc62 P 3942b663821e493ea268862439f53bb2 [term 0 FOLLOWER]: Advancing to term 1
I20260710 11:06:24.975016 10362 leader_election.cc:290] T cd9bb03a96364a6ba4dfb092ac619a8a P 4cea343c81384eb8ad51200473b3e908 [CANDIDATE]: Term 1 election: Requested vote from peers ebeee850824642ab839de3d1de72fa9d (127.8.204.194:41073), 3942b663821e493ea268862439f53bb2 (127.8.204.193:42821)
I20260710 11:06:24.954269 10214 raft_consensus.cc:2468] T 516734b8a79d46e79c936e8d301447e9 P ebeee850824642ab839de3d1de72fa9d [term 1 FOLLOWER]: Leader election vote request: Granting yes vote for candidate 3942b663821e493ea268862439f53bb2 in term 1.
I20260710 11:06:24.977733 10105 leader_election.cc:304] T 516734b8a79d46e79c936e8d301447e9 P 3942b663821e493ea268862439f53bb2 [CANDIDATE]: Term 1 election: Election decided. Result: candidate won. Election summary: received 3 responses out of 3 voters: 2 yes votes; 1 no votes. yes voters: 3942b663821e493ea268862439f53bb2, ebeee850824642ab839de3d1de72fa9d; no voters: 4cea343c81384eb8ad51200473b3e908
I20260710 11:06:24.980029 10337 raft_consensus.cc:2804] T 516734b8a79d46e79c936e8d301447e9 P 3942b663821e493ea268862439f53bb2 [term 1 FOLLOWER]: Leader election won for term 1
I20260710 11:06:24.980630 10337 raft_consensus.cc:697] T 516734b8a79d46e79c936e8d301447e9 P 3942b663821e493ea268862439f53bb2 [term 1 LEADER]: Becoming Leader. State: Replica: 3942b663821e493ea268862439f53bb2, State: Running, Role: LEADER
I20260710 11:06:24.981850 10337 consensus_queue.cc:237] T 516734b8a79d46e79c936e8d301447e9 P 3942b663821e493ea268862439f53bb2 [LEADER]: Queue going to LEADER mode. State: All replicated index: 0, Majority replicated index: 0, Committed index: 0, Last appended: 0.0, Last appended by leader: 0, Current term: 1, Majority size: 2, State: 0, Mode: LEADER, active raft config: opid_index: -1 OBSOLETE_local: false peers { permanent_uuid: "3942b663821e493ea268862439f53bb2" member_type: VOTER last_known_addr { host: "127.8.204.193" port: 42821 } } peers { permanent_uuid: "ebeee850824642ab839de3d1de72fa9d" member_type: VOTER last_known_addr { host: "127.8.204.194" port: 41073 } } peers { permanent_uuid: "4cea343c81384eb8ad51200473b3e908" member_type: VOTER last_known_addr { host: "127.8.204.195" port: 36609 } }
I20260710 11:06:24.988062 10382 raft_consensus.cc:697] T cd9bb03a96364a6ba4dfb092ac619a8a P 4cea343c81384eb8ad51200473b3e908 [term 1 LEADER]: Becoming Leader. State: Replica: 4cea343c81384eb8ad51200473b3e908, State: Running, Role: LEADER
I20260710 11:06:24.989220 10382 consensus_queue.cc:237] T cd9bb03a96364a6ba4dfb092ac619a8a P 4cea343c81384eb8ad51200473b3e908 [LEADER]: Queue going to LEADER mode. State: All replicated index: 0, Majority replicated index: 0, Committed index: 0, Last appended: 0.0, Last appended by leader: 0, Current term: 1, Majority size: 2, State: 0, Mode: LEADER, active raft config: opid_index: -1 OBSOLETE_local: false peers { permanent_uuid: "ebeee850824642ab839de3d1de72fa9d" member_type: VOTER last_known_addr { host: "127.8.204.194" port: 41073 } } peers { permanent_uuid: "4cea343c81384eb8ad51200473b3e908" member_type: VOTER last_known_addr { host: "127.8.204.195" port: 36609 } } peers { permanent_uuid: "3942b663821e493ea268862439f53bb2" member_type: VOTER last_known_addr { host: "127.8.204.193" port: 42821 } }
I20260710 11:06:24.990124 10037 catalog_manager.cc:5697] T 84e3f2fd033a406bbab523c6d6c65127 P 3942b663821e493ea268862439f53bb2 reported cstate change: term changed from 0 to 1, leader changed from <none> to 3942b663821e493ea268862439f53bb2 (127.8.204.193). New cstate: current_term: 1 leader_uuid: "3942b663821e493ea268862439f53bb2" committed_config { opid_index: -1 OBSOLETE_local: false peers { permanent_uuid: "3942b663821e493ea268862439f53bb2" member_type: VOTER last_known_addr { host: "127.8.204.193" port: 42821 } health_report { overall_health: HEALTHY } } peers { permanent_uuid: "ebeee850824642ab839de3d1de72fa9d" member_type: VOTER last_known_addr { host: "127.8.204.194" port: 41073 } health_report { overall_health: UNKNOWN } } peers { permanent_uuid: "4cea343c81384eb8ad51200473b3e908" member_type: VOTER last_known_addr { host: "127.8.204.195" port: 36609 } health_report { overall_health: UNKNOWN } } }
I20260710 11:06:24.991884 10217 tablet_service.cc:1917] Received RequestConsensusVote() RPC: tablet_id: "6ecf98a0addb46c9b5c56f74c44569f0" candidate_uuid: "4cea343c81384eb8ad51200473b3e908" candidate_term: 1 candidate_status { last_received { term: 0 index: 0 } } ignore_live_leader: false dest_uuid: "ebeee850824642ab839de3d1de72fa9d"
I20260710 11:06:24.994902 10217 raft_consensus.cc:3060] T 6ecf98a0addb46c9b5c56f74c44569f0 P ebeee850824642ab839de3d1de72fa9d [term 0 FOLLOWER]: Advancing to term 1
I20260710 11:06:24.995769 10333 tablet_bootstrap.cc:492] T 03206101170f4a728d30973507db45ba P 3942b663821e493ea268862439f53bb2: No bootstrap required, opened a new log
