I20260710 11:06:04.191782 17623 raft_consensus.cc:2804] T da42e15ef38941d3ad570904206de443 P 5fe8e42597fd48e68a4ee9b3d345178b [term 4 FOLLOWER]: Leader election won for term 4
I20260710 11:06:04.192274 17623 raft_consensus.cc:697] T da42e15ef38941d3ad570904206de443 P 5fe8e42597fd48e68a4ee9b3d345178b [term 4 LEADER]: Becoming Leader. State: Replica: 5fe8e42597fd48e68a4ee9b3d345178b, State: Running, Role: LEADER
I20260710 11:06:04.193068 17623 consensus_queue.cc:237] T da42e15ef38941d3ad570904206de443 P 5fe8e42597fd48e68a4ee9b3d345178b [LEADER]: Queue going to LEADER mode. State: All replicated index: 0, Majority replicated index: 3, Committed index: 3, Last appended: 3.3, Last appended by leader: 3, Current term: 4, Majority size: 2, State: 0, Mode: LEADER, active raft config: opid_index: -1 OBSOLETE_local: false peers { permanent_uuid: "c81440aea56e41288ddaa7384e603670" member_type: VOTER last_known_addr { host: "127.16.201.193" port: 36371 } } peers { permanent_uuid: "5fe8e42597fd48e68a4ee9b3d345178b" member_type: VOTER last_known_addr { host: "127.16.201.194" port: 42031 } } peers { permanent_uuid: "e17e8f78368340d494014538b52d9891" member_type: VOTER last_known_addr { host: "127.16.201.195" port: 44543 } }
I20260710 11:06:04.198873 17219 catalog_manager.cc:5697] T da42e15ef38941d3ad570904206de443 P 5fe8e42597fd48e68a4ee9b3d345178b reported cstate change: term changed from 3 to 4, leader changed from e17e8f78368340d494014538b52d9891 (127.16.201.195) to 5fe8e42597fd48e68a4ee9b3d345178b (127.16.201.194). New cstate: current_term: 4 leader_uuid: "5fe8e42597fd48e68a4ee9b3d345178b" committed_config { opid_index: -1 OBSOLETE_local: false peers { permanent_uuid: "c81440aea56e41288ddaa7384e603670" member_type: VOTER last_known_addr { host: "127.16.201.193" port: 36371 } health_report { overall_health: UNKNOWN } } peers { permanent_uuid: "5fe8e42597fd48e68a4ee9b3d345178b" member_type: VOTER last_known_addr { host: "127.16.201.194" port: 42031 } health_report { overall_health: HEALTHY } } peers { permanent_uuid: "e17e8f78368340d494014538b52d9891" member_type: VOTER last_known_addr { host: "127.16.201.195" port: 44543 } health_report { overall_health: UNKNOWN } } }
I20260710 11:06:04.329685 17475 raft_consensus.cc:1275] T bf7a9d323754438f8f374c61b4f1cf88 P e17e8f78368340d494014538b52d9891 [term 3 FOLLOWER]: Refusing update from remote peer 5fe8e42597fd48e68a4ee9b3d345178b: Log matching property violated. Preceding OpId in replica: term: 2 index: 2. Preceding OpId from leader: term: 3 index: 3. (index mismatch)
I20260710 11:06:04.331239 17634 consensus_queue.cc:1048] T bf7a9d323754438f8f374c61b4f1cf88 P 5fe8e42597fd48e68a4ee9b3d345178b [LEADER]: Connected to new peer: Peer: permanent_uuid: "e17e8f78368340d494014538b52d9891" member_type: VOTER last_known_addr { host: "127.16.201.195" port: 44543 }, Status: LMP_MISMATCH, Last received: 0.0, Next index: 3, Last known committed idx: 2, Time since last communication: 0.000s
I20260710 11:06:04.333115 17326 raft_consensus.cc:1275] T 39ecfc3f52114c29b35e3e373bafb79d P c81440aea56e41288ddaa7384e603670 [term 3 FOLLOWER]: Refusing update from remote peer 5fe8e42597fd48e68a4ee9b3d345178b: Log matching property violated. Preceding OpId in replica: term: 2 index: 2. Preceding OpId from leader: term: 3 index: 3. (index mismatch)
I20260710 11:06:04.334964 17634 consensus_queue.cc:1048] T 39ecfc3f52114c29b35e3e373bafb79d P 5fe8e42597fd48e68a4ee9b3d345178b [LEADER]: Connected to new peer: Peer: permanent_uuid: "c81440aea56e41288ddaa7384e603670" member_type: VOTER last_known_addr { host: "127.16.201.193" port: 36371 }, Status: LMP_MISMATCH, Last received: 0.0, Next index: 3, Last known committed idx: 2, Time since last communication: 0.000s
I20260710 11:06:04.347759 17474 raft_consensus.cc:1275] T 39ecfc3f52114c29b35e3e373bafb79d P e17e8f78368340d494014538b52d9891 [term 3 FOLLOWER]: Refusing update from remote peer 5fe8e42597fd48e68a4ee9b3d345178b: Log matching property violated. Preceding OpId in replica: term: 2 index: 2. Preceding OpId from leader: term: 3 index: 3. (index mismatch)
I20260710 11:06:04.349244 17646 consensus_queue.cc:1048] T 39ecfc3f52114c29b35e3e373bafb79d P 5fe8e42597fd48e68a4ee9b3d345178b [LEADER]: Connected to new peer: Peer: permanent_uuid: "e17e8f78368340d494014538b52d9891" member_type: VOTER last_known_addr { host: "127.16.201.195" port: 44543 }, Status: LMP_MISMATCH, Last received: 0.0, Next index: 3, Last known committed idx: 2, Time since last communication: 0.000s
I20260710 11:06:04.350690 17324 raft_consensus.cc:1275] T bf7a9d323754438f8f374c61b4f1cf88 P c81440aea56e41288ddaa7384e603670 [term 3 FOLLOWER]: Refusing update from remote peer 5fe8e42597fd48e68a4ee9b3d345178b: Log matching property violated. Preceding OpId in replica: term: 2 index: 2. Preceding OpId from leader: term: 3 index: 3. (index mismatch)
I20260710 11:06:04.354187 17646 consensus_queue.cc:1048] T bf7a9d323754438f8f374c61b4f1cf88 P 5fe8e42597fd48e68a4ee9b3d345178b [LEADER]: Connected to new peer: Peer: permanent_uuid: "c81440aea56e41288ddaa7384e603670" member_type: VOTER last_known_addr { host: "127.16.201.193" port: 36371 }, Status: LMP_MISMATCH, Last received: 0.0, Next index: 3, Last known committed idx: 2, Time since last communication: 0.000s
I20260710 11:06:04.388827 17326 raft_consensus.cc:1275] T e37cc82d8ec641a2b6c457fc5d2bb54e P c81440aea56e41288ddaa7384e603670 [term 3 FOLLOWER]: Refusing update from remote peer 5fe8e42597fd48e68a4ee9b3d345178b: Log matching property violated. Preceding OpId in replica: term: 2 index: 2. Preceding OpId from leader: term: 3 index: 3. (index mismatch)
I20260710 11:06:04.390103 17646 consensus_queue.cc:1048] T e37cc82d8ec641a2b6c457fc5d2bb54e P 5fe8e42597fd48e68a4ee9b3d345178b [LEADER]: Connected to new peer: Peer: permanent_uuid: "c81440aea56e41288ddaa7384e603670" member_type: VOTER last_known_addr { host: "127.16.201.193" port: 36371 }, Status: LMP_MISMATCH, Last received: 0.0, Next index: 3, Last known committed idx: 2, Time since last communication: 0.000s
I20260710 11:06:04.400065 17474 raft_consensus.cc:1275] T e37cc82d8ec641a2b6c457fc5d2bb54e P e17e8f78368340d494014538b52d9891 [term 3 FOLLOWER]: Refusing update from remote peer 5fe8e42597fd48e68a4ee9b3d345178b: Log matching property violated. Preceding OpId in replica: term: 2 index: 2. Preceding OpId from leader: term: 3 index: 3. (index mismatch)
I20260710 11:06:04.402187 17646 consensus_queue.cc:1048] T e37cc82d8ec641a2b6c457fc5d2bb54e P 5fe8e42597fd48e68a4ee9b3d345178b [LEADER]: Connected to new peer: Peer: permanent_uuid: "e17e8f78368340d494014538b52d9891" member_type: VOTER last_known_addr { host: "127.16.201.195" port: 44543 }, Status: LMP_MISMATCH, Last received: 0.0, Next index: 3, Last known committed idx: 2, Time since last communication: 0.000s
I20260710 11:06:04.602985 17474 raft_consensus.cc:1275] T 2cf643f7bbd1466da23782140749599c P e17e8f78368340d494014538b52d9891 [term 3 FOLLOWER]: Refusing update from remote peer 5fe8e42597fd48e68a4ee9b3d345178b: Log matching property violated. Preceding OpId in replica: term: 2 index: 2. Preceding OpId from leader: term: 3 index: 3. (index mismatch)
I20260710 11:06:04.604518 17623 consensus_queue.cc:1048] T 2cf643f7bbd1466da23782140749599c P 5fe8e42597fd48e68a4ee9b3d345178b [LEADER]: Connected to new peer: Peer: permanent_uuid: "e17e8f78368340d494014538b52d9891" member_type: VOTER last_known_addr { host: "127.16.201.195" port: 44543 }, Status: LMP_MISMATCH, Last received: 0.0, Next index: 3, Last known committed idx: 2, Time since last communication: 0.000s
I20260710 11:06:04.609683 17326 raft_consensus.cc:1275] T da42e15ef38941d3ad570904206de443 P c81440aea56e41288ddaa7384e603670 [term 4 FOLLOWER]: Refusing update from remote peer 5fe8e42597fd48e68a4ee9b3d345178b: Log matching property violated. Preceding OpId in replica: term: 3 index: 3. Preceding OpId from leader: term: 4 index: 4. (index mismatch)
I20260710 11:06:04.611120 17623 consensus_queue.cc:1048] T da42e15ef38941d3ad570904206de443 P 5fe8e42597fd48e68a4ee9b3d345178b [LEADER]: Connected to new peer: Peer: permanent_uuid: "c81440aea56e41288ddaa7384e603670" member_type: VOTER last_known_addr { host: "127.16.201.193" port: 36371 }, Status: LMP_MISMATCH, Last received: 0.0, Next index: 4, Last known committed idx: 3, Time since last communication: 0.000s
I20260710 11:06:04.616650 17324 raft_consensus.cc:1275] T 2cf643f7bbd1466da23782140749599c P c81440aea56e41288ddaa7384e603670 [term 3 FOLLOWER]: Refusing update from remote peer 5fe8e42597fd48e68a4ee9b3d345178b: Log matching property violated. Preceding OpId in replica: term: 2 index: 2. Preceding OpId from leader: term: 3 index: 3. (index mismatch)
I20260710 11:06:04.620862 17623 consensus_queue.cc:1048] T 2cf643f7bbd1466da23782140749599c P 5fe8e42597fd48e68a4ee9b3d345178b [LEADER]: Connected to new peer: Peer: permanent_uuid: "c81440aea56e41288ddaa7384e603670" member_type: VOTER last_known_addr { host: "127.16.201.193" port: 36371 }, Status: LMP_MISMATCH, Last received: 0.0, Next index: 3, Last known committed idx: 2, Time since last communication: 0.000s
I20260710 11:06:04.626435 17474 raft_consensus.cc:1275] T da42e15ef38941d3ad570904206de443 P e17e8f78368340d494014538b52d9891 [term 4 FOLLOWER]: Refusing update from remote peer 5fe8e42597fd48e68a4ee9b3d345178b: Log matching property violated. Preceding OpId in replica: term: 3 index: 3. Preceding OpId from leader: term: 4 index: 4. (index mismatch)
I20260710 11:06:04.628471 17634 consensus_queue.cc:1048] T da42e15ef38941d3ad570904206de443 P 5fe8e42597fd48e68a4ee9b3d345178b [LEADER]: Connected to new peer: Peer: permanent_uuid: "e17e8f78368340d494014538b52d9891" member_type: VOTER last_known_addr { host: "127.16.201.195" port: 44543 }, Status: LMP_MISMATCH, Last received: 0.0, Next index: 4, Last known committed idx: 3, Time since last communication: 0.000s
I20260710 11:06:06.788393 17191 auto_leader_rebalancer.cc:141] leader rebalance for table test-workload
I20260710 11:06:06.796101 17399 tablet_service.cc:2072] Received LeaderStepDown RPC: tablet_id: "202fec47b716478ca5e13f4c14246879"
dest_uuid: "5fe8e42597fd48e68a4ee9b3d345178b"
mode: GRACEFUL
new_leader_uuid: "c81440aea56e41288ddaa7384e603670"
 from {username='slave'} at 127.0.0.1:46056
I20260710 11:06:06.797132 17399 raft_consensus.cc:606] T 202fec47b716478ca5e13f4c14246879 P 5fe8e42597fd48e68a4ee9b3d345178b [term 2 LEADER]: Received request to transfer leadership to TS c81440aea56e41288ddaa7384e603670
I20260710 11:06:06.799461 17623 raft_consensus.cc:993] T 202fec47b716478ca5e13f4c14246879 P 5fe8e42597fd48e68a4ee9b3d345178b: : Instructing follower c81440aea56e41288ddaa7384e603670 to start an election
I20260710 11:06:06.800060 17658 raft_consensus.cc:1081] T 202fec47b716478ca5e13f4c14246879 P 5fe8e42597fd48e68a4ee9b3d345178b [term 2 LEADER]: Signalling peer c81440aea56e41288ddaa7384e603670 to start an election
I20260710 11:06:06.800541 17399 tablet_service.cc:2072] Received LeaderStepDown RPC: tablet_id: "2cf643f7bbd1466da23782140749599c"
dest_uuid: "5fe8e42597fd48e68a4ee9b3d345178b"
mode: GRACEFUL
new_leader_uuid: "c81440aea56e41288ddaa7384e603670"
 from {username='slave'} at 127.0.0.1:46056
I20260710 11:06:06.801184 17399 raft_consensus.cc:606] T 2cf643f7bbd1466da23782140749599c P 5fe8e42597fd48e68a4ee9b3d345178b [term 3 LEADER]: Received request to transfer leadership to TS c81440aea56e41288ddaa7384e603670
I20260710 11:06:06.802194 17326 tablet_service.cc:2044] Received Run Leader Election RPC: tablet_id: "202fec47b716478ca5e13f4c14246879"
dest_uuid: "c81440aea56e41288ddaa7384e603670"
 from {username='slave'} at 127.0.0.1:54492
I20260710 11:06:06.802806 17326 raft_consensus.cc:493] T 202fec47b716478ca5e13f4c14246879 P c81440aea56e41288ddaa7384e603670 [term 2 FOLLOWER]: Starting forced leader election (received explicit request)
I20260710 11:06:06.803150 17326 raft_consensus.cc:3060] T 202fec47b716478ca5e13f4c14246879 P c81440aea56e41288ddaa7384e603670 [term 2 FOLLOWER]: Advancing to term 3
I20260710 11:06:06.804286 17399 tablet_service.cc:2072] Received LeaderStepDown RPC: tablet_id: "8f947a6d3e8449dbb9d9da716c4fd551"
dest_uuid: "5fe8e42597fd48e68a4ee9b3d345178b"
mode: GRACEFUL
new_leader_uuid: "e17e8f78368340d494014538b52d9891"
 from {username='slave'} at 127.0.0.1:46056
I20260710 11:06:06.804930 17399 raft_consensus.cc:606] T 8f947a6d3e8449dbb9d9da716c4fd551 P 5fe8e42597fd48e68a4ee9b3d345178b [term 2 LEADER]: Received request to transfer leadership to TS e17e8f78368340d494014538b52d9891
I20260710 11:06:06.807610 17399 tablet_service.cc:2072] Received LeaderStepDown RPC: tablet_id: "bf7a9d323754438f8f374c61b4f1cf88"
dest_uuid: "5fe8e42597fd48e68a4ee9b3d345178b"
mode: GRACEFUL
new_leader_uuid: "e17e8f78368340d494014538b52d9891"
 from {username='slave'} at 127.0.0.1:46056
I20260710 11:06:06.808121 17399 raft_consensus.cc:606] T bf7a9d323754438f8f374c61b4f1cf88 P 5fe8e42597fd48e68a4ee9b3d345178b [term 3 LEADER]: Received request to transfer leadership to TS e17e8f78368340d494014538b52d9891
I20260710 11:06:06.809788 17326 raft_consensus.cc:515] T 202fec47b716478ca5e13f4c14246879 P c81440aea56e41288ddaa7384e603670 [term 3 FOLLOWER]: Starting forced leader election with config: opid_index: -1 OBSOLETE_local: false peers { permanent_uuid: "c81440aea56e41288ddaa7384e603670" member_type: VOTER last_known_addr { host: "127.16.201.193" port: 36371 } } peers { permanent_uuid: "5fe8e42597fd48e68a4ee9b3d345178b" member_type: VOTER last_known_addr { host: "127.16.201.194" port: 42031 } } peers { permanent_uuid: "e17e8f78368340d494014538b52d9891" member_type: VOTER last_known_addr { host: "127.16.201.195" port: 44543 } }
I20260710 11:06:06.810823 17399 tablet_service.cc:2072] Received LeaderStepDown RPC: tablet_id: "e37cc82d8ec641a2b6c457fc5d2bb54e"
dest_uuid: "5fe8e42597fd48e68a4ee9b3d345178b"
mode: GRACEFUL
new_leader_uuid: "c81440aea56e41288ddaa7384e603670"
 from {username='slave'} at 127.0.0.1:46056
I20260710 11:06:06.811301 17399 raft_consensus.cc:606] T e37cc82d8ec641a2b6c457fc5d2bb54e P 5fe8e42597fd48e68a4ee9b3d345178b [term 3 LEADER]: Received request to transfer leadership to TS c81440aea56e41288ddaa7384e603670
I20260710 11:06:06.812424 17191 auto_leader_rebalancer.cc:452] table: test-workload, leader rebalance finish, leader transfer count: 5
I20260710 11:06:06.811878 17326 leader_election.cc:290] T 202fec47b716478ca5e13f4c14246879 P c81440aea56e41288ddaa7384e603670 [CANDIDATE]: Term 3 election: Requested vote from peers 5fe8e42597fd48e68a4ee9b3d345178b (127.16.201.194:42031), e17e8f78368340d494014538b52d9891 (127.16.201.195:44543)
I20260710 11:06:06.813033 17191 auto_leader_rebalancer.cc:527] All tables' leader rebalancing finished this round
I20260710 11:06:06.813109 17474 tablet_service.cc:1917] Received RequestConsensusVote() RPC: tablet_id: "202fec47b716478ca5e13f4c14246879" candidate_uuid: "c81440aea56e41288ddaa7384e603670" candidate_term: 3 candidate_status { last_received { term: 2 index: 2 } } ignore_live_leader: true dest_uuid: "e17e8f78368340d494014538b52d9891"
I20260710 11:06:06.813913 17399 tablet_service.cc:1917] Received RequestConsensusVote() RPC: tablet_id: "202fec47b716478ca5e13f4c14246879" candidate_uuid: "c81440aea56e41288ddaa7384e603670" candidate_term: 3 candidate_status { last_received { term: 2 index: 2 } } ignore_live_leader: true dest_uuid: "5fe8e42597fd48e68a4ee9b3d345178b"
I20260710 11:06:06.813989 17474 raft_consensus.cc:3060] T 202fec47b716478ca5e13f4c14246879 P e17e8f78368340d494014538b52d9891 [term 2 FOLLOWER]: Advancing to term 3
I20260710 11:06:06.814364 17399 raft_consensus.cc:3055] T 202fec47b716478ca5e13f4c14246879 P 5fe8e42597fd48e68a4ee9b3d345178b [term 2 LEADER]: Stepping down as leader of term 2
I20260710 11:06:06.814625 17399 raft_consensus.cc:740] T 202fec47b716478ca5e13f4c14246879 P 5fe8e42597fd48e68a4ee9b3d345178b [term 2 LEADER]: Becoming Follower/Learner. State: Replica: 5fe8e42597fd48e68a4ee9b3d345178b, State: Running, Role: LEADER
I20260710 11:06:06.815306 17399 consensus_queue.cc:260] T 202fec47b716478ca5e13f4c14246879 P 5fe8e42597fd48e68a4ee9b3d345178b [NON_LEADER]: Queue going to NON_LEADER mode. State: All replicated index: 0, Majority replicated index: 2, Committed index: 2, Last appended: 2.2, Last appended by leader: 2, Current term: 2, Majority size: -1, State: 0, Mode: NON_LEADER, active raft config: opid_index: -1 OBSOLETE_local: false peers { permanent_uuid: "c81440aea56e41288ddaa7384e603670" member_type: VOTER last_known_addr { host: "127.16.201.193" port: 36371 } } peers { permanent_uuid: "5fe8e42597fd48e68a4ee9b3d345178b" member_type: VOTER last_known_addr { host: "127.16.201.194" port: 42031 } } peers { permanent_uuid: "e17e8f78368340d494014538b52d9891" member_type: VOTER last_known_addr { host: "127.16.201.195" port: 44543 } }
I20260710 11:06:06.816380 17399 raft_consensus.cc:3060] T 202fec47b716478ca5e13f4c14246879 P 5fe8e42597fd48e68a4ee9b3d345178b [term 2 FOLLOWER]: Advancing to term 3
I20260710 11:06:06.820586 17474 raft_consensus.cc:2468] T 202fec47b716478ca5e13f4c14246879 P e17e8f78368340d494014538b52d9891 [term 3 FOLLOWER]: Leader election vote request: Granting yes vote for candidate c81440aea56e41288ddaa7384e603670 in term 3.
I20260710 11:06:06.821985 17290 leader_election.cc:304] T 202fec47b716478ca5e13f4c14246879 P c81440aea56e41288ddaa7384e603670 [CANDIDATE]: Term 3 election: Election decided. Result: candidate won. Election summary: received 2 responses out of 3 voters: 2 yes votes; 0 no votes. yes voters: c81440aea56e41288ddaa7384e603670, e17e8f78368340d494014538b52d9891; no voters: 
I20260710 11:06:06.823117 17399 raft_consensus.cc:2468] T 202fec47b716478ca5e13f4c14246879 P 5fe8e42597fd48e68a4ee9b3d345178b [term 3 FOLLOWER]: Leader election vote request: Granting yes vote for candidate c81440aea56e41288ddaa7384e603670 in term 3.
I20260710 11:06:06.823563 17659 raft_consensus.cc:2804] T 202fec47b716478ca5e13f4c14246879 P c81440aea56e41288ddaa7384e603670 [term 3 FOLLOWER]: Leader election won for term 3
I20260710 11:06:06.824536 17659 raft_consensus.cc:697] T 202fec47b716478ca5e13f4c14246879 P c81440aea56e41288ddaa7384e603670 [term 3 LEADER]: Becoming Leader. State: Replica: c81440aea56e41288ddaa7384e603670, State: Running, Role: LEADER
I20260710 11:06:06.825423 17659 consensus_queue.cc:237] T 202fec47b716478ca5e13f4c14246879 P c81440aea56e41288ddaa7384e603670 [LEADER]: Queue going to LEADER mode. State: All replicated index: 0, Majority replicated index: 2, Committed index: 2, Last appended: 2.2, Last appended by leader: 2, Current term: 3, Majority size: 2, State: 0, Mode: LEADER, active raft config: opid_index: -1 OBSOLETE_local: false peers { permanent_uuid: "c81440aea56e41288ddaa7384e603670" member_type: VOTER last_known_addr { host: "127.16.201.193" port: 36371 } } peers { permanent_uuid: "5fe8e42597fd48e68a4ee9b3d345178b" member_type: VOTER last_known_addr { host: "127.16.201.194" port: 42031 } } peers { permanent_uuid: "e17e8f78368340d494014538b52d9891" member_type: VOTER last_known_addr { host: "127.16.201.195" port: 44543 } }
I20260710 11:06:06.832098 17221 catalog_manager.cc:5697] T 202fec47b716478ca5e13f4c14246879 P c81440aea56e41288ddaa7384e603670 reported cstate change: term changed from 2 to 3, leader changed from 5fe8e42597fd48e68a4ee9b3d345178b (127.16.201.194) to c81440aea56e41288ddaa7384e603670 (127.16.201.193). New cstate: current_term: 3 leader_uuid: "c81440aea56e41288ddaa7384e603670" committed_config { opid_index: -1 OBSOLETE_local: false peers { permanent_uuid: "c81440aea56e41288ddaa7384e603670" member_type: VOTER last_known_addr { host: "127.16.201.193" port: 36371 } health_report { overall_health: HEALTHY } } peers { permanent_uuid: "5fe8e42597fd48e68a4ee9b3d345178b" member_type: VOTER last_known_addr { host: "127.16.201.194" port: 42031 } health_report { overall_health: UNKNOWN } } peers { permanent_uuid: "e17e8f78368340d494014538b52d9891" member_type: VOTER last_known_addr { host: "127.16.201.195" port: 44543 } health_report { overall_health: UNKNOWN } } }
I20260710 11:06:06.834936 17623 raft_consensus.cc:993] T bf7a9d323754438f8f374c61b4f1cf88 P 5fe8e42597fd48e68a4ee9b3d345178b: : Instructing follower e17e8f78368340d494014538b52d9891 to start an election
I20260710 11:06:06.835525 17623 raft_consensus.cc:1081] T bf7a9d323754438f8f374c61b4f1cf88 P 5fe8e42597fd48e68a4ee9b3d345178b [term 3 LEADER]: Signalling peer e17e8f78368340d494014538b52d9891 to start an election
I20260710 11:06:06.837244 17474 tablet_service.cc:2044] Received Run Leader Election RPC: tablet_id: "bf7a9d323754438f8f374c61b4f1cf88"
dest_uuid: "e17e8f78368340d494014538b52d9891"
 from {username='slave'} at 127.0.0.1:52542
I20260710 11:06:06.837929 17474 raft_consensus.cc:493] T bf7a9d323754438f8f374c61b4f1cf88 P e17e8f78368340d494014538b52d9891 [term 3 FOLLOWER]: Starting forced leader election (received explicit request)
I20260710 11:06:06.838245 17474 raft_consensus.cc:3060] T bf7a9d323754438f8f374c61b4f1cf88 P e17e8f78368340d494014538b52d9891 [term 3 FOLLOWER]: Advancing to term 4
I20260710 11:06:06.844128 17474 raft_consensus.cc:515] T bf7a9d323754438f8f374c61b4f1cf88 P e17e8f78368340d494014538b52d9891 [term 4 FOLLOWER]: Starting forced leader election with config: opid_index: -1 OBSOLETE_local: false peers { permanent_uuid: "c81440aea56e41288ddaa7384e603670" member_type: VOTER last_known_addr { host: "127.16.201.193" port: 36371 } } peers { permanent_uuid: "5fe8e42597fd48e68a4ee9b3d345178b" member_type: VOTER last_known_addr { host: "127.16.201.194" port: 42031 } } peers { permanent_uuid: "e17e8f78368340d494014538b52d9891" member_type: VOTER last_known_addr { host: "127.16.201.195" port: 44543 } }
I20260710 11:06:06.846827 17326 tablet_service.cc:1917] Received RequestConsensusVote() RPC: tablet_id: "bf7a9d323754438f8f374c61b4f1cf88" candidate_uuid: "e17e8f78368340d494014538b52d9891" candidate_term: 4 candidate_status { last_received { term: 3 index: 3 } } ignore_live_leader: true dest_uuid: "c81440aea56e41288ddaa7384e603670"
I20260710 11:06:06.847033 17474 leader_election.cc:290] T bf7a9d323754438f8f374c61b4f1cf88 P e17e8f78368340d494014538b52d9891 [CANDIDATE]: Term 4 election: Requested vote from peers c81440aea56e41288ddaa7384e603670 (127.16.201.193:36371), 5fe8e42597fd48e68a4ee9b3d345178b (127.16.201.194:42031)
I20260710 11:06:06.847462 17326 raft_consensus.cc:3060] T bf7a9d323754438f8f374c61b4f1cf88 P c81440aea56e41288ddaa7384e603670 [term 3 FOLLOWER]: Advancing to term 4
I20260710 11:06:06.847667 17399 tablet_service.cc:1917] Received RequestConsensusVote() RPC: tablet_id: "bf7a9d323754438f8f374c61b4f1cf88" candidate_uuid: "e17e8f78368340d494014538b52d9891" candidate_term: 4 candidate_status { last_received { term: 3 index: 3 } } ignore_live_leader: true dest_uuid: "5fe8e42597fd48e68a4ee9b3d345178b"
I20260710 11:06:06.848160 17399 raft_consensus.cc:3055] T bf7a9d323754438f8f374c61b4f1cf88 P 5fe8e42597fd48e68a4ee9b3d345178b [term 3 LEADER]: Stepping down as leader of term 3
I20260710 11:06:06.848461 17399 raft_consensus.cc:740] T bf7a9d323754438f8f374c61b4f1cf88 P 5fe8e42597fd48e68a4ee9b3d345178b [term 3 LEADER]: Becoming Follower/Learner. State: Replica: 5fe8e42597fd48e68a4ee9b3d345178b, State: Running, Role: LEADER
I20260710 11:06:06.849205 17399 consensus_queue.cc:260] T bf7a9d323754438f8f374c61b4f1cf88 P 5fe8e42597fd48e68a4ee9b3d345178b [NON_LEADER]: Queue going to NON_LEADER mode. State: All replicated index: 0, Majority replicated index: 3, Committed index: 3, Last appended: 3.3, Last appended by leader: 3, Current term: 3, Majority size: -1, State: 0, Mode: NON_LEADER, active raft config: opid_index: -1 OBSOLETE_local: false peers { permanent_uuid: "c81440aea56e41288ddaa7384e603670" member_type: VOTER last_known_addr { host: "127.16.201.193" port: 36371 } } peers { permanent_uuid: "5fe8e42597fd48e68a4ee9b3d345178b" member_type: VOTER last_known_addr { host: "127.16.201.194" port: 42031 } } peers { permanent_uuid: "e17e8f78368340d494014538b52d9891" member_type: VOTER last_known_addr { host: "127.16.201.195" port: 44543 } }
I20260710 11:06:06.850335 17399 raft_consensus.cc:3060] T bf7a9d323754438f8f374c61b4f1cf88 P 5fe8e42597fd48e68a4ee9b3d345178b [term 3 FOLLOWER]: Advancing to term 4
I20260710 11:06:06.853946 17326 raft_consensus.cc:2468] T bf7a9d323754438f8f374c61b4f1cf88 P c81440aea56e41288ddaa7384e603670 [term 4 FOLLOWER]: Leader election vote request: Granting yes vote for candidate e17e8f78368340d494014538b52d9891 in term 4.
I20260710 11:06:06.855208 17439 leader_election.cc:304] T bf7a9d323754438f8f374c61b4f1cf88 P e17e8f78368340d494014538b52d9891 [CANDIDATE]: Term 4 election: Election decided. Result: candidate won. Election summary: received 2 responses out of 3 voters: 2 yes votes; 0 no votes. yes voters: c81440aea56e41288ddaa7384e603670, e17e8f78368340d494014538b52d9891; no voters: 
I20260710 11:06:06.856025 17556 raft_consensus.cc:2804] T bf7a9d323754438f8f374c61b4f1cf88 P e17e8f78368340d494014538b52d9891 [term 4 FOLLOWER]: Leader election won for term 4
I20260710 11:06:06.856230 17399 raft_consensus.cc:2468] T bf7a9d323754438f8f374c61b4f1cf88 P 5fe8e42597fd48e68a4ee9b3d345178b [term 4 FOLLOWER]: Leader election vote request: Granting yes vote for candidate e17e8f78368340d494014538b52d9891 in term 4.
I20260710 11:06:06.857848 17556 raft_consensus.cc:697] T bf7a9d323754438f8f374c61b4f1cf88 P e17e8f78368340d494014538b52d9891 [term 4 LEADER]: Becoming Leader. State: Replica: e17e8f78368340d494014538b52d9891, State: Running, Role: LEADER
I20260710 11:06:06.858706 17556 consensus_queue.cc:237] T bf7a9d323754438f8f374c61b4f1cf88 P e17e8f78368340d494014538b52d9891 [LEADER]: Queue going to LEADER mode. State: All replicated index: 0, Majority replicated index: 3, Committed index: 3, Last appended: 3.3, Last appended by leader: 3, Current term: 4, Majority size: 2, State: 0, Mode: LEADER, active raft config: opid_index: -1 OBSOLETE_local: false peers { permanent_uuid: "c81440aea56e41288ddaa7384e603670" member_type: VOTER last_known_addr { host: "127.16.201.193" port: 36371 } } peers { permanent_uuid: "5fe8e42597fd48e68a4ee9b3d345178b" member_type: VOTER last_known_addr { host: "127.16.201.194" port: 42031 } } peers { permanent_uuid: "e17e8f78368340d494014538b52d9891" member_type: VOTER last_known_addr { host: "127.16.201.195" port: 44543 } }
I20260710 11:06:06.866005 17221 catalog_manager.cc:5697] T bf7a9d323754438f8f374c61b4f1cf88 P e17e8f78368340d494014538b52d9891 reported cstate change: term changed from 3 to 4, leader changed from 5fe8e42597fd48e68a4ee9b3d345178b (127.16.201.194) to e17e8f78368340d494014538b52d9891 (127.16.201.195). New cstate: current_term: 4 leader_uuid: "e17e8f78368340d494014538b52d9891" committed_config { opid_index: -1 OBSOLETE_local: false peers { permanent_uuid: "c81440aea56e41288ddaa7384e603670" member_type: VOTER last_known_addr { host: "127.16.201.193" port: 36371 } health_report { overall_health: UNKNOWN } } peers { permanent_uuid: "5fe8e42597fd48e68a4ee9b3d345178b" member_type: VOTER last_known_addr { host: "127.16.201.194" port: 42031 } health_report { overall_health: UNKNOWN } } peers { permanent_uuid: "e17e8f78368340d494014538b52d9891" member_type: VOTER last_known_addr { host: "127.16.201.195" port: 44543 } health_report { overall_health: HEALTHY } } }
I20260710 11:06:06.885505 17658 raft_consensus.cc:993] T 2cf643f7bbd1466da23782140749599c P 5fe8e42597fd48e68a4ee9b3d345178b: : Instructing follower c81440aea56e41288ddaa7384e603670 to start an election
I20260710 11:06:06.886034 17623 raft_consensus.cc:1081] T 2cf643f7bbd1466da23782140749599c P 5fe8e42597fd48e68a4ee9b3d345178b [term 3 LEADER]: Signalling peer c81440aea56e41288ddaa7384e603670 to start an election
I20260710 11:06:06.887344 17326 tablet_service.cc:2044] Received Run Leader Election RPC: tablet_id: "2cf643f7bbd1466da23782140749599c"
dest_uuid: "c81440aea56e41288ddaa7384e603670"
 from {username='slave'} at 127.0.0.1:54492
I20260710 11:06:06.887735 17326 raft_consensus.cc:493] T 2cf643f7bbd1466da23782140749599c P c81440aea56e41288ddaa7384e603670 [term 3 FOLLOWER]: Starting forced leader election (received explicit request)
I20260710 11:06:06.887952 17326 raft_consensus.cc:3060] T 2cf643f7bbd1466da23782140749599c P c81440aea56e41288ddaa7384e603670 [term 3 FOLLOWER]: Advancing to term 4
I20260710 11:06:06.891881 17326 raft_consensus.cc:515] T 2cf643f7bbd1466da23782140749599c P c81440aea56e41288ddaa7384e603670 [term 4 FOLLOWER]: Starting forced leader election with config: opid_index: -1 OBSOLETE_local: false peers { permanent_uuid: "c81440aea56e41288ddaa7384e603670" member_type: VOTER last_known_addr { host: "127.16.201.193" port: 36371 } } peers { permanent_uuid: "5fe8e42597fd48e68a4ee9b3d345178b" member_type: VOTER last_known_addr { host: "127.16.201.194" port: 42031 } } peers { permanent_uuid: "e17e8f78368340d494014538b52d9891" member_type: VOTER last_known_addr { host: "127.16.201.195" port: 44543 } }
I20260710 11:06:06.893610 17326 leader_election.cc:290] T 2cf643f7bbd1466da23782140749599c P c81440aea56e41288ddaa7384e603670 [CANDIDATE]: Term 4 election: Requested vote from peers 5fe8e42597fd48e68a4ee9b3d345178b (127.16.201.194:42031), e17e8f78368340d494014538b52d9891 (127.16.201.195:44543)
I20260710 11:06:06.894361 17399 tablet_service.cc:1917] Received RequestConsensusVote() RPC: tablet_id: "2cf643f7bbd1466da23782140749599c" candidate_uuid: "c81440aea56e41288ddaa7384e603670" candidate_term: 4 candidate_status { last_received { term: 3 index: 3 } } ignore_live_leader: true dest_uuid: "5fe8e42597fd48e68a4ee9b3d345178b"
I20260710 11:06:06.894660 17474 tablet_service.cc:1917] Received RequestConsensusVote() RPC: tablet_id: "2cf643f7bbd1466da23782140749599c" candidate_uuid: "c81440aea56e41288ddaa7384e603670" candidate_term: 4 candidate_status { last_received { term: 3 index: 3 } } ignore_live_leader: true dest_uuid: "e17e8f78368340d494014538b52d9891"
I20260710 11:06:06.895040 17399 raft_consensus.cc:3055] T 2cf643f7bbd1466da23782140749599c P 5fe8e42597fd48e68a4ee9b3d345178b [term 3 LEADER]: Stepping down as leader of term 3
I20260710 11:06:06.895241 17474 raft_consensus.cc:3060] T 2cf643f7bbd1466da23782140749599c P e17e8f78368340d494014538b52d9891 [term 3 FOLLOWER]: Advancing to term 4
I20260710 11:06:06.895365 17399 raft_consensus.cc:740] T 2cf643f7bbd1466da23782140749599c P 5fe8e42597fd48e68a4ee9b3d345178b [term 3 LEADER]: Becoming Follower/Learner. State: Replica: 5fe8e42597fd48e68a4ee9b3d345178b, State: Running, Role: LEADER
I20260710 11:06:06.896242 17399 consensus_queue.cc:260] T 2cf643f7bbd1466da23782140749599c P 5fe8e42597fd48e68a4ee9b3d345178b [NON_LEADER]: Queue going to NON_LEADER mode. State: All replicated index: 0, Majority replicated index: 3, Committed index: 3, Last appended: 3.3, Last appended by leader: 3, Current term: 3, Majority size: -1, State: 0, Mode: NON_LEADER, active raft config: opid_index: -1 OBSOLETE_local: false peers { permanent_uuid: "c81440aea56e41288ddaa7384e603670" member_type: VOTER last_known_addr { host: "127.16.201.193" port: 36371 } } peers { permanent_uuid: "5fe8e42597fd48e68a4ee9b3d345178b" member_type: VOTER last_known_addr { host: "127.16.201.194" port: 42031 } } peers { permanent_uuid: "e17e8f78368340d494014538b52d9891" member_type: VOTER last_known_addr { host: "127.16.201.195" port: 44543 } }
I20260710 11:06:06.897403 17399 raft_consensus.cc:3060] T 2cf643f7bbd1466da23782140749599c P 5fe8e42597fd48e68a4ee9b3d345178b [term 3 FOLLOWER]: Advancing to term 4
I20260710 11:06:06.898095 17658 raft_consensus.cc:993] T e37cc82d8ec641a2b6c457fc5d2bb54e P 5fe8e42597fd48e68a4ee9b3d345178b: : Instructing follower c81440aea56e41288ddaa7384e603670 to start an election
I20260710 11:06:06.898567 17623 raft_consensus.cc:1081] T e37cc82d8ec641a2b6c457fc5d2bb54e P 5fe8e42597fd48e68a4ee9b3d345178b [term 3 LEADER]: Signalling peer c81440aea56e41288ddaa7384e603670 to start an election
I20260710 11:06:06.900113 17326 tablet_service.cc:2044] Received Run Leader Election RPC: tablet_id: "e37cc82d8ec641a2b6c457fc5d2bb54e"
dest_uuid: "c81440aea56e41288ddaa7384e603670"
 from {username='slave'} at 127.0.0.1:54492
I20260710 11:06:06.900650 17326 raft_consensus.cc:493] T e37cc82d8ec641a2b6c457fc5d2bb54e P c81440aea56e41288ddaa7384e603670 [term 3 FOLLOWER]: Starting forced leader election (received explicit request)
I20260710 11:06:06.900983 17326 raft_consensus.cc:3060] T e37cc82d8ec641a2b6c457fc5d2bb54e P c81440aea56e41288ddaa7384e603670 [term 3 FOLLOWER]: Advancing to term 4
I20260710 11:06:06.901219 17474 raft_consensus.cc:2468] T 2cf643f7bbd1466da23782140749599c P e17e8f78368340d494014538b52d9891 [term 4 FOLLOWER]: Leader election vote request: Granting yes vote for candidate c81440aea56e41288ddaa7384e603670 in term 4.
I20260710 11:06:06.902168 17290 leader_election.cc:304] T 2cf643f7bbd1466da23782140749599c P c81440aea56e41288ddaa7384e603670 [CANDIDATE]: Term 4 election: Election decided. Result: candidate won. Election summary: received 2 responses out of 3 voters: 2 yes votes; 0 no votes. yes voters: c81440aea56e41288ddaa7384e603670, e17e8f78368340d494014538b52d9891; no voters: 
I20260710 11:06:06.902848 17659 raft_consensus.cc:2804] T 2cf643f7bbd1466da23782140749599c P c81440aea56e41288ddaa7384e603670 [term 4 FOLLOWER]: Leader election won for term 4
I20260710 11:06:06.903298 17659 raft_consensus.cc:697] T 2cf643f7bbd1466da23782140749599c P c81440aea56e41288ddaa7384e603670 [term 4 LEADER]: Becoming Leader. State: Replica: c81440aea56e41288ddaa7384e603670, State: Running, Role: LEADER
I20260710 11:06:06.903380 17399 raft_consensus.cc:2468] T 2cf643f7bbd1466da23782140749599c P 5fe8e42597fd48e68a4ee9b3d345178b [term 4 FOLLOWER]: Leader election vote request: Granting yes vote for candidate c81440aea56e41288ddaa7384e603670 in term 4.
I20260710 11:06:06.904524 17659 consensus_queue.cc:237] T 2cf643f7bbd1466da23782140749599c P c81440aea56e41288ddaa7384e603670 [LEADER]: Queue going to LEADER mode. State: All replicated index: 0, Majority replicated index: 3, Committed index: 3, Last appended: 3.3, Last appended by leader: 3, Current term: 4, Majority size: 2, State: 0, Mode: LEADER, active raft config: opid_index: -1 OBSOLETE_local: false peers { permanent_uuid: "c81440aea56e41288ddaa7384e603670" member_type: VOTER last_known_addr { host: "127.16.201.193" port: 36371 } } peers { permanent_uuid: "5fe8e42597fd48e68a4ee9b3d345178b" member_type: VOTER last_known_addr { host: "127.16.201.194" port: 42031 } } peers { permanent_uuid: "e17e8f78368340d494014538b52d9891" member_type: VOTER last_known_addr { host: "127.16.201.195" port: 44543 } }
I20260710 11:06:06.906553 17326 raft_consensus.cc:515] T e37cc82d8ec641a2b6c457fc5d2bb54e P c81440aea56e41288ddaa7384e603670 [term 4 FOLLOWER]: Starting forced leader election with config: opid_index: -1 OBSOLETE_local: false peers { permanent_uuid: "c81440aea56e41288ddaa7384e603670" member_type: VOTER last_known_addr { host: "127.16.201.193" port: 36371 } } peers { permanent_uuid: "5fe8e42597fd48e68a4ee9b3d345178b" member_type: VOTER last_known_addr { host: "127.16.201.194" port: 42031 } } peers { permanent_uuid: "e17e8f78368340d494014538b52d9891" member_type: VOTER last_known_addr { host: "127.16.201.195" port: 44543 } }
I20260710 11:06:06.908077 17326 leader_election.cc:290] T e37cc82d8ec641a2b6c457fc5d2bb54e P c81440aea56e41288ddaa7384e603670 [CANDIDATE]: Term 4 election: Requested vote from peers 5fe8e42597fd48e68a4ee9b3d345178b (127.16.201.194:42031), e17e8f78368340d494014538b52d9891 (127.16.201.195:44543)
I20260710 11:06:06.908725 17399 tablet_service.cc:1917] Received RequestConsensusVote() RPC: tablet_id: "e37cc82d8ec641a2b6c457fc5d2bb54e" candidate_uuid: "c81440aea56e41288ddaa7384e603670" candidate_term: 4 candidate_status { last_received { term: 3 index: 3 } } ignore_live_leader: true dest_uuid: "5fe8e42597fd48e68a4ee9b3d345178b"
I20260710 11:06:06.909293 17399 raft_consensus.cc:3055] T e37cc82d8ec641a2b6c457fc5d2bb54e P 5fe8e42597fd48e68a4ee9b3d345178b [term 3 LEADER]: Stepping down as leader of term 3
I20260710 11:06:06.909431 17474 tablet_service.cc:1917] Received RequestConsensusVote() RPC: tablet_id: "e37cc82d8ec641a2b6c457fc5d2bb54e" candidate_uuid: "c81440aea56e41288ddaa7384e603670" candidate_term: 4 candidate_status { last_received { term: 3 index: 3 } } ignore_live_leader: true dest_uuid: "e17e8f78368340d494014538b52d9891"
I20260710 11:06:06.909691 17399 raft_consensus.cc:740] T e37cc82d8ec641a2b6c457fc5d2bb54e P 5fe8e42597fd48e68a4ee9b3d345178b [term 3 LEADER]: Becoming Follower/Learner. State: Replica: 5fe8e42597fd48e68a4ee9b3d345178b, State: Running, Role: LEADER
I20260710 11:06:06.910104 17474 raft_consensus.cc:3060] T e37cc82d8ec641a2b6c457fc5d2bb54e P e17e8f78368340d494014538b52d9891 [term 3 FOLLOWER]: Advancing to term 4
I20260710 11:06:06.910789 17399 consensus_queue.cc:260] T e37cc82d8ec641a2b6c457fc5d2bb54e P 5fe8e42597fd48e68a4ee9b3d345178b [NON_LEADER]: Queue going to NON_LEADER mode. State: All replicated index: 0, Majority replicated index: 3, Committed index: 3, Last appended: 3.3, Last appended by leader: 3, Current term: 3, Majority size: -1, State: 0, Mode: NON_LEADER, active raft config: opid_index: -1 OBSOLETE_local: false peers { permanent_uuid: "c81440aea56e41288ddaa7384e603670" member_type: VOTER last_known_addr { host: "127.16.201.193" port: 36371 } } peers { permanent_uuid: "5fe8e42597fd48e68a4ee9b3d345178b" member_type: VOTER last_known_addr { host: "127.16.201.194" port: 42031 } } peers { permanent_uuid: "e17e8f78368340d494014538b52d9891" member_type: VOTER last_known_addr { host: "127.16.201.195" port: 44543 } }
I20260710 11:06:06.911968 17399 raft_consensus.cc:3060] T e37cc82d8ec641a2b6c457fc5d2bb54e P 5fe8e42597fd48e68a4ee9b3d345178b [term 3 FOLLOWER]: Advancing to term 4
I20260710 11:06:06.912626 17221 catalog_manager.cc:5697] T 2cf643f7bbd1466da23782140749599c P c81440aea56e41288ddaa7384e603670 reported cstate change: term changed from 3 to 4, leader changed from 5fe8e42597fd48e68a4ee9b3d345178b (127.16.201.194) to c81440aea56e41288ddaa7384e603670 (127.16.201.193). New cstate: current_term: 4 leader_uuid: "c81440aea56e41288ddaa7384e603670" committed_config { opid_index: -1 OBSOLETE_local: false peers { permanent_uuid: "c81440aea56e41288ddaa7384e603670" member_type: VOTER last_known_addr { host: "127.16.201.193" port: 36371 } health_report { overall_health: HEALTHY } } peers { permanent_uuid: "5fe8e42597fd48e68a4ee9b3d345178b" member_type: VOTER last_known_addr { host: "127.16.201.194" port: 42031 } health_report { overall_health: UNKNOWN } } peers { permanent_uuid: "e17e8f78368340d494014538b52d9891" member_type: VOTER last_known_addr { host: "127.16.201.195" port: 44543 } health_report { overall_health: UNKNOWN } } }
I20260710 11:06:06.914897 17474 raft_consensus.cc:2468] T e37cc82d8ec641a2b6c457fc5d2bb54e P e17e8f78368340d494014538b52d9891 [term 4 FOLLOWER]: Leader election vote request: Granting yes vote for candidate c81440aea56e41288ddaa7384e603670 in term 4.
I20260710 11:06:06.915937 17290 leader_election.cc:304] T e37cc82d8ec641a2b6c457fc5d2bb54e P c81440aea56e41288ddaa7384e603670 [CANDIDATE]: Term 4 election: Election decided. Result: candidate won. Election summary: received 2 responses out of 3 voters: 2 yes votes; 0 no votes. yes voters: c81440aea56e41288ddaa7384e603670, e17e8f78368340d494014538b52d9891; no voters: 
I20260710 11:06:06.916699 17659 raft_consensus.cc:2804] T e37cc82d8ec641a2b6c457fc5d2bb54e P c81440aea56e41288ddaa7384e603670 [term 4 FOLLOWER]: Leader election won for term 4
I20260710 11:06:06.917186 17659 raft_consensus.cc:697] T e37cc82d8ec641a2b6c457fc5d2bb54e P c81440aea56e41288ddaa7384e603670 [term 4 LEADER]: Becoming Leader. State: Replica: c81440aea56e41288ddaa7384e603670, State: Running, Role: LEADER
I20260710 11:06:06.918071 17659 consensus_queue.cc:237] T e37cc82d8ec641a2b6c457fc5d2bb54e P c81440aea56e41288ddaa7384e603670 [LEADER]: Queue going to LEADER mode. State: All replicated index: 0, Majority replicated index: 3, Committed index: 3, Last appended: 3.3, Last appended by leader: 3, Current term: 4, Majority size: 2, State: 0, Mode: LEADER, active raft config: opid_index: -1 OBSOLETE_local: false peers { permanent_uuid: "c81440aea56e41288ddaa7384e603670" member_type: VOTER last_known_addr { host: "127.16.201.193" port: 36371 } } peers { permanent_uuid: "5fe8e42597fd48e68a4ee9b3d345178b" member_type: VOTER last_known_addr { host: "127.16.201.194" port: 42031 } } peers { permanent_uuid: "e17e8f78368340d494014538b52d9891" member_type: VOTER last_known_addr { host: "127.16.201.195" port: 44543 } }
I20260710 11:06:06.919788 17399 raft_consensus.cc:2468] T e37cc82d8ec641a2b6c457fc5d2bb54e P 5fe8e42597fd48e68a4ee9b3d345178b [term 4 FOLLOWER]: Leader election vote request: Granting yes vote for candidate c81440aea56e41288ddaa7384e603670 in term 4.
I20260710 11:06:06.926579 17221 catalog_manager.cc:5697] T e37cc82d8ec641a2b6c457fc5d2bb54e P c81440aea56e41288ddaa7384e603670 reported cstate change: term changed from 3 to 4, leader changed from 5fe8e42597fd48e68a4ee9b3d345178b (127.16.201.194) to c81440aea56e41288ddaa7384e603670 (127.16.201.193). New cstate: current_term: 4 leader_uuid: "c81440aea56e41288ddaa7384e603670" committed_config { opid_index: -1 OBSOLETE_local: false peers { permanent_uuid: "c81440aea56e41288ddaa7384e603670" member_type: VOTER last_known_addr { host: "127.16.201.193" port: 36371 } health_report { overall_health: HEALTHY } } peers { permanent_uuid: "5fe8e42597fd48e68a4ee9b3d345178b" member_type: VOTER last_known_addr { host: "127.16.201.194" port: 42031 } health_report { overall_health: UNKNOWN } } peers { permanent_uuid: "e17e8f78368340d494014538b52d9891" member_type: VOTER last_known_addr { host: "127.16.201.195" port: 44543 } health_report { overall_health: UNKNOWN } } }
I20260710 11:06:07.088196 17658 raft_consensus.cc:993] T 8f947a6d3e8449dbb9d9da716c4fd551 P 5fe8e42597fd48e68a4ee9b3d345178b: : Instructing follower e17e8f78368340d494014538b52d9891 to start an election
I20260710 11:06:07.088654 17658 raft_consensus.cc:1081] T 8f947a6d3e8449dbb9d9da716c4fd551 P 5fe8e42597fd48e68a4ee9b3d345178b [term 2 LEADER]: Signalling peer e17e8f78368340d494014538b52d9891 to start an election
I20260710 11:06:07.090269 17474 tablet_service.cc:2044] Received Run Leader Election RPC: tablet_id: "8f947a6d3e8449dbb9d9da716c4fd551"
dest_uuid: "e17e8f78368340d494014538b52d9891"
 from {username='slave'} at 127.0.0.1:52542
I20260710 11:06:07.090806 17474 raft_consensus.cc:493] T 8f947a6d3e8449dbb9d9da716c4fd551 P e17e8f78368340d494014538b52d9891 [term 2 FOLLOWER]: Starting forced leader election (received explicit request)
I20260710 11:06:07.091101 17474 raft_consensus.cc:3060] T 8f947a6d3e8449dbb9d9da716c4fd551 P e17e8f78368340d494014538b52d9891 [term 2 FOLLOWER]: Advancing to term 3
I20260710 11:06:07.095325 17474 raft_consensus.cc:515] T 8f947a6d3e8449dbb9d9da716c4fd551 P e17e8f78368340d494014538b52d9891 [term 3 FOLLOWER]: Starting forced leader election with config: opid_index: -1 OBSOLETE_local: false peers { permanent_uuid: "c81440aea56e41288ddaa7384e603670" member_type: VOTER last_known_addr { host: "127.16.201.193" port: 36371 } } peers { permanent_uuid: "5fe8e42597fd48e68a4ee9b3d345178b" member_type: VOTER last_known_addr { host: "127.16.201.194" port: 42031 } } peers { permanent_uuid: "e17e8f78368340d494014538b52d9891" member_type: VOTER last_known_addr { host: "127.16.201.195" port: 44543 } }
I20260710 11:06:07.096865 17474 leader_election.cc:290] T 8f947a6d3e8449dbb9d9da716c4fd551 P e17e8f78368340d494014538b52d9891 [CANDIDATE]: Term 3 election: Requested vote from peers c81440aea56e41288ddaa7384e603670 (127.16.201.193:36371), 5fe8e42597fd48e68a4ee9b3d345178b (127.16.201.194:42031)
I20260710 11:06:07.097787 17326 tablet_service.cc:1917] Received RequestConsensusVote() RPC: tablet_id: "8f947a6d3e8449dbb9d9da716c4fd551" candidate_uuid: "e17e8f78368340d494014538b52d9891" candidate_term: 3 candidate_status { last_received { term: 2 index: 2 } } ignore_live_leader: true dest_uuid: "c81440aea56e41288ddaa7384e603670"
I20260710 11:06:07.098143 17399 tablet_service.cc:1917] Received RequestConsensusVote() RPC: tablet_id: "8f947a6d3e8449dbb9d9da716c4fd551" candidate_uuid: "e17e8f78368340d494014538b52d9891" candidate_term: 3 candidate_status { last_received { term: 2 index: 2 } } ignore_live_leader: true dest_uuid: "5fe8e42597fd48e68a4ee9b3d345178b"
I20260710 11:06:07.098390 17326 raft_consensus.cc:3060] T 8f947a6d3e8449dbb9d9da716c4fd551 P c81440aea56e41288ddaa7384e603670 [term 2 FOLLOWER]: Advancing to term 3
I20260710 11:06:07.098682 17399 raft_consensus.cc:3055] T 8f947a6d3e8449dbb9d9da716c4fd551 P 5fe8e42597fd48e68a4ee9b3d345178b [term 2 LEADER]: Stepping down as leader of term 2
I20260710 11:06:07.098963 17399 raft_consensus.cc:740] T 8f947a6d3e8449dbb9d9da716c4fd551 P 5fe8e42597fd48e68a4ee9b3d345178b [term 2 LEADER]: Becoming Follower/Learner. State: Replica: 5fe8e42597fd48e68a4ee9b3d345178b, State: Running, Role: LEADER
I20260710 11:06:07.099665 17399 consensus_queue.cc:260] T 8f947a6d3e8449dbb9d9da716c4fd551 P 5fe8e42597fd48e68a4ee9b3d345178b [NON_LEADER]: Queue going to NON_LEADER mode. State: All replicated index: 0, Majority replicated index: 2, Committed index: 2, Last appended: 2.2, Last appended by leader: 2, Current term: 2, Majority size: -1, State: 0, Mode: NON_LEADER, active raft config: opid_index: -1 OBSOLETE_local: false peers { permanent_uuid: "c81440aea56e41288ddaa7384e603670" member_type: VOTER last_known_addr { host: "127.16.201.193" port: 36371 } } peers { permanent_uuid: "5fe8e42597fd48e68a4ee9b3d345178b" member_type: VOTER last_known_addr { host: "127.16.201.194" port: 42031 } } peers { permanent_uuid: "e17e8f78368340d494014538b52d9891" member_type: VOTER last_known_addr { host: "127.16.201.195" port: 44543 } }
I20260710 11:06:07.100759 17399 raft_consensus.cc:3060] T 8f947a6d3e8449dbb9d9da716c4fd551 P 5fe8e42597fd48e68a4ee9b3d345178b [term 2 FOLLOWER]: Advancing to term 3
I20260710 11:06:07.104542 17326 raft_consensus.cc:2468] T 8f947a6d3e8449dbb9d9da716c4fd551 P c81440aea56e41288ddaa7384e603670 [term 3 FOLLOWER]: Leader election vote request: Granting yes vote for candidate e17e8f78368340d494014538b52d9891 in term 3.
I20260710 11:06:07.105620 17439 leader_election.cc:304] T 8f947a6d3e8449dbb9d9da716c4fd551 P e17e8f78368340d494014538b52d9891 [CANDIDATE]: Term 3 election: Election decided. Result: candidate won. Election summary: received 2 responses out of 3 voters: 2 yes votes; 0 no votes. yes voters: c81440aea56e41288ddaa7384e603670, e17e8f78368340d494014538b52d9891; no voters: 
I20260710 11:06:07.106417 17556 raft_consensus.cc:2804] T 8f947a6d3e8449dbb9d9da716c4fd551 P e17e8f78368340d494014538b52d9891 [term 3 FOLLOWER]: Leader election won for term 3
I20260710 11:06:07.106830 17399 raft_consensus.cc:2468] T 8f947a6d3e8449dbb9d9da716c4fd551 P 5fe8e42597fd48e68a4ee9b3d345178b [term 3 FOLLOWER]: Leader election vote request: Granting yes vote for candidate e17e8f78368340d494014538b52d9891 in term 3.
I20260710 11:06:07.106839 17556 raft_consensus.cc:697] T 8f947a6d3e8449dbb9d9da716c4fd551 P e17e8f78368340d494014538b52d9891 [term 3 LEADER]: Becoming Leader. State: Replica: e17e8f78368340d494014538b52d9891, State: Running, Role: LEADER
I20260710 11:06:07.107926 17556 consensus_queue.cc:237] T 8f947a6d3e8449dbb9d9da716c4fd551 P e17e8f78368340d494014538b52d9891 [LEADER]: Queue going to LEADER mode. State: All replicated index: 0, Majority replicated index: 2, Committed index: 2, Last appended: 2.2, Last appended by leader: 2, Current term: 3, Majority size: 2, State: 0, Mode: LEADER, active raft config: opid_index: -1 OBSOLETE_local: false peers { permanent_uuid: "c81440aea56e41288ddaa7384e603670" member_type: VOTER last_known_addr { host: "127.16.201.193" port: 36371 } } peers { permanent_uuid: "5fe8e42597fd48e68a4ee9b3d345178b" member_type: VOTER last_known_addr { host: "127.16.201.194" port: 42031 } } peers { permanent_uuid: "e17e8f78368340d494014538b52d9891" member_type: VOTER last_known_addr { host: "127.16.201.195" port: 44543 } }
I20260710 11:06:07.114915 17221 catalog_manager.cc:5697] T 8f947a6d3e8449dbb9d9da716c4fd551 P e17e8f78368340d494014538b52d9891 reported cstate change: term changed from 2 to 3, leader changed from 5fe8e42597fd48e68a4ee9b3d345178b (127.16.201.194) to e17e8f78368340d494014538b52d9891 (127.16.201.195). New cstate: current_term: 3 leader_uuid: "e17e8f78368340d494014538b52d9891" committed_config { opid_index: -1 OBSOLETE_local: false peers { permanent_uuid: "c81440aea56e41288ddaa7384e603670" member_type: VOTER last_known_addr { host: "127.16.201.193" port: 36371 } health_report { overall_health: UNKNOWN } } peers { permanent_uuid: "5fe8e42597fd48e68a4ee9b3d345178b" member_type: VOTER last_known_addr { host: "127.16.201.194" port: 42031 } health_report { overall_health: UNKNOWN } } peers { permanent_uuid: "e17e8f78368340d494014538b52d9891" member_type: VOTER last_known_addr { host: "127.16.201.195" port: 44543 } health_report { overall_health: HEALTHY } } }
I20260710 11:06:07.204897 17474 raft_consensus.cc:1275] T 202fec47b716478ca5e13f4c14246879 P e17e8f78368340d494014538b52d9891 [term 3 FOLLOWER]: Refusing update from remote peer c81440aea56e41288ddaa7384e603670: Log matching property violated. Preceding OpId in replica: term: 2 index: 2. Preceding OpId from leader: term: 3 index: 3. (index mismatch)
I20260710 11:06:07.206142 17659 consensus_queue.cc:1048] T 202fec47b716478ca5e13f4c14246879 P c81440aea56e41288ddaa7384e603670 [LEADER]: Connected to new peer: Peer: permanent_uuid: "e17e8f78368340d494014538b52d9891" member_type: VOTER last_known_addr { host: "127.16.201.195" port: 44543 }, Status: LMP_MISMATCH, Last received: 0.0, Next index: 3, Last known committed idx: 2, Time since last communication: 0.000s
