I20260710 11:06:25.267647  8607 raft_consensus.cc:359] T 8937feb996bf4c57b45900e3760775a6 P cacd3d00fec1466a943f35ac6dd90969 [term 0 FOLLOWER]: Replica starting. Triggering 0 pending ops. Active config: opid_index: -1 OBSOLETE_local: false peers { permanent_uuid: "cacd3d00fec1466a943f35ac6dd90969" member_type: VOTER last_known_addr { host: "127.7.28.65" port: 32963 } } peers { permanent_uuid: "1fed56517e1c4de2bbd60f4fb48408ba" member_type: VOTER last_known_addr { host: "127.7.28.66" port: 33193 } } peers { permanent_uuid: "5a3cdf3f6dd14168903bbafec678d15a" member_type: VOTER last_known_addr { host: "127.7.28.67" port: 33321 } }
I20260710 11:06:25.268308  8607 raft_consensus.cc:385] T 8937feb996bf4c57b45900e3760775a6 P cacd3d00fec1466a943f35ac6dd90969 [term 0 FOLLOWER]: Consensus starting up: Expiring failure detector timer to make a prompt election more likely
I20260710 11:06:25.268615  8607 raft_consensus.cc:740] T 8937feb996bf4c57b45900e3760775a6 P cacd3d00fec1466a943f35ac6dd90969 [term 0 FOLLOWER]: Becoming Follower/Learner. State: Replica: cacd3d00fec1466a943f35ac6dd90969, State: Initialized, Role: FOLLOWER
I20260710 11:06:25.268837  8606 raft_consensus.cc:359] T 7d7942557ce1486f946fe2972f56113e P 1fed56517e1c4de2bbd60f4fb48408ba [term 0 FOLLOWER]: Replica starting. Triggering 0 pending ops. Active config: opid_index: -1 OBSOLETE_local: false peers { permanent_uuid: "cacd3d00fec1466a943f35ac6dd90969" member_type: VOTER last_known_addr { host: "127.7.28.65" port: 32963 } } peers { permanent_uuid: "1fed56517e1c4de2bbd60f4fb48408ba" member_type: VOTER last_known_addr { host: "127.7.28.66" port: 33193 } } peers { permanent_uuid: "5a3cdf3f6dd14168903bbafec678d15a" member_type: VOTER last_known_addr { host: "127.7.28.67" port: 33321 } }
I20260710 11:06:25.269640  8606 raft_consensus.cc:385] T 7d7942557ce1486f946fe2972f56113e P 1fed56517e1c4de2bbd60f4fb48408ba [term 0 FOLLOWER]: Consensus starting up: Expiring failure detector timer to make a prompt election more likely
I20260710 11:06:25.269299  8607 consensus_queue.cc:260] T 8937feb996bf4c57b45900e3760775a6 P cacd3d00fec1466a943f35ac6dd90969 [NON_LEADER]: Queue going to NON_LEADER mode. State: All replicated index: 0, Majority replicated index: 0, Committed index: 0, Last appended: 0.0, Last appended by leader: 0, Current term: 0, Majority size: -1, State: 0, Mode: NON_LEADER, active raft config: opid_index: -1 OBSOLETE_local: false peers { permanent_uuid: "cacd3d00fec1466a943f35ac6dd90969" member_type: VOTER last_known_addr { host: "127.7.28.65" port: 32963 } } peers { permanent_uuid: "1fed56517e1c4de2bbd60f4fb48408ba" member_type: VOTER last_known_addr { host: "127.7.28.66" port: 33193 } } peers { permanent_uuid: "5a3cdf3f6dd14168903bbafec678d15a" member_type: VOTER last_known_addr { host: "127.7.28.67" port: 33321 } }
I20260710 11:06:25.269912  8606 raft_consensus.cc:740] T 7d7942557ce1486f946fe2972f56113e P 1fed56517e1c4de2bbd60f4fb48408ba [term 0 FOLLOWER]: Becoming Follower/Learner. State: Replica: 1fed56517e1c4de2bbd60f4fb48408ba, State: Initialized, Role: FOLLOWER
I20260710 11:06:25.270692  8606 consensus_queue.cc:260] T 7d7942557ce1486f946fe2972f56113e P 1fed56517e1c4de2bbd60f4fb48408ba [NON_LEADER]: Queue going to NON_LEADER mode. State: All replicated index: 0, Majority replicated index: 0, Committed index: 0, Last appended: 0.0, Last appended by leader: 0, Current term: 0, Majority size: -1, State: 0, Mode: NON_LEADER, active raft config: opid_index: -1 OBSOLETE_local: false peers { permanent_uuid: "cacd3d00fec1466a943f35ac6dd90969" member_type: VOTER last_known_addr { host: "127.7.28.65" port: 32963 } } peers { permanent_uuid: "1fed56517e1c4de2bbd60f4fb48408ba" member_type: VOTER last_known_addr { host: "127.7.28.66" port: 33193 } } peers { permanent_uuid: "5a3cdf3f6dd14168903bbafec678d15a" member_type: VOTER last_known_addr { host: "127.7.28.67" port: 33321 } }
I20260710 11:06:25.271653  8564 tablet_service.cc:1917] Received RequestConsensusVote() RPC: tablet_id: "fef8793234b546e6914e141fe90380cd" candidate_uuid: "cacd3d00fec1466a943f35ac6dd90969" candidate_term: 1 candidate_status { last_received { term: 0 index: 0 } } ignore_live_leader: false dest_uuid: "5a3cdf3f6dd14168903bbafec678d15a" is_pre_election: true
I20260710 11:06:25.272969  8606 ts_tablet_manager.cc:1434] T 7d7942557ce1486f946fe2972f56113e P 1fed56517e1c4de2bbd60f4fb48408ba: Time spent starting tablet: real 0.008s	user 0.006s	sys 0.001s
I20260710 11:06:25.273897  8606 tablet_bootstrap.cc:492] T 1cdf37a916154b4389a750149ed43ab1 P 1fed56517e1c4de2bbd60f4fb48408ba: Bootstrap starting.
I20260710 11:06:25.273875  8607 ts_tablet_manager.cc:1434] T 8937feb996bf4c57b45900e3760775a6 P cacd3d00fec1466a943f35ac6dd90969: Time spent starting tablet: real 0.009s	user 0.005s	sys 0.000s
I20260710 11:06:25.273731  8612 consensus_queue.cc:1048] T c1e59fbd29be4046a3a93ac8d592e844 P 1fed56517e1c4de2bbd60f4fb48408ba [LEADER]: Connected to new peer: Peer: permanent_uuid: "cacd3d00fec1466a943f35ac6dd90969" member_type: VOTER last_known_addr { host: "127.7.28.65" port: 32963 }, Status: LMP_MISMATCH, Last received: 0.0, Next index: 1, Last known committed idx: 0, Time since last communication: 0.001s
I20260710 11:06:25.274904  8607 tablet_bootstrap.cc:492] T 998b7c5be14e4c43b7fabf47d4683091 P cacd3d00fec1466a943f35ac6dd90969: Bootstrap starting.
I20260710 11:06:25.275458  8638 leader_election.cc:290] T fef8793234b546e6914e141fe90380cd P cacd3d00fec1466a943f35ac6dd90969 [CANDIDATE]: Term 1 pre-election: Requested pre-vote from peers 1fed56517e1c4de2bbd60f4fb48408ba (127.7.28.66:33193), 5a3cdf3f6dd14168903bbafec678d15a (127.7.28.67:33321)
I20260710 11:06:25.277498  8490 tablet_service.cc:1917] Received RequestConsensusVote() RPC: tablet_id: "fef8793234b546e6914e141fe90380cd" candidate_uuid: "cacd3d00fec1466a943f35ac6dd90969" candidate_term: 1 candidate_status { last_received { term: 0 index: 0 } } ignore_live_leader: false dest_uuid: "1fed56517e1c4de2bbd60f4fb48408ba" is_pre_election: true
I20260710 11:06:25.278170  8490 raft_consensus.cc:2468] T fef8793234b546e6914e141fe90380cd P 1fed56517e1c4de2bbd60f4fb48408ba [term 0 FOLLOWER]: Leader pre-election vote request: Granting yes vote for candidate cacd3d00fec1466a943f35ac6dd90969 in term 0.
I20260710 11:06:25.279429  8378 leader_election.cc:304] T fef8793234b546e6914e141fe90380cd P cacd3d00fec1466a943f35ac6dd90969 [CANDIDATE]: Term 1 pre-election: Election decided. Result: candidate won. Election summary: received 2 responses out of 3 voters: 2 yes votes; 0 no votes. yes voters: 1fed56517e1c4de2bbd60f4fb48408ba, cacd3d00fec1466a943f35ac6dd90969; no voters: 
I20260710 11:06:25.280321  8638 raft_consensus.cc:2804] T fef8793234b546e6914e141fe90380cd P cacd3d00fec1466a943f35ac6dd90969 [term 0 FOLLOWER]: Leader pre-election won for term 1
I20260710 11:06:25.280654  8638 raft_consensus.cc:493] T fef8793234b546e6914e141fe90380cd P cacd3d00fec1466a943f35ac6dd90969 [term 0 FOLLOWER]: Starting leader election (no leader contacted us within the election timeout)
I20260710 11:06:25.280993  8638 raft_consensus.cc:3060] T fef8793234b546e6914e141fe90380cd P cacd3d00fec1466a943f35ac6dd90969 [term 0 FOLLOWER]: Advancing to term 1
W20260710 11:06:25.280673  8381 leader_election.cc:343] T fef8793234b546e6914e141fe90380cd P cacd3d00fec1466a943f35ac6dd90969 [CANDIDATE]: Term 1 pre-election: Tablet error from VoteRequest() call to peer 5a3cdf3f6dd14168903bbafec678d15a (127.7.28.67:33321): Illegal state: must be running to vote when last-logged opid is not known
I20260710 11:06:25.289891  8607 tablet_bootstrap.cc:654] T 998b7c5be14e4c43b7fabf47d4683091 P cacd3d00fec1466a943f35ac6dd90969: Neither blocks nor log segments found. Creating new log.
I20260710 11:06:25.288836  8415 raft_consensus.cc:2468] T 1219359e359a4b9aae43545984a2890f P cacd3d00fec1466a943f35ac6dd90969 [term 1 FOLLOWER]: Leader election vote request: Granting yes vote for candidate 5a3cdf3f6dd14168903bbafec678d15a in term 1.
I20260710 11:06:25.293919  8606 tablet_bootstrap.cc:654] T 1cdf37a916154b4389a750149ed43ab1 P 1fed56517e1c4de2bbd60f4fb48408ba: Neither blocks nor log segments found. Creating new log.
I20260710 11:06:25.296303  8604 tablet_bootstrap.cc:492] T 7d7942557ce1486f946fe2972f56113e P 5a3cdf3f6dd14168903bbafec678d15a: No bootstrap required, opened a new log
I20260710 11:06:25.288792  8638 raft_consensus.cc:515] T fef8793234b546e6914e141fe90380cd P cacd3d00fec1466a943f35ac6dd90969 [term 1 FOLLOWER]: Starting leader election with config: opid_index: -1 OBSOLETE_local: false peers { permanent_uuid: "cacd3d00fec1466a943f35ac6dd90969" member_type: VOTER last_known_addr { host: "127.7.28.65" port: 32963 } } peers { permanent_uuid: "1fed56517e1c4de2bbd60f4fb48408ba" member_type: VOTER last_known_addr { host: "127.7.28.66" port: 33193 } } peers { permanent_uuid: "5a3cdf3f6dd14168903bbafec678d15a" member_type: VOTER last_known_addr { host: "127.7.28.67" port: 33321 } }
I20260710 11:06:25.300199  8638 leader_election.cc:290] T fef8793234b546e6914e141fe90380cd P cacd3d00fec1466a943f35ac6dd90969 [CANDIDATE]: Term 1 election: Requested vote from peers 1fed56517e1c4de2bbd60f4fb48408ba (127.7.28.66:33193), 5a3cdf3f6dd14168903bbafec678d15a (127.7.28.67:33321)
W20260710 11:06:25.301854  8361 auto_rebalancer.cc:288] Could not retrieve cluster info: Service unavailable: Tablet not running
I20260710 11:06:25.303030  8310 catalog_manager.cc:5697] T 1219359e359a4b9aae43545984a2890f P 5a3cdf3f6dd14168903bbafec678d15a reported cstate change: term changed from 0 to 1, leader changed from <none> to 5a3cdf3f6dd14168903bbafec678d15a (127.7.28.67). New cstate: current_term: 1 leader_uuid: "5a3cdf3f6dd14168903bbafec678d15a" committed_config { opid_index: -1 OBSOLETE_local: false peers { permanent_uuid: "cacd3d00fec1466a943f35ac6dd90969" member_type: VOTER last_known_addr { host: "127.7.28.65" port: 32963 } health_report { overall_health: UNKNOWN } } peers { permanent_uuid: "1fed56517e1c4de2bbd60f4fb48408ba" member_type: VOTER last_known_addr { host: "127.7.28.66" port: 33193 } health_report { overall_health: UNKNOWN } } peers { permanent_uuid: "5a3cdf3f6dd14168903bbafec678d15a" member_type: VOTER last_known_addr { host: "127.7.28.67" port: 33321 } health_report { overall_health: HEALTHY } } }
I20260710 11:06:25.304752  8564 tablet_service.cc:1917] Received RequestConsensusVote() RPC: tablet_id: "fef8793234b546e6914e141fe90380cd" candidate_uuid: "cacd3d00fec1466a943f35ac6dd90969" candidate_term: 1 candidate_status { last_received { term: 0 index: 0 } } ignore_live_leader: false dest_uuid: "5a3cdf3f6dd14168903bbafec678d15a"
W20260710 11:06:25.306370  8381 leader_election.cc:343] T fef8793234b546e6914e141fe90380cd P cacd3d00fec1466a943f35ac6dd90969 [CANDIDATE]: Term 1 election: Tablet error from VoteRequest() call to peer 5a3cdf3f6dd14168903bbafec678d15a (127.7.28.67:33321): Illegal state: must be running to vote when last-logged opid is not known
I20260710 11:06:25.306370  8604 ts_tablet_manager.cc:1403] T 7d7942557ce1486f946fe2972f56113e P 5a3cdf3f6dd14168903bbafec678d15a: Time spent bootstrapping tablet: real 0.068s	user 0.019s	sys 0.028s
I20260710 11:06:25.308432  8490 tablet_service.cc:1917] Received RequestConsensusVote() RPC: tablet_id: "fef8793234b546e6914e141fe90380cd" candidate_uuid: "cacd3d00fec1466a943f35ac6dd90969" candidate_term: 1 candidate_status { last_received { term: 0 index: 0 } } ignore_live_leader: false dest_uuid: "1fed56517e1c4de2bbd60f4fb48408ba"
I20260710 11:06:25.309338  8490 raft_consensus.cc:3060] T fef8793234b546e6914e141fe90380cd P 1fed56517e1c4de2bbd60f4fb48408ba [term 0 FOLLOWER]: Advancing to term 1
I20260710 11:06:25.312194  8604 raft_consensus.cc:359] T 7d7942557ce1486f946fe2972f56113e P 5a3cdf3f6dd14168903bbafec678d15a [term 0 FOLLOWER]: Replica starting. Triggering 0 pending ops. Active config: opid_index: -1 OBSOLETE_local: false peers { permanent_uuid: "cacd3d00fec1466a943f35ac6dd90969" member_type: VOTER last_known_addr { host: "127.7.28.65" port: 32963 } } peers { permanent_uuid: "1fed56517e1c4de2bbd60f4fb48408ba" member_type: VOTER last_known_addr { host: "127.7.28.66" port: 33193 } } peers { permanent_uuid: "5a3cdf3f6dd14168903bbafec678d15a" member_type: VOTER last_known_addr { host: "127.7.28.67" port: 33321 } }
I20260710 11:06:25.316159  8604 raft_consensus.cc:385] T 7d7942557ce1486f946fe2972f56113e P 5a3cdf3f6dd14168903bbafec678d15a [term 0 FOLLOWER]: Consensus starting up: Expiring failure detector timer to make a prompt election more likely
I20260710 11:06:25.323303  8604 raft_consensus.cc:740] T 7d7942557ce1486f946fe2972f56113e P 5a3cdf3f6dd14168903bbafec678d15a [term 0 FOLLOWER]: Becoming Follower/Learner. State: Replica: 5a3cdf3f6dd14168903bbafec678d15a, State: Initialized, Role: FOLLOWER
I20260710 11:06:25.324327  8604 consensus_queue.cc:260] T 7d7942557ce1486f946fe2972f56113e P 5a3cdf3f6dd14168903bbafec678d15a [NON_LEADER]: Queue going to NON_LEADER mode. State: All replicated index: 0, Majority replicated index: 0, Committed index: 0, Last appended: 0.0, Last appended by leader: 0, Current term: 0, Majority size: -1, State: 0, Mode: NON_LEADER, active raft config: opid_index: -1 OBSOLETE_local: false peers { permanent_uuid: "cacd3d00fec1466a943f35ac6dd90969" member_type: VOTER last_known_addr { host: "127.7.28.65" port: 32963 } } peers { permanent_uuid: "1fed56517e1c4de2bbd60f4fb48408ba" member_type: VOTER last_known_addr { host: "127.7.28.66" port: 33193 } } peers { permanent_uuid: "5a3cdf3f6dd14168903bbafec678d15a" member_type: VOTER last_known_addr { host: "127.7.28.67" port: 33321 } }
I20260710 11:06:25.327013  8604 ts_tablet_manager.cc:1434] T 7d7942557ce1486f946fe2972f56113e P 5a3cdf3f6dd14168903bbafec678d15a: Time spent starting tablet: real 0.018s	user 0.005s	sys 0.001s
I20260710 11:06:25.329598  8604 tablet_bootstrap.cc:492] T fef8793234b546e6914e141fe90380cd P 5a3cdf3f6dd14168903bbafec678d15a: Bootstrap starting.
I20260710 11:06:25.332623  8607 tablet_bootstrap.cc:492] T 998b7c5be14e4c43b7fabf47d4683091 P cacd3d00fec1466a943f35ac6dd90969: No bootstrap required, opened a new log
I20260710 11:06:25.333241  8607 ts_tablet_manager.cc:1403] T 998b7c5be14e4c43b7fabf47d4683091 P cacd3d00fec1466a943f35ac6dd90969: Time spent bootstrapping tablet: real 0.059s	user 0.022s	sys 0.023s
I20260710 11:06:25.336251  8604 tablet_bootstrap.cc:654] T fef8793234b546e6914e141fe90380cd P 5a3cdf3f6dd14168903bbafec678d15a: Neither blocks nor log segments found. Creating new log.
I20260710 11:06:25.336527  8607 raft_consensus.cc:359] T 998b7c5be14e4c43b7fabf47d4683091 P cacd3d00fec1466a943f35ac6dd90969 [term 0 FOLLOWER]: Replica starting. Triggering 0 pending ops. Active config: opid_index: -1 OBSOLETE_local: false peers { permanent_uuid: "cacd3d00fec1466a943f35ac6dd90969" member_type: VOTER last_known_addr { host: "127.7.28.65" port: 32963 } } peers { permanent_uuid: "1fed56517e1c4de2bbd60f4fb48408ba" member_type: VOTER last_known_addr { host: "127.7.28.66" port: 33193 } } peers { permanent_uuid: "5a3cdf3f6dd14168903bbafec678d15a" member_type: VOTER last_known_addr { host: "127.7.28.67" port: 33321 } }
I20260710 11:06:25.337455  8607 raft_consensus.cc:385] T 998b7c5be14e4c43b7fabf47d4683091 P cacd3d00fec1466a943f35ac6dd90969 [term 0 FOLLOWER]: Consensus starting up: Expiring failure detector timer to make a prompt election more likely
I20260710 11:06:25.337783  8607 raft_consensus.cc:740] T 998b7c5be14e4c43b7fabf47d4683091 P cacd3d00fec1466a943f35ac6dd90969 [term 0 FOLLOWER]: Becoming Follower/Learner. State: Replica: cacd3d00fec1466a943f35ac6dd90969, State: Initialized, Role: FOLLOWER
I20260710 11:06:25.339812  8607 consensus_queue.cc:260] T 998b7c5be14e4c43b7fabf47d4683091 P cacd3d00fec1466a943f35ac6dd90969 [NON_LEADER]: Queue going to NON_LEADER mode. State: All replicated index: 0, Majority replicated index: 0, Committed index: 0, Last appended: 0.0, Last appended by leader: 0, Current term: 0, Majority size: -1, State: 0, Mode: NON_LEADER, active raft config: opid_index: -1 OBSOLETE_local: false peers { permanent_uuid: "cacd3d00fec1466a943f35ac6dd90969" member_type: VOTER last_known_addr { host: "127.7.28.65" port: 32963 } } peers { permanent_uuid: "1fed56517e1c4de2bbd60f4fb48408ba" member_type: VOTER last_known_addr { host: "127.7.28.66" port: 33193 } } peers { permanent_uuid: "5a3cdf3f6dd14168903bbafec678d15a" member_type: VOTER last_known_addr { host: "127.7.28.67" port: 33321 } }
I20260710 11:06:25.341013  8490 raft_consensus.cc:2468] T fef8793234b546e6914e141fe90380cd P 1fed56517e1c4de2bbd60f4fb48408ba [term 1 FOLLOWER]: Leader election vote request: Granting yes vote for candidate cacd3d00fec1466a943f35ac6dd90969 in term 1.
I20260710 11:06:25.342587  8607 ts_tablet_manager.cc:1434] T 998b7c5be14e4c43b7fabf47d4683091 P cacd3d00fec1466a943f35ac6dd90969: Time spent starting tablet: real 0.009s	user 0.007s	sys 0.000s
I20260710 11:06:25.343780  8607 tablet_bootstrap.cc:492] T b42b8f4d89b34543bba794240af0dd80 P cacd3d00fec1466a943f35ac6dd90969: Bootstrap starting.
I20260710 11:06:25.343044  8378 leader_election.cc:304] T fef8793234b546e6914e141fe90380cd P cacd3d00fec1466a943f35ac6dd90969 [CANDIDATE]: Term 1 election: Election decided. Result: candidate won. Election summary: received 3 responses out of 3 voters: 2 yes votes; 1 no votes. yes voters: 1fed56517e1c4de2bbd60f4fb48408ba, cacd3d00fec1466a943f35ac6dd90969; no voters: 5a3cdf3f6dd14168903bbafec678d15a
I20260710 11:06:25.346341  8638 raft_consensus.cc:2804] T fef8793234b546e6914e141fe90380cd P cacd3d00fec1466a943f35ac6dd90969 [term 1 FOLLOWER]: Leader election won for term 1
I20260710 11:06:25.347069  8638 raft_consensus.cc:697] T fef8793234b546e6914e141fe90380cd P cacd3d00fec1466a943f35ac6dd90969 [term 1 LEADER]: Becoming Leader. State: Replica: cacd3d00fec1466a943f35ac6dd90969, State: Running, Role: LEADER
I20260710 11:06:25.348104  8606 tablet_bootstrap.cc:492] T 1cdf37a916154b4389a750149ed43ab1 P 1fed56517e1c4de2bbd60f4fb48408ba: No bootstrap required, opened a new log
I20260710 11:06:25.348603  8606 ts_tablet_manager.cc:1403] T 1cdf37a916154b4389a750149ed43ab1 P 1fed56517e1c4de2bbd60f4fb48408ba: Time spent bootstrapping tablet: real 0.075s	user 0.005s	sys 0.012s
I20260710 11:06:25.348307  8638 consensus_queue.cc:237] T fef8793234b546e6914e141fe90380cd P cacd3d00fec1466a943f35ac6dd90969 [LEADER]: Queue going to LEADER mode. State: All replicated index: 0, Majority replicated index: 0, Committed index: 0, Last appended: 0.0, Last appended by leader: 0, Current term: 1, Majority size: 2, State: 0, Mode: LEADER, active raft config: opid_index: -1 OBSOLETE_local: false peers { permanent_uuid: "cacd3d00fec1466a943f35ac6dd90969" member_type: VOTER last_known_addr { host: "127.7.28.65" port: 32963 } } peers { permanent_uuid: "1fed56517e1c4de2bbd60f4fb48408ba" member_type: VOTER last_known_addr { host: "127.7.28.66" port: 33193 } } peers { permanent_uuid: "5a3cdf3f6dd14168903bbafec678d15a" member_type: VOTER last_known_addr { host: "127.7.28.67" port: 33321 } }
I20260710 11:06:25.351646  8606 raft_consensus.cc:359] T 1cdf37a916154b4389a750149ed43ab1 P 1fed56517e1c4de2bbd60f4fb48408ba [term 0 FOLLOWER]: Replica starting. Triggering 0 pending ops. Active config: opid_index: -1 OBSOLETE_local: false peers { permanent_uuid: "cacd3d00fec1466a943f35ac6dd90969" member_type: VOTER last_known_addr { host: "127.7.28.65" port: 32963 } } peers { permanent_uuid: "1fed56517e1c4de2bbd60f4fb48408ba" member_type: VOTER last_known_addr { host: "127.7.28.66" port: 33193 } } peers { permanent_uuid: "5a3cdf3f6dd14168903bbafec678d15a" member_type: VOTER last_known_addr { host: "127.7.28.67" port: 33321 } }
I20260710 11:06:25.352308  8606 raft_consensus.cc:385] T 1cdf37a916154b4389a750149ed43ab1 P 1fed56517e1c4de2bbd60f4fb48408ba [term 0 FOLLOWER]: Consensus starting up: Expiring failure detector timer to make a prompt election more likely
I20260710 11:06:25.352605  8606 raft_consensus.cc:740] T 1cdf37a916154b4389a750149ed43ab1 P 1fed56517e1c4de2bbd60f4fb48408ba [term 0 FOLLOWER]: Becoming Follower/Learner. State: Replica: 1fed56517e1c4de2bbd60f4fb48408ba, State: Initialized, Role: FOLLOWER
I20260710 11:06:25.356549  8607 tablet_bootstrap.cc:654] T b42b8f4d89b34543bba794240af0dd80 P cacd3d00fec1466a943f35ac6dd90969: Neither blocks nor log segments found. Creating new log.
I20260710 11:06:25.356828  8632 consensus_queue.cc:1048] T c1e59fbd29be4046a3a93ac8d592e844 P 1fed56517e1c4de2bbd60f4fb48408ba [LEADER]: Connected to new peer: Peer: permanent_uuid: "5a3cdf3f6dd14168903bbafec678d15a" member_type: VOTER last_known_addr { host: "127.7.28.67" port: 33321 }, Status: LMP_MISMATCH, Last received: 0.0, Next index: 1, Last known committed idx: 0, Time since last communication: 0.001s
I20260710 11:06:25.357785  8606 consensus_queue.cc:260] T 1cdf37a916154b4389a750149ed43ab1 P 1fed56517e1c4de2bbd60f4fb48408ba [NON_LEADER]: Queue going to NON_LEADER mode. State: All replicated index: 0, Majority replicated index: 0, Committed index: 0, Last appended: 0.0, Last appended by leader: 0, Current term: 0, Majority size: -1, State: 0, Mode: NON_LEADER, active raft config: opid_index: -1 OBSOLETE_local: false peers { permanent_uuid: "cacd3d00fec1466a943f35ac6dd90969" member_type: VOTER last_known_addr { host: "127.7.28.65" port: 32963 } } peers { permanent_uuid: "1fed56517e1c4de2bbd60f4fb48408ba" member_type: VOTER last_known_addr { host: "127.7.28.66" port: 33193 } } peers { permanent_uuid: "5a3cdf3f6dd14168903bbafec678d15a" member_type: VOTER last_known_addr { host: "127.7.28.67" port: 33321 } }
I20260710 11:06:25.366640  8606 ts_tablet_manager.cc:1434] T 1cdf37a916154b4389a750149ed43ab1 P 1fed56517e1c4de2bbd60f4fb48408ba: Time spent starting tablet: real 0.018s	user 0.003s	sys 0.006s
I20260710 11:06:25.399780  8614 raft_consensus.cc:493] T fbb2d85ca75c454c9710c979818885e3 P cacd3d00fec1466a943f35ac6dd90969 [term 0 FOLLOWER]: Starting pre-election (no leader contacted us within the election timeout)
I20260710 11:06:25.402738  8606 tablet_bootstrap.cc:492] T 3952cc31a8dc4f3badd9fc81d0e60c44 P 1fed56517e1c4de2bbd60f4fb48408ba: Bootstrap starting.
I20260710 11:06:25.401768  8614 raft_consensus.cc:515] T fbb2d85ca75c454c9710c979818885e3 P cacd3d00fec1466a943f35ac6dd90969 [term 0 FOLLOWER]: Starting pre-election with config: opid_index: -1 OBSOLETE_local: false peers { permanent_uuid: "cacd3d00fec1466a943f35ac6dd90969" member_type: VOTER last_known_addr { host: "127.7.28.65" port: 32963 } } peers { permanent_uuid: "1fed56517e1c4de2bbd60f4fb48408ba" member_type: VOTER last_known_addr { host: "127.7.28.66" port: 33193 } } peers { permanent_uuid: "5a3cdf3f6dd14168903bbafec678d15a" member_type: VOTER last_known_addr { host: "127.7.28.67" port: 33321 } }
I20260710 11:06:25.406323  8614 leader_election.cc:290] T fbb2d85ca75c454c9710c979818885e3 P cacd3d00fec1466a943f35ac6dd90969 [CANDIDATE]: Term 1 pre-election: Requested pre-vote from peers 1fed56517e1c4de2bbd60f4fb48408ba (127.7.28.66:33193), 5a3cdf3f6dd14168903bbafec678d15a (127.7.28.67:33321)
I20260710 11:06:25.407665  8614 raft_consensus.cc:493] T df2b65502d27420cbb4a567052f14a36 P cacd3d00fec1466a943f35ac6dd90969 [term 0 FOLLOWER]: Starting pre-election (no leader contacted us within the election timeout)
I20260710 11:06:25.411744  8490 tablet_service.cc:1917] Received RequestConsensusVote() RPC: tablet_id: "fbb2d85ca75c454c9710c979818885e3" candidate_uuid: "cacd3d00fec1466a943f35ac6dd90969" candidate_term: 1 candidate_status { last_received { term: 0 index: 0 } } ignore_live_leader: false dest_uuid: "1fed56517e1c4de2bbd60f4fb48408ba" is_pre_election: true
I20260710 11:06:25.412205  8632 raft_consensus.cc:493] T 1cdf37a916154b4389a750149ed43ab1 P 1fed56517e1c4de2bbd60f4fb48408ba [term 0 FOLLOWER]: Starting pre-election (no leader contacted us within the election timeout)
I20260710 11:06:25.413136  8632 raft_consensus.cc:515] T 1cdf37a916154b4389a750149ed43ab1 P 1fed56517e1c4de2bbd60f4fb48408ba [term 0 FOLLOWER]: Starting pre-election with config: opid_index: -1 OBSOLETE_local: false peers { permanent_uuid: "cacd3d00fec1466a943f35ac6dd90969" member_type: VOTER last_known_addr { host: "127.7.28.65" port: 32963 } } peers { permanent_uuid: "1fed56517e1c4de2bbd60f4fb48408ba" member_type: VOTER last_known_addr { host: "127.7.28.66" port: 33193 } } peers { permanent_uuid: "5a3cdf3f6dd14168903bbafec678d15a" member_type: VOTER last_known_addr { host: "127.7.28.67" port: 33321 } }
I20260710 11:06:25.417869  8632 leader_election.cc:290] T 1cdf37a916154b4389a750149ed43ab1 P 1fed56517e1c4de2bbd60f4fb48408ba [CANDIDATE]: Term 1 pre-election: Requested pre-vote from peers cacd3d00fec1466a943f35ac6dd90969 (127.7.28.65:32963), 5a3cdf3f6dd14168903bbafec678d15a (127.7.28.67:33321)
I20260710 11:06:25.419377  8614 raft_consensus.cc:515] T df2b65502d27420cbb4a567052f14a36 P cacd3d00fec1466a943f35ac6dd90969 [term 0 FOLLOWER]: Starting pre-election with config: opid_index: -1 OBSOLETE_local: false peers { permanent_uuid: "5a3cdf3f6dd14168903bbafec678d15a" member_type: VOTER last_known_addr { host: "127.7.28.67" port: 33321 } } peers { permanent_uuid: "1fed56517e1c4de2bbd60f4fb48408ba" member_type: VOTER last_known_addr { host: "127.7.28.66" port: 33193 } } peers { permanent_uuid: "cacd3d00fec1466a943f35ac6dd90969" member_type: VOTER last_known_addr { host: "127.7.28.65" port: 32963 } }
I20260710 11:06:25.419796  8563 tablet_service.cc:1917] Received RequestConsensusVote() RPC: tablet_id: "1cdf37a916154b4389a750149ed43ab1" candidate_uuid: "1fed56517e1c4de2bbd60f4fb48408ba" candidate_term: 1 candidate_status { last_received { term: 0 index: 0 } } ignore_live_leader: false dest_uuid: "5a3cdf3f6dd14168903bbafec678d15a" is_pre_election: true
I20260710 11:06:25.411734  8631 raft_consensus.cc:493] T 3e44a9fadd3040eea6e13bca75b46e2f P 5a3cdf3f6dd14168903bbafec678d15a [term 0 FOLLOWER]: Starting pre-election (no leader contacted us within the election timeout)
I20260710 11:06:25.421132  8563 raft_consensus.cc:2468] T 1cdf37a916154b4389a750149ed43ab1 P 5a3cdf3f6dd14168903bbafec678d15a [term 0 FOLLOWER]: Leader pre-election vote request: Granting yes vote for candidate 1fed56517e1c4de2bbd60f4fb48408ba in term 0.
I20260710 11:06:25.421996  8562 tablet_service.cc:1917] Received RequestConsensusVote() RPC: tablet_id: "fbb2d85ca75c454c9710c979818885e3" candidate_uuid: "cacd3d00fec1466a943f35ac6dd90969" candidate_term: 1 candidate_status { last_received { term: 0 index: 0 } } ignore_live_leader: false dest_uuid: "5a3cdf3f6dd14168903bbafec678d15a" is_pre_election: true
I20260710 11:06:25.422356  8631 raft_consensus.cc:515] T 3e44a9fadd3040eea6e13bca75b46e2f P 5a3cdf3f6dd14168903bbafec678d15a [term 0 FOLLOWER]: Starting pre-election with config: opid_index: -1 OBSOLETE_local: false peers { permanent_uuid: "cacd3d00fec1466a943f35ac6dd90969" member_type: VOTER last_known_addr { host: "127.7.28.65" port: 32963 } } peers { permanent_uuid: "1fed56517e1c4de2bbd60f4fb48408ba" member_type: VOTER last_known_addr { host: "127.7.28.66" port: 33193 } } peers { permanent_uuid: "5a3cdf3f6dd14168903bbafec678d15a" member_type: VOTER last_known_addr { host: "127.7.28.67" port: 33321 } }
I20260710 11:06:25.423930  8456 leader_election.cc:304] T 1cdf37a916154b4389a750149ed43ab1 P 1fed56517e1c4de2bbd60f4fb48408ba [CANDIDATE]: Term 1 pre-election: Election decided. Result: candidate won. Election summary: received 2 responses out of 3 voters: 2 yes votes; 0 no votes. yes voters: 1fed56517e1c4de2bbd60f4fb48408ba, 5a3cdf3f6dd14168903bbafec678d15a; no voters: 
I20260710 11:06:25.425347  8632 raft_consensus.cc:2804] T 1cdf37a916154b4389a750149ed43ab1 P 1fed56517e1c4de2bbd60f4fb48408ba [term 0 FOLLOWER]: Leader pre-election won for term 1
I20260710 11:06:25.425927  8632 raft_consensus.cc:493] T 1cdf37a916154b4389a750149ed43ab1 P 1fed56517e1c4de2bbd60f4fb48408ba [term 0 FOLLOWER]: Starting leader election (no leader contacted us within the election timeout)
I20260710 11:06:25.426362  8632 raft_consensus.cc:3060] T 1cdf37a916154b4389a750149ed43ab1 P 1fed56517e1c4de2bbd60f4fb48408ba [term 0 FOLLOWER]: Advancing to term 1
I20260710 11:06:25.427460  8414 tablet_service.cc:1917] Received RequestConsensusVote() RPC: tablet_id: "1cdf37a916154b4389a750149ed43ab1" candidate_uuid: "1fed56517e1c4de2bbd60f4fb48408ba" candidate_term: 1 candidate_status { last_received { term: 0 index: 0 } } ignore_live_leader: false dest_uuid: "cacd3d00fec1466a943f35ac6dd90969" is_pre_election: true
I20260710 11:06:25.428278  8414 raft_consensus.cc:2468] T 1cdf37a916154b4389a750149ed43ab1 P cacd3d00fec1466a943f35ac6dd90969 [term 0 FOLLOWER]: Leader pre-election vote request: Granting yes vote for candidate 1fed56517e1c4de2bbd60f4fb48408ba in term 0.
I20260710 11:06:25.429075  8604 tablet_bootstrap.cc:492] T fef8793234b546e6914e141fe90380cd P 5a3cdf3f6dd14168903bbafec678d15a: No bootstrap required, opened a new log
I20260710 11:06:25.430033  8604 ts_tablet_manager.cc:1403] T fef8793234b546e6914e141fe90380cd P 5a3cdf3f6dd14168903bbafec678d15a: Time spent bootstrapping tablet: real 0.101s	user 0.012s	sys 0.026s
I20260710 11:06:25.430495  8606 tablet_bootstrap.cc:654] T 3952cc31a8dc4f3badd9fc81d0e60c44 P 1fed56517e1c4de2bbd60f4fb48408ba: Neither blocks nor log segments found. Creating new log.
I20260710 11:06:25.430785  8413 tablet_service.cc:1917] Received RequestConsensusVote() RPC: tablet_id: "3e44a9fadd3040eea6e13bca75b46e2f" candidate_uuid: "5a3cdf3f6dd14168903bbafec678d15a" candidate_term: 1 candidate_status { last_received { term: 0 index: 0 } } ignore_live_leader: false dest_uuid: "cacd3d00fec1466a943f35ac6dd90969" is_pre_election: true
W20260710 11:06:25.433223  8381 leader_election.cc:343] T fbb2d85ca75c454c9710c979818885e3 P cacd3d00fec1466a943f35ac6dd90969 [CANDIDATE]: Term 1 pre-election: Tablet error from VoteRequest() call to peer 5a3cdf3f6dd14168903bbafec678d15a (127.7.28.67:33321): Illegal state: must be running to vote when last-logged opid is not known
W20260710 11:06:25.434576  8378 leader_election.cc:343] T fbb2d85ca75c454c9710c979818885e3 P cacd3d00fec1466a943f35ac6dd90969 [CANDIDATE]: Term 1 pre-election: Tablet error from VoteRequest() call to peer 1fed56517e1c4de2bbd60f4fb48408ba (127.7.28.66:33193): Illegal state: must be running to vote when last-logged opid is not known
I20260710 11:06:25.435228  8378 leader_election.cc:304] T fbb2d85ca75c454c9710c979818885e3 P cacd3d00fec1466a943f35ac6dd90969 [CANDIDATE]: Term 1 pre-election: Election decided. Result: candidate lost. Election summary: received 3 responses out of 3 voters: 1 yes votes; 2 no votes. yes voters: cacd3d00fec1466a943f35ac6dd90969; no voters: 1fed56517e1c4de2bbd60f4fb48408ba, 5a3cdf3f6dd14168903bbafec678d15a
I20260710 11:06:25.436843  8631 leader_election.cc:290] T 3e44a9fadd3040eea6e13bca75b46e2f P 5a3cdf3f6dd14168903bbafec678d15a [CANDIDATE]: Term 1 pre-election: Requested pre-vote from peers cacd3d00fec1466a943f35ac6dd90969 (127.7.28.65:32963), 1fed56517e1c4de2bbd60f4fb48408ba (127.7.28.66:33193)
I20260710 11:06:25.437814  8311 catalog_manager.cc:5697] T fef8793234b546e6914e141fe90380cd P cacd3d00fec1466a943f35ac6dd90969 reported cstate change: term changed from 0 to 1, leader changed from <none> to cacd3d00fec1466a943f35ac6dd90969 (127.7.28.65). New cstate: current_term: 1 leader_uuid: "cacd3d00fec1466a943f35ac6dd90969" committed_config { opid_index: -1 OBSOLETE_local: false peers { permanent_uuid: "cacd3d00fec1466a943f35ac6dd90969" member_type: VOTER last_known_addr { host: "127.7.28.65" port: 32963 } health_report { overall_health: HEALTHY } } peers { permanent_uuid: "1fed56517e1c4de2bbd60f4fb48408ba" member_type: VOTER last_known_addr { host: "127.7.28.66" port: 33193 } health_report { overall_health: UNKNOWN } } peers { permanent_uuid: "5a3cdf3f6dd14168903bbafec678d15a" member_type: VOTER last_known_addr { host: "127.7.28.67" port: 33321 } health_report { overall_health: UNKNOWN } } }
I20260710 11:06:25.440069  8490 tablet_service.cc:1917] Received RequestConsensusVote() RPC: tablet_id: "3e44a9fadd3040eea6e13bca75b46e2f" candidate_uuid: "5a3cdf3f6dd14168903bbafec678d15a" candidate_term: 1 candidate_status { last_received { term: 0 index: 0 } } ignore_live_leader: false dest_uuid: "1fed56517e1c4de2bbd60f4fb48408ba" is_pre_election: true
I20260710 11:06:25.441284  8490 raft_consensus.cc:2393] T 3e44a9fadd3040eea6e13bca75b46e2f P 1fed56517e1c4de2bbd60f4fb48408ba [term 1 FOLLOWER]: Leader pre-election vote request: Denying vote to candidate 5a3cdf3f6dd14168903bbafec678d15a in current term 1: Already voted for candidate cacd3d00fec1466a943f35ac6dd90969 in this term.
I20260710 11:06:25.443429  8527 leader_election.cc:304] T 3e44a9fadd3040eea6e13bca75b46e2f P 5a3cdf3f6dd14168903bbafec678d15a [CANDIDATE]: Term 1 pre-election: Election decided. Result: candidate lost. Election summary: received 3 responses out of 3 voters: 1 yes votes; 2 no votes. yes voters: 5a3cdf3f6dd14168903bbafec678d15a; no voters: 1fed56517e1c4de2bbd60f4fb48408ba, cacd3d00fec1466a943f35ac6dd90969
I20260710 11:06:25.445358  8608 raft_consensus.cc:3060] T 3e44a9fadd3040eea6e13bca75b46e2f P 5a3cdf3f6dd14168903bbafec678d15a [term 0 FOLLOWER]: Advancing to term 1
I20260710 11:06:25.446090  8634 raft_consensus.cc:2749] T fbb2d85ca75c454c9710c979818885e3 P cacd3d00fec1466a943f35ac6dd90969 [term 0 FOLLOWER]: Leader pre-election lost for term 1. Reason: could not achieve majority
I20260710 11:06:25.451663  8415 raft_consensus.cc:3060] T df2b65502d27420cbb4a567052f14a36 P cacd3d00fec1466a943f35ac6dd90969 [term 0 FOLLOWER]: Advancing to term 1
I20260710 11:06:25.455081  8634 consensus_queue.cc:1048] T 3e44a9fadd3040eea6e13bca75b46e2f P cacd3d00fec1466a943f35ac6dd90969 [LEADER]: Connected to new peer: Peer: permanent_uuid: "1fed56517e1c4de2bbd60f4fb48408ba" member_type: VOTER last_known_addr { host: "127.7.28.66" port: 33193 }, Status: LMP_MISMATCH, Last received: 0.0, Next index: 1, Last known committed idx: 0, Time since last communication: 0.001s
I20260710 11:06:25.462168  8608 raft_consensus.cc:2749] T 3e44a9fadd3040eea6e13bca75b46e2f P 5a3cdf3f6dd14168903bbafec678d15a [term 1 FOLLOWER]: Leader pre-election lost for term 1. Reason: could not achieve majority
I20260710 11:06:25.457620  8631 consensus_queue.cc:1048] T 50eb184ae1bf4767b08f19b579b1165b P 5a3cdf3f6dd14168903bbafec678d15a [LEADER]: Connected to new peer: Peer: permanent_uuid: "cacd3d00fec1466a943f35ac6dd90969" member_type: VOTER last_known_addr { host: "127.7.28.65" port: 32963 }, Status: LMP_MISMATCH, Last received: 0.0, Next index: 1, Last known committed idx: 0, Time since last communication: 0.009s
I20260710 11:06:25.468891  8633 raft_consensus.cc:493] T 7bcf83625666495f9656b7fefbcea332 P 1fed56517e1c4de2bbd60f4fb48408ba [term 0 FOLLOWER]: Starting pre-election (no leader contacted us within the election timeout)
I20260710 11:06:25.469889  8633 raft_consensus.cc:515] T 7bcf83625666495f9656b7fefbcea332 P 1fed56517e1c4de2bbd60f4fb48408ba [term 0 FOLLOWER]: Starting pre-election with config: opid_index: -1 OBSOLETE_local: false peers { permanent_uuid: "cacd3d00fec1466a943f35ac6dd90969" member_type: VOTER last_known_addr { host: "127.7.28.65" port: 32963 } } peers { permanent_uuid: "1fed56517e1c4de2bbd60f4fb48408ba" member_type: VOTER last_known_addr { host: "127.7.28.66" port: 33193 } } peers { permanent_uuid: "5a3cdf3f6dd14168903bbafec678d15a" member_type: VOTER last_known_addr { host: "127.7.28.67" port: 33321 } }
I20260710 11:06:25.483309  8413 tablet_service.cc:1917] Received RequestConsensusVote() RPC: tablet_id: "7bcf83625666495f9656b7fefbcea332" candidate_uuid: "1fed56517e1c4de2bbd60f4fb48408ba" candidate_term: 1 candidate_status { last_received { term: 0 index: 0 } } ignore_live_leader: false dest_uuid: "cacd3d00fec1466a943f35ac6dd90969" is_pre_election: true
I20260710 11:06:25.484115  8638 raft_consensus.cc:493] T e2ffb471f2d84d2c9948f8dc50c6391f P cacd3d00fec1466a943f35ac6dd90969 [term 0 FOLLOWER]: Starting pre-election (no leader contacted us within the election timeout)
I20260710 11:06:25.485026  8638 raft_consensus.cc:515] T e2ffb471f2d84d2c9948f8dc50c6391f P cacd3d00fec1466a943f35ac6dd90969 [term 0 FOLLOWER]: Starting pre-election with config: opid_index: -1 OBSOLETE_local: false peers { permanent_uuid: "cacd3d00fec1466a943f35ac6dd90969" member_type: VOTER last_known_addr { host: "127.7.28.65" port: 32963 } } peers { permanent_uuid: "1fed56517e1c4de2bbd60f4fb48408ba" member_type: VOTER last_known_addr { host: "127.7.28.66" port: 33193 } } peers { permanent_uuid: "5a3cdf3f6dd14168903bbafec678d15a" member_type: VOTER last_known_addr { host: "127.7.28.67" port: 33321 } }
I20260710 11:06:25.485709  8631 consensus_queue.cc:1048] T df2b65502d27420cbb4a567052f14a36 P 5a3cdf3f6dd14168903bbafec678d15a [LEADER]: Connected to new peer: Peer: permanent_uuid: "cacd3d00fec1466a943f35ac6dd90969" member_type: VOTER last_known_addr { host: "127.7.28.65" port: 32963 }, Status: LMP_MISMATCH, Last received: 0.0, Next index: 1, Last known committed idx: 0, Time since last communication: 0.000s
I20260710 11:06:25.485980  8632 raft_consensus.cc:515] T 1cdf37a916154b4389a750149ed43ab1 P 1fed56517e1c4de2bbd60f4fb48408ba [term 1 FOLLOWER]: Starting leader election with config: opid_index: -1 OBSOLETE_local: false peers { permanent_uuid: "cacd3d00fec1466a943f35ac6dd90969" member_type: VOTER last_known_addr { host: "127.7.28.65" port: 32963 } } peers { permanent_uuid: "1fed56517e1c4de2bbd60f4fb48408ba" member_type: VOTER last_known_addr { host: "127.7.28.66" port: 33193 } } peers { permanent_uuid: "5a3cdf3f6dd14168903bbafec678d15a" member_type: VOTER last_known_addr { host: "127.7.28.67" port: 33321 } }
I20260710 11:06:25.490039  8638 leader_election.cc:290] T e2ffb471f2d84d2c9948f8dc50c6391f P cacd3d00fec1466a943f35ac6dd90969 [CANDIDATE]: Term 1 pre-election: Requested pre-vote from peers 1fed56517e1c4de2bbd60f4fb48408ba (127.7.28.66:33193), 5a3cdf3f6dd14168903bbafec678d15a (127.7.28.67:33321)
I20260710 11:06:25.490531  8489 tablet_service.cc:1917] Received RequestConsensusVote() RPC: tablet_id: "e2ffb471f2d84d2c9948f8dc50c6391f" candidate_uuid: "cacd3d00fec1466a943f35ac6dd90969" candidate_term: 1 candidate_status { last_received { term: 0 index: 0 } } ignore_live_leader: false dest_uuid: "1fed56517e1c4de2bbd60f4fb48408ba" is_pre_election: true
I20260710 11:06:25.491681  8489 raft_consensus.cc:2468] T e2ffb471f2d84d2c9948f8dc50c6391f P 1fed56517e1c4de2bbd60f4fb48408ba [term 0 FOLLOWER]: Leader pre-election vote request: Granting yes vote for candidate cacd3d00fec1466a943f35ac6dd90969 in term 0.
I20260710 11:06:25.492990  8633 leader_election.cc:290] T 7bcf83625666495f9656b7fefbcea332 P 1fed56517e1c4de2bbd60f4fb48408ba [CANDIDATE]: Term 1 pre-election: Requested pre-vote from peers cacd3d00fec1466a943f35ac6dd90969 (127.7.28.65:32963), 5a3cdf3f6dd14168903bbafec678d15a (127.7.28.67:33321)
W20260710 11:06:25.494163  8456 leader_election.cc:343] T 7bcf83625666495f9656b7fefbcea332 P 1fed56517e1c4de2bbd60f4fb48408ba [CANDIDATE]: Term 1 pre-election: Tablet error from VoteRequest() call to peer cacd3d00fec1466a943f35ac6dd90969 (127.7.28.65:32963): Illegal state: must be running to vote when last-logged opid is not known
I20260710 11:06:25.494760  8563 tablet_service.cc:1917] Received RequestConsensusVote() RPC: tablet_id: "7bcf83625666495f9656b7fefbcea332" candidate_uuid: "1fed56517e1c4de2bbd60f4fb48408ba" candidate_term: 1 candidate_status { last_received { term: 0 index: 0 } } ignore_live_leader: false dest_uuid: "5a3cdf3f6dd14168903bbafec678d15a" is_pre_election: true
I20260710 11:06:25.495988  8614 leader_election.cc:290] T df2b65502d27420cbb4a567052f14a36 P cacd3d00fec1466a943f35ac6dd90969 [CANDIDATE]: Term 1 pre-election: Requested pre-vote from peers 5a3cdf3f6dd14168903bbafec678d15a (127.7.28.67:33321), 1fed56517e1c4de2bbd60f4fb48408ba (127.7.28.66:33193)
I20260710 11:06:25.496192  8378 leader_election.cc:304] T e2ffb471f2d84d2c9948f8dc50c6391f P cacd3d00fec1466a943f35ac6dd90969 [CANDIDATE]: Term 1 pre-election: Election decided. Result: candidate won. Election summary: received 2 responses out of 3 voters: 2 yes votes; 0 no votes. yes voters: 1fed56517e1c4de2bbd60f4fb48408ba, cacd3d00fec1466a943f35ac6dd90969; no voters: 
I20260710 11:06:25.499723  8634 raft_consensus.cc:2804] T e2ffb471f2d84d2c9948f8dc50c6391f P cacd3d00fec1466a943f35ac6dd90969 [term 0 FOLLOWER]: Leader pre-election won for term 1
I20260710 11:06:25.500219  8634 raft_consensus.cc:493] T e2ffb471f2d84d2c9948f8dc50c6391f P cacd3d00fec1466a943f35ac6dd90969 [term 0 FOLLOWER]: Starting leader election (no leader contacted us within the election timeout)
I20260710 11:06:25.500587  8634 raft_consensus.cc:3060] T e2ffb471f2d84d2c9948f8dc50c6391f P cacd3d00fec1466a943f35ac6dd90969 [term 0 FOLLOWER]: Advancing to term 1
I20260710 11:06:25.501099  8607 tablet_bootstrap.cc:492] T b42b8f4d89b34543bba794240af0dd80 P cacd3d00fec1466a943f35ac6dd90969: No bootstrap required, opened a new log
I20260710 11:06:25.501904  8607 ts_tablet_manager.cc:1403] T b42b8f4d89b34543bba794240af0dd80 P cacd3d00fec1466a943f35ac6dd90969: Time spent bootstrapping tablet: real 0.158s	user 0.022s	sys 0.008s
I20260710 11:06:25.495410  8562 tablet_service.cc:1917] Received RequestConsensusVote() RPC: tablet_id: "e2ffb471f2d84d2c9948f8dc50c6391f" candidate_uuid: "cacd3d00fec1466a943f35ac6dd90969" candidate_term: 1 candidate_status { last_received { term: 0 index: 0 } } ignore_live_leader: false dest_uuid: "5a3cdf3f6dd14168903bbafec678d15a" is_pre_election: true
I20260710 11:06:25.479923  8608 raft_consensus.cc:493] T 7d7942557ce1486f946fe2972f56113e P 5a3cdf3f6dd14168903bbafec678d15a [term 0 FOLLOWER]: Starting pre-election (no leader contacted us within the election timeout)
I20260710 11:06:25.506383  8489 tablet_service.cc:1917] Received RequestConsensusVote() RPC: tablet_id: "df2b65502d27420cbb4a567052f14a36" candidate_uuid: "cacd3d00fec1466a943f35ac6dd90969" candidate_term: 1 candidate_status { last_received { term: 0 index: 0 } } ignore_live_leader: false dest_uuid: "1fed56517e1c4de2bbd60f4fb48408ba" is_pre_election: true
I20260710 11:06:25.507642  8489 raft_consensus.cc:2393] T df2b65502d27420cbb4a567052f14a36 P 1fed56517e1c4de2bbd60f4fb48408ba [term 1 FOLLOWER]: Leader pre-election vote request: Denying vote to candidate cacd3d00fec1466a943f35ac6dd90969 in current term 1: Already voted for candidate 5a3cdf3f6dd14168903bbafec678d15a in this term.
I20260710 11:06:25.496555  8614 consensus_queue.cc:1048] T 3e44a9fadd3040eea6e13bca75b46e2f P cacd3d00fec1466a943f35ac6dd90969 [LEADER]: Connected to new peer: Peer: permanent_uuid: "5a3cdf3f6dd14168903bbafec678d15a" member_type: VOTER last_known_addr { host: "127.7.28.67" port: 33321 }, Status: LMP_MISMATCH, Last received: 0.0, Next index: 1, Last known committed idx: 0, Time since last communication: 0.006s
I20260710 11:06:25.508986  8563 tablet_service.cc:1917] Received RequestConsensusVote() RPC: tablet_id: "df2b65502d27420cbb4a567052f14a36" candidate_uuid: "cacd3d00fec1466a943f35ac6dd90969" candidate_term: 1 candidate_status { last_received { term: 0 index: 0 } } ignore_live_leader: false dest_uuid: "5a3cdf3f6dd14168903bbafec678d15a" is_pre_election: true
I20260710 11:06:25.494827  8604 raft_consensus.cc:359] T fef8793234b546e6914e141fe90380cd P 5a3cdf3f6dd14168903bbafec678d15a [term 0 FOLLOWER]: Replica starting. Triggering 0 pending ops. Active config: opid_index: -1 OBSOLETE_local: false peers { permanent_uuid: "cacd3d00fec1466a943f35ac6dd90969" member_type: VOTER last_known_addr { host: "127.7.28.65" port: 32963 } } peers { permanent_uuid: "1fed56517e1c4de2bbd60f4fb48408ba" member_type: VOTER last_known_addr { host: "127.7.28.66" port: 33193 } } peers { permanent_uuid: "5a3cdf3f6dd14168903bbafec678d15a" member_type: VOTER last_known_addr { host: "127.7.28.67" port: 33321 } }
W20260710 11:06:25.511718  8456 leader_election.cc:343] T 7bcf83625666495f9656b7fefbcea332 P 1fed56517e1c4de2bbd60f4fb48408ba [CANDIDATE]: Term 1 pre-election: Tablet error from VoteRequest() call to peer 5a3cdf3f6dd14168903bbafec678d15a (127.7.28.67:33321): Illegal state: must be running to vote when last-logged opid is not known
I20260710 11:06:25.511473  8604 raft_consensus.cc:385] T fef8793234b546e6914e141fe90380cd P 5a3cdf3f6dd14168903bbafec678d15a [term 0 FOLLOWER]: Consensus starting up: Expiring failure detector timer to make a prompt election more likely
I20260710 11:06:25.520238  8604 raft_consensus.cc:740] T fef8793234b546e6914e141fe90380cd P 5a3cdf3f6dd14168903bbafec678d15a [term 0 FOLLOWER]: Becoming Follower/Learner. State: Replica: 5a3cdf3f6dd14168903bbafec678d15a, State: Initialized, Role: FOLLOWER
I20260710 11:06:25.512909  8456 leader_election.cc:304] T 7bcf83625666495f9656b7fefbcea332 P 1fed56517e1c4de2bbd60f4fb48408ba [CANDIDATE]: Term 1 pre-election: Election decided. Result: candidate lost. Election summary: received 3 responses out of 3 voters: 1 yes votes; 2 no votes. yes voters: 1fed56517e1c4de2bbd60f4fb48408ba; no voters: 5a3cdf3f6dd14168903bbafec678d15a, cacd3d00fec1466a943f35ac6dd90969
I20260710 11:06:25.534389  8604 consensus_queue.cc:260] T fef8793234b546e6914e141fe90380cd P 5a3cdf3f6dd14168903bbafec678d15a [NON_LEADER]: Queue going to NON_LEADER mode. State: All replicated index: 0, Majority replicated index: 0, Committed index: 0, Last appended: 0.0, Last appended by leader: 0, Current term: 0, Majority size: -1, State: 0, Mode: NON_LEADER, active raft config: opid_index: -1 OBSOLETE_local: false peers { permanent_uuid: "cacd3d00fec1466a943f35ac6dd90969" member_type: VOTER last_known_addr { host: "127.7.28.65" port: 32963 } } peers { permanent_uuid: "1fed56517e1c4de2bbd60f4fb48408ba" member_type: VOTER last_known_addr { host: "127.7.28.66" port: 33193 } } peers { permanent_uuid: "5a3cdf3f6dd14168903bbafec678d15a" member_type: VOTER last_known_addr { host: "127.7.28.67" port: 33321 } }
I20260710 11:06:25.539140  8633 raft_consensus.cc:2749] T 7bcf83625666495f9656b7fefbcea332 P 1fed56517e1c4de2bbd60f4fb48408ba [term 0 FOLLOWER]: Leader pre-election lost for term 1. Reason: could not achieve majority
I20260710 11:06:25.540251  8604 ts_tablet_manager.cc:1434] T fef8793234b546e6914e141fe90380cd P 5a3cdf3f6dd14168903bbafec678d15a: Time spent starting tablet: real 0.110s	user 0.005s	sys 0.005s
I20260710 11:06:25.527033  8608 raft_consensus.cc:515] T 7d7942557ce1486f946fe2972f56113e P 5a3cdf3f6dd14168903bbafec678d15a [term 0 FOLLOWER]: Starting pre-election with config: opid_index: -1 OBSOLETE_local: false peers { permanent_uuid: "cacd3d00fec1466a943f35ac6dd90969" member_type: VOTER last_known_addr { host: "127.7.28.65" port: 32963 } } peers { permanent_uuid: "1fed56517e1c4de2bbd60f4fb48408ba" member_type: VOTER last_known_addr { host: "127.7.28.66" port: 33193 } } peers { permanent_uuid: "5a3cdf3f6dd14168903bbafec678d15a" member_type: VOTER last_known_addr { host: "127.7.28.67" port: 33321 } }
I20260710 11:06:25.545089  8608 leader_election.cc:290] T 7d7942557ce1486f946fe2972f56113e P 5a3cdf3f6dd14168903bbafec678d15a [CANDIDATE]: Term 1 pre-election: Requested pre-vote from peers cacd3d00fec1466a943f35ac6dd90969 (127.7.28.65:32963), 1fed56517e1c4de2bbd60f4fb48408ba (127.7.28.66:33193)
I20260710 11:06:25.535233  8381 leader_election.cc:304] T df2b65502d27420cbb4a567052f14a36 P cacd3d00fec1466a943f35ac6dd90969 [CANDIDATE]: Term 1 pre-election: Election decided. Result: candidate lost. Election summary: received 3 responses out of 3 voters: 1 yes votes; 2 no votes. yes voters: cacd3d00fec1466a943f35ac6dd90969; no voters: 1fed56517e1c4de2bbd60f4fb48408ba, 5a3cdf3f6dd14168903bbafec678d15a
I20260710 11:06:25.546608  8606 tablet_bootstrap.cc:492] T 3952cc31a8dc4f3badd9fc81d0e60c44 P 1fed56517e1c4de2bbd60f4fb48408ba: No bootstrap required, opened a new log
I20260710 11:06:25.546108  8607 raft_consensus.cc:359] T b42b8f4d89b34543bba794240af0dd80 P cacd3d00fec1466a943f35ac6dd90969 [term 0 FOLLOWER]: Replica starting. Triggering 0 pending ops. Active config: opid_index: -1 OBSOLETE_local: false peers { permanent_uuid: "cacd3d00fec1466a943f35ac6dd90969" member_type: VOTER last_known_addr { host: "127.7.28.65" port: 32963 } } peers { permanent_uuid: "1fed56517e1c4de2bbd60f4fb48408ba" member_type: VOTER last_known_addr { host: "127.7.28.66" port: 33193 } } peers { permanent_uuid: "5a3cdf3f6dd14168903bbafec678d15a" member_type: VOTER last_known_addr { host: "127.7.28.67" port: 33321 } }
I20260710 11:06:25.571403  8607 raft_consensus.cc:385] T b42b8f4d89b34543bba794240af0dd80 P cacd3d00fec1466a943f35ac6dd90969 [term 0 FOLLOWER]: Consensus starting up: Expiring failure detector timer to make a prompt election more likely
I20260710 11:06:25.571887  8607 raft_consensus.cc:740] T b42b8f4d89b34543bba794240af0dd80 P cacd3d00fec1466a943f35ac6dd90969 [term 0 FOLLOWER]: Becoming Follower/Learner. State: Replica: cacd3d00fec1466a943f35ac6dd90969, State: Initialized, Role: FOLLOWER
I20260710 11:06:25.547528  8414 tablet_service.cc:1917] Received RequestConsensusVote() RPC: tablet_id: "7d7942557ce1486f946fe2972f56113e" candidate_uuid: "5a3cdf3f6dd14168903bbafec678d15a" candidate_term: 1 candidate_status { last_received { term: 0 index: 0 } } ignore_live_leader: false dest_uuid: "cacd3d00fec1466a943f35ac6dd90969" is_pre_election: true
I20260710 11:06:25.551676  8608 raft_consensus.cc:493] T bcb17df1d2c74825b321ab3a9d67b40e P 5a3cdf3f6dd14168903bbafec678d15a [term 0 FOLLOWER]: Starting pre-election (no leader contacted us within the election timeout)
W20260710 11:06:25.592466  8381 outbound_call.cc:321] RPC callback for RPC call kudu.consensus.ConsensusService.RequestConsensusVote -> {remote=127.7.28.67:33321, user_credentials={real_user=slave}} blocked reactor thread for 65063.6us
