I20260710 11:06:35.519174 26614 raft_consensus.cc:2955] T 1516f31981024378bb50f75176757ec4 P 82e194be787c47608661c3b24ccb0600 [term 1 FOLLOWER]: Committing config change with OpId 1.4: config changed from index 3 to 4, VOTER 9d70f4ed66264d7e9900771ce677696c (127.24.116.193) evicted. New config: { opid_index: 4 OBSOLETE_local: false peers { permanent_uuid: "58ed52df2bc24a89a2995d158df74797" member_type: VOTER last_known_addr { host: "127.24.116.194" port: 35501 } } peers { permanent_uuid: "90d6b2dea6854d938c9379ce5236c915" member_type: VOTER last_known_addr { host: "127.24.116.195" port: 34943 } } peers { permanent_uuid: "82e194be787c47608661c3b24ccb0600" member_type: VOTER last_known_addr { host: "127.24.116.196" port: 41855 } attrs { promote: false } } }
I20260710 11:06:35.521715 26239 raft_consensus.cc:1275] T 174ec6a467624b31a53e35b2b26058e9 P 58ed52df2bc24a89a2995d158df74797 [term 1 FOLLOWER]: Refusing update from remote peer 90d6b2dea6854d938c9379ce5236c915: Log matching property violated. Preceding OpId in replica: term: 1 index: 3. Preceding OpId from leader: term: 1 index: 4. (index mismatch)
I20260710 11:06:35.459595 26613 raft_consensus.cc:2955] T 174ec6a467624b31a53e35b2b26058e9 P 82e194be787c47608661c3b24ccb0600 [term 1 FOLLOWER]: Committing config change with OpId 1.4: config changed from index 3 to 4, VOTER 9d70f4ed66264d7e9900771ce677696c (127.24.116.193) evicted. New config: { opid_index: 4 OBSOLETE_local: false peers { permanent_uuid: "58ed52df2bc24a89a2995d158df74797" member_type: VOTER last_known_addr { host: "127.24.116.194" port: 35501 } } peers { permanent_uuid: "90d6b2dea6854d938c9379ce5236c915" member_type: VOTER last_known_addr { host: "127.24.116.195" port: 34943 } } peers { permanent_uuid: "82e194be787c47608661c3b24ccb0600" member_type: VOTER last_known_addr { host: "127.24.116.196" port: 41855 } attrs { promote: false } } }
I20260710 11:06:35.524070 26847 consensus_queue.cc:1048] T 174ec6a467624b31a53e35b2b26058e9 P 90d6b2dea6854d938c9379ce5236c915 [LEADER]: Connected to new peer: Peer: permanent_uuid: "58ed52df2bc24a89a2995d158df74797" member_type: VOTER last_known_addr { host: "127.24.116.194" port: 35501 }, Status: LMP_MISMATCH, Last received: 0.0, Next index: 4, Last known committed idx: 3, Time since last communication: 0.000s
I20260710 11:06:35.530329 26239 raft_consensus.cc:2955] T 174ec6a467624b31a53e35b2b26058e9 P 58ed52df2bc24a89a2995d158df74797 [term 1 FOLLOWER]: Committing config change with OpId 1.4: config changed from index 3 to 4, VOTER 9d70f4ed66264d7e9900771ce677696c (127.24.116.193) evicted. New config: { opid_index: 4 OBSOLETE_local: false peers { permanent_uuid: "58ed52df2bc24a89a2995d158df74797" member_type: VOTER last_known_addr { host: "127.24.116.194" port: 35501 } } peers { permanent_uuid: "90d6b2dea6854d938c9379ce5236c915" member_type: VOTER last_known_addr { host: "127.24.116.195" port: 34943 } } peers { permanent_uuid: "82e194be787c47608661c3b24ccb0600" member_type: VOTER last_known_addr { host: "127.24.116.196" port: 41855 } attrs { promote: false } } }
I20260710 11:06:35.533093 26051 catalog_manager.cc:5210] ChangeConfig:REMOVE_PEER RPC for tablet 91e7c13083e345119fadb5f9f9509088 with cas_config_opid_index 3: ChangeConfig:REMOVE_PEER succeeded (attempt 1)
I20260710 11:06:35.539868 26061 catalog_manager.cc:5697] T 91e7c13083e345119fadb5f9f9509088 P 9d70f4ed66264d7e9900771ce677696c reported cstate change: config changed from index 3 to 4, VOTER 90d6b2dea6854d938c9379ce5236c915 (127.24.116.195) evicted. New cstate: current_term: 1 leader_uuid: "9d70f4ed66264d7e9900771ce677696c" committed_config { opid_index: 4 OBSOLETE_local: false peers { permanent_uuid: "9d70f4ed66264d7e9900771ce677696c" member_type: VOTER last_known_addr { host: "127.24.116.193" port: 35915 } health_report { overall_health: HEALTHY } } peers { permanent_uuid: "58ed52df2bc24a89a2995d158df74797" member_type: VOTER last_known_addr { host: "127.24.116.194" port: 35501 } health_report { overall_health: UNKNOWN } } peers { permanent_uuid: "82e194be787c47608661c3b24ccb0600" member_type: VOTER last_known_addr { host: "127.24.116.196" port: 41855 } attrs { promote: false } health_report { overall_health: HEALTHY } } }
I20260710 11:06:35.551748 26050 catalog_manager.cc:5210] ChangeConfig:REMOVE_PEER RPC for tablet 1516f31981024378bb50f75176757ec4 with cas_config_opid_index 3: ChangeConfig:REMOVE_PEER succeeded (attempt 1)
I20260710 11:06:35.552686 26050 catalog_manager.cc:5210] ChangeConfig:REMOVE_PEER RPC for tablet 174ec6a467624b31a53e35b2b26058e9 with cas_config_opid_index 3: ChangeConfig:REMOVE_PEER succeeded (attempt 1)
I20260710 11:06:35.557960 26306 tablet_service.cc:1558] Processing DeleteTablet for tablet 91e7c13083e345119fadb5f9f9509088 with delete_type TABLET_DATA_TOMBSTONED (TS 90d6b2dea6854d938c9379ce5236c915 not found in new config with opid_index 4) from {username='slave'} at 127.0.0.1:56002
I20260710 11:06:35.573256 26063 catalog_manager.cc:5697] T 174ec6a467624b31a53e35b2b26058e9 P 90d6b2dea6854d938c9379ce5236c915 reported cstate change: config changed from index 3 to 4, VOTER 9d70f4ed66264d7e9900771ce677696c (127.24.116.193) evicted. New cstate: current_term: 1 leader_uuid: "90d6b2dea6854d938c9379ce5236c915" committed_config { opid_index: 4 OBSOLETE_local: false peers { permanent_uuid: "58ed52df2bc24a89a2995d158df74797" member_type: VOTER last_known_addr { host: "127.24.116.194" port: 35501 } health_report { overall_health: UNKNOWN } } peers { permanent_uuid: "90d6b2dea6854d938c9379ce5236c915" member_type: VOTER last_known_addr { host: "127.24.116.195" port: 34943 } health_report { overall_health: HEALTHY } } peers { permanent_uuid: "82e194be787c47608661c3b24ccb0600" member_type: VOTER last_known_addr { host: "127.24.116.196" port: 41855 } attrs { promote: false } health_report { overall_health: HEALTHY } } }
I20260710 11:06:35.576448 26063 catalog_manager.cc:5697] T 1516f31981024378bb50f75176757ec4 P 90d6b2dea6854d938c9379ce5236c915 reported cstate change: config changed from index 3 to 4, VOTER 9d70f4ed66264d7e9900771ce677696c (127.24.116.193) evicted. New cstate: current_term: 1 leader_uuid: "90d6b2dea6854d938c9379ce5236c915" committed_config { opid_index: 4 OBSOLETE_local: false peers { permanent_uuid: "58ed52df2bc24a89a2995d158df74797" member_type: VOTER last_known_addr { host: "127.24.116.194" port: 35501 } health_report { overall_health: HEALTHY } } peers { permanent_uuid: "90d6b2dea6854d938c9379ce5236c915" member_type: VOTER last_known_addr { host: "127.24.116.195" port: 34943 } health_report { overall_health: HEALTHY } } peers { permanent_uuid: "82e194be787c47608661c3b24ccb0600" member_type: VOTER last_known_addr { host: "127.24.116.196" port: 41855 } attrs { promote: false } health_report { overall_health: HEALTHY } } }
I20260710 11:06:35.585467 26862 tablet_replica.cc:333] T 91e7c13083e345119fadb5f9f9509088 P 90d6b2dea6854d938c9379ce5236c915: stopping tablet replica
I20260710 11:06:35.586998 26862 raft_consensus.cc:2243] T 91e7c13083e345119fadb5f9f9509088 P 90d6b2dea6854d938c9379ce5236c915 [term 1 FOLLOWER]: Raft consensus shutting down.
I20260710 11:06:35.588369 26862 raft_consensus.cc:2272] T 91e7c13083e345119fadb5f9f9509088 P 90d6b2dea6854d938c9379ce5236c915 [term 1 FOLLOWER]: Raft consensus is shut down!
I20260710 11:06:35.591586 26861 ts_tablet_manager.cc:1929] T a21d51dc75a049acb55e02f61ea0b52b P 58ed52df2bc24a89a2995d158df74797: tablet deleted with delete type TABLET_DATA_TOMBSTONED: last-logged OpId 1.3
I20260710 11:06:35.597987 26862 ts_tablet_manager.cc:1916] T 91e7c13083e345119fadb5f9f9509088 P 90d6b2dea6854d938c9379ce5236c915: Deleting tablet data with delete state TABLET_DATA_TOMBSTONED
I20260710 11:06:35.616763 26862 ts_tablet_manager.cc:1929] T 91e7c13083e345119fadb5f9f9509088 P 90d6b2dea6854d938c9379ce5236c915: tablet deleted with delete type TABLET_DATA_TOMBSTONED: last-logged OpId 1.3
I20260710 11:06:35.617244 26862 log.cc:1199] T 91e7c13083e345119fadb5f9f9509088 P 90d6b2dea6854d938c9379ce5236c915: Deleting WAL directory at /tmp/dist-test-task4sFKae/test-tmp/auto_leader_rebalancer-test.0.LeaderRebalancerTest.AddTserver.1783681554564807-25043-0/minicluster-data/ts-2-root/wals/91e7c13083e345119fadb5f9f9509088
I20260710 11:06:35.619294 26050 catalog_manager.cc:5028] TS 90d6b2dea6854d938c9379ce5236c915 (127.24.116.195:34943): tablet 91e7c13083e345119fadb5f9f9509088 (table test-workload [id=ded25313686b431f84465d857876f70b]) successfully deleted
I20260710 11:06:35.620003 26861 log.cc:1199] T a21d51dc75a049acb55e02f61ea0b52b P 58ed52df2bc24a89a2995d158df74797: Deleting WAL directory at /tmp/dist-test-task4sFKae/test-tmp/auto_leader_rebalancer-test.0.LeaderRebalancerTest.AddTserver.1783681554564807-25043-0/minicluster-data/ts-1-root/wals/a21d51dc75a049acb55e02f61ea0b52b
I20260710 11:06:35.624101 26050 catalog_manager.cc:5028] TS 58ed52df2bc24a89a2995d158df74797 (127.24.116.194:35501): tablet a21d51dc75a049acb55e02f61ea0b52b (table test-workload [id=ded25313686b431f84465d857876f70b]) successfully deleted
I20260710 11:06:35.636096 26157 tablet_service.cc:1558] Processing DeleteTablet for tablet 1516f31981024378bb50f75176757ec4 with delete_type TABLET_DATA_TOMBSTONED (TS 9d70f4ed66264d7e9900771ce677696c not found in new config with opid_index 4) from {username='slave'} at 127.0.0.1:34096
I20260710 11:06:35.638599 26151 tablet_service.cc:1558] Processing DeleteTablet for tablet 174ec6a467624b31a53e35b2b26058e9 with delete_type TABLET_DATA_TOMBSTONED (TS 9d70f4ed66264d7e9900771ce677696c not found in new config with opid_index 4) from {username='slave'} at 127.0.0.1:34096
I20260710 11:06:35.649029 26863 tablet_replica.cc:333] T 174ec6a467624b31a53e35b2b26058e9 P 9d70f4ed66264d7e9900771ce677696c: stopping tablet replica
I20260710 11:06:35.650192 26863 raft_consensus.cc:2243] T 174ec6a467624b31a53e35b2b26058e9 P 9d70f4ed66264d7e9900771ce677696c [term 1 FOLLOWER]: Raft consensus shutting down.
I20260710 11:06:35.651262 26863 raft_consensus.cc:2272] T 174ec6a467624b31a53e35b2b26058e9 P 9d70f4ed66264d7e9900771ce677696c [term 1 FOLLOWER]: Raft consensus is shut down!
I20260710 11:06:35.656258 26863 ts_tablet_manager.cc:1916] T 174ec6a467624b31a53e35b2b26058e9 P 9d70f4ed66264d7e9900771ce677696c: Deleting tablet data with delete state TABLET_DATA_TOMBSTONED
I20260710 11:06:35.670688 26863 ts_tablet_manager.cc:1929] T 174ec6a467624b31a53e35b2b26058e9 P 9d70f4ed66264d7e9900771ce677696c: tablet deleted with delete type TABLET_DATA_TOMBSTONED: last-logged OpId 1.3
I20260710 11:06:35.671130 26863 log.cc:1199] T 174ec6a467624b31a53e35b2b26058e9 P 9d70f4ed66264d7e9900771ce677696c: Deleting WAL directory at /tmp/dist-test-task4sFKae/test-tmp/auto_leader_rebalancer-test.0.LeaderRebalancerTest.AddTserver.1783681554564807-25043-0/minicluster-data/ts-0-root/wals/174ec6a467624b31a53e35b2b26058e9
I20260710 11:06:35.673264 26863 tablet_replica.cc:333] T 1516f31981024378bb50f75176757ec4 P 9d70f4ed66264d7e9900771ce677696c: stopping tablet replica
I20260710 11:06:35.673164 26051 catalog_manager.cc:5028] TS 9d70f4ed66264d7e9900771ce677696c (127.24.116.193:35915): tablet 174ec6a467624b31a53e35b2b26058e9 (table test-workload [id=ded25313686b431f84465d857876f70b]) successfully deleted
I20260710 11:06:35.674463 26863 raft_consensus.cc:2243] T 1516f31981024378bb50f75176757ec4 P 9d70f4ed66264d7e9900771ce677696c [term 1 FOLLOWER]: Raft consensus shutting down.
I20260710 11:06:35.675474 26863 raft_consensus.cc:2272] T 1516f31981024378bb50f75176757ec4 P 9d70f4ed66264d7e9900771ce677696c [term 1 FOLLOWER]: Raft consensus is shut down!
I20260710 11:06:35.679306 26863 ts_tablet_manager.cc:1916] T 1516f31981024378bb50f75176757ec4 P 9d70f4ed66264d7e9900771ce677696c: Deleting tablet data with delete state TABLET_DATA_TOMBSTONED
I20260710 11:06:35.695492 26863 ts_tablet_manager.cc:1929] T 1516f31981024378bb50f75176757ec4 P 9d70f4ed66264d7e9900771ce677696c: tablet deleted with delete type TABLET_DATA_TOMBSTONED: last-logged OpId 1.3
I20260710 11:06:35.695950 26863 log.cc:1199] T 1516f31981024378bb50f75176757ec4 P 9d70f4ed66264d7e9900771ce677696c: Deleting WAL directory at /tmp/dist-test-task4sFKae/test-tmp/auto_leader_rebalancer-test.0.LeaderRebalancerTest.AddTserver.1783681554564807-25043-0/minicluster-data/ts-0-root/wals/1516f31981024378bb50f75176757ec4
I20260710 11:06:35.697496 26051 catalog_manager.cc:5028] TS 9d70f4ed66264d7e9900771ce677696c (127.24.116.193:35915): tablet 1516f31981024378bb50f75176757ec4 (table test-workload [id=ded25313686b431f84465d857876f70b]) successfully deleted
I20260710 11:06:36.676750 26316 consensus_queue.cc:237] T 7036a22c01bc4d88a9bb0e27c9f4ca65 P 90d6b2dea6854d938c9379ce5236c915 [LEADER]: Queue going to LEADER mode. State: All replicated index: 0, Majority replicated index: 1, Committed index: 1, Last appended: 1.1, Last appended by leader: 0, Current term: 1, Majority size: 2, State: 0, Mode: LEADER, active raft config: opid_index: 2 OBSOLETE_local: false peers { permanent_uuid: "9d70f4ed66264d7e9900771ce677696c" member_type: VOTER last_known_addr { host: "127.24.116.193" port: 35915 } } peers { permanent_uuid: "58ed52df2bc24a89a2995d158df74797" member_type: VOTER last_known_addr { host: "127.24.116.194" port: 35501 } attrs { replace: true } } peers { permanent_uuid: "90d6b2dea6854d938c9379ce5236c915" member_type: VOTER last_known_addr { host: "127.24.116.195" port: 34943 } } peers { permanent_uuid: "82e194be787c47608661c3b24ccb0600" member_type: NON_VOTER last_known_addr { host: "127.24.116.196" port: 41855 } attrs { promote: true } }
I20260710 11:06:36.684065 26239 raft_consensus.cc:1275] T 7036a22c01bc4d88a9bb0e27c9f4ca65 P 58ed52df2bc24a89a2995d158df74797 [term 1 FOLLOWER]: Refusing update from remote peer 90d6b2dea6854d938c9379ce5236c915: Log matching property violated. Preceding OpId in replica: term: 1 index: 1. Preceding OpId from leader: term: 1 index: 2. (index mismatch)
I20260710 11:06:36.685012 26165 raft_consensus.cc:1275] T 7036a22c01bc4d88a9bb0e27c9f4ca65 P 9d70f4ed66264d7e9900771ce677696c [term 1 FOLLOWER]: Refusing update from remote peer 90d6b2dea6854d938c9379ce5236c915: Log matching property violated. Preceding OpId in replica: term: 1 index: 1. Preceding OpId from leader: term: 1 index: 2. (index mismatch)
W20260710 11:06:36.685154 26279 consensus_peers.cc:597] T 7036a22c01bc4d88a9bb0e27c9f4ca65 P 90d6b2dea6854d938c9379ce5236c915 -> Peer 82e194be787c47608661c3b24ccb0600 (127.24.116.196:41855): Couldn't send request to peer 82e194be787c47608661c3b24ccb0600. Error code: TABLET_NOT_FOUND (6). Status: Not found: Tablet not found: 7036a22c01bc4d88a9bb0e27c9f4ca65. This is attempt 1: this message will repeat every 5th retry.
I20260710 11:06:36.685420 26844 consensus_queue.cc:1048] T 7036a22c01bc4d88a9bb0e27c9f4ca65 P 90d6b2dea6854d938c9379ce5236c915 [LEADER]: Connected to new peer: Peer: permanent_uuid: "58ed52df2bc24a89a2995d158df74797" member_type: VOTER last_known_addr { host: "127.24.116.194" port: 35501 } attrs { replace: true }, Status: LMP_MISMATCH, Last received: 0.0, Next index: 2, Last known committed idx: 1, Time since last communication: 0.001s
I20260710 11:06:36.686864 26846 consensus_queue.cc:1048] T 7036a22c01bc4d88a9bb0e27c9f4ca65 P 90d6b2dea6854d938c9379ce5236c915 [LEADER]: Connected to new peer: Peer: permanent_uuid: "9d70f4ed66264d7e9900771ce677696c" member_type: VOTER last_known_addr { host: "127.24.116.193" port: 35915 }, Status: LMP_MISMATCH, Last received: 0.0, Next index: 2, Last known committed idx: 1, Time since last communication: 0.000s
I20260710 11:06:36.694427 26844 raft_consensus.cc:2955] T 7036a22c01bc4d88a9bb0e27c9f4ca65 P 90d6b2dea6854d938c9379ce5236c915 [term 1 LEADER]: Committing config change with OpId 1.2: config changed from index -1 to 2, NON_VOTER 82e194be787c47608661c3b24ccb0600 (127.24.116.196) added. New config: { opid_index: 2 OBSOLETE_local: false peers { permanent_uuid: "9d70f4ed66264d7e9900771ce677696c" member_type: VOTER last_known_addr { host: "127.24.116.193" port: 35915 } } peers { permanent_uuid: "58ed52df2bc24a89a2995d158df74797" member_type: VOTER last_known_addr { host: "127.24.116.194" port: 35501 } attrs { replace: true } } peers { permanent_uuid: "90d6b2dea6854d938c9379ce5236c915" member_type: VOTER last_known_addr { host: "127.24.116.195" port: 34943 } } peers { permanent_uuid: "82e194be787c47608661c3b24ccb0600" member_type: NON_VOTER last_known_addr { host: "127.24.116.196" port: 41855 } attrs { promote: true } } }
I20260710 11:06:36.696689 26239 raft_consensus.cc:2955] T 7036a22c01bc4d88a9bb0e27c9f4ca65 P 58ed52df2bc24a89a2995d158df74797 [term 1 FOLLOWER]: Committing config change with OpId 1.2: config changed from index -1 to 2, NON_VOTER 82e194be787c47608661c3b24ccb0600 (127.24.116.196) added. New config: { opid_index: 2 OBSOLETE_local: false peers { permanent_uuid: "9d70f4ed66264d7e9900771ce677696c" member_type: VOTER last_known_addr { host: "127.24.116.193" port: 35915 } } peers { permanent_uuid: "58ed52df2bc24a89a2995d158df74797" member_type: VOTER last_known_addr { host: "127.24.116.194" port: 35501 } attrs { replace: true } } peers { permanent_uuid: "90d6b2dea6854d938c9379ce5236c915" member_type: VOTER last_known_addr { host: "127.24.116.195" port: 34943 } } peers { permanent_uuid: "82e194be787c47608661c3b24ccb0600" member_type: NON_VOTER last_known_addr { host: "127.24.116.196" port: 41855 } attrs { promote: true } } }
I20260710 11:06:36.698236 26165 raft_consensus.cc:2955] T 7036a22c01bc4d88a9bb0e27c9f4ca65 P 9d70f4ed66264d7e9900771ce677696c [term 1 FOLLOWER]: Committing config change with OpId 1.2: config changed from index -1 to 2, NON_VOTER 82e194be787c47608661c3b24ccb0600 (127.24.116.196) added. New config: { opid_index: 2 OBSOLETE_local: false peers { permanent_uuid: "9d70f4ed66264d7e9900771ce677696c" member_type: VOTER last_known_addr { host: "127.24.116.193" port: 35915 } } peers { permanent_uuid: "58ed52df2bc24a89a2995d158df74797" member_type: VOTER last_known_addr { host: "127.24.116.194" port: 35501 } attrs { replace: true } } peers { permanent_uuid: "90d6b2dea6854d938c9379ce5236c915" member_type: VOTER last_known_addr { host: "127.24.116.195" port: 34943 } } peers { permanent_uuid: "82e194be787c47608661c3b24ccb0600" member_type: NON_VOTER last_known_addr { host: "127.24.116.196" port: 41855 } attrs { promote: true } } }
I20260710 11:06:36.710829 26239 consensus_queue.cc:237] T 87e0ddd22dd4457cafff3f759bec5b98 P 58ed52df2bc24a89a2995d158df74797 [LEADER]: Queue going to LEADER mode. State: All replicated index: 0, Majority replicated index: 1, Committed index: 1, Last appended: 1.1, Last appended by leader: 0, Current term: 1, Majority size: 2, State: 0, Mode: LEADER, active raft config: opid_index: 2 OBSOLETE_local: false peers { permanent_uuid: "9d70f4ed66264d7e9900771ce677696c" member_type: VOTER last_known_addr { host: "127.24.116.193" port: 35915 } } peers { permanent_uuid: "58ed52df2bc24a89a2995d158df74797" member_type: VOTER last_known_addr { host: "127.24.116.194" port: 35501 } } peers { permanent_uuid: "90d6b2dea6854d938c9379ce5236c915" member_type: VOTER last_known_addr { host: "127.24.116.195" port: 34943 } attrs { replace: true } } peers { permanent_uuid: "82e194be787c47608661c3b24ccb0600" member_type: NON_VOTER last_known_addr { host: "127.24.116.196" port: 41855 } attrs { promote: true } }
I20260710 11:06:36.714783 26061 catalog_manager.cc:5697] T 7036a22c01bc4d88a9bb0e27c9f4ca65 P 9d70f4ed66264d7e9900771ce677696c reported cstate change: config changed from index -1 to 2, NON_VOTER 82e194be787c47608661c3b24ccb0600 (127.24.116.196) added. New cstate: current_term: 1 leader_uuid: "90d6b2dea6854d938c9379ce5236c915" committed_config { opid_index: 2 OBSOLETE_local: false peers { permanent_uuid: "9d70f4ed66264d7e9900771ce677696c" member_type: VOTER last_known_addr { host: "127.24.116.193" port: 35915 } } peers { permanent_uuid: "58ed52df2bc24a89a2995d158df74797" member_type: VOTER last_known_addr { host: "127.24.116.194" port: 35501 } attrs { replace: true } } peers { permanent_uuid: "90d6b2dea6854d938c9379ce5236c915" member_type: VOTER last_known_addr { host: "127.24.116.195" port: 34943 } } peers { permanent_uuid: "82e194be787c47608661c3b24ccb0600" member_type: NON_VOTER last_known_addr { host: "127.24.116.196" port: 41855 } attrs { promote: true } } }
I20260710 11:06:36.718729 26316 raft_consensus.cc:1275] T 87e0ddd22dd4457cafff3f759bec5b98 P 90d6b2dea6854d938c9379ce5236c915 [term 1 FOLLOWER]: Refusing update from remote peer 58ed52df2bc24a89a2995d158df74797: Log matching property violated. Preceding OpId in replica: term: 1 index: 1. Preceding OpId from leader: term: 1 index: 2. (index mismatch)
I20260710 11:06:36.719393 26165 raft_consensus.cc:1275] T 87e0ddd22dd4457cafff3f759bec5b98 P 9d70f4ed66264d7e9900771ce677696c [term 1 FOLLOWER]: Refusing update from remote peer 58ed52df2bc24a89a2995d158df74797: Log matching property violated. Preceding OpId in replica: term: 1 index: 1. Preceding OpId from leader: term: 1 index: 2. (index mismatch)
I20260710 11:06:36.720587 26738 consensus_queue.cc:1048] T 87e0ddd22dd4457cafff3f759bec5b98 P 58ed52df2bc24a89a2995d158df74797 [LEADER]: Connected to new peer: Peer: permanent_uuid: "90d6b2dea6854d938c9379ce5236c915" member_type: VOTER last_known_addr { host: "127.24.116.195" port: 34943 } attrs { replace: true }, Status: LMP_MISMATCH, Last received: 0.0, Next index: 2, Last known committed idx: 1, Time since last communication: 0.001s
W20260710 11:06:36.727216 26205 consensus_peers.cc:597] T 87e0ddd22dd4457cafff3f759bec5b98 P 58ed52df2bc24a89a2995d158df74797 -> Peer 82e194be787c47608661c3b24ccb0600 (127.24.116.196:41855): Couldn't send request to peer 82e194be787c47608661c3b24ccb0600. Error code: TABLET_NOT_FOUND (6). Status: Not found: Tablet not found: 87e0ddd22dd4457cafff3f759bec5b98. This is attempt 1: this message will repeat every 5th retry.
I20260710 11:06:36.727602 26864 consensus_queue.cc:1048] T 87e0ddd22dd4457cafff3f759bec5b98 P 58ed52df2bc24a89a2995d158df74797 [LEADER]: Connected to new peer: Peer: permanent_uuid: "9d70f4ed66264d7e9900771ce677696c" member_type: VOTER last_known_addr { host: "127.24.116.193" port: 35915 }, Status: LMP_MISMATCH, Last received: 0.0, Next index: 2, Last known committed idx: 1, Time since last communication: 0.001s
I20260710 11:06:36.746512 26864 raft_consensus.cc:2955] T 87e0ddd22dd4457cafff3f759bec5b98 P 58ed52df2bc24a89a2995d158df74797 [term 1 LEADER]: Committing config change with OpId 1.2: config changed from index -1 to 2, NON_VOTER 82e194be787c47608661c3b24ccb0600 (127.24.116.196) added. New config: { opid_index: 2 OBSOLETE_local: false peers { permanent_uuid: "9d70f4ed66264d7e9900771ce677696c" member_type: VOTER last_known_addr { host: "127.24.116.193" port: 35915 } } peers { permanent_uuid: "58ed52df2bc24a89a2995d158df74797" member_type: VOTER last_known_addr { host: "127.24.116.194" port: 35501 } } peers { permanent_uuid: "90d6b2dea6854d938c9379ce5236c915" member_type: VOTER last_known_addr { host: "127.24.116.195" port: 34943 } attrs { replace: true } } peers { permanent_uuid: "82e194be787c47608661c3b24ccb0600" member_type: NON_VOTER last_known_addr { host: "127.24.116.196" port: 41855 } attrs { promote: true } } }
I20260710 11:06:36.748628 26165 raft_consensus.cc:2955] T 87e0ddd22dd4457cafff3f759bec5b98 P 9d70f4ed66264d7e9900771ce677696c [term 1 FOLLOWER]: Committing config change with OpId 1.2: config changed from index -1 to 2, NON_VOTER 82e194be787c47608661c3b24ccb0600 (127.24.116.196) added. New config: { opid_index: 2 OBSOLETE_local: false peers { permanent_uuid: "9d70f4ed66264d7e9900771ce677696c" member_type: VOTER last_known_addr { host: "127.24.116.193" port: 35915 } } peers { permanent_uuid: "58ed52df2bc24a89a2995d158df74797" member_type: VOTER last_known_addr { host: "127.24.116.194" port: 35501 } } peers { permanent_uuid: "90d6b2dea6854d938c9379ce5236c915" member_type: VOTER last_known_addr { host: "127.24.116.195" port: 34943 } attrs { replace: true } } peers { permanent_uuid: "82e194be787c47608661c3b24ccb0600" member_type: NON_VOTER last_known_addr { host: "127.24.116.196" port: 41855 } attrs { promote: true } } }
I20260710 11:06:36.764127 26316 consensus_queue.cc:237] T 55386d0a0f08404aa522a12e4f83a291 P 90d6b2dea6854d938c9379ce5236c915 [LEADER]: Queue going to LEADER mode. State: All replicated index: 0, Majority replicated index: 1, Committed index: 1, Last appended: 2.1, Last appended by leader: 0, Current term: 2, Majority size: 2, State: 0, Mode: LEADER, active raft config: opid_index: 2 OBSOLETE_local: false peers { permanent_uuid: "9d70f4ed66264d7e9900771ce677696c" member_type: VOTER last_known_addr { host: "127.24.116.193" port: 35915 } attrs { replace: true } } peers { permanent_uuid: "58ed52df2bc24a89a2995d158df74797" member_type: VOTER last_known_addr { host: "127.24.116.194" port: 35501 } } peers { permanent_uuid: "90d6b2dea6854d938c9379ce5236c915" member_type: VOTER last_known_addr { host: "127.24.116.195" port: 34943 } } peers { permanent_uuid: "82e194be787c47608661c3b24ccb0600" member_type: NON_VOTER last_known_addr { host: "127.24.116.196" port: 41855 } attrs { promote: true } }
I20260710 11:06:36.764411 26314 raft_consensus.cc:2955] T 87e0ddd22dd4457cafff3f759bec5b98 P 90d6b2dea6854d938c9379ce5236c915 [term 1 FOLLOWER]: Committing config change with OpId 1.2: config changed from index -1 to 2, NON_VOTER 82e194be787c47608661c3b24ccb0600 (127.24.116.196) added. New config: { opid_index: 2 OBSOLETE_local: false peers { permanent_uuid: "9d70f4ed66264d7e9900771ce677696c" member_type: VOTER last_known_addr { host: "127.24.116.193" port: 35915 } } peers { permanent_uuid: "58ed52df2bc24a89a2995d158df74797" member_type: VOTER last_known_addr { host: "127.24.116.194" port: 35501 } } peers { permanent_uuid: "90d6b2dea6854d938c9379ce5236c915" member_type: VOTER last_known_addr { host: "127.24.116.195" port: 34943 } attrs { replace: true } } peers { permanent_uuid: "82e194be787c47608661c3b24ccb0600" member_type: NON_VOTER last_known_addr { host: "127.24.116.196" port: 41855 } attrs { promote: true } } }
I20260710 11:06:36.783329 26239 raft_consensus.cc:1275] T 55386d0a0f08404aa522a12e4f83a291 P 58ed52df2bc24a89a2995d158df74797 [term 2 FOLLOWER]: Refusing update from remote peer 90d6b2dea6854d938c9379ce5236c915: Log matching property violated. Preceding OpId in replica: term: 2 index: 1. Preceding OpId from leader: term: 2 index: 2. (index mismatch)
I20260710 11:06:36.785990 26844 consensus_queue.cc:1048] T 55386d0a0f08404aa522a12e4f83a291 P 90d6b2dea6854d938c9379ce5236c915 [LEADER]: Connected to new peer: Peer: permanent_uuid: "58ed52df2bc24a89a2995d158df74797" member_type: VOTER last_known_addr { host: "127.24.116.194" port: 35501 }, Status: LMP_MISMATCH, Last received: 0.0, Next index: 2, Last known committed idx: 1, Time since last communication: 0.000s
W20260710 11:06:36.788410 26279 consensus_peers.cc:597] T 55386d0a0f08404aa522a12e4f83a291 P 90d6b2dea6854d938c9379ce5236c915 -> Peer 82e194be787c47608661c3b24ccb0600 (127.24.116.196:41855): Couldn't send request to peer 82e194be787c47608661c3b24ccb0600. Error code: TABLET_NOT_FOUND (6). Status: Not found: Tablet not found: 55386d0a0f08404aa522a12e4f83a291. This is attempt 1: this message will repeat every 5th retry.
I20260710 11:06:36.789453 26165 raft_consensus.cc:1275] T 55386d0a0f08404aa522a12e4f83a291 P 9d70f4ed66264d7e9900771ce677696c [term 2 FOLLOWER]: Refusing update from remote peer 90d6b2dea6854d938c9379ce5236c915: Log matching property violated. Preceding OpId in replica: term: 2 index: 1. Preceding OpId from leader: term: 2 index: 2. (index mismatch)
I20260710 11:06:36.790516 26062 catalog_manager.cc:5697] T 87e0ddd22dd4457cafff3f759bec5b98 P 9d70f4ed66264d7e9900771ce677696c reported cstate change: config changed from index -1 to 2, NON_VOTER 82e194be787c47608661c3b24ccb0600 (127.24.116.196) added. New cstate: current_term: 1 leader_uuid: "58ed52df2bc24a89a2995d158df74797" committed_config { opid_index: 2 OBSOLETE_local: false peers { permanent_uuid: "9d70f4ed66264d7e9900771ce677696c" member_type: VOTER last_known_addr { host: "127.24.116.193" port: 35915 } } peers { permanent_uuid: "58ed52df2bc24a89a2995d158df74797" member_type: VOTER last_known_addr { host: "127.24.116.194" port: 35501 } } peers { permanent_uuid: "90d6b2dea6854d938c9379ce5236c915" member_type: VOTER last_known_addr { host: "127.24.116.195" port: 34943 } attrs { replace: true } } peers { permanent_uuid: "82e194be787c47608661c3b24ccb0600" member_type: NON_VOTER last_known_addr { host: "127.24.116.196" port: 41855 } attrs { promote: true } } }
I20260710 11:06:36.791419 26844 consensus_queue.cc:1048] T 55386d0a0f08404aa522a12e4f83a291 P 90d6b2dea6854d938c9379ce5236c915 [LEADER]: Connected to new peer: Peer: permanent_uuid: "9d70f4ed66264d7e9900771ce677696c" member_type: VOTER last_known_addr { host: "127.24.116.193" port: 35915 } attrs { replace: true }, Status: LMP_MISMATCH, Last received: 0.0, Next index: 2, Last known committed idx: 1, Time since last communication: 0.000s
I20260710 11:06:36.806717 26242 raft_consensus.cc:2955] T 55386d0a0f08404aa522a12e4f83a291 P 58ed52df2bc24a89a2995d158df74797 [term 2 FOLLOWER]: Committing config change with OpId 2.2: config changed from index -1 to 2, NON_VOTER 82e194be787c47608661c3b24ccb0600 (127.24.116.196) added. New config: { opid_index: 2 OBSOLETE_local: false peers { permanent_uuid: "9d70f4ed66264d7e9900771ce677696c" member_type: VOTER last_known_addr { host: "127.24.116.193" port: 35915 } attrs { replace: true } } peers { permanent_uuid: "58ed52df2bc24a89a2995d158df74797" member_type: VOTER last_known_addr { host: "127.24.116.194" port: 35501 } } peers { permanent_uuid: "90d6b2dea6854d938c9379ce5236c915" member_type: VOTER last_known_addr { host: "127.24.116.195" port: 34943 } } peers { permanent_uuid: "82e194be787c47608661c3b24ccb0600" member_type: NON_VOTER last_known_addr { host: "127.24.116.196" port: 41855 } attrs { promote: true } } }
I20260710 11:06:36.802601 26844 raft_consensus.cc:2955] T 55386d0a0f08404aa522a12e4f83a291 P 90d6b2dea6854d938c9379ce5236c915 [term 2 LEADER]: Committing config change with OpId 2.2: config changed from index -1 to 2, NON_VOTER 82e194be787c47608661c3b24ccb0600 (127.24.116.196) added. New config: { opid_index: 2 OBSOLETE_local: false peers { permanent_uuid: "9d70f4ed66264d7e9900771ce677696c" member_type: VOTER last_known_addr { host: "127.24.116.193" port: 35915 } attrs { replace: true } } peers { permanent_uuid: "58ed52df2bc24a89a2995d158df74797" member_type: VOTER last_known_addr { host: "127.24.116.194" port: 35501 } } peers { permanent_uuid: "90d6b2dea6854d938c9379ce5236c915" member_type: VOTER last_known_addr { host: "127.24.116.195" port: 34943 } } peers { permanent_uuid: "82e194be787c47608661c3b24ccb0600" member_type: NON_VOTER last_known_addr { host: "127.24.116.196" port: 41855 } attrs { promote: true } } }
I20260710 11:06:36.810647 26165 raft_consensus.cc:2955] T 55386d0a0f08404aa522a12e4f83a291 P 9d70f4ed66264d7e9900771ce677696c [term 2 FOLLOWER]: Committing config change with OpId 2.2: config changed from index -1 to 2, NON_VOTER 82e194be787c47608661c3b24ccb0600 (127.24.116.196) added. New config: { opid_index: 2 OBSOLETE_local: false peers { permanent_uuid: "9d70f4ed66264d7e9900771ce677696c" member_type: VOTER last_known_addr { host: "127.24.116.193" port: 35915 } attrs { replace: true } } peers { permanent_uuid: "58ed52df2bc24a89a2995d158df74797" member_type: VOTER last_known_addr { host: "127.24.116.194" port: 35501 } } peers { permanent_uuid: "90d6b2dea6854d938c9379ce5236c915" member_type: VOTER last_known_addr { host: "127.24.116.195" port: 34943 } } peers { permanent_uuid: "82e194be787c47608661c3b24ccb0600" member_type: NON_VOTER last_known_addr { host: "127.24.116.196" port: 41855 } attrs { promote: true } } }
I20260710 11:06:36.824235 26061 catalog_manager.cc:5697] T 55386d0a0f08404aa522a12e4f83a291 P 58ed52df2bc24a89a2995d158df74797 reported cstate change: config changed from index -1 to 2, NON_VOTER 82e194be787c47608661c3b24ccb0600 (127.24.116.196) added. New cstate: current_term: 2 leader_uuid: "90d6b2dea6854d938c9379ce5236c915" committed_config { opid_index: 2 OBSOLETE_local: false peers { permanent_uuid: "9d70f4ed66264d7e9900771ce677696c" member_type: VOTER last_known_addr { host: "127.24.116.193" port: 35915 } attrs { replace: true } } peers { permanent_uuid: "58ed52df2bc24a89a2995d158df74797" member_type: VOTER last_known_addr { host: "127.24.116.194" port: 35501 } } peers { permanent_uuid: "90d6b2dea6854d938c9379ce5236c915" member_type: VOTER last_known_addr { host: "127.24.116.195" port: 34943 } } peers { permanent_uuid: "82e194be787c47608661c3b24ccb0600" member_type: NON_VOTER last_known_addr { host: "127.24.116.196" port: 41855 } attrs { promote: true } } }
I20260710 11:06:36.825089 26242 consensus_queue.cc:237] T f5e4bd21b50947aa97a0dfdb695c7871 P 58ed52df2bc24a89a2995d158df74797 [LEADER]: Queue going to LEADER mode. State: All replicated index: 0, Majority replicated index: 1, Committed index: 1, Last appended: 1.1, Last appended by leader: 0, Current term: 1, Majority size: 2, State: 0, Mode: LEADER, active raft config: opid_index: 2 OBSOLETE_local: false peers { permanent_uuid: "9d70f4ed66264d7e9900771ce677696c" member_type: VOTER last_known_addr { host: "127.24.116.193" port: 35915 } } peers { permanent_uuid: "58ed52df2bc24a89a2995d158df74797" member_type: VOTER last_known_addr { host: "127.24.116.194" port: 35501 } } peers { permanent_uuid: "90d6b2dea6854d938c9379ce5236c915" member_type: VOTER last_known_addr { host: "127.24.116.195" port: 34943 } attrs { replace: true } } peers { permanent_uuid: "82e194be787c47608661c3b24ccb0600" member_type: NON_VOTER last_known_addr { host: "127.24.116.196" port: 41855 } attrs { promote: true } }
I20260710 11:06:36.839798 26314 raft_consensus.cc:1275] T f5e4bd21b50947aa97a0dfdb695c7871 P 90d6b2dea6854d938c9379ce5236c915 [term 1 FOLLOWER]: Refusing update from remote peer 58ed52df2bc24a89a2995d158df74797: Log matching property violated. Preceding OpId in replica: term: 1 index: 1. Preceding OpId from leader: term: 1 index: 2. (index mismatch)
I20260710 11:06:36.840034 26165 raft_consensus.cc:1275] T f5e4bd21b50947aa97a0dfdb695c7871 P 9d70f4ed66264d7e9900771ce677696c [term 1 FOLLOWER]: Refusing update from remote peer 58ed52df2bc24a89a2995d158df74797: Log matching property violated. Preceding OpId in replica: term: 1 index: 1. Preceding OpId from leader: term: 1 index: 2. (index mismatch)
I20260710 11:06:36.841928 26877 consensus_queue.cc:1048] T f5e4bd21b50947aa97a0dfdb695c7871 P 58ed52df2bc24a89a2995d158df74797 [LEADER]: Connected to new peer: Peer: permanent_uuid: "90d6b2dea6854d938c9379ce5236c915" member_type: VOTER last_known_addr { host: "127.24.116.195" port: 34943 } attrs { replace: true }, Status: LMP_MISMATCH, Last received: 0.0, Next index: 2, Last known committed idx: 1, Time since last communication: 0.000s
W20260710 11:06:36.842854 26205 consensus_peers.cc:597] T f5e4bd21b50947aa97a0dfdb695c7871 P 58ed52df2bc24a89a2995d158df74797 -> Peer 82e194be787c47608661c3b24ccb0600 (127.24.116.196:41855): Couldn't send request to peer 82e194be787c47608661c3b24ccb0600. Error code: TABLET_NOT_FOUND (6). Status: Not found: Tablet not found: f5e4bd21b50947aa97a0dfdb695c7871. This is attempt 1: this message will repeat every 5th retry.
I20260710 11:06:36.843032 26870 consensus_queue.cc:1048] T f5e4bd21b50947aa97a0dfdb695c7871 P 58ed52df2bc24a89a2995d158df74797 [LEADER]: Connected to new peer: Peer: permanent_uuid: "9d70f4ed66264d7e9900771ce677696c" member_type: VOTER last_known_addr { host: "127.24.116.193" port: 35915 }, Status: LMP_MISMATCH, Last received: 0.0, Next index: 2, Last known committed idx: 1, Time since last communication: 0.000s
I20260710 11:06:36.852855 26878 raft_consensus.cc:2955] T f5e4bd21b50947aa97a0dfdb695c7871 P 58ed52df2bc24a89a2995d158df74797 [term 1 LEADER]: Committing config change with OpId 1.2: config changed from index -1 to 2, NON_VOTER 82e194be787c47608661c3b24ccb0600 (127.24.116.196) added. New config: { opid_index: 2 OBSOLETE_local: false peers { permanent_uuid: "9d70f4ed66264d7e9900771ce677696c" member_type: VOTER last_known_addr { host: "127.24.116.193" port: 35915 } } peers { permanent_uuid: "58ed52df2bc24a89a2995d158df74797" member_type: VOTER last_known_addr { host: "127.24.116.194" port: 35501 } } peers { permanent_uuid: "90d6b2dea6854d938c9379ce5236c915" member_type: VOTER last_known_addr { host: "127.24.116.195" port: 34943 } attrs { replace: true } } peers { permanent_uuid: "82e194be787c47608661c3b24ccb0600" member_type: NON_VOTER last_known_addr { host: "127.24.116.196" port: 41855 } attrs { promote: true } } }
I20260710 11:06:36.854481 26314 raft_consensus.cc:2955] T f5e4bd21b50947aa97a0dfdb695c7871 P 90d6b2dea6854d938c9379ce5236c915 [term 1 FOLLOWER]: Committing config change with OpId 1.2: config changed from index -1 to 2, NON_VOTER 82e194be787c47608661c3b24ccb0600 (127.24.116.196) added. New config: { opid_index: 2 OBSOLETE_local: false peers { permanent_uuid: "9d70f4ed66264d7e9900771ce677696c" member_type: VOTER last_known_addr { host: "127.24.116.193" port: 35915 } } peers { permanent_uuid: "58ed52df2bc24a89a2995d158df74797" member_type: VOTER last_known_addr { host: "127.24.116.194" port: 35501 } } peers { permanent_uuid: "90d6b2dea6854d938c9379ce5236c915" member_type: VOTER last_known_addr { host: "127.24.116.195" port: 34943 } attrs { replace: true } } peers { permanent_uuid: "82e194be787c47608661c3b24ccb0600" member_type: NON_VOTER last_known_addr { host: "127.24.116.196" port: 41855 } attrs { promote: true } } }
I20260710 11:06:36.854971 26165 raft_consensus.cc:2955] T f5e4bd21b50947aa97a0dfdb695c7871 P 9d70f4ed66264d7e9900771ce677696c [term 1 FOLLOWER]: Committing config change with OpId 1.2: config changed from index -1 to 2, NON_VOTER 82e194be787c47608661c3b24ccb0600 (127.24.116.196) added. New config: { opid_index: 2 OBSOLETE_local: false peers { permanent_uuid: "9d70f4ed66264d7e9900771ce677696c" member_type: VOTER last_known_addr { host: "127.24.116.193" port: 35915 } } peers { permanent_uuid: "58ed52df2bc24a89a2995d158df74797" member_type: VOTER last_known_addr { host: "127.24.116.194" port: 35501 } } peers { permanent_uuid: "90d6b2dea6854d938c9379ce5236c915" member_type: VOTER last_known_addr { host: "127.24.116.195" port: 34943 } attrs { replace: true } } peers { permanent_uuid: "82e194be787c47608661c3b24ccb0600" member_type: NON_VOTER last_known_addr { host: "127.24.116.196" port: 41855 } attrs { promote: true } } }
I20260710 11:06:36.872381 26061 catalog_manager.cc:5697] T f5e4bd21b50947aa97a0dfdb695c7871 P 58ed52df2bc24a89a2995d158df74797 reported cstate change: config changed from index -1 to 2, NON_VOTER 82e194be787c47608661c3b24ccb0600 (127.24.116.196) added. New cstate: current_term: 1 leader_uuid: "58ed52df2bc24a89a2995d158df74797" committed_config { opid_index: 2 OBSOLETE_local: false peers { permanent_uuid: "9d70f4ed66264d7e9900771ce677696c" member_type: VOTER last_known_addr { host: "127.24.116.193" port: 35915 } health_report { overall_health: HEALTHY } } peers { permanent_uuid: "58ed52df2bc24a89a2995d158df74797" member_type: VOTER last_known_addr { host: "127.24.116.194" port: 35501 } health_report { overall_health: HEALTHY } } peers { permanent_uuid: "90d6b2dea6854d938c9379ce5236c915" member_type: VOTER last_known_addr { host: "127.24.116.195" port: 34943 } attrs { replace: true } health_report { overall_health: HEALTHY } } peers { permanent_uuid: "82e194be787c47608661c3b24ccb0600" member_type: NON_VOTER last_known_addr { host: "127.24.116.196" port: 41855 } attrs { promote: true } health_report { overall_health: UNKNOWN } } }
I20260710 11:06:37.190486 26887 ts_tablet_manager.cc:933] T 87e0ddd22dd4457cafff3f759bec5b98 P 82e194be787c47608661c3b24ccb0600: Initiating tablet copy from peer 58ed52df2bc24a89a2995d158df74797 (127.24.116.194:35501)
I20260710 11:06:37.197616 26887 tablet_copy_client.cc:323] T 87e0ddd22dd4457cafff3f759bec5b98 P 82e194be787c47608661c3b24ccb0600: tablet copy: Beginning tablet copy session from remote peer at address 127.24.116.194:35501
I20260710 11:06:37.198673 26888 ts_tablet_manager.cc:933] T 7036a22c01bc4d88a9bb0e27c9f4ca65 P 82e194be787c47608661c3b24ccb0600: Initiating tablet copy from peer 90d6b2dea6854d938c9379ce5236c915 (127.24.116.195:34943)
I20260710 11:06:37.199967 26252 tablet_copy_service.cc:140] P 58ed52df2bc24a89a2995d158df74797: Received BeginTabletCopySession request for tablet 87e0ddd22dd4457cafff3f759bec5b98 from peer 82e194be787c47608661c3b24ccb0600 ({username='slave'} at 127.0.0.1:51550)
I20260710 11:06:37.200651 26252 tablet_copy_service.cc:161] P 58ed52df2bc24a89a2995d158df74797: Beginning new tablet copy session on tablet 87e0ddd22dd4457cafff3f759bec5b98 from peer 82e194be787c47608661c3b24ccb0600 at {username='slave'} at 127.0.0.1:51550: session id = 82e194be787c47608661c3b24ccb0600-87e0ddd22dd4457cafff3f759bec5b98
I20260710 11:06:37.203081 26888 tablet_copy_client.cc:323] T 7036a22c01bc4d88a9bb0e27c9f4ca65 P 82e194be787c47608661c3b24ccb0600: tablet copy: Beginning tablet copy session from remote peer at address 127.24.116.195:34943
I20260710 11:06:37.205432 26326 tablet_copy_service.cc:140] P 90d6b2dea6854d938c9379ce5236c915: Received BeginTabletCopySession request for tablet 7036a22c01bc4d88a9bb0e27c9f4ca65 from peer 82e194be787c47608661c3b24ccb0600 ({username='slave'} at 127.0.0.1:51686)
I20260710 11:06:37.206122 26326 tablet_copy_service.cc:161] P 90d6b2dea6854d938c9379ce5236c915: Beginning new tablet copy session on tablet 7036a22c01bc4d88a9bb0e27c9f4ca65 from peer 82e194be787c47608661c3b24ccb0600 at {username='slave'} at 127.0.0.1:51686: session id = 82e194be787c47608661c3b24ccb0600-7036a22c01bc4d88a9bb0e27c9f4ca65
I20260710 11:06:37.211143 26252 tablet_copy_source_session.cc:215] T 87e0ddd22dd4457cafff3f759bec5b98 P 58ed52df2bc24a89a2995d158df74797: Tablet Copy: opened 0 blocks and 1 log segments
I20260710 11:06:37.215150 26326 tablet_copy_source_session.cc:215] T 7036a22c01bc4d88a9bb0e27c9f4ca65 P 90d6b2dea6854d938c9379ce5236c915: Tablet Copy: opened 0 blocks and 1 log segments
I20260710 11:06:37.215814 26887 data_dirs.cc:400] Could only allocate 1 dirs of requested 3 for tablet 87e0ddd22dd4457cafff3f759bec5b98. 1 dirs total, 0 dirs full, 0 dirs failed
I20260710 11:06:37.218948 26888 data_dirs.cc:400] Could only allocate 1 dirs of requested 3 for tablet 7036a22c01bc4d88a9bb0e27c9f4ca65. 1 dirs total, 0 dirs full, 0 dirs failed
I20260710 11:06:37.234098 26888 tablet_copy_client.cc:806] T 7036a22c01bc4d88a9bb0e27c9f4ca65 P 82e194be787c47608661c3b24ccb0600: tablet copy: Starting download of 0 data blocks...
I20260710 11:06:37.234724 26888 tablet_copy_client.cc:670] T 7036a22c01bc4d88a9bb0e27c9f4ca65 P 82e194be787c47608661c3b24ccb0600: tablet copy: Starting download of 1 WAL segments...
I20260710 11:06:37.235242 26887 tablet_copy_client.cc:806] T 87e0ddd22dd4457cafff3f759bec5b98 P 82e194be787c47608661c3b24ccb0600: tablet copy: Starting download of 0 data blocks...
I20260710 11:06:37.235870 26887 tablet_copy_client.cc:670] T 87e0ddd22dd4457cafff3f759bec5b98 P 82e194be787c47608661c3b24ccb0600: tablet copy: Starting download of 1 WAL segments...
I20260710 11:06:37.240518 26887 tablet_copy_client.cc:538] T 87e0ddd22dd4457cafff3f759bec5b98 P 82e194be787c47608661c3b24ccb0600: tablet copy: Tablet Copy complete. Replacing tablet superblock.
I20260710 11:06:37.241971 26888 tablet_copy_client.cc:538] T 7036a22c01bc4d88a9bb0e27c9f4ca65 P 82e194be787c47608661c3b24ccb0600: tablet copy: Tablet Copy complete. Replacing tablet superblock.
I20260710 11:06:37.251008 26887 tablet_bootstrap.cc:492] T 87e0ddd22dd4457cafff3f759bec5b98 P 82e194be787c47608661c3b24ccb0600: Bootstrap starting.
I20260710 11:06:37.251384 26888 tablet_bootstrap.cc:492] T 7036a22c01bc4d88a9bb0e27c9f4ca65 P 82e194be787c47608661c3b24ccb0600: Bootstrap starting.
I20260710 11:06:37.281180 26888 tablet_bootstrap.cc:492] T 7036a22c01bc4d88a9bb0e27c9f4ca65 P 82e194be787c47608661c3b24ccb0600: Bootstrap replayed 1/1 log segments. Stats: ops{read=2 overwritten=0 applied=2 ignored=0} inserts{seen=0 ignored=0} mutations{seen=0 ignored=0} orphaned_commits=0. Pending: 0 replicates
I20260710 11:06:37.281180 26887 tablet_bootstrap.cc:492] T 87e0ddd22dd4457cafff3f759bec5b98 P 82e194be787c47608661c3b24ccb0600: Bootstrap replayed 1/1 log segments. Stats: ops{read=2 overwritten=0 applied=2 ignored=0} inserts{seen=0 ignored=0} mutations{seen=0 ignored=0} orphaned_commits=0. Pending: 0 replicates
I20260710 11:06:37.282442 26888 tablet_bootstrap.cc:492] T 7036a22c01bc4d88a9bb0e27c9f4ca65 P 82e194be787c47608661c3b24ccb0600: Bootstrap complete.
I20260710 11:06:37.282510 26887 tablet_bootstrap.cc:492] T 87e0ddd22dd4457cafff3f759bec5b98 P 82e194be787c47608661c3b24ccb0600: Bootstrap complete.
I20260710 11:06:37.283368 26888 ts_tablet_manager.cc:1403] T 7036a22c01bc4d88a9bb0e27c9f4ca65 P 82e194be787c47608661c3b24ccb0600: Time spent bootstrapping tablet: real 0.032s	user 0.016s	sys 0.014s
I20260710 11:06:37.283581 26887 ts_tablet_manager.cc:1403] T 87e0ddd22dd4457cafff3f759bec5b98 P 82e194be787c47608661c3b24ccb0600: Time spent bootstrapping tablet: real 0.033s	user 0.022s	sys 0.005s
I20260710 11:06:37.286808 26887 raft_consensus.cc:359] T 87e0ddd22dd4457cafff3f759bec5b98 P 82e194be787c47608661c3b24ccb0600 [term 1 LEARNER]: Replica starting. Triggering 0 pending ops. Active config: opid_index: 2 OBSOLETE_local: false peers { permanent_uuid: "9d70f4ed66264d7e9900771ce677696c" member_type: VOTER last_known_addr { host: "127.24.116.193" port: 35915 } } peers { permanent_uuid: "58ed52df2bc24a89a2995d158df74797" member_type: VOTER last_known_addr { host: "127.24.116.194" port: 35501 } } peers { permanent_uuid: "90d6b2dea6854d938c9379ce5236c915" member_type: VOTER last_known_addr { host: "127.24.116.195" port: 34943 } attrs { replace: true } } peers { permanent_uuid: "82e194be787c47608661c3b24ccb0600" member_type: NON_VOTER last_known_addr { host: "127.24.116.196" port: 41855 } attrs { promote: true } }
I20260710 11:06:37.287741 26887 raft_consensus.cc:740] T 87e0ddd22dd4457cafff3f759bec5b98 P 82e194be787c47608661c3b24ccb0600 [term 1 LEARNER]: Becoming Follower/Learner. State: Replica: 82e194be787c47608661c3b24ccb0600, State: Initialized, Role: LEARNER
I20260710 11:06:37.287371 26888 raft_consensus.cc:359] T 7036a22c01bc4d88a9bb0e27c9f4ca65 P 82e194be787c47608661c3b24ccb0600 [term 1 LEARNER]: Replica starting. Triggering 0 pending ops. Active config: opid_index: 2 OBSOLETE_local: false peers { permanent_uuid: "9d70f4ed66264d7e9900771ce677696c" member_type: VOTER last_known_addr { host: "127.24.116.193" port: 35915 } } peers { permanent_uuid: "58ed52df2bc24a89a2995d158df74797" member_type: VOTER last_known_addr { host: "127.24.116.194" port: 35501 } attrs { replace: true } } peers { permanent_uuid: "90d6b2dea6854d938c9379ce5236c915" member_type: VOTER last_known_addr { host: "127.24.116.195" port: 34943 } } peers { permanent_uuid: "82e194be787c47608661c3b24ccb0600" member_type: NON_VOTER last_known_addr { host: "127.24.116.196" port: 41855 } attrs { promote: true } }
I20260710 11:06:37.288259 26888 raft_consensus.cc:740] T 7036a22c01bc4d88a9bb0e27c9f4ca65 P 82e194be787c47608661c3b24ccb0600 [term 1 LEARNER]: Becoming Follower/Learner. State: Replica: 82e194be787c47608661c3b24ccb0600, State: Initialized, Role: LEARNER
I20260710 11:06:37.288452 26887 consensus_queue.cc:260] T 87e0ddd22dd4457cafff3f759bec5b98 P 82e194be787c47608661c3b24ccb0600 [NON_LEADER]: Queue going to NON_LEADER mode. State: All replicated index: 0, Majority replicated index: 0, Committed index: 2, Last appended: 1.2, Last appended by leader: 2, Current term: 0, Majority size: -1, State: 0, Mode: NON_LEADER, active raft config: opid_index: 2 OBSOLETE_local: false peers { permanent_uuid: "9d70f4ed66264d7e9900771ce677696c" member_type: VOTER last_known_addr { host: "127.24.116.193" port: 35915 } } peers { permanent_uuid: "58ed52df2bc24a89a2995d158df74797" member_type: VOTER last_known_addr { host: "127.24.116.194" port: 35501 } } peers { permanent_uuid: "90d6b2dea6854d938c9379ce5236c915" member_type: VOTER last_known_addr { host: "127.24.116.195" port: 34943 } attrs { replace: true } } peers { permanent_uuid: "82e194be787c47608661c3b24ccb0600" member_type: NON_VOTER last_known_addr { host: "127.24.116.196" port: 41855 } attrs { promote: true } }
I20260710 11:06:37.288954 26888 consensus_queue.cc:260] T 7036a22c01bc4d88a9bb0e27c9f4ca65 P 82e194be787c47608661c3b24ccb0600 [NON_LEADER]: Queue going to NON_LEADER mode. State: All replicated index: 0, Majority replicated index: 0, Committed index: 2, Last appended: 1.2, Last appended by leader: 2, Current term: 0, Majority size: -1, State: 0, Mode: NON_LEADER, active raft config: opid_index: 2 OBSOLETE_local: false peers { permanent_uuid: "9d70f4ed66264d7e9900771ce677696c" member_type: VOTER last_known_addr { host: "127.24.116.193" port: 35915 } } peers { permanent_uuid: "58ed52df2bc24a89a2995d158df74797" member_type: VOTER last_known_addr { host: "127.24.116.194" port: 35501 } attrs { replace: true } } peers { permanent_uuid: "90d6b2dea6854d938c9379ce5236c915" member_type: VOTER last_known_addr { host: "127.24.116.195" port: 34943 } } peers { permanent_uuid: "82e194be787c47608661c3b24ccb0600" member_type: NON_VOTER last_known_addr { host: "127.24.116.196" port: 41855 } attrs { promote: true } }
I20260710 11:06:37.292992 26887 ts_tablet_manager.cc:1434] T 87e0ddd22dd4457cafff3f759bec5b98 P 82e194be787c47608661c3b24ccb0600: Time spent starting tablet: real 0.009s	user 0.004s	sys 0.004s
I20260710 11:06:37.295333 26252 tablet_copy_service.cc:342] P 58ed52df2bc24a89a2995d158df74797: Request end of tablet copy session 82e194be787c47608661c3b24ccb0600-87e0ddd22dd4457cafff3f759bec5b98 received from {username='slave'} at 127.0.0.1:51550
