I20260710 11:06:22.067813 23842 consensus_queue.cc:260] T dde5a3b048724fbbbf0e215e59788d01 P 7433876503a84f9884260f70e7a313df [NON_LEADER]: Queue going to NON_LEADER mode. State: All replicated index: 0, Majority replicated index: 0, Committed index: 0, Last appended: 0.0, Last appended by leader: 0, Current term: 0, Majority size: -1, State: 0, Mode: NON_LEADER, active raft config: opid_index: -1 OBSOLETE_local: false peers { permanent_uuid: "4a7c300096424b7b89bd79120a649cde" member_type: VOTER last_known_addr { host: "127.21.248.1" port: 43565 } } peers { permanent_uuid: "7433876503a84f9884260f70e7a313df" member_type: VOTER last_known_addr { host: "127.21.248.2" port: 36463 } } peers { permanent_uuid: "80910d6c6d25475e897d51a0d0602142" member_type: VOTER last_known_addr { host: "127.21.248.3" port: 35251 } }
I20260710 11:06:22.069810 23842 ts_tablet_manager.cc:1434] T dde5a3b048724fbbbf0e215e59788d01 P 7433876503a84f9884260f70e7a313df: Time spent starting tablet: real 0.006s	user 0.005s	sys 0.000s
I20260710 11:06:22.071398 23841 ts_tablet_manager.cc:1403] T a69e04bf608d429e8da5adf691c078af P 4a7c300096424b7b89bd79120a649cde: Time spent bootstrapping tablet: real 0.090s	user 0.016s	sys 0.002s
I20260710 11:06:22.074018 23841 raft_consensus.cc:359] T a69e04bf608d429e8da5adf691c078af P 4a7c300096424b7b89bd79120a649cde [term 0 FOLLOWER]: Replica starting. Triggering 0 pending ops. Active config: opid_index: -1 OBSOLETE_local: false peers { permanent_uuid: "4a7c300096424b7b89bd79120a649cde" member_type: VOTER last_known_addr { host: "127.21.248.1" port: 43565 } } peers { permanent_uuid: "7433876503a84f9884260f70e7a313df" member_type: VOTER last_known_addr { host: "127.21.248.2" port: 36463 } } peers { permanent_uuid: "80910d6c6d25475e897d51a0d0602142" member_type: VOTER last_known_addr { host: "127.21.248.3" port: 35251 } }
I20260710 11:06:22.077302 23841 raft_consensus.cc:385] T a69e04bf608d429e8da5adf691c078af P 4a7c300096424b7b89bd79120a649cde [term 0 FOLLOWER]: Consensus starting up: Expiring failure detector timer to make a prompt election more likely
I20260710 11:06:22.078347 23841 raft_consensus.cc:740] T a69e04bf608d429e8da5adf691c078af P 4a7c300096424b7b89bd79120a649cde [term 0 FOLLOWER]: Becoming Follower/Learner. State: Replica: 4a7c300096424b7b89bd79120a649cde, State: Initialized, Role: FOLLOWER
I20260710 11:06:22.074752 23842 tablet_bootstrap.cc:492] T a69e04bf608d429e8da5adf691c078af P 7433876503a84f9884260f70e7a313df: Bootstrap starting.
I20260710 11:06:22.080027 23843 tablet_bootstrap.cc:492] T 01046ca916a94a929a6116aed0b3dfa7 P 80910d6c6d25475e897d51a0d0602142: No bootstrap required, opened a new log
I20260710 11:06:22.086088 23843 ts_tablet_manager.cc:1403] T 01046ca916a94a929a6116aed0b3dfa7 P 80910d6c6d25475e897d51a0d0602142: Time spent bootstrapping tablet: real 0.064s	user 0.010s	sys 0.012s
I20260710 11:06:22.089227 23843 raft_consensus.cc:359] T 01046ca916a94a929a6116aed0b3dfa7 P 80910d6c6d25475e897d51a0d0602142 [term 0 FOLLOWER]: Replica starting. Triggering 0 pending ops. Active config: opid_index: -1 OBSOLETE_local: false peers { permanent_uuid: "4a7c300096424b7b89bd79120a649cde" member_type: VOTER last_known_addr { host: "127.21.248.1" port: 43565 } } peers { permanent_uuid: "7433876503a84f9884260f70e7a313df" member_type: VOTER last_known_addr { host: "127.21.248.2" port: 36463 } } peers { permanent_uuid: "80910d6c6d25475e897d51a0d0602142" member_type: VOTER last_known_addr { host: "127.21.248.3" port: 35251 } }
I20260710 11:06:22.090503 23843 raft_consensus.cc:385] T 01046ca916a94a929a6116aed0b3dfa7 P 80910d6c6d25475e897d51a0d0602142 [term 0 FOLLOWER]: Consensus starting up: Expiring failure detector timer to make a prompt election more likely
I20260710 11:06:22.091646 23843 raft_consensus.cc:740] T 01046ca916a94a929a6116aed0b3dfa7 P 80910d6c6d25475e897d51a0d0602142 [term 0 FOLLOWER]: Becoming Follower/Learner. State: Replica: 80910d6c6d25475e897d51a0d0602142, State: Initialized, Role: FOLLOWER
I20260710 11:06:22.090969 23841 consensus_queue.cc:260] T a69e04bf608d429e8da5adf691c078af P 4a7c300096424b7b89bd79120a649cde [NON_LEADER]: Queue going to NON_LEADER mode. State: All replicated index: 0, Majority replicated index: 0, Committed index: 0, Last appended: 0.0, Last appended by leader: 0, Current term: 0, Majority size: -1, State: 0, Mode: NON_LEADER, active raft config: opid_index: -1 OBSOLETE_local: false peers { permanent_uuid: "4a7c300096424b7b89bd79120a649cde" member_type: VOTER last_known_addr { host: "127.21.248.1" port: 43565 } } peers { permanent_uuid: "7433876503a84f9884260f70e7a313df" member_type: VOTER last_known_addr { host: "127.21.248.2" port: 36463 } } peers { permanent_uuid: "80910d6c6d25475e897d51a0d0602142" member_type: VOTER last_known_addr { host: "127.21.248.3" port: 35251 } }
I20260710 11:06:22.093665 23843 consensus_queue.cc:260] T 01046ca916a94a929a6116aed0b3dfa7 P 80910d6c6d25475e897d51a0d0602142 [NON_LEADER]: Queue going to NON_LEADER mode. State: All replicated index: 0, Majority replicated index: 0, Committed index: 0, Last appended: 0.0, Last appended by leader: 0, Current term: 0, Majority size: -1, State: 0, Mode: NON_LEADER, active raft config: opid_index: -1 OBSOLETE_local: false peers { permanent_uuid: "4a7c300096424b7b89bd79120a649cde" member_type: VOTER last_known_addr { host: "127.21.248.1" port: 43565 } } peers { permanent_uuid: "7433876503a84f9884260f70e7a313df" member_type: VOTER last_known_addr { host: "127.21.248.2" port: 36463 } } peers { permanent_uuid: "80910d6c6d25475e897d51a0d0602142" member_type: VOTER last_known_addr { host: "127.21.248.3" port: 35251 } }
I20260710 11:06:22.095487 23841 ts_tablet_manager.cc:1434] T a69e04bf608d429e8da5adf691c078af P 4a7c300096424b7b89bd79120a649cde: Time spent starting tablet: real 0.024s	user 0.000s	sys 0.004s
I20260710 11:06:22.096041 23843 ts_tablet_manager.cc:1434] T 01046ca916a94a929a6116aed0b3dfa7 P 80910d6c6d25475e897d51a0d0602142: Time spent starting tablet: real 0.010s	user 0.005s	sys 0.001s
I20260710 11:06:22.096323 23841 tablet_bootstrap.cc:492] T d3af9a00f6a942038fa338faf33c75b5 P 4a7c300096424b7b89bd79120a649cde: Bootstrap starting.
I20260710 11:06:22.096989 23843 tablet_bootstrap.cc:492] T 0c5317ac80974c45a6e7880e372ae56b P 80910d6c6d25475e897d51a0d0602142: Bootstrap starting.
I20260710 11:06:22.099200 23842 tablet_bootstrap.cc:654] T a69e04bf608d429e8da5adf691c078af P 7433876503a84f9884260f70e7a313df: Neither blocks nor log segments found. Creating new log.
I20260710 11:06:22.101967 23841 tablet_bootstrap.cc:654] T d3af9a00f6a942038fa338faf33c75b5 P 4a7c300096424b7b89bd79120a649cde: Neither blocks nor log segments found. Creating new log.
I20260710 11:06:22.103735 23843 tablet_bootstrap.cc:654] T 0c5317ac80974c45a6e7880e372ae56b P 80910d6c6d25475e897d51a0d0602142: Neither blocks nor log segments found. Creating new log.
I20260710 11:06:22.106647 23548 catalog_manager.cc:5697] T d3af9a00f6a942038fa338faf33c75b5 P 80910d6c6d25475e897d51a0d0602142 reported cstate change: term changed from 0 to 1, leader changed from <none> to 80910d6c6d25475e897d51a0d0602142 (127.21.248.3). New cstate: current_term: 1 leader_uuid: "80910d6c6d25475e897d51a0d0602142" committed_config { opid_index: -1 OBSOLETE_local: false peers { permanent_uuid: "4a7c300096424b7b89bd79120a649cde" member_type: VOTER last_known_addr { host: "127.21.248.1" port: 43565 } health_report { overall_health: UNKNOWN } } peers { permanent_uuid: "7433876503a84f9884260f70e7a313df" member_type: VOTER last_known_addr { host: "127.21.248.2" port: 36463 } health_report { overall_health: UNKNOWN } } peers { permanent_uuid: "80910d6c6d25475e897d51a0d0602142" member_type: VOTER last_known_addr { host: "127.21.248.3" port: 35251 } health_report { overall_health: HEALTHY } } }
I20260710 11:06:22.110450 23843 tablet_bootstrap.cc:492] T 0c5317ac80974c45a6e7880e372ae56b P 80910d6c6d25475e897d51a0d0602142: No bootstrap required, opened a new log
I20260710 11:06:22.110950 23843 ts_tablet_manager.cc:1403] T 0c5317ac80974c45a6e7880e372ae56b P 80910d6c6d25475e897d51a0d0602142: Time spent bootstrapping tablet: real 0.014s	user 0.006s	sys 0.006s
I20260710 11:06:22.113516 23843 raft_consensus.cc:359] T 0c5317ac80974c45a6e7880e372ae56b P 80910d6c6d25475e897d51a0d0602142 [term 0 FOLLOWER]: Replica starting. Triggering 0 pending ops. Active config: opid_index: -1 OBSOLETE_local: false peers { permanent_uuid: "4a7c300096424b7b89bd79120a649cde" member_type: VOTER last_known_addr { host: "127.21.248.1" port: 43565 } } peers { permanent_uuid: "7433876503a84f9884260f70e7a313df" member_type: VOTER last_known_addr { host: "127.21.248.2" port: 36463 } } peers { permanent_uuid: "80910d6c6d25475e897d51a0d0602142" member_type: VOTER last_known_addr { host: "127.21.248.3" port: 35251 } }
I20260710 11:06:22.114842 23843 raft_consensus.cc:385] T 0c5317ac80974c45a6e7880e372ae56b P 80910d6c6d25475e897d51a0d0602142 [term 0 FOLLOWER]: Consensus starting up: Expiring failure detector timer to make a prompt election more likely
I20260710 11:06:22.115224 23843 raft_consensus.cc:740] T 0c5317ac80974c45a6e7880e372ae56b P 80910d6c6d25475e897d51a0d0602142 [term 0 FOLLOWER]: Becoming Follower/Learner. State: Replica: 80910d6c6d25475e897d51a0d0602142, State: Initialized, Role: FOLLOWER
I20260710 11:06:22.116720 23842 tablet_bootstrap.cc:492] T a69e04bf608d429e8da5adf691c078af P 7433876503a84f9884260f70e7a313df: No bootstrap required, opened a new log
I20260710 11:06:22.117228 23842 ts_tablet_manager.cc:1403] T a69e04bf608d429e8da5adf691c078af P 7433876503a84f9884260f70e7a313df: Time spent bootstrapping tablet: real 0.046s	user 0.021s	sys 0.000s
I20260710 11:06:22.116072 23843 consensus_queue.cc:260] T 0c5317ac80974c45a6e7880e372ae56b P 80910d6c6d25475e897d51a0d0602142 [NON_LEADER]: Queue going to NON_LEADER mode. State: All replicated index: 0, Majority replicated index: 0, Committed index: 0, Last appended: 0.0, Last appended by leader: 0, Current term: 0, Majority size: -1, State: 0, Mode: NON_LEADER, active raft config: opid_index: -1 OBSOLETE_local: false peers { permanent_uuid: "4a7c300096424b7b89bd79120a649cde" member_type: VOTER last_known_addr { host: "127.21.248.1" port: 43565 } } peers { permanent_uuid: "7433876503a84f9884260f70e7a313df" member_type: VOTER last_known_addr { host: "127.21.248.2" port: 36463 } } peers { permanent_uuid: "80910d6c6d25475e897d51a0d0602142" member_type: VOTER last_known_addr { host: "127.21.248.3" port: 35251 } }
I20260710 11:06:22.119158 23841 tablet_bootstrap.cc:492] T d3af9a00f6a942038fa338faf33c75b5 P 4a7c300096424b7b89bd79120a649cde: No bootstrap required, opened a new log
I20260710 11:06:22.119581 23841 ts_tablet_manager.cc:1403] T d3af9a00f6a942038fa338faf33c75b5 P 4a7c300096424b7b89bd79120a649cde: Time spent bootstrapping tablet: real 0.023s	user 0.014s	sys 0.007s
I20260710 11:06:22.119614 23843 ts_tablet_manager.cc:1434] T 0c5317ac80974c45a6e7880e372ae56b P 80910d6c6d25475e897d51a0d0602142: Time spent starting tablet: real 0.008s	user 0.005s	sys 0.000s
I20260710 11:06:22.120103 23842 raft_consensus.cc:359] T a69e04bf608d429e8da5adf691c078af P 7433876503a84f9884260f70e7a313df [term 0 FOLLOWER]: Replica starting. Triggering 0 pending ops. Active config: opid_index: -1 OBSOLETE_local: false peers { permanent_uuid: "4a7c300096424b7b89bd79120a649cde" member_type: VOTER last_known_addr { host: "127.21.248.1" port: 43565 } } peers { permanent_uuid: "7433876503a84f9884260f70e7a313df" member_type: VOTER last_known_addr { host: "127.21.248.2" port: 36463 } } peers { permanent_uuid: "80910d6c6d25475e897d51a0d0602142" member_type: VOTER last_known_addr { host: "127.21.248.3" port: 35251 } }
I20260710 11:06:22.120654 23843 tablet_bootstrap.cc:492] T b06a775ac938485d9eaf805450b844d5 P 80910d6c6d25475e897d51a0d0602142: Bootstrap starting.
I20260710 11:06:22.120872 23842 raft_consensus.cc:385] T a69e04bf608d429e8da5adf691c078af P 7433876503a84f9884260f70e7a313df [term 0 FOLLOWER]: Consensus starting up: Expiring failure detector timer to make a prompt election more likely
I20260710 11:06:22.121294 23842 raft_consensus.cc:740] T a69e04bf608d429e8da5adf691c078af P 7433876503a84f9884260f70e7a313df [term 0 FOLLOWER]: Becoming Follower/Learner. State: Replica: 7433876503a84f9884260f70e7a313df, State: Initialized, Role: FOLLOWER
I20260710 11:06:22.121965 23842 consensus_queue.cc:260] T a69e04bf608d429e8da5adf691c078af P 7433876503a84f9884260f70e7a313df [NON_LEADER]: Queue going to NON_LEADER mode. State: All replicated index: 0, Majority replicated index: 0, Committed index: 0, Last appended: 0.0, Last appended by leader: 0, Current term: 0, Majority size: -1, State: 0, Mode: NON_LEADER, active raft config: opid_index: -1 OBSOLETE_local: false peers { permanent_uuid: "4a7c300096424b7b89bd79120a649cde" member_type: VOTER last_known_addr { host: "127.21.248.1" port: 43565 } } peers { permanent_uuid: "7433876503a84f9884260f70e7a313df" member_type: VOTER last_known_addr { host: "127.21.248.2" port: 36463 } } peers { permanent_uuid: "80910d6c6d25475e897d51a0d0602142" member_type: VOTER last_known_addr { host: "127.21.248.3" port: 35251 } }
I20260710 11:06:22.123970 23842 ts_tablet_manager.cc:1434] T a69e04bf608d429e8da5adf691c078af P 7433876503a84f9884260f70e7a313df: Time spent starting tablet: real 0.006s	user 0.005s	sys 0.000s
I20260710 11:06:22.124923 23841 raft_consensus.cc:359] T d3af9a00f6a942038fa338faf33c75b5 P 4a7c300096424b7b89bd79120a649cde [term 0 FOLLOWER]: Replica starting. Triggering 0 pending ops. Active config: opid_index: -1 OBSOLETE_local: false peers { permanent_uuid: "4a7c300096424b7b89bd79120a649cde" member_type: VOTER last_known_addr { host: "127.21.248.1" port: 43565 } } peers { permanent_uuid: "7433876503a84f9884260f70e7a313df" member_type: VOTER last_known_addr { host: "127.21.248.2" port: 36463 } } peers { permanent_uuid: "80910d6c6d25475e897d51a0d0602142" member_type: VOTER last_known_addr { host: "127.21.248.3" port: 35251 } }
I20260710 11:06:22.125887 23841 raft_consensus.cc:385] T d3af9a00f6a942038fa338faf33c75b5 P 4a7c300096424b7b89bd79120a649cde [term 0 FOLLOWER]: Consensus starting up: Expiring failure detector timer to make a prompt election more likely
I20260710 11:06:22.126152 23841 raft_consensus.cc:740] T d3af9a00f6a942038fa338faf33c75b5 P 4a7c300096424b7b89bd79120a649cde [term 0 FOLLOWER]: Becoming Follower/Learner. State: Replica: 4a7c300096424b7b89bd79120a649cde, State: Initialized, Role: FOLLOWER
I20260710 11:06:22.126927 23843 tablet_bootstrap.cc:654] T b06a775ac938485d9eaf805450b844d5 P 80910d6c6d25475e897d51a0d0602142: Neither blocks nor log segments found. Creating new log.
I20260710 11:06:22.126744 23841 consensus_queue.cc:260] T d3af9a00f6a942038fa338faf33c75b5 P 4a7c300096424b7b89bd79120a649cde [NON_LEADER]: Queue going to NON_LEADER mode. State: All replicated index: 0, Majority replicated index: 0, Committed index: 0, Last appended: 0.0, Last appended by leader: 0, Current term: 0, Majority size: -1, State: 0, Mode: NON_LEADER, active raft config: opid_index: -1 OBSOLETE_local: false peers { permanent_uuid: "4a7c300096424b7b89bd79120a649cde" member_type: VOTER last_known_addr { host: "127.21.248.1" port: 43565 } } peers { permanent_uuid: "7433876503a84f9884260f70e7a313df" member_type: VOTER last_known_addr { host: "127.21.248.2" port: 36463 } } peers { permanent_uuid: "80910d6c6d25475e897d51a0d0602142" member_type: VOTER last_known_addr { host: "127.21.248.3" port: 35251 } }
I20260710 11:06:22.128578 23841 ts_tablet_manager.cc:1434] T d3af9a00f6a942038fa338faf33c75b5 P 4a7c300096424b7b89bd79120a649cde: Time spent starting tablet: real 0.009s	user 0.006s	sys 0.001s
I20260710 11:06:22.129923 23841 tablet_bootstrap.cc:492] T dde5a3b048724fbbbf0e215e59788d01 P 4a7c300096424b7b89bd79120a649cde: Bootstrap starting.
I20260710 11:06:22.135310 23841 tablet_bootstrap.cc:654] T dde5a3b048724fbbbf0e215e59788d01 P 4a7c300096424b7b89bd79120a649cde: Neither blocks nor log segments found. Creating new log.
I20260710 11:06:22.146677 23849 raft_consensus.cc:493] T 01046ca916a94a929a6116aed0b3dfa7 P 4a7c300096424b7b89bd79120a649cde [term 0 FOLLOWER]: Starting pre-election (no leader contacted us within the election timeout)
I20260710 11:06:22.147395 23849 raft_consensus.cc:515] T 01046ca916a94a929a6116aed0b3dfa7 P 4a7c300096424b7b89bd79120a649cde [term 0 FOLLOWER]: Starting pre-election with config: opid_index: -1 OBSOLETE_local: false peers { permanent_uuid: "4a7c300096424b7b89bd79120a649cde" member_type: VOTER last_known_addr { host: "127.21.248.1" port: 43565 } } peers { permanent_uuid: "7433876503a84f9884260f70e7a313df" member_type: VOTER last_known_addr { host: "127.21.248.2" port: 36463 } } peers { permanent_uuid: "80910d6c6d25475e897d51a0d0602142" member_type: VOTER last_known_addr { host: "127.21.248.3" port: 35251 } }
I20260710 11:06:22.151152 23904 raft_consensus.cc:493] T d3af9a00f6a942038fa338faf33c75b5 P 4a7c300096424b7b89bd79120a649cde [term 0 FOLLOWER]: Starting pre-election (no leader contacted us within the election timeout)
I20260710 11:06:22.151522 23800 tablet_service.cc:1917] Received RequestConsensusVote() RPC: tablet_id: "01046ca916a94a929a6116aed0b3dfa7" candidate_uuid: "4a7c300096424b7b89bd79120a649cde" candidate_term: 1 candidate_status { last_received { term: 0 index: 0 } } ignore_live_leader: false dest_uuid: "80910d6c6d25475e897d51a0d0602142" is_pre_election: true
I20260710 11:06:22.152397 23800 raft_consensus.cc:2468] T 01046ca916a94a929a6116aed0b3dfa7 P 80910d6c6d25475e897d51a0d0602142 [term 0 FOLLOWER]: Leader pre-election vote request: Granting yes vote for candidate 4a7c300096424b7b89bd79120a649cde in term 0.
I20260710 11:06:22.154186 23724 tablet_service.cc:1917] Received RequestConsensusVote() RPC: tablet_id: "01046ca916a94a929a6116aed0b3dfa7" candidate_uuid: "4a7c300096424b7b89bd79120a649cde" candidate_term: 1 candidate_status { last_received { term: 0 index: 0 } } ignore_live_leader: false dest_uuid: "7433876503a84f9884260f70e7a313df" is_pre_election: true
I20260710 11:06:22.151860 23904 raft_consensus.cc:515] T d3af9a00f6a942038fa338faf33c75b5 P 4a7c300096424b7b89bd79120a649cde [term 0 FOLLOWER]: Starting pre-election with config: opid_index: -1 OBSOLETE_local: false peers { permanent_uuid: "4a7c300096424b7b89bd79120a649cde" member_type: VOTER last_known_addr { host: "127.21.248.1" port: 43565 } } peers { permanent_uuid: "7433876503a84f9884260f70e7a313df" member_type: VOTER last_known_addr { host: "127.21.248.2" port: 36463 } } peers { permanent_uuid: "80910d6c6d25475e897d51a0d0602142" member_type: VOTER last_known_addr { host: "127.21.248.3" port: 35251 } }
I20260710 11:06:22.155038 23724 raft_consensus.cc:2468] T 01046ca916a94a929a6116aed0b3dfa7 P 7433876503a84f9884260f70e7a313df [term 0 FOLLOWER]: Leader pre-election vote request: Granting yes vote for candidate 4a7c300096424b7b89bd79120a649cde in term 0.
I20260710 11:06:22.157212 23904 leader_election.cc:290] T d3af9a00f6a942038fa338faf33c75b5 P 4a7c300096424b7b89bd79120a649cde [CANDIDATE]: Term 1 pre-election: Requested pre-vote from peers 7433876503a84f9884260f70e7a313df (127.21.248.2:36463), 80910d6c6d25475e897d51a0d0602142 (127.21.248.3:35251)
I20260710 11:06:22.154503 23849 leader_election.cc:290] T 01046ca916a94a929a6116aed0b3dfa7 P 4a7c300096424b7b89bd79120a649cde [CANDIDATE]: Term 1 pre-election: Requested pre-vote from peers 7433876503a84f9884260f70e7a313df (127.21.248.2:36463), 80910d6c6d25475e897d51a0d0602142 (127.21.248.3:35251)
I20260710 11:06:22.159710 23615 leader_election.cc:304] T 01046ca916a94a929a6116aed0b3dfa7 P 4a7c300096424b7b89bd79120a649cde [CANDIDATE]: Term 1 pre-election: Election decided. Result: candidate won. Election summary: received 2 responses out of 3 voters: 2 yes votes; 0 no votes. yes voters: 4a7c300096424b7b89bd79120a649cde, 7433876503a84f9884260f70e7a313df; no voters: 
I20260710 11:06:22.160799 23849 raft_consensus.cc:2804] T 01046ca916a94a929a6116aed0b3dfa7 P 4a7c300096424b7b89bd79120a649cde [term 0 FOLLOWER]: Leader pre-election won for term 1
I20260710 11:06:22.162704 23849 raft_consensus.cc:493] T 01046ca916a94a929a6116aed0b3dfa7 P 4a7c300096424b7b89bd79120a649cde [term 0 FOLLOWER]: Starting leader election (no leader contacted us within the election timeout)
I20260710 11:06:22.163239 23849 raft_consensus.cc:3060] T 01046ca916a94a929a6116aed0b3dfa7 P 4a7c300096424b7b89bd79120a649cde [term 0 FOLLOWER]: Advancing to term 1
I20260710 11:06:22.167498 23724 tablet_service.cc:1917] Received RequestConsensusVote() RPC: tablet_id: "d3af9a00f6a942038fa338faf33c75b5" candidate_uuid: "4a7c300096424b7b89bd79120a649cde" candidate_term: 1 candidate_status { last_received { term: 0 index: 0 } } ignore_live_leader: false dest_uuid: "7433876503a84f9884260f70e7a313df" is_pre_election: true
I20260710 11:06:22.169217 23800 tablet_service.cc:1917] Received RequestConsensusVote() RPC: tablet_id: "d3af9a00f6a942038fa338faf33c75b5" candidate_uuid: "4a7c300096424b7b89bd79120a649cde" candidate_term: 1 candidate_status { last_received { term: 0 index: 0 } } ignore_live_leader: false dest_uuid: "80910d6c6d25475e897d51a0d0602142" is_pre_election: true
I20260710 11:06:22.172729 23724 raft_consensus.cc:2393] T d3af9a00f6a942038fa338faf33c75b5 P 7433876503a84f9884260f70e7a313df [term 1 FOLLOWER]: Leader pre-election vote request: Denying vote to candidate 4a7c300096424b7b89bd79120a649cde in current term 1: Already voted for candidate 80910d6c6d25475e897d51a0d0602142 in this term.
I20260710 11:06:22.174768 23888 consensus_queue.cc:1048] T eb33aca345e14c41808a2916944c3167 P 7433876503a84f9884260f70e7a313df [LEADER]: Connected to new peer: Peer: permanent_uuid: "4a7c300096424b7b89bd79120a649cde" member_type: VOTER last_known_addr { host: "127.21.248.1" port: 43565 }, Status: LMP_MISMATCH, Last received: 0.0, Next index: 1, Last known committed idx: 0, Time since last communication: 0.001s
I20260710 11:06:22.177742 23615 leader_election.cc:304] T d3af9a00f6a942038fa338faf33c75b5 P 4a7c300096424b7b89bd79120a649cde [CANDIDATE]: Term 1 pre-election: Election decided. Result: candidate lost. Election summary: received 3 responses out of 3 voters: 1 yes votes; 2 no votes. yes voters: 4a7c300096424b7b89bd79120a649cde; no voters: 7433876503a84f9884260f70e7a313df, 80910d6c6d25475e897d51a0d0602142
I20260710 11:06:22.182554 23901 raft_consensus.cc:3060] T d3af9a00f6a942038fa338faf33c75b5 P 4a7c300096424b7b89bd79120a649cde [term 0 FOLLOWER]: Advancing to term 1
I20260710 11:06:22.183765 23849 raft_consensus.cc:515] T 01046ca916a94a929a6116aed0b3dfa7 P 4a7c300096424b7b89bd79120a649cde [term 1 FOLLOWER]: Starting leader election with config: opid_index: -1 OBSOLETE_local: false peers { permanent_uuid: "4a7c300096424b7b89bd79120a649cde" member_type: VOTER last_known_addr { host: "127.21.248.1" port: 43565 } } peers { permanent_uuid: "7433876503a84f9884260f70e7a313df" member_type: VOTER last_known_addr { host: "127.21.248.2" port: 36463 } } peers { permanent_uuid: "80910d6c6d25475e897d51a0d0602142" member_type: VOTER last_known_addr { host: "127.21.248.3" port: 35251 } }
I20260710 11:06:22.184610 23914 raft_consensus.cc:493] T a69e04bf608d429e8da5adf691c078af P 80910d6c6d25475e897d51a0d0602142 [term 0 FOLLOWER]: Starting pre-election (no leader contacted us within the election timeout)
I20260710 11:06:22.185817 23914 raft_consensus.cc:515] T a69e04bf608d429e8da5adf691c078af P 80910d6c6d25475e897d51a0d0602142 [term 0 FOLLOWER]: Starting pre-election with config: opid_index: -1 OBSOLETE_local: false peers { permanent_uuid: "4a7c300096424b7b89bd79120a649cde" member_type: VOTER last_known_addr { host: "127.21.248.1" port: 43565 } } peers { permanent_uuid: "7433876503a84f9884260f70e7a313df" member_type: VOTER last_known_addr { host: "127.21.248.2" port: 36463 } } peers { permanent_uuid: "80910d6c6d25475e897d51a0d0602142" member_type: VOTER last_known_addr { host: "127.21.248.3" port: 35251 } }
I20260710 11:06:22.187871 23914 leader_election.cc:290] T a69e04bf608d429e8da5adf691c078af P 80910d6c6d25475e897d51a0d0602142 [CANDIDATE]: Term 1 pre-election: Requested pre-vote from peers 4a7c300096424b7b89bd79120a649cde (127.21.248.1:43565), 7433876503a84f9884260f70e7a313df (127.21.248.2:36463)
I20260710 11:06:22.189311 23725 tablet_service.cc:1917] Received RequestConsensusVote() RPC: tablet_id: "a69e04bf608d429e8da5adf691c078af" candidate_uuid: "80910d6c6d25475e897d51a0d0602142" candidate_term: 1 candidate_status { last_received { term: 0 index: 0 } } ignore_live_leader: false dest_uuid: "7433876503a84f9884260f70e7a313df" is_pre_election: true
I20260710 11:06:22.189739 23841 tablet_bootstrap.cc:492] T dde5a3b048724fbbbf0e215e59788d01 P 4a7c300096424b7b89bd79120a649cde: No bootstrap required, opened a new log
I20260710 11:06:22.189898 23725 raft_consensus.cc:2468] T a69e04bf608d429e8da5adf691c078af P 7433876503a84f9884260f70e7a313df [term 0 FOLLOWER]: Leader pre-election vote request: Granting yes vote for candidate 80910d6c6d25475e897d51a0d0602142 in term 0.
I20260710 11:06:22.190164 23841 ts_tablet_manager.cc:1403] T dde5a3b048724fbbbf0e215e59788d01 P 4a7c300096424b7b89bd79120a649cde: Time spent bootstrapping tablet: real 0.060s	user 0.031s	sys 0.021s
I20260710 11:06:22.191172 23764 leader_election.cc:304] T a69e04bf608d429e8da5adf691c078af P 80910d6c6d25475e897d51a0d0602142 [CANDIDATE]: Term 1 pre-election: Election decided. Result: candidate won. Election summary: received 2 responses out of 3 voters: 2 yes votes; 0 no votes. yes voters: 7433876503a84f9884260f70e7a313df, 80910d6c6d25475e897d51a0d0602142; no voters: 
I20260710 11:06:22.192142 23651 tablet_service.cc:1917] Received RequestConsensusVote() RPC: tablet_id: "a69e04bf608d429e8da5adf691c078af" candidate_uuid: "80910d6c6d25475e897d51a0d0602142" candidate_term: 1 candidate_status { last_received { term: 0 index: 0 } } ignore_live_leader: false dest_uuid: "4a7c300096424b7b89bd79120a649cde" is_pre_election: true
I20260710 11:06:22.192728 23914 raft_consensus.cc:2804] T a69e04bf608d429e8da5adf691c078af P 80910d6c6d25475e897d51a0d0602142 [term 0 FOLLOWER]: Leader pre-election won for term 1
I20260710 11:06:22.192941 23800 tablet_service.cc:1917] Received RequestConsensusVote() RPC: tablet_id: "01046ca916a94a929a6116aed0b3dfa7" candidate_uuid: "4a7c300096424b7b89bd79120a649cde" candidate_term: 1 candidate_status { last_received { term: 0 index: 0 } } ignore_live_leader: false dest_uuid: "80910d6c6d25475e897d51a0d0602142"
I20260710 11:06:22.192849 23841 raft_consensus.cc:359] T dde5a3b048724fbbbf0e215e59788d01 P 4a7c300096424b7b89bd79120a649cde [term 0 FOLLOWER]: Replica starting. Triggering 0 pending ops. Active config: opid_index: -1 OBSOLETE_local: false peers { permanent_uuid: "4a7c300096424b7b89bd79120a649cde" member_type: VOTER last_known_addr { host: "127.21.248.1" port: 43565 } } peers { permanent_uuid: "7433876503a84f9884260f70e7a313df" member_type: VOTER last_known_addr { host: "127.21.248.2" port: 36463 } } peers { permanent_uuid: "80910d6c6d25475e897d51a0d0602142" member_type: VOTER last_known_addr { host: "127.21.248.3" port: 35251 } }
I20260710 11:06:22.193251 23914 raft_consensus.cc:493] T a69e04bf608d429e8da5adf691c078af P 80910d6c6d25475e897d51a0d0602142 [term 0 FOLLOWER]: Starting leader election (no leader contacted us within the election timeout)
I20260710 11:06:22.193569 23841 raft_consensus.cc:385] T dde5a3b048724fbbbf0e215e59788d01 P 4a7c300096424b7b89bd79120a649cde [term 0 FOLLOWER]: Consensus starting up: Expiring failure detector timer to make a prompt election more likely
I20260710 11:06:22.193576 23800 raft_consensus.cc:3060] T 01046ca916a94a929a6116aed0b3dfa7 P 80910d6c6d25475e897d51a0d0602142 [term 0 FOLLOWER]: Advancing to term 1
I20260710 11:06:22.193778 23914 raft_consensus.cc:3060] T a69e04bf608d429e8da5adf691c078af P 80910d6c6d25475e897d51a0d0602142 [term 0 FOLLOWER]: Advancing to term 1
I20260710 11:06:22.193986 23841 raft_consensus.cc:740] T dde5a3b048724fbbbf0e215e59788d01 P 4a7c300096424b7b89bd79120a649cde [term 0 FOLLOWER]: Becoming Follower/Learner. State: Replica: 4a7c300096424b7b89bd79120a649cde, State: Initialized, Role: FOLLOWER
I20260710 11:06:22.194756 23841 consensus_queue.cc:260] T dde5a3b048724fbbbf0e215e59788d01 P 4a7c300096424b7b89bd79120a649cde [NON_LEADER]: Queue going to NON_LEADER mode. State: All replicated index: 0, Majority replicated index: 0, Committed index: 0, Last appended: 0.0, Last appended by leader: 0, Current term: 0, Majority size: -1, State: 0, Mode: NON_LEADER, active raft config: opid_index: -1 OBSOLETE_local: false peers { permanent_uuid: "4a7c300096424b7b89bd79120a649cde" member_type: VOTER last_known_addr { host: "127.21.248.1" port: 43565 } } peers { permanent_uuid: "7433876503a84f9884260f70e7a313df" member_type: VOTER last_known_addr { host: "127.21.248.2" port: 36463 } } peers { permanent_uuid: "80910d6c6d25475e897d51a0d0602142" member_type: VOTER last_known_addr { host: "127.21.248.3" port: 35251 } }
I20260710 11:06:22.195847 23901 raft_consensus.cc:2749] T d3af9a00f6a942038fa338faf33c75b5 P 4a7c300096424b7b89bd79120a649cde [term 1 FOLLOWER]: Leader pre-election lost for term 1. Reason: could not achieve majority
I20260710 11:06:22.197211 23841 ts_tablet_manager.cc:1434] T dde5a3b048724fbbbf0e215e59788d01 P 4a7c300096424b7b89bd79120a649cde: Time spent starting tablet: real 0.007s	user 0.008s	sys 0.000s
I20260710 11:06:22.197666 23651 raft_consensus.cc:2468] T a69e04bf608d429e8da5adf691c078af P 4a7c300096424b7b89bd79120a649cde [term 0 FOLLOWER]: Leader pre-election vote request: Granting yes vote for candidate 80910d6c6d25475e897d51a0d0602142 in term 0.
I20260710 11:06:22.198117 23841 tablet_bootstrap.cc:492] T 336630d9c22745f29e0fb55f6a676b97 P 4a7c300096424b7b89bd79120a649cde: Bootstrap starting.
I20260710 11:06:22.198338 23904 raft_consensus.cc:493] T 2fd48118f2ed4088aefbb8560c66274a P 4a7c300096424b7b89bd79120a649cde [term 0 FOLLOWER]: Starting pre-election (no leader contacted us within the election timeout)
I20260710 11:06:22.198798 23904 raft_consensus.cc:515] T 2fd48118f2ed4088aefbb8560c66274a P 4a7c300096424b7b89bd79120a649cde [term 0 FOLLOWER]: Starting pre-election with config: opid_index: -1 OBSOLETE_local: false peers { permanent_uuid: "4a7c300096424b7b89bd79120a649cde" member_type: VOTER last_known_addr { host: "127.21.248.1" port: 43565 } } peers { permanent_uuid: "7433876503a84f9884260f70e7a313df" member_type: VOTER last_known_addr { host: "127.21.248.2" port: 36463 } } peers { permanent_uuid: "80910d6c6d25475e897d51a0d0602142" member_type: VOTER last_known_addr { host: "127.21.248.3" port: 35251 } }
I20260710 11:06:22.200590 23971 raft_consensus.cc:493] T dde5a3b048724fbbbf0e215e59788d01 P 80910d6c6d25475e897d51a0d0602142 [term 0 FOLLOWER]: Starting pre-election (no leader contacted us within the election timeout)
I20260710 11:06:22.201056 23971 raft_consensus.cc:515] T dde5a3b048724fbbbf0e215e59788d01 P 80910d6c6d25475e897d51a0d0602142 [term 0 FOLLOWER]: Starting pre-election with config: opid_index: -1 OBSOLETE_local: false peers { permanent_uuid: "4a7c300096424b7b89bd79120a649cde" member_type: VOTER last_known_addr { host: "127.21.248.1" port: 43565 } } peers { permanent_uuid: "7433876503a84f9884260f70e7a313df" member_type: VOTER last_known_addr { host: "127.21.248.2" port: 36463 } } peers { permanent_uuid: "80910d6c6d25475e897d51a0d0602142" member_type: VOTER last_known_addr { host: "127.21.248.3" port: 35251 } }
I20260710 11:06:22.203074 23971 leader_election.cc:290] T dde5a3b048724fbbbf0e215e59788d01 P 80910d6c6d25475e897d51a0d0602142 [CANDIDATE]: Term 1 pre-election: Requested pre-vote from peers 4a7c300096424b7b89bd79120a649cde (127.21.248.1:43565), 7433876503a84f9884260f70e7a313df (127.21.248.2:36463)
I20260710 11:06:22.203455 23800 raft_consensus.cc:2468] T 01046ca916a94a929a6116aed0b3dfa7 P 80910d6c6d25475e897d51a0d0602142 [term 1 FOLLOWER]: Leader election vote request: Granting yes vote for candidate 4a7c300096424b7b89bd79120a649cde in term 1.
I20260710 11:06:22.204470 23841 tablet_bootstrap.cc:654] T 336630d9c22745f29e0fb55f6a676b97 P 4a7c300096424b7b89bd79120a649cde: Neither blocks nor log segments found. Creating new log.
I20260710 11:06:22.204629 23725 tablet_service.cc:1917] Received RequestConsensusVote() RPC: tablet_id: "dde5a3b048724fbbbf0e215e59788d01" candidate_uuid: "80910d6c6d25475e897d51a0d0602142" candidate_term: 1 candidate_status { last_received { term: 0 index: 0 } } ignore_live_leader: false dest_uuid: "7433876503a84f9884260f70e7a313df" is_pre_election: true
I20260710 11:06:22.204576 23617 leader_election.cc:304] T 01046ca916a94a929a6116aed0b3dfa7 P 4a7c300096424b7b89bd79120a649cde [CANDIDATE]: Term 1 election: Election decided. Result: candidate won. Election summary: received 2 responses out of 3 voters: 2 yes votes; 0 no votes. yes voters: 4a7c300096424b7b89bd79120a649cde, 80910d6c6d25475e897d51a0d0602142; no voters: 
I20260710 11:06:22.205395 23725 raft_consensus.cc:2468] T dde5a3b048724fbbbf0e215e59788d01 P 7433876503a84f9884260f70e7a313df [term 0 FOLLOWER]: Leader pre-election vote request: Granting yes vote for candidate 80910d6c6d25475e897d51a0d0602142 in term 0.
I20260710 11:06:22.206074 23649 tablet_service.cc:1917] Received RequestConsensusVote() RPC: tablet_id: "dde5a3b048724fbbbf0e215e59788d01" candidate_uuid: "80910d6c6d25475e897d51a0d0602142" candidate_term: 1 candidate_status { last_received { term: 0 index: 0 } } ignore_live_leader: false dest_uuid: "4a7c300096424b7b89bd79120a649cde" is_pre_election: true
I20260710 11:06:22.206723 23764 leader_election.cc:304] T dde5a3b048724fbbbf0e215e59788d01 P 80910d6c6d25475e897d51a0d0602142 [CANDIDATE]: Term 1 pre-election: Election decided. Result: candidate won. Election summary: received 2 responses out of 3 voters: 2 yes votes; 0 no votes. yes voters: 7433876503a84f9884260f70e7a313df, 80910d6c6d25475e897d51a0d0602142; no voters: 
I20260710 11:06:22.206902 23649 raft_consensus.cc:2468] T dde5a3b048724fbbbf0e215e59788d01 P 4a7c300096424b7b89bd79120a649cde [term 0 FOLLOWER]: Leader pre-election vote request: Granting yes vote for candidate 80910d6c6d25475e897d51a0d0602142 in term 0.
I20260710 11:06:22.207767 23971 raft_consensus.cc:2804] T dde5a3b048724fbbbf0e215e59788d01 P 80910d6c6d25475e897d51a0d0602142 [term 0 FOLLOWER]: Leader pre-election won for term 1
I20260710 11:06:22.208228 23971 raft_consensus.cc:493] T dde5a3b048724fbbbf0e215e59788d01 P 80910d6c6d25475e897d51a0d0602142 [term 0 FOLLOWER]: Starting leader election (no leader contacted us within the election timeout)
I20260710 11:06:22.208652 23971 raft_consensus.cc:3060] T dde5a3b048724fbbbf0e215e59788d01 P 80910d6c6d25475e897d51a0d0602142 [term 0 FOLLOWER]: Advancing to term 1
I20260710 11:06:22.215523 23841 tablet_bootstrap.cc:492] T 336630d9c22745f29e0fb55f6a676b97 P 4a7c300096424b7b89bd79120a649cde: No bootstrap required, opened a new log
I20260710 11:06:22.216008 23841 ts_tablet_manager.cc:1403] T 336630d9c22745f29e0fb55f6a676b97 P 4a7c300096424b7b89bd79120a649cde: Time spent bootstrapping tablet: real 0.018s	user 0.015s	sys 0.000s
I20260710 11:06:22.217041 23971 raft_consensus.cc:515] T dde5a3b048724fbbbf0e215e59788d01 P 80910d6c6d25475e897d51a0d0602142 [term 1 FOLLOWER]: Starting leader election with config: opid_index: -1 OBSOLETE_local: false peers { permanent_uuid: "4a7c300096424b7b89bd79120a649cde" member_type: VOTER last_known_addr { host: "127.21.248.1" port: 43565 } } peers { permanent_uuid: "7433876503a84f9884260f70e7a313df" member_type: VOTER last_known_addr { host: "127.21.248.2" port: 36463 } } peers { permanent_uuid: "80910d6c6d25475e897d51a0d0602142" member_type: VOTER last_known_addr { host: "127.21.248.3" port: 35251 } }
I20260710 11:06:22.187261 23849 leader_election.cc:290] T 01046ca916a94a929a6116aed0b3dfa7 P 4a7c300096424b7b89bd79120a649cde [CANDIDATE]: Term 1 election: Requested vote from peers 7433876503a84f9884260f70e7a313df (127.21.248.2:36463), 80910d6c6d25475e897d51a0d0602142 (127.21.248.3:35251)
I20260710 11:06:22.220038 23849 raft_consensus.cc:2804] T 01046ca916a94a929a6116aed0b3dfa7 P 4a7c300096424b7b89bd79120a649cde [term 1 FOLLOWER]: Leader election won for term 1
I20260710 11:06:22.220700 23849 raft_consensus.cc:697] T 01046ca916a94a929a6116aed0b3dfa7 P 4a7c300096424b7b89bd79120a649cde [term 1 LEADER]: Becoming Leader. State: Replica: 4a7c300096424b7b89bd79120a649cde, State: Running, Role: LEADER
I20260710 11:06:22.221520 23849 consensus_queue.cc:237] T 01046ca916a94a929a6116aed0b3dfa7 P 4a7c300096424b7b89bd79120a649cde [LEADER]: Queue going to LEADER mode. State: All replicated index: 0, Majority replicated index: 0, Committed index: 0, Last appended: 0.0, Last appended by leader: 0, Current term: 1, Majority size: 2, State: 0, Mode: LEADER, active raft config: opid_index: -1 OBSOLETE_local: false peers { permanent_uuid: "4a7c300096424b7b89bd79120a649cde" member_type: VOTER last_known_addr { host: "127.21.248.1" port: 43565 } } peers { permanent_uuid: "7433876503a84f9884260f70e7a313df" member_type: VOTER last_known_addr { host: "127.21.248.2" port: 36463 } } peers { permanent_uuid: "80910d6c6d25475e897d51a0d0602142" member_type: VOTER last_known_addr { host: "127.21.248.3" port: 35251 } }
I20260710 11:06:22.218629 23841 raft_consensus.cc:359] T 336630d9c22745f29e0fb55f6a676b97 P 4a7c300096424b7b89bd79120a649cde [term 0 FOLLOWER]: Replica starting. Triggering 0 pending ops. Active config: opid_index: -1 OBSOLETE_local: false peers { permanent_uuid: "4a7c300096424b7b89bd79120a649cde" member_type: VOTER last_known_addr { host: "127.21.248.1" port: 43565 } } peers { permanent_uuid: "7433876503a84f9884260f70e7a313df" member_type: VOTER last_known_addr { host: "127.21.248.2" port: 36463 } } peers { permanent_uuid: "80910d6c6d25475e897d51a0d0602142" member_type: VOTER last_known_addr { host: "127.21.248.3" port: 35251 } }
I20260710 11:06:22.223007 23841 raft_consensus.cc:385] T 336630d9c22745f29e0fb55f6a676b97 P 4a7c300096424b7b89bd79120a649cde [term 0 FOLLOWER]: Consensus starting up: Expiring failure detector timer to make a prompt election more likely
I20260710 11:06:22.223307 23841 raft_consensus.cc:740] T 336630d9c22745f29e0fb55f6a676b97 P 4a7c300096424b7b89bd79120a649cde [term 0 FOLLOWER]: Becoming Follower/Learner. State: Replica: 4a7c300096424b7b89bd79120a649cde, State: Initialized, Role: FOLLOWER
I20260710 11:06:22.223400 23725 tablet_service.cc:1917] Received RequestConsensusVote() RPC: tablet_id: "dde5a3b048724fbbbf0e215e59788d01" candidate_uuid: "80910d6c6d25475e897d51a0d0602142" candidate_term: 1 candidate_status { last_received { term: 0 index: 0 } } ignore_live_leader: false dest_uuid: "7433876503a84f9884260f70e7a313df"
I20260710 11:06:22.223942 23725 raft_consensus.cc:3060] T dde5a3b048724fbbbf0e215e59788d01 P 7433876503a84f9884260f70e7a313df [term 0 FOLLOWER]: Advancing to term 1
I20260710 11:06:22.223929 23841 consensus_queue.cc:260] T 336630d9c22745f29e0fb55f6a676b97 P 4a7c300096424b7b89bd79120a649cde [NON_LEADER]: Queue going to NON_LEADER mode. State: All replicated index: 0, Majority replicated index: 0, Committed index: 0, Last appended: 0.0, Last appended by leader: 0, Current term: 0, Majority size: -1, State: 0, Mode: NON_LEADER, active raft config: opid_index: -1 OBSOLETE_local: false peers { permanent_uuid: "4a7c300096424b7b89bd79120a649cde" member_type: VOTER last_known_addr { host: "127.21.248.1" port: 43565 } } peers { permanent_uuid: "7433876503a84f9884260f70e7a313df" member_type: VOTER last_known_addr { host: "127.21.248.2" port: 36463 } } peers { permanent_uuid: "80910d6c6d25475e897d51a0d0602142" member_type: VOTER last_known_addr { host: "127.21.248.3" port: 35251 } }
I20260710 11:06:22.226200 23841 ts_tablet_manager.cc:1434] T 336630d9c22745f29e0fb55f6a676b97 P 4a7c300096424b7b89bd79120a649cde: Time spent starting tablet: real 0.010s	user 0.005s	sys 0.002s
I20260710 11:06:22.227065 23841 tablet_bootstrap.cc:492] T 6eef1e756e214a2ebb446aaa7fa551a5 P 4a7c300096424b7b89bd79120a649cde: Bootstrap starting.
I20260710 11:06:22.231252 23800 raft_consensus.cc:3060] T eb33aca345e14c41808a2916944c3167 P 80910d6c6d25475e897d51a0d0602142 [term 0 FOLLOWER]: Advancing to term 1
I20260710 11:06:22.232748 23841 tablet_bootstrap.cc:654] T 6eef1e756e214a2ebb446aaa7fa551a5 P 4a7c300096424b7b89bd79120a649cde: Neither blocks nor log segments found. Creating new log.
I20260710 11:06:22.232868 23724 tablet_service.cc:1917] Received RequestConsensusVote() RPC: tablet_id: "01046ca916a94a929a6116aed0b3dfa7" candidate_uuid: "4a7c300096424b7b89bd79120a649cde" candidate_term: 1 candidate_status { last_received { term: 0 index: 0 } } ignore_live_leader: false dest_uuid: "7433876503a84f9884260f70e7a313df"
I20260710 11:06:22.233479 23724 raft_consensus.cc:3060] T 01046ca916a94a929a6116aed0b3dfa7 P 7433876503a84f9884260f70e7a313df [term 0 FOLLOWER]: Advancing to term 1
I20260710 11:06:22.234123 23725 raft_consensus.cc:2468] T dde5a3b048724fbbbf0e215e59788d01 P 7433876503a84f9884260f70e7a313df [term 1 FOLLOWER]: Leader election vote request: Granting yes vote for candidate 80910d6c6d25475e897d51a0d0602142 in term 1.
I20260710 11:06:22.235623 23764 leader_election.cc:304] T dde5a3b048724fbbbf0e215e59788d01 P 80910d6c6d25475e897d51a0d0602142 [CANDIDATE]: Term 1 election: Election decided. Result: candidate won. Election summary: received 2 responses out of 3 voters: 2 yes votes; 0 no votes. yes voters: 7433876503a84f9884260f70e7a313df, 80910d6c6d25475e897d51a0d0602142; no voters: 
I20260710 11:06:22.236482 23873 raft_consensus.cc:2804] T dde5a3b048724fbbbf0e215e59788d01 P 80910d6c6d25475e897d51a0d0602142 [term 1 FOLLOWER]: Leader election won for term 1
I20260710 11:06:22.236990 23873 raft_consensus.cc:697] T dde5a3b048724fbbbf0e215e59788d01 P 80910d6c6d25475e897d51a0d0602142 [term 1 LEADER]: Becoming Leader. State: Replica: 80910d6c6d25475e897d51a0d0602142, State: Running, Role: LEADER
I20260710 11:06:22.237763 23873 consensus_queue.cc:237] T dde5a3b048724fbbbf0e215e59788d01 P 80910d6c6d25475e897d51a0d0602142 [LEADER]: Queue going to LEADER mode. State: All replicated index: 0, Majority replicated index: 0, Committed index: 0, Last appended: 0.0, Last appended by leader: 0, Current term: 1, Majority size: 2, State: 0, Mode: LEADER, active raft config: opid_index: -1 OBSOLETE_local: false peers { permanent_uuid: "4a7c300096424b7b89bd79120a649cde" member_type: VOTER last_known_addr { host: "127.21.248.1" port: 43565 } } peers { permanent_uuid: "7433876503a84f9884260f70e7a313df" member_type: VOTER last_known_addr { host: "127.21.248.2" port: 36463 } } peers { permanent_uuid: "80910d6c6d25475e897d51a0d0602142" member_type: VOTER last_known_addr { host: "127.21.248.3" port: 35251 } }
I20260710 11:06:22.238413 23841 tablet_bootstrap.cc:492] T 6eef1e756e214a2ebb446aaa7fa551a5 P 4a7c300096424b7b89bd79120a649cde: No bootstrap required, opened a new log
I20260710 11:06:22.238831 23841 ts_tablet_manager.cc:1403] T 6eef1e756e214a2ebb446aaa7fa551a5 P 4a7c300096424b7b89bd79120a649cde: Time spent bootstrapping tablet: real 0.012s	user 0.005s	sys 0.004s
I20260710 11:06:22.241483 23841 raft_consensus.cc:359] T 6eef1e756e214a2ebb446aaa7fa551a5 P 4a7c300096424b7b89bd79120a649cde [term 0 FOLLOWER]: Replica starting. Triggering 0 pending ops. Active config: opid_index: -1 OBSOLETE_local: false peers { permanent_uuid: "4a7c300096424b7b89bd79120a649cde" member_type: VOTER last_known_addr { host: "127.21.248.1" port: 43565 } } peers { permanent_uuid: "7433876503a84f9884260f70e7a313df" member_type: VOTER last_known_addr { host: "127.21.248.2" port: 36463 } } peers { permanent_uuid: "80910d6c6d25475e897d51a0d0602142" member_type: VOTER last_known_addr { host: "127.21.248.3" port: 35251 } }
I20260710 11:06:22.242262 23841 raft_consensus.cc:385] T 6eef1e756e214a2ebb446aaa7fa551a5 P 4a7c300096424b7b89bd79120a649cde [term 0 FOLLOWER]: Consensus starting up: Expiring failure detector timer to make a prompt election more likely
I20260710 11:06:22.242539 23841 raft_consensus.cc:740] T 6eef1e756e214a2ebb446aaa7fa551a5 P 4a7c300096424b7b89bd79120a649cde [term 0 FOLLOWER]: Becoming Follower/Learner. State: Replica: 4a7c300096424b7b89bd79120a649cde, State: Initialized, Role: FOLLOWER
I20260710 11:06:22.241153 23649 tablet_service.cc:1917] Received RequestConsensusVote() RPC: tablet_id: "dde5a3b048724fbbbf0e215e59788d01" candidate_uuid: "80910d6c6d25475e897d51a0d0602142" candidate_term: 1 candidate_status { last_received { term: 0 index: 0 } } ignore_live_leader: false dest_uuid: "4a7c300096424b7b89bd79120a649cde"
I20260710 11:06:22.243113 23649 raft_consensus.cc:3060] T dde5a3b048724fbbbf0e215e59788d01 P 4a7c300096424b7b89bd79120a649cde [term 0 FOLLOWER]: Advancing to term 1
I20260710 11:06:22.243391 23889 consensus_queue.cc:1048] T eb33aca345e14c41808a2916944c3167 P 7433876503a84f9884260f70e7a313df [LEADER]: Connected to new peer: Peer: permanent_uuid: "80910d6c6d25475e897d51a0d0602142" member_type: VOTER last_known_addr { host: "127.21.248.3" port: 35251 }, Status: LMP_MISMATCH, Last received: 0.0, Next index: 1, Last known committed idx: 0, Time since last communication: 0.000s
I20260710 11:06:22.219198 23914 raft_consensus.cc:515] T a69e04bf608d429e8da5adf691c078af P 80910d6c6d25475e897d51a0d0602142 [term 1 FOLLOWER]: Starting leader election with config: opid_index: -1 OBSOLETE_local: false peers { permanent_uuid: "4a7c300096424b7b89bd79120a649cde" member_type: VOTER last_known_addr { host: "127.21.248.1" port: 43565 } } peers { permanent_uuid: "7433876503a84f9884260f70e7a313df" member_type: VOTER last_known_addr { host: "127.21.248.2" port: 36463 } } peers { permanent_uuid: "80910d6c6d25475e897d51a0d0602142" member_type: VOTER last_known_addr { host: "127.21.248.3" port: 35251 } }
I20260710 11:06:22.247049 23971 leader_election.cc:290] T dde5a3b048724fbbbf0e215e59788d01 P 80910d6c6d25475e897d51a0d0602142 [CANDIDATE]: Term 1 election: Requested vote from peers 4a7c300096424b7b89bd79120a649cde (127.21.248.1:43565), 7433876503a84f9884260f70e7a313df (127.21.248.2:36463)
I20260710 11:06:22.249323 23651 tablet_service.cc:1917] Received RequestConsensusVote() RPC: tablet_id: "a69e04bf608d429e8da5adf691c078af" candidate_uuid: "80910d6c6d25475e897d51a0d0602142" candidate_term: 1 candidate_status { last_received { term: 0 index: 0 } } ignore_live_leader: false dest_uuid: "4a7c300096424b7b89bd79120a649cde"
I20260710 11:06:22.250041 23651 raft_consensus.cc:3060] T a69e04bf608d429e8da5adf691c078af P 4a7c300096424b7b89bd79120a649cde [term 0 FOLLOWER]: Advancing to term 1
I20260710 11:06:22.250242 23725 tablet_service.cc:1917] Received RequestConsensusVote() RPC: tablet_id: "a69e04bf608d429e8da5adf691c078af" candidate_uuid: "80910d6c6d25475e897d51a0d0602142" candidate_term: 1 candidate_status { last_received { term: 0 index: 0 } } ignore_live_leader: false dest_uuid: "7433876503a84f9884260f70e7a313df"
I20260710 11:06:22.251317 23725 raft_consensus.cc:3060] T a69e04bf608d429e8da5adf691c078af P 7433876503a84f9884260f70e7a313df [term 0 FOLLOWER]: Advancing to term 1
I20260710 11:06:22.248652 23914 leader_election.cc:290] T a69e04bf608d429e8da5adf691c078af P 80910d6c6d25475e897d51a0d0602142 [CANDIDATE]: Term 1 election: Requested vote from peers 4a7c300096424b7b89bd79120a649cde (127.21.248.1:43565), 7433876503a84f9884260f70e7a313df (127.21.248.2:36463)
I20260710 11:06:22.259287 23725 raft_consensus.cc:2468] T a69e04bf608d429e8da5adf691c078af P 7433876503a84f9884260f70e7a313df [term 1 FOLLOWER]: Leader election vote request: Granting yes vote for candidate 80910d6c6d25475e897d51a0d0602142 in term 1.
I20260710 11:06:22.260514 23764 leader_election.cc:304] T a69e04bf608d429e8da5adf691c078af P 80910d6c6d25475e897d51a0d0602142 [CANDIDATE]: Term 1 election: Election decided. Result: candidate won. Election summary: received 2 responses out of 3 voters: 2 yes votes; 0 no votes. yes voters: 7433876503a84f9884260f70e7a313df, 80910d6c6d25475e897d51a0d0602142; no voters: 
I20260710 11:06:22.261396 23873 raft_consensus.cc:2804] T a69e04bf608d429e8da5adf691c078af P 80910d6c6d25475e897d51a0d0602142 [term 1 FOLLOWER]: Leader election won for term 1
I20260710 11:06:22.261848 23873 raft_consensus.cc:697] T a69e04bf608d429e8da5adf691c078af P 80910d6c6d25475e897d51a0d0602142 [term 1 LEADER]: Becoming Leader. State: Replica: 80910d6c6d25475e897d51a0d0602142, State: Running, Role: LEADER
I20260710 11:06:22.262632 23873 consensus_queue.cc:237] T a69e04bf608d429e8da5adf691c078af P 80910d6c6d25475e897d51a0d0602142 [LEADER]: Queue going to LEADER mode. State: All replicated index: 0, Majority replicated index: 0, Committed index: 0, Last appended: 0.0, Last appended by leader: 0, Current term: 1, Majority size: 2, State: 0, Mode: LEADER, active raft config: opid_index: -1 OBSOLETE_local: false peers { permanent_uuid: "4a7c300096424b7b89bd79120a649cde" member_type: VOTER last_known_addr { host: "127.21.248.1" port: 43565 } } peers { permanent_uuid: "7433876503a84f9884260f70e7a313df" member_type: VOTER last_known_addr { host: "127.21.248.2" port: 36463 } } peers { permanent_uuid: "80910d6c6d25475e897d51a0d0602142" member_type: VOTER last_known_addr { host: "127.21.248.3" port: 35251 } }
I20260710 11:06:22.263866 23888 raft_consensus.cc:493] T 2fd48118f2ed4088aefbb8560c66274a P 7433876503a84f9884260f70e7a313df [term 0 FOLLOWER]: Starting pre-election (no leader contacted us within the election timeout)
I20260710 11:06:22.264356 23888 raft_consensus.cc:515] T 2fd48118f2ed4088aefbb8560c66274a P 7433876503a84f9884260f70e7a313df [term 0 FOLLOWER]: Starting pre-election with config: opid_index: -1 OBSOLETE_local: false peers { permanent_uuid: "4a7c300096424b7b89bd79120a649cde" member_type: VOTER last_known_addr { host: "127.21.248.1" port: 43565 } } peers { permanent_uuid: "7433876503a84f9884260f70e7a313df" member_type: VOTER last_known_addr { host: "127.21.248.2" port: 36463 } } peers { permanent_uuid: "80910d6c6d25475e897d51a0d0602142" member_type: VOTER last_known_addr { host: "127.21.248.3" port: 35251 } }
