I20260710 11:06:18.603263 22496 raft_consensus.cc:2272] T cc2623b030c9437290740692198f8bf5 P 9fb114f2a95545709b42b711439048fd [term 4 FOLLOWER]: Raft consensus is shut down!
I20260710 11:06:18.605057 22496 tablet_replica.cc:333] T 80e67c70036c49e3be53199ecc435066 P 9fb114f2a95545709b42b711439048fd: stopping tablet replica
I20260710 11:06:18.605537 22496 raft_consensus.cc:2243] T 80e67c70036c49e3be53199ecc435066 P 9fb114f2a95545709b42b711439048fd [term 2 FOLLOWER]: Raft consensus shutting down.
I20260710 11:06:18.605957 22496 raft_consensus.cc:2272] T 80e67c70036c49e3be53199ecc435066 P 9fb114f2a95545709b42b711439048fd [term 2 FOLLOWER]: Raft consensus is shut down!
I20260710 11:06:18.607410 22496 tablet_replica.cc:333] T 6622af90e99145b29bb60d1b3f7b6ba1 P 9fb114f2a95545709b42b711439048fd: stopping tablet replica
I20260710 11:06:18.607944 22496 raft_consensus.cc:2243] T 6622af90e99145b29bb60d1b3f7b6ba1 P 9fb114f2a95545709b42b711439048fd [term 2 FOLLOWER]: Raft consensus shutting down.
I20260710 11:06:18.608335 22496 raft_consensus.cc:2272] T 6622af90e99145b29bb60d1b3f7b6ba1 P 9fb114f2a95545709b42b711439048fd [term 2 FOLLOWER]: Raft consensus is shut down!
I20260710 11:06:18.610098 22496 tablet_replica.cc:333] T 01b7f879a9304d3bb427a4f9c4e81402 P 9fb114f2a95545709b42b711439048fd: stopping tablet replica
I20260710 11:06:18.610538 22496 raft_consensus.cc:2243] T 01b7f879a9304d3bb427a4f9c4e81402 P 9fb114f2a95545709b42b711439048fd [term 5 FOLLOWER]: Raft consensus shutting down.
I20260710 11:06:18.610993 22496 raft_consensus.cc:2272] T 01b7f879a9304d3bb427a4f9c4e81402 P 9fb114f2a95545709b42b711439048fd [term 5 FOLLOWER]: Raft consensus is shut down!
I20260710 11:06:18.639583 22496 tablet_server.cc:196] TabletServer@127.21.248.2:0 shutdown complete.
I20260710 11:06:18.660766 22496 tablet_server.cc:179] TabletServer@127.21.248.3:0 shutting down...
W20260710 11:06:18.665277 23270 consensus_peers.cc:597] T 0751cdb22ec54978bcd7ac0dc5094155 P 90bea58c45ae483e8e2a6effae45c933 -> Peer 9fb114f2a95545709b42b711439048fd (127.21.248.2:42385): Couldn't send request to peer 9fb114f2a95545709b42b711439048fd. Status: Network error: Client connection negotiation failed: client connection to 127.21.248.2:42385: connect: Connection refused (error 111). This is attempt 1: this message will repeat every 5th retry.
I20260710 11:06:18.687453 22496 ts_tablet_manager.cc:1507] Shutting down tablet manager...
I20260710 11:06:18.688124 22496 tablet_replica.cc:333] T b9f7b372be804d108affe5d277e854a2 P 90bea58c45ae483e8e2a6effae45c933: stopping tablet replica
I20260710 11:06:18.688820 22496 raft_consensus.cc:2243] T b9f7b372be804d108affe5d277e854a2 P 90bea58c45ae483e8e2a6effae45c933 [term 3 FOLLOWER]: Raft consensus shutting down.
I20260710 11:06:18.689292 22496 raft_consensus.cc:2272] T b9f7b372be804d108affe5d277e854a2 P 90bea58c45ae483e8e2a6effae45c933 [term 3 FOLLOWER]: Raft consensus is shut down!
I20260710 11:06:18.690845 22496 tablet_replica.cc:333] T ad702e3beb0e4d30821675842c348008 P 90bea58c45ae483e8e2a6effae45c933: stopping tablet replica
I20260710 11:06:18.691375 22496 raft_consensus.cc:2243] T ad702e3beb0e4d30821675842c348008 P 90bea58c45ae483e8e2a6effae45c933 [term 3 FOLLOWER]: Raft consensus shutting down.
I20260710 11:06:18.691802 22496 raft_consensus.cc:2272] T ad702e3beb0e4d30821675842c348008 P 90bea58c45ae483e8e2a6effae45c933 [term 3 FOLLOWER]: Raft consensus is shut down!
I20260710 11:06:18.693341 22496 tablet_replica.cc:333] T adf963735a8844b6bea900adbcc9b99f P 90bea58c45ae483e8e2a6effae45c933: stopping tablet replica
I20260710 11:06:18.693794 22496 raft_consensus.cc:2243] T adf963735a8844b6bea900adbcc9b99f P 90bea58c45ae483e8e2a6effae45c933 [term 2 LEADER]: Raft consensus shutting down.
I20260710 11:06:18.694481 22496 raft_consensus.cc:2272] T adf963735a8844b6bea900adbcc9b99f P 90bea58c45ae483e8e2a6effae45c933 [term 2 FOLLOWER]: Raft consensus is shut down!
I20260710 11:06:18.696026 22496 tablet_replica.cc:333] T 45f732b6e35643339ed1d1071d70ae64 P 90bea58c45ae483e8e2a6effae45c933: stopping tablet replica
I20260710 11:06:18.696650 22496 raft_consensus.cc:2243] T 45f732b6e35643339ed1d1071d70ae64 P 90bea58c45ae483e8e2a6effae45c933 [term 2 FOLLOWER]: Raft consensus shutting down.
I20260710 11:06:18.697044 22496 raft_consensus.cc:2272] T 45f732b6e35643339ed1d1071d70ae64 P 90bea58c45ae483e8e2a6effae45c933 [term 2 FOLLOWER]: Raft consensus is shut down!
I20260710 11:06:18.698611 22496 tablet_replica.cc:333] T 6622af90e99145b29bb60d1b3f7b6ba1 P 90bea58c45ae483e8e2a6effae45c933: stopping tablet replica
I20260710 11:06:18.699092 22496 raft_consensus.cc:2243] T 6622af90e99145b29bb60d1b3f7b6ba1 P 90bea58c45ae483e8e2a6effae45c933 [term 2 FOLLOWER]: Raft consensus shutting down.
I20260710 11:06:18.699535 22496 raft_consensus.cc:2272] T 6622af90e99145b29bb60d1b3f7b6ba1 P 90bea58c45ae483e8e2a6effae45c933 [term 2 FOLLOWER]: Raft consensus is shut down!
I20260710 11:06:18.701161 22496 tablet_replica.cc:333] T 80e67c70036c49e3be53199ecc435066 P 90bea58c45ae483e8e2a6effae45c933: stopping tablet replica
I20260710 11:06:18.701646 22496 raft_consensus.cc:2243] T 80e67c70036c49e3be53199ecc435066 P 90bea58c45ae483e8e2a6effae45c933 [term 2 FOLLOWER]: Raft consensus shutting down.
I20260710 11:06:18.702028 22496 raft_consensus.cc:2272] T 80e67c70036c49e3be53199ecc435066 P 90bea58c45ae483e8e2a6effae45c933 [term 2 FOLLOWER]: Raft consensus is shut down!
I20260710 11:06:18.703450 22496 tablet_replica.cc:333] T cc2623b030c9437290740692198f8bf5 P 90bea58c45ae483e8e2a6effae45c933: stopping tablet replica
I20260710 11:06:18.703908 22496 raft_consensus.cc:2243] T cc2623b030c9437290740692198f8bf5 P 90bea58c45ae483e8e2a6effae45c933 [term 4 FOLLOWER]: Raft consensus shutting down.
I20260710 11:06:18.704289 22496 raft_consensus.cc:2272] T cc2623b030c9437290740692198f8bf5 P 90bea58c45ae483e8e2a6effae45c933 [term 4 FOLLOWER]: Raft consensus is shut down!
I20260710 11:06:18.706821 22496 tablet_replica.cc:333] T 0751cdb22ec54978bcd7ac0dc5094155 P 90bea58c45ae483e8e2a6effae45c933: stopping tablet replica
I20260710 11:06:18.707311 22496 raft_consensus.cc:2243] T 0751cdb22ec54978bcd7ac0dc5094155 P 90bea58c45ae483e8e2a6effae45c933 [term 4 LEADER]: Raft consensus shutting down.
I20260710 11:06:18.708171 22496 raft_consensus.cc:2272] T 0751cdb22ec54978bcd7ac0dc5094155 P 90bea58c45ae483e8e2a6effae45c933 [term 4 FOLLOWER]: Raft consensus is shut down!
I20260710 11:06:18.710253 22496 tablet_replica.cc:333] T 5dd246e742254517af873e28231b94fe P 90bea58c45ae483e8e2a6effae45c933: stopping tablet replica
I20260710 11:06:18.710762 22496 raft_consensus.cc:2243] T 5dd246e742254517af873e28231b94fe P 90bea58c45ae483e8e2a6effae45c933 [term 2 FOLLOWER]: Raft consensus shutting down.
I20260710 11:06:18.711162 22496 raft_consensus.cc:2272] T 5dd246e742254517af873e28231b94fe P 90bea58c45ae483e8e2a6effae45c933 [term 2 FOLLOWER]: Raft consensus is shut down!
I20260710 11:06:18.713016 22496 tablet_replica.cc:333] T 01b7f879a9304d3bb427a4f9c4e81402 P 90bea58c45ae483e8e2a6effae45c933: stopping tablet replica
I20260710 11:06:18.713462 22496 raft_consensus.cc:2243] T 01b7f879a9304d3bb427a4f9c4e81402 P 90bea58c45ae483e8e2a6effae45c933 [term 5 LEADER]: Raft consensus shutting down.
I20260710 11:06:18.714156 22496 raft_consensus.cc:2272] T 01b7f879a9304d3bb427a4f9c4e81402 P 90bea58c45ae483e8e2a6effae45c933 [term 5 FOLLOWER]: Raft consensus is shut down!
I20260710 11:06:18.740847 22496 tablet_server.cc:196] TabletServer@127.21.248.3:0 shutdown complete.
I20260710 11:06:18.758965 22496 master.cc:562] Master@127.21.248.62:39545 shutting down...
I20260710 11:06:18.777099 22496 raft_consensus.cc:2243] T 00000000000000000000000000000000 P a520fad6beda4c34b95edddc081f9838 [term 1 LEADER]: Raft consensus shutting down.
I20260710 11:06:18.777614 22496 raft_consensus.cc:2272] T 00000000000000000000000000000000 P a520fad6beda4c34b95edddc081f9838 [term 1 FOLLOWER]: Raft consensus is shut down!
I20260710 11:06:18.777942 22496 tablet_replica.cc:333] T 00000000000000000000000000000000 P a520fad6beda4c34b95edddc081f9838: stopping tablet replica
I20260710 11:06:18.818565 22496 master.cc:584] Master@127.21.248.62:39545 shutdown complete.
147bc187d5054708b8f4fc5af75a0ebb  5
90bea58c45ae483e8e2a6effae45c933  1
9fb114f2a95545709b42b711439048fd  4
[       OK ] LeaderRebalancerTest.FunctionalTestForNotDivided (10886 ms)
[ RUN      ] LeaderRebalancerTest.AddTserver
I20260710 11:06:18.859825 22496 internal_mini_cluster.cc:156] Creating distributed mini masters. Addrs: 127.21.248.62:33039
I20260710 11:06:18.861054 22496 file_cache.cc:504] Constructed file cache file cache with capacity 419430
W20260710 11:06:18.866170 23525 instance_detector.cc:116] could not retrieve AWS instance metadata: Network error: curl error: HTTP response code said error: The requested URL returned error: 404
W20260710 11:06:18.866303 23526 instance_detector.cc:116] could not retrieve Azure instance metadata: Network error: curl error: HTTP response code said error: The requested URL returned error: 404
W20260710 11:06:18.867799 23528 instance_detector.cc:116] could not retrieve OpenStack instance metadata: Network error: curl error: HTTP response code said error: The requested URL returned error: 404
I20260710 11:06:18.868902 22496 server_base.cc:1061] running on GCE node
I20260710 11:06:18.869735 22496 hybrid_clock.cc:584] initializing the hybrid clock with 'system_unsync' time source
W20260710 11:06:18.869956 22496 system_unsync_time.cc:38] NTP support is disabled. Clock error bounds will not be accurate. This configuration is not suitable for distributed clusters.
I20260710 11:06:18.870119 22496 hybrid_clock.cc:648] HybridClock initialized: now 1783681578870086 us; error 0 us; skew 500 ppm
I20260710 11:06:18.870664 22496 server_base.cc:861] Flag tcmalloc_max_total_thread_cache_bytes is not working since tcmalloc is not enabled.
I20260710 11:06:18.873106 22496 webserver.cc:533] Webserver started at http://127.21.248.62:44313/ using document root <none> and password file <none>
I20260710 11:06:18.873574 22496 fs_manager.cc:362] Metadata directory not provided
I20260710 11:06:18.873726 22496 fs_manager.cc:368] Using write-ahead log directory (fs_wal_dir) as metadata directory
I20260710 11:06:18.874063 22496 server_base.cc:909] This appears to be a new deployment of Kudu; creating new FS layout
I20260710 11:06:18.875151 22496 fs_manager.cc:1068] Generated new instance metadata in path /tmp/dist-test-taskuz3thI/test-tmp/auto_leader_rebalancer-test.0.LeaderRebalancerTest.AddTserver.1783681553269628-22496-0/minicluster-data/master-0-root/instance:
uuid: "a7de8191c8a64a2397d0470ce77340f6"
format_stamp: "Formatted at 2026-07-10 11:06:18 on dist-test-slave-t54q"
I20260710 11:06:18.879837 22496 fs_manager.cc:696] Time spent creating directory manager: real 0.004s	user 0.006s	sys 0.000s
I20260710 11:06:18.883144 23533 log_block_manager.cc:4127] Time spent loading block containers with low live blocks: real 0.000s	user 0.000s	sys 0.000s
I20260710 11:06:18.883797 22496 fs_manager.cc:730] Time spent opening block manager: real 0.002s	user 0.002s	sys 0.000s
I20260710 11:06:18.884080 22496 fs_manager.cc:647] Opened local filesystem: /tmp/dist-test-taskuz3thI/test-tmp/auto_leader_rebalancer-test.0.LeaderRebalancerTest.AddTserver.1783681553269628-22496-0/minicluster-data/master-0-root
uuid: "a7de8191c8a64a2397d0470ce77340f6"
format_stamp: "Formatted at 2026-07-10 11:06:18 on dist-test-slave-t54q"
I20260710 11:06:18.884326 22496 fs_report.cc:389] FS layout report
--------------------
wal directory: /tmp/dist-test-taskuz3thI/test-tmp/auto_leader_rebalancer-test.0.LeaderRebalancerTest.AddTserver.1783681553269628-22496-0/minicluster-data/master-0-root
metadata directory: /tmp/dist-test-taskuz3thI/test-tmp/auto_leader_rebalancer-test.0.LeaderRebalancerTest.AddTserver.1783681553269628-22496-0/minicluster-data/master-0-root
1 data directories: /tmp/dist-test-taskuz3thI/test-tmp/auto_leader_rebalancer-test.0.LeaderRebalancerTest.AddTserver.1783681553269628-22496-0/minicluster-data/master-0-root/data
Total live blocks: 0
Total live bytes: 0
Total live bytes (after alignment): 0
Total number of LBM containers: 0 (0 full)
Did not check for missing blocks
Did not check for orphaned blocks
Total full LBM containers with extra space: 0 (0 repaired)
Total full LBM container extra space in bytes: 0 (0 repaired)
Total incomplete LBM containers: 0 (0 repaired)
Total LBM partial records: 0 (0 repaired)
Total corrupted LBM metadata records in RocksDB: 0 (0 repaired)
I20260710 11:06:18.898468 22496 rpc_server.cc:225] running with OpenSSL 1.1.1  11 Sep 2018
I20260710 11:06:18.899688 22496 kserver.cc:163] Server-wide thread pool size limit: 3276
I20260710 11:06:18.936556 22496 rpc_server.cc:307] RPC server started. Bound to: 127.21.248.62:33039
I20260710 11:06:18.936728 23584 acceptor_pool.cc:272] collecting diagnostics on the listening RPC socket 127.21.248.62:33039 every 8 connection(s)
I20260710 11:06:18.940215 23585 data_dirs.cc:400] Could only allocate 1 dirs of requested 3 for tablet 00000000000000000000000000000000. 1 dirs total, 0 dirs full, 0 dirs failed
I20260710 11:06:18.949786 23585 tablet_bootstrap.cc:492] T 00000000000000000000000000000000 P a7de8191c8a64a2397d0470ce77340f6: Bootstrap starting.
I20260710 11:06:18.954197 23585 tablet_bootstrap.cc:654] T 00000000000000000000000000000000 P a7de8191c8a64a2397d0470ce77340f6: Neither blocks nor log segments found. Creating new log.
I20260710 11:06:18.958067 23585 tablet_bootstrap.cc:492] T 00000000000000000000000000000000 P a7de8191c8a64a2397d0470ce77340f6: No bootstrap required, opened a new log
I20260710 11:06:18.960016 23585 raft_consensus.cc:359] T 00000000000000000000000000000000 P a7de8191c8a64a2397d0470ce77340f6 [term 0 FOLLOWER]: Replica starting. Triggering 0 pending ops. Active config: opid_index: -1 OBSOLETE_local: true peers { permanent_uuid: "a7de8191c8a64a2397d0470ce77340f6" member_type: VOTER }
I20260710 11:06:18.960363 23585 raft_consensus.cc:385] T 00000000000000000000000000000000 P a7de8191c8a64a2397d0470ce77340f6 [term 0 FOLLOWER]: Consensus starting up: Expiring failure detector timer to make a prompt election more likely
I20260710 11:06:18.960592 23585 raft_consensus.cc:740] T 00000000000000000000000000000000 P a7de8191c8a64a2397d0470ce77340f6 [term 0 FOLLOWER]: Becoming Follower/Learner. State: Replica: a7de8191c8a64a2397d0470ce77340f6, State: Initialized, Role: FOLLOWER
I20260710 11:06:18.961092 23585 consensus_queue.cc:260] T 00000000000000000000000000000000 P a7de8191c8a64a2397d0470ce77340f6 [NON_LEADER]: Queue going to NON_LEADER mode. State: All replicated index: 0, Majority replicated index: 0, Committed index: 0, Last appended: 0.0, Last appended by leader: 0, Current term: 0, Majority size: -1, State: 0, Mode: NON_LEADER, active raft config: opid_index: -1 OBSOLETE_local: true peers { permanent_uuid: "a7de8191c8a64a2397d0470ce77340f6" member_type: VOTER }
I20260710 11:06:18.961481 23585 raft_consensus.cc:399] T 00000000000000000000000000000000 P a7de8191c8a64a2397d0470ce77340f6 [term 0 FOLLOWER]: Only one voter in the Raft config. Triggering election immediately
I20260710 11:06:18.961659 23585 raft_consensus.cc:493] T 00000000000000000000000000000000 P a7de8191c8a64a2397d0470ce77340f6 [term 0 FOLLOWER]: Starting leader election (initial election of a single-replica configuration)
I20260710 11:06:18.961871 23585 raft_consensus.cc:3060] T 00000000000000000000000000000000 P a7de8191c8a64a2397d0470ce77340f6 [term 0 FOLLOWER]: Advancing to term 1
I20260710 11:06:18.965822 23585 raft_consensus.cc:515] T 00000000000000000000000000000000 P a7de8191c8a64a2397d0470ce77340f6 [term 1 FOLLOWER]: Starting leader election with config: opid_index: -1 OBSOLETE_local: true peers { permanent_uuid: "a7de8191c8a64a2397d0470ce77340f6" member_type: VOTER }
I20260710 11:06:18.966257 23585 leader_election.cc:304] T 00000000000000000000000000000000 P a7de8191c8a64a2397d0470ce77340f6 [CANDIDATE]: Term 1 election: Election decided. Result: candidate won. Election summary: received 1 responses out of 1 voters: 1 yes votes; 0 no votes. yes voters: a7de8191c8a64a2397d0470ce77340f6; no voters: 
I20260710 11:06:18.967224 23585 leader_election.cc:290] T 00000000000000000000000000000000 P a7de8191c8a64a2397d0470ce77340f6 [CANDIDATE]: Term 1 election: Requested vote from peers 
I20260710 11:06:18.967612 23588 raft_consensus.cc:2804] T 00000000000000000000000000000000 P a7de8191c8a64a2397d0470ce77340f6 [term 1 FOLLOWER]: Leader election won for term 1
I20260710 11:06:18.968909 23588 raft_consensus.cc:697] T 00000000000000000000000000000000 P a7de8191c8a64a2397d0470ce77340f6 [term 1 LEADER]: Becoming Leader. State: Replica: a7de8191c8a64a2397d0470ce77340f6, State: Running, Role: LEADER
I20260710 11:06:18.969463 23588 consensus_queue.cc:237] T 00000000000000000000000000000000 P a7de8191c8a64a2397d0470ce77340f6 [LEADER]: Queue going to LEADER mode. State: All replicated index: 0, Majority replicated index: 0, Committed index: 0, Last appended: 0.0, Last appended by leader: 0, Current term: 1, Majority size: 1, State: 0, Mode: LEADER, active raft config: opid_index: -1 OBSOLETE_local: true peers { permanent_uuid: "a7de8191c8a64a2397d0470ce77340f6" member_type: VOTER }
I20260710 11:06:18.970016 23585 sys_catalog.cc:565] T 00000000000000000000000000000000 P a7de8191c8a64a2397d0470ce77340f6 [sys.catalog]: configured and running, proceeding with master startup.
I20260710 11:06:18.973479 23589 sys_catalog.cc:455] T 00000000000000000000000000000000 P a7de8191c8a64a2397d0470ce77340f6 [sys.catalog]: SysCatalogTable state changed. Reason: RaftConsensus started. Latest consensus state: current_term: 1 leader_uuid: "a7de8191c8a64a2397d0470ce77340f6" committed_config { opid_index: -1 OBSOLETE_local: true peers { permanent_uuid: "a7de8191c8a64a2397d0470ce77340f6" member_type: VOTER } }
I20260710 11:06:18.974128 23589 sys_catalog.cc:458] T 00000000000000000000000000000000 P a7de8191c8a64a2397d0470ce77340f6 [sys.catalog]: This master's current role is: LEADER
I20260710 11:06:18.974038 23590 sys_catalog.cc:455] T 00000000000000000000000000000000 P a7de8191c8a64a2397d0470ce77340f6 [sys.catalog]: SysCatalogTable state changed. Reason: New leader a7de8191c8a64a2397d0470ce77340f6. Latest consensus state: current_term: 1 leader_uuid: "a7de8191c8a64a2397d0470ce77340f6" committed_config { opid_index: -1 OBSOLETE_local: true peers { permanent_uuid: "a7de8191c8a64a2397d0470ce77340f6" member_type: VOTER } }
I20260710 11:06:18.974643 23590 sys_catalog.cc:458] T 00000000000000000000000000000000 P a7de8191c8a64a2397d0470ce77340f6 [sys.catalog]: This master's current role is: LEADER
I20260710 11:06:18.976130 23594 catalog_manager.cc:1511] Loading table and tablet metadata into memory...
I20260710 11:06:18.981520 23594 catalog_manager.cc:1520] Initializing Kudu cluster ID...
I20260710 11:06:18.986392 22496 internal_mini_cluster.cc:184] Waiting to initialize catalog manager on master 0
I20260710 11:06:18.990008 23594 catalog_manager.cc:1383] Generated new cluster ID: a2d9bbfac9944ae187b093eb5faa5539
I20260710 11:06:18.990278 23594 catalog_manager.cc:1531] Initializing Kudu internal certificate authority...
I20260710 11:06:19.015528 23594 catalog_manager.cc:1406] Generated new certificate authority record
I20260710 11:06:19.016865 23594 catalog_manager.cc:1540] Loading token signing keys...
I20260710 11:06:19.030834 23594 catalog_manager.cc:6070] T 00000000000000000000000000000000 P a7de8191c8a64a2397d0470ce77340f6: Generated new TSK 0
I20260710 11:06:19.031423 23594 catalog_manager.cc:1550] Initializing in-progress tserver states...
I20260710 11:06:19.053257 22496 file_cache.cc:504] Constructed file cache file cache with capacity 419430
W20260710 11:06:19.059351 23606 instance_detector.cc:116] could not retrieve AWS instance metadata: Network error: curl error: HTTP response code said error: The requested URL returned error: 404
W20260710 11:06:19.060127 23607 instance_detector.cc:116] could not retrieve Azure instance metadata: Network error: curl error: HTTP response code said error: The requested URL returned error: 404
I20260710 11:06:19.063472 22496 server_base.cc:1061] running on GCE node
W20260710 11:06:19.063611 23609 instance_detector.cc:116] could not retrieve OpenStack instance metadata: Network error: curl error: HTTP response code said error: The requested URL returned error: 404
I20260710 11:06:19.064616 22496 hybrid_clock.cc:584] initializing the hybrid clock with 'system_unsync' time source
W20260710 11:06:19.064801 22496 system_unsync_time.cc:38] NTP support is disabled. Clock error bounds will not be accurate. This configuration is not suitable for distributed clusters.
I20260710 11:06:19.064927 22496 hybrid_clock.cc:648] HybridClock initialized: now 1783681579064916 us; error 0 us; skew 500 ppm
I20260710 11:06:19.065373 22496 server_base.cc:861] Flag tcmalloc_max_total_thread_cache_bytes is not working since tcmalloc is not enabled.
I20260710 11:06:19.067549 22496 webserver.cc:533] Webserver started at http://127.21.248.1:45567/ using document root <none> and password file <none>
I20260710 11:06:19.067983 22496 fs_manager.cc:362] Metadata directory not provided
I20260710 11:06:19.068135 22496 fs_manager.cc:368] Using write-ahead log directory (fs_wal_dir) as metadata directory
I20260710 11:06:19.068339 22496 server_base.cc:909] This appears to be a new deployment of Kudu; creating new FS layout
I20260710 11:06:19.069459 22496 fs_manager.cc:1068] Generated new instance metadata in path /tmp/dist-test-taskuz3thI/test-tmp/auto_leader_rebalancer-test.0.LeaderRebalancerTest.AddTserver.1783681553269628-22496-0/minicluster-data/ts-0-root/instance:
uuid: "4a7c300096424b7b89bd79120a649cde"
format_stamp: "Formatted at 2026-07-10 11:06:19 on dist-test-slave-t54q"
I20260710 11:06:19.074007 22496 fs_manager.cc:696] Time spent creating directory manager: real 0.004s	user 0.004s	sys 0.001s
I20260710 11:06:19.077055 23614 log_block_manager.cc:4127] Time spent loading block containers with low live blocks: real 0.000s	user 0.000s	sys 0.000s
I20260710 11:06:19.077805 22496 fs_manager.cc:730] Time spent opening block manager: real 0.002s	user 0.002s	sys 0.001s
I20260710 11:06:19.078130 22496 fs_manager.cc:647] Opened local filesystem: /tmp/dist-test-taskuz3thI/test-tmp/auto_leader_rebalancer-test.0.LeaderRebalancerTest.AddTserver.1783681553269628-22496-0/minicluster-data/ts-0-root
uuid: "4a7c300096424b7b89bd79120a649cde"
format_stamp: "Formatted at 2026-07-10 11:06:19 on dist-test-slave-t54q"
I20260710 11:06:19.078403 22496 fs_report.cc:389] FS layout report
--------------------
wal directory: /tmp/dist-test-taskuz3thI/test-tmp/auto_leader_rebalancer-test.0.LeaderRebalancerTest.AddTserver.1783681553269628-22496-0/minicluster-data/ts-0-root
metadata directory: /tmp/dist-test-taskuz3thI/test-tmp/auto_leader_rebalancer-test.0.LeaderRebalancerTest.AddTserver.1783681553269628-22496-0/minicluster-data/ts-0-root
1 data directories: /tmp/dist-test-taskuz3thI/test-tmp/auto_leader_rebalancer-test.0.LeaderRebalancerTest.AddTserver.1783681553269628-22496-0/minicluster-data/ts-0-root/data
Total live blocks: 0
Total live bytes: 0
Total live bytes (after alignment): 0
Total number of LBM containers: 0 (0 full)
Did not check for missing blocks
Did not check for orphaned blocks
Total full LBM containers with extra space: 0 (0 repaired)
Total full LBM container extra space in bytes: 0 (0 repaired)
Total incomplete LBM containers: 0 (0 repaired)
Total LBM partial records: 0 (0 repaired)
Total corrupted LBM metadata records in RocksDB: 0 (0 repaired)
I20260710 11:06:19.095518 22496 rpc_server.cc:225] running with OpenSSL 1.1.1  11 Sep 2018
I20260710 11:06:19.096777 22496 kserver.cc:163] Server-wide thread pool size limit: 3276
I20260710 11:06:19.098222 22496 txn_system_client.cc:432] TxnSystemClient initialization is disabled...
I20260710 11:06:19.100672 22496 ts_tablet_manager.cc:585] Loaded tablet metadata (0 total tablets, 0 live tablets)
I20260710 11:06:19.100876 22496 ts_tablet_manager.cc:531] Time spent load tablet metadata: real 0.000s	user 0.000s	sys 0.000s
I20260710 11:06:19.101145 22496 ts_tablet_manager.cc:616] Registered 0 tablets
I20260710 11:06:19.101326 22496 ts_tablet_manager.cc:595] Time spent register tablets: real 0.000s	user 0.000s	sys 0.000s
I20260710 11:06:19.141112 22496 rpc_server.cc:307] RPC server started. Bound to: 127.21.248.1:43565
I20260710 11:06:19.141207 23676 acceptor_pool.cc:272] collecting diagnostics on the listening RPC socket 127.21.248.1:43565 every 8 connection(s)
I20260710 11:06:19.145851 22496 file_cache.cc:504] Constructed file cache file cache with capacity 419430
W20260710 11:06:19.152585 23681 instance_detector.cc:116] could not retrieve AWS instance metadata: Network error: curl error: HTTP response code said error: The requested URL returned error: 404
W20260710 11:06:19.154758 23682 instance_detector.cc:116] could not retrieve Azure instance metadata: Network error: curl error: HTTP response code said error: The requested URL returned error: 404
I20260710 11:06:19.156265 22496 server_base.cc:1061] running on GCE node
W20260710 11:06:19.156795 23684 instance_detector.cc:116] could not retrieve OpenStack instance metadata: Network error: curl error: HTTP response code said error: The requested URL returned error: 404
I20260710 11:06:19.157563 22496 hybrid_clock.cc:584] initializing the hybrid clock with 'system_unsync' time source
W20260710 11:06:19.157791 22496 system_unsync_time.cc:38] NTP support is disabled. Clock error bounds will not be accurate. This configuration is not suitable for distributed clusters.
I20260710 11:06:19.157953 22496 hybrid_clock.cc:648] HybridClock initialized: now 1783681579157937 us; error 0 us; skew 500 ppm
I20260710 11:06:19.158447 22496 server_base.cc:861] Flag tcmalloc_max_total_thread_cache_bytes is not working since tcmalloc is not enabled.
I20260710 11:06:19.161075 22496 webserver.cc:533] Webserver started at http://127.21.248.2:41321/ using document root <none> and password file <none>
I20260710 11:06:19.161578 22496 fs_manager.cc:362] Metadata directory not provided
I20260710 11:06:19.161847 22496 fs_manager.cc:368] Using write-ahead log directory (fs_wal_dir) as metadata directory
I20260710 11:06:19.162187 22496 server_base.cc:909] This appears to be a new deployment of Kudu; creating new FS layout
I20260710 11:06:19.163105 23677 heartbeater.cc:344] Connected to a master server at 127.21.248.62:33039
I20260710 11:06:19.163448 23677 heartbeater.cc:461] Registering TS with master...
I20260710 11:06:19.163444 22496 fs_manager.cc:1068] Generated new instance metadata in path /tmp/dist-test-taskuz3thI/test-tmp/auto_leader_rebalancer-test.0.LeaderRebalancerTest.AddTserver.1783681553269628-22496-0/minicluster-data/ts-1-root/instance:
uuid: "7433876503a84f9884260f70e7a313df"
format_stamp: "Formatted at 2026-07-10 11:06:19 on dist-test-slave-t54q"
I20260710 11:06:19.164211 23677 heartbeater.cc:507] Master 127.21.248.62:33039 requested a full tablet report, sending...
I20260710 11:06:19.166200 23550 ts_manager.cc:194] Registered new tserver with Master: 4a7c300096424b7b89bd79120a649cde (127.21.248.1:43565)
I20260710 11:06:19.167898 23550 master_service.cc:502] Signed X509 certificate for tserver {username='slave'} at 127.0.0.1:43464
I20260710 11:06:19.168396 22496 fs_manager.cc:696] Time spent creating directory manager: real 0.004s	user 0.001s	sys 0.003s
I20260710 11:06:19.172051 23689 log_block_manager.cc:4127] Time spent loading block containers with low live blocks: real 0.000s	user 0.000s	sys 0.000s
I20260710 11:06:19.172781 22496 fs_manager.cc:730] Time spent opening block manager: real 0.002s	user 0.003s	sys 0.000s
I20260710 11:06:19.173015 22496 fs_manager.cc:647] Opened local filesystem: /tmp/dist-test-taskuz3thI/test-tmp/auto_leader_rebalancer-test.0.LeaderRebalancerTest.AddTserver.1783681553269628-22496-0/minicluster-data/ts-1-root
uuid: "7433876503a84f9884260f70e7a313df"
format_stamp: "Formatted at 2026-07-10 11:06:19 on dist-test-slave-t54q"
I20260710 11:06:19.173236 22496 fs_report.cc:389] FS layout report
--------------------
wal directory: /tmp/dist-test-taskuz3thI/test-tmp/auto_leader_rebalancer-test.0.LeaderRebalancerTest.AddTserver.1783681553269628-22496-0/minicluster-data/ts-1-root
metadata directory: /tmp/dist-test-taskuz3thI/test-tmp/auto_leader_rebalancer-test.0.LeaderRebalancerTest.AddTserver.1783681553269628-22496-0/minicluster-data/ts-1-root
1 data directories: /tmp/dist-test-taskuz3thI/test-tmp/auto_leader_rebalancer-test.0.LeaderRebalancerTest.AddTserver.1783681553269628-22496-0/minicluster-data/ts-1-root/data
Total live blocks: 0
Total live bytes: 0
Total live bytes (after alignment): 0
Total number of LBM containers: 0 (0 full)
Did not check for missing blocks
Did not check for orphaned blocks
Total full LBM containers with extra space: 0 (0 repaired)
Total full LBM container extra space in bytes: 0 (0 repaired)
Total incomplete LBM containers: 0 (0 repaired)
Total LBM partial records: 0 (0 repaired)
Total corrupted LBM metadata records in RocksDB: 0 (0 repaired)
I20260710 11:06:19.185626 22496 rpc_server.cc:225] running with OpenSSL 1.1.1  11 Sep 2018
I20260710 11:06:19.186697 22496 kserver.cc:163] Server-wide thread pool size limit: 3276
I20260710 11:06:19.187986 22496 txn_system_client.cc:432] TxnSystemClient initialization is disabled...
I20260710 11:06:19.190107 22496 ts_tablet_manager.cc:585] Loaded tablet metadata (0 total tablets, 0 live tablets)
I20260710 11:06:19.190330 22496 ts_tablet_manager.cc:531] Time spent load tablet metadata: real 0.000s	user 0.000s	sys 0.000s
I20260710 11:06:19.190559 22496 ts_tablet_manager.cc:616] Registered 0 tablets
I20260710 11:06:19.190724 22496 ts_tablet_manager.cc:595] Time spent register tablets: real 0.000s	user 0.000s	sys 0.000s
I20260710 11:06:19.228755 22496 rpc_server.cc:307] RPC server started. Bound to: 127.21.248.2:36463
I20260710 11:06:19.228864 23751 acceptor_pool.cc:272] collecting diagnostics on the listening RPC socket 127.21.248.2:36463 every 8 connection(s)
I20260710 11:06:19.233495 22496 file_cache.cc:504] Constructed file cache file cache with capacity 419430
W20260710 11:06:19.241817 23755 instance_detector.cc:116] could not retrieve AWS instance metadata: Network error: curl error: HTTP response code said error: The requested URL returned error: 404
W20260710 11:06:19.244556 23756 instance_detector.cc:116] could not retrieve Azure instance metadata: Network error: curl error: HTTP response code said error: The requested URL returned error: 404
W20260710 11:06:19.245208 23758 instance_detector.cc:116] could not retrieve OpenStack instance metadata: Network error: curl error: HTTP response code said error: The requested URL returned error: 404
I20260710 11:06:19.245801 22496 server_base.cc:1061] running on GCE node
I20260710 11:06:19.246744 22496 hybrid_clock.cc:584] initializing the hybrid clock with 'system_unsync' time source
W20260710 11:06:19.246997 22496 system_unsync_time.cc:38] NTP support is disabled. Clock error bounds will not be accurate. This configuration is not suitable for distributed clusters.
I20260710 11:06:19.247232 22496 hybrid_clock.cc:648] HybridClock initialized: now 1783681579247212 us; error 0 us; skew 500 ppm
I20260710 11:06:19.247694 23752 heartbeater.cc:344] Connected to a master server at 127.21.248.62:33039
I20260710 11:06:19.247977 22496 server_base.cc:861] Flag tcmalloc_max_total_thread_cache_bytes is not working since tcmalloc is not enabled.
I20260710 11:06:19.248056 23752 heartbeater.cc:461] Registering TS with master...
I20260710 11:06:19.249037 23752 heartbeater.cc:507] Master 127.21.248.62:33039 requested a full tablet report, sending...
I20260710 11:06:19.250939 22496 webserver.cc:533] Webserver started at http://127.21.248.3:34003/ using document root <none> and password file <none>
I20260710 11:06:19.251370 23550 ts_manager.cc:194] Registered new tserver with Master: 7433876503a84f9884260f70e7a313df (127.21.248.2:36463)
I20260710 11:06:19.251735 22496 fs_manager.cc:362] Metadata directory not provided
I20260710 11:06:19.252019 22496 fs_manager.cc:368] Using write-ahead log directory (fs_wal_dir) as metadata directory
I20260710 11:06:19.252357 22496 server_base.cc:909] This appears to be a new deployment of Kudu; creating new FS layout
I20260710 11:06:19.253511 23550 master_service.cc:502] Signed X509 certificate for tserver {username='slave'} at 127.0.0.1:43472
I20260710 11:06:19.253947 22496 fs_manager.cc:1068] Generated new instance metadata in path /tmp/dist-test-taskuz3thI/test-tmp/auto_leader_rebalancer-test.0.LeaderRebalancerTest.AddTserver.1783681553269628-22496-0/minicluster-data/ts-2-root/instance:
uuid: "80910d6c6d25475e897d51a0d0602142"
format_stamp: "Formatted at 2026-07-10 11:06:19 on dist-test-slave-t54q"
I20260710 11:06:19.258880 22496 fs_manager.cc:696] Time spent creating directory manager: real 0.004s	user 0.005s	sys 0.000s
I20260710 11:06:19.262306 23763 log_block_manager.cc:4127] Time spent loading block containers with low live blocks: real 0.000s	user 0.000s	sys 0.000s
I20260710 11:06:19.263085 22496 fs_manager.cc:730] Time spent opening block manager: real 0.002s	user 0.001s	sys 0.000s
I20260710 11:06:19.263348 22496 fs_manager.cc:647] Opened local filesystem: /tmp/dist-test-taskuz3thI/test-tmp/auto_leader_rebalancer-test.0.LeaderRebalancerTest.AddTserver.1783681553269628-22496-0/minicluster-data/ts-2-root
uuid: "80910d6c6d25475e897d51a0d0602142"
format_stamp: "Formatted at 2026-07-10 11:06:19 on dist-test-slave-t54q"
I20260710 11:06:19.263581 22496 fs_report.cc:389] FS layout report
--------------------
wal directory: /tmp/dist-test-taskuz3thI/test-tmp/auto_leader_rebalancer-test.0.LeaderRebalancerTest.AddTserver.1783681553269628-22496-0/minicluster-data/ts-2-root
metadata directory: /tmp/dist-test-taskuz3thI/test-tmp/auto_leader_rebalancer-test.0.LeaderRebalancerTest.AddTserver.1783681553269628-22496-0/minicluster-data/ts-2-root
1 data directories: /tmp/dist-test-taskuz3thI/test-tmp/auto_leader_rebalancer-test.0.LeaderRebalancerTest.AddTserver.1783681553269628-22496-0/minicluster-data/ts-2-root/data
Total live blocks: 0
Total live bytes: 0
Total live bytes (after alignment): 0
Total number of LBM containers: 0 (0 full)
Did not check for missing blocks
Did not check for orphaned blocks
Total full LBM containers with extra space: 0 (0 repaired)
Total full LBM container extra space in bytes: 0 (0 repaired)
Total incomplete LBM containers: 0 (0 repaired)
Total LBM partial records: 0 (0 repaired)
Total corrupted LBM metadata records in RocksDB: 0 (0 repaired)
I20260710 11:06:19.281966 22496 rpc_server.cc:225] running with OpenSSL 1.1.1  11 Sep 2018
I20260710 11:06:19.283092 22496 kserver.cc:163] Server-wide thread pool size limit: 3276
I20260710 11:06:19.284578 22496 txn_system_client.cc:432] TxnSystemClient initialization is disabled...
I20260710 11:06:19.286958 22496 ts_tablet_manager.cc:585] Loaded tablet metadata (0 total tablets, 0 live tablets)
I20260710 11:06:19.287189 22496 ts_tablet_manager.cc:531] Time spent load tablet metadata: real 0.000s	user 0.000s	sys 0.000s
I20260710 11:06:19.287439 22496 ts_tablet_manager.cc:616] Registered 0 tablets
I20260710 11:06:19.287613 22496 ts_tablet_manager.cc:595] Time spent register tablets: real 0.000s	user 0.000s	sys 0.000s
I20260710 11:06:19.326093 22496 rpc_server.cc:307] RPC server started. Bound to: 127.21.248.3:35251
I20260710 11:06:19.326198 23825 acceptor_pool.cc:272] collecting diagnostics on the listening RPC socket 127.21.248.3:35251 every 8 connection(s)
I20260710 11:06:19.339211 23826 heartbeater.cc:344] Connected to a master server at 127.21.248.62:33039
I20260710 11:06:19.339599 23826 heartbeater.cc:461] Registering TS with master...
I20260710 11:06:19.340286 23826 heartbeater.cc:507] Master 127.21.248.62:33039 requested a full tablet report, sending...
I20260710 11:06:19.342082 23550 ts_manager.cc:194] Registered new tserver with Master: 80910d6c6d25475e897d51a0d0602142 (127.21.248.3:35251)
I20260710 11:06:19.342494 22496 internal_mini_cluster.cc:371] 3 TS(s) registered with all masters after 0.013213667s
I20260710 11:06:19.343653 23550 master_service.cc:502] Signed X509 certificate for tserver {username='slave'} at 127.0.0.1:43476
I20260710 11:06:19.366986 23550 catalog_manager.cc:2283] Servicing CreateTable request from {username='slave'} at 127.0.0.1:43490:
name: "test-workload"
schema {
  columns {
    name: "key"
    type: INT32
    is_key: true
    is_nullable: false
    encoding: AUTO_ENCODING
    compression: DEFAULT_COMPRESSION
    cfile_block_size: 0
    immutable: false
  }
  columns {
    name: "int_val"
    type: INT32
    is_key: false
    is_nullable: false
    encoding: AUTO_ENCODING
    compression: DEFAULT_COMPRESSION
    cfile_block_size: 0
    immutable: false
  }
  columns {
    name: "string_val"
    type: STRING
    is_key: false
    is_nullable: true
    encoding: AUTO_ENCODING
    compression: DEFAULT_COMPRESSION
    cfile_block_size: 0
    immutable: false
  }
}
num_replicas: 3
split_rows_range_bounds {
  rows: "\004\001\000UUU\005\004\001\000\252\252\252\n\004\001\000\377\377\377\017\004\001\000TUU\025\004\001\000\251\252\252\032\004\001\000\376\377\377\037\004\001\000SUU%\004\001\000\250\252\252*\004\001\000\375\377\377/\004\001\000RUU5\004\001\000\247\252\252:\004\001\000\374\377\377?\004\001\000QUUE\004\001\000\246\252\252J\004\001\000\373\377\377O\004\001\000PUUU\004\001\000\245\252\252Z\004\001\000\372\377\377_\004\001\000OUUe\004\001\000\244\252\252j\004\001\000\371\377\377o\004\001\000NUUu\004\001\000\243\252\252z""\004\001\000UUU\005\004\001\000\252\252\252\n\004\001\000\377\377\377\017\004\001\000TUU\025\004\001\000\251\252\252\032\004\001\000\376\377\377\037\004\001\000SUU%\004\001\000\250\252\252*\004\001\000\375\377\377/\004\001\000RUU5\004\001\000\247\252\252:\004\001\000\374\377\377?\004\001\000QUUE\004\001\000\246\252\252J\004\001\000\373\377\377O\004\001\000PUUU\004\001\000\245\252\252Z\004\001\000\372\377\377_\004\001\000OUUe\004\001\000\244\252\252j\004\001\000\371\377\377o\004\001\000NUUu\004\001\000\243\252\252z"
  indirect_data: """"
}
partition_schema {
  range_schema {
    columns {
      name: "key"
    }
  }
}
W20260710 11:06:19.370687 23550 catalog_manager.cc:7077] The number of live tablet servers is not enough to re-replicate a tablet replica of the newly created table test-workload in case of a server failure: 4 tablet servers would be needed, 3 are available. Consider bringing up more tablet servers.
I20260710 11:06:19.488762 23642 tablet_service.cc:1511] Processing CreateTablet for tablet 06c8c2ee672044918ce6d2913c5ce8ab (DEFAULT_TABLE table=test-workload [id=c95ea1c5c2614168a4bccd76d62708e9]), partition=RANGE (key) PARTITION VALUES < 89478485
I20260710 11:06:19.490105 23642 data_dirs.cc:400] Could only allocate 1 dirs of requested 3 for tablet 06c8c2ee672044918ce6d2913c5ce8ab. 1 dirs total, 0 dirs full, 0 dirs failed
I20260710 11:06:19.502169 23641 tablet_service.cc:1511] Processing CreateTablet for tablet aab071d133c647aa98634790b3a70641 (DEFAULT_TABLE table=test-workload [id=c95ea1c5c2614168a4bccd76d62708e9]), partition=RANGE (key) PARTITION 89478485 <= VALUES < 178956970
I20260710 11:06:19.503533 23641 data_dirs.cc:400] Could only allocate 1 dirs of requested 3 for tablet aab071d133c647aa98634790b3a70641. 1 dirs total, 0 dirs full, 0 dirs failed
I20260710 11:06:19.511070 23639 tablet_service.cc:1511] Processing CreateTablet for tablet 1b3ea6eb7ce14a49a933ea53baae25e8 (DEFAULT_TABLE table=test-workload [id=c95ea1c5c2614168a4bccd76d62708e9]), partition=RANGE (key) PARTITION 268435455 <= VALUES < 357913940
I20260710 11:06:19.512323 23640 tablet_service.cc:1511] Processing CreateTablet for tablet 4bb208b516b34d60a9510a08afe5ac1f (DEFAULT_TABLE table=test-workload [id=c95ea1c5c2614168a4bccd76d62708e9]), partition=RANGE (key) PARTITION 178956970 <= VALUES < 268435455
I20260710 11:06:19.513742 23638 tablet_service.cc:1511] Processing CreateTablet for tablet c99b71ff2dd044f6974087fdd81cb33e (DEFAULT_TABLE table=test-workload [id=c95ea1c5c2614168a4bccd76d62708e9]), partition=RANGE (key) PARTITION 357913940 <= VALUES < 447392425
I20260710 11:06:19.514487 23636 tablet_service.cc:1511] Processing CreateTablet for tablet dfb2aa2f6207486e9bf564be9540dd15 (DEFAULT_TABLE table=test-workload [id=c95ea1c5c2614168a4bccd76d62708e9]), partition=RANGE (key) PARTITION 536870910 <= VALUES < 626349395
I20260710 11:06:19.515285 23637 tablet_service.cc:1511] Processing CreateTablet for tablet 92ed6be2fea342c79b2f965470cd9f7b (DEFAULT_TABLE table=test-workload [id=c95ea1c5c2614168a4bccd76d62708e9]), partition=RANGE (key) PARTITION 447392425 <= VALUES < 536870910
I20260710 11:06:19.516746 23635 tablet_service.cc:1511] Processing CreateTablet for tablet eb2ec520b6b44dc5bbd07bdb5cf8b613 (DEFAULT_TABLE table=test-workload [id=c95ea1c5c2614168a4bccd76d62708e9]), partition=RANGE (key) PARTITION 626349395 <= VALUES < 715827880
I20260710 11:06:19.518503 23639 data_dirs.cc:400] Could only allocate 1 dirs of requested 3 for tablet 1b3ea6eb7ce14a49a933ea53baae25e8. 1 dirs total, 0 dirs full, 0 dirs failed
I20260710 11:06:19.519148 23638 data_dirs.cc:400] Could only allocate 1 dirs of requested 3 for tablet c99b71ff2dd044f6974087fdd81cb33e. 1 dirs total, 0 dirs full, 0 dirs failed
I20260710 11:06:19.520821 23637 data_dirs.cc:400] Could only allocate 1 dirs of requested 3 for tablet 92ed6be2fea342c79b2f965470cd9f7b. 1 dirs total, 0 dirs full, 0 dirs failed
I20260710 11:06:19.524569 23791 tablet_service.cc:1511] Processing CreateTablet for tablet 06c8c2ee672044918ce6d2913c5ce8ab (DEFAULT_TABLE table=test-workload [id=c95ea1c5c2614168a4bccd76d62708e9]), partition=RANGE (key) PARTITION VALUES < 89478485
I20260710 11:06:19.525172 23789 tablet_service.cc:1511] Processing CreateTablet for tablet 4bb208b516b34d60a9510a08afe5ac1f (DEFAULT_TABLE table=test-workload [id=c95ea1c5c2614168a4bccd76d62708e9]), partition=RANGE (key) PARTITION 178956970 <= VALUES < 268435455
I20260710 11:06:19.525899 23791 data_dirs.cc:400] Could only allocate 1 dirs of requested 3 for tablet 06c8c2ee672044918ce6d2913c5ce8ab. 1 dirs total, 0 dirs full, 0 dirs failed
I20260710 11:06:19.526443 23789 data_dirs.cc:400] Could only allocate 1 dirs of requested 3 for tablet 4bb208b516b34d60a9510a08afe5ac1f. 1 dirs total, 0 dirs full, 0 dirs failed
I20260710 11:06:19.529678 23790 tablet_service.cc:1511] Processing CreateTablet for tablet aab071d133c647aa98634790b3a70641 (DEFAULT_TABLE table=test-workload [id=c95ea1c5c2614168a4bccd76d62708e9]), partition=RANGE (key) PARTITION 89478485 <= VALUES < 178956970
I20260710 11:06:19.530970 23790 data_dirs.cc:400] Could only allocate 1 dirs of requested 3 for tablet aab071d133c647aa98634790b3a70641. 1 dirs total, 0 dirs full, 0 dirs failed
I20260710 11:06:19.531286 23787 tablet_service.cc:1511] Processing CreateTablet for tablet c99b71ff2dd044f6974087fdd81cb33e (DEFAULT_TABLE table=test-workload [id=c95ea1c5c2614168a4bccd76d62708e9]), partition=RANGE (key) PARTITION 357913940 <= VALUES < 447392425
I20260710 11:06:19.532948 23640 data_dirs.cc:400] Could only allocate 1 dirs of requested 3 for tablet 4bb208b516b34d60a9510a08afe5ac1f. 1 dirs total, 0 dirs full, 0 dirs failed
I20260710 11:06:19.533684 23786 tablet_service.cc:1511] Processing CreateTablet for tablet 92ed6be2fea342c79b2f965470cd9f7b (DEFAULT_TABLE table=test-workload [id=c95ea1c5c2614168a4bccd76d62708e9]), partition=RANGE (key) PARTITION 447392425 <= VALUES < 536870910
I20260710 11:06:19.535892 23785 tablet_service.cc:1511] Processing CreateTablet for tablet dfb2aa2f6207486e9bf564be9540dd15 (DEFAULT_TABLE table=test-workload [id=c95ea1c5c2614168a4bccd76d62708e9]), partition=RANGE (key) PARTITION 536870910 <= VALUES < 626349395
I20260710 11:06:19.536957 23636 data_dirs.cc:400] Could only allocate 1 dirs of requested 3 for tablet dfb2aa2f6207486e9bf564be9540dd15. 1 dirs total, 0 dirs full, 0 dirs failed
I20260710 11:06:19.537626 23784 tablet_service.cc:1511] Processing CreateTablet for tablet eb2ec520b6b44dc5bbd07bdb5cf8b613 (DEFAULT_TABLE table=test-workload [id=c95ea1c5c2614168a4bccd76d62708e9]), partition=RANGE (key) PARTITION 626349395 <= VALUES < 715827880
I20260710 11:06:19.539517 23717 tablet_service.cc:1511] Processing CreateTablet for tablet 06c8c2ee672044918ce6d2913c5ce8ab (DEFAULT_TABLE table=test-workload [id=c95ea1c5c2614168a4bccd76d62708e9]), partition=RANGE (key) PARTITION VALUES < 89478485
I20260710 11:06:19.539752 23783 tablet_service.cc:1511] Processing CreateTablet for tablet 295ee284830c4a0d98766c1c041d4ca9 (DEFAULT_TABLE table=test-workload [id=c95ea1c5c2614168a4bccd76d62708e9]), partition=RANGE (key) PARTITION 715827880 <= VALUES < 805306365
I20260710 11:06:19.540975 23635 data_dirs.cc:400] Could only allocate 1 dirs of requested 3 for tablet eb2ec520b6b44dc5bbd07bdb5cf8b613. 1 dirs total, 0 dirs full, 0 dirs failed
I20260710 11:06:19.541181 23717 data_dirs.cc:400] Could only allocate 1 dirs of requested 3 for tablet 06c8c2ee672044918ce6d2913c5ce8ab. 1 dirs total, 0 dirs full, 0 dirs failed
I20260710 11:06:19.541967 23782 tablet_service.cc:1511] Processing CreateTablet for tablet b9094be63fe8474998ea3b574e1e68c4 (DEFAULT_TABLE table=test-workload [id=c95ea1c5c2614168a4bccd76d62708e9]), partition=RANGE (key) PARTITION 805306365 <= VALUES < 894784850
I20260710 11:06:19.529680 23788 tablet_service.cc:1511] Processing CreateTablet for tablet 1b3ea6eb7ce14a49a933ea53baae25e8 (DEFAULT_TABLE table=test-workload [id=c95ea1c5c2614168a4bccd76d62708e9]), partition=RANGE (key) PARTITION 268435455 <= VALUES < 357913940
I20260710 11:06:19.550021 23633 tablet_service.cc:1511] Processing CreateTablet for tablet b9094be63fe8474998ea3b574e1e68c4 (DEFAULT_TABLE table=test-workload [id=c95ea1c5c2614168a4bccd76d62708e9]), partition=RANGE (key) PARTITION 805306365 <= VALUES < 894784850
I20260710 11:06:19.551640 23633 data_dirs.cc:400] Could only allocate 1 dirs of requested 3 for tablet b9094be63fe8474998ea3b574e1e68c4. 1 dirs total, 0 dirs full, 0 dirs failed
I20260710 11:06:19.556516 23634 tablet_service.cc:1511] Processing CreateTablet for tablet 295ee284830c4a0d98766c1c041d4ca9 (DEFAULT_TABLE table=test-workload [id=c95ea1c5c2614168a4bccd76d62708e9]), partition=RANGE (key) PARTITION 715827880 <= VALUES < 805306365
I20260710 11:06:19.558028 23634 data_dirs.cc:400] Could only allocate 1 dirs of requested 3 for tablet 295ee284830c4a0d98766c1c041d4ca9. 1 dirs total, 0 dirs full, 0 dirs failed
I20260710 11:06:19.558868 23716 tablet_service.cc:1511] Processing CreateTablet for tablet aab071d133c647aa98634790b3a70641 (DEFAULT_TABLE table=test-workload [id=c95ea1c5c2614168a4bccd76d62708e9]), partition=RANGE (key) PARTITION 89478485 <= VALUES < 178956970
I20260710 11:06:19.560613 23716 data_dirs.cc:400] Could only allocate 1 dirs of requested 3 for tablet aab071d133c647aa98634790b3a70641. 1 dirs total, 0 dirs full, 0 dirs failed
I20260710 11:06:19.561019 23787 data_dirs.cc:400] Could only allocate 1 dirs of requested 3 for tablet c99b71ff2dd044f6974087fdd81cb33e. 1 dirs total, 0 dirs full, 0 dirs failed
I20260710 11:06:19.564900 23784 data_dirs.cc:400] Could only allocate 1 dirs of requested 3 for tablet eb2ec520b6b44dc5bbd07bdb5cf8b613. 1 dirs total, 0 dirs full, 0 dirs failed
I20260710 11:06:19.568885 23785 data_dirs.cc:400] Could only allocate 1 dirs of requested 3 for tablet dfb2aa2f6207486e9bf564be9540dd15. 1 dirs total, 0 dirs full, 0 dirs failed
I20260710 11:06:19.572222 23788 data_dirs.cc:400] Could only allocate 1 dirs of requested 3 for tablet 1b3ea6eb7ce14a49a933ea53baae25e8. 1 dirs total, 0 dirs full, 0 dirs failed
I20260710 11:06:19.573484 23715 tablet_service.cc:1511] Processing CreateTablet for tablet 4bb208b516b34d60a9510a08afe5ac1f (DEFAULT_TABLE table=test-workload [id=c95ea1c5c2614168a4bccd76d62708e9]), partition=RANGE (key) PARTITION 178956970 <= VALUES < 268435455
I20260710 11:06:19.575387 23715 data_dirs.cc:400] Could only allocate 1 dirs of requested 3 for tablet 4bb208b516b34d60a9510a08afe5ac1f. 1 dirs total, 0 dirs full, 0 dirs failed
I20260710 11:06:19.580406 23782 data_dirs.cc:400] Could only allocate 1 dirs of requested 3 for tablet b9094be63fe8474998ea3b574e1e68c4. 1 dirs total, 0 dirs full, 0 dirs failed
I20260710 11:06:19.584901 23783 data_dirs.cc:400] Could only allocate 1 dirs of requested 3 for tablet 295ee284830c4a0d98766c1c041d4ca9. 1 dirs total, 0 dirs full, 0 dirs failed
I20260710 11:06:19.586822 23714 tablet_service.cc:1511] Processing CreateTablet for tablet 1b3ea6eb7ce14a49a933ea53baae25e8 (DEFAULT_TABLE table=test-workload [id=c95ea1c5c2614168a4bccd76d62708e9]), partition=RANGE (key) PARTITION 268435455 <= VALUES < 357913940
I20260710 11:06:19.588622 23714 data_dirs.cc:400] Could only allocate 1 dirs of requested 3 for tablet 1b3ea6eb7ce14a49a933ea53baae25e8. 1 dirs total, 0 dirs full, 0 dirs failed
I20260710 11:06:19.588876 23786 data_dirs.cc:400] Could only allocate 1 dirs of requested 3 for tablet 92ed6be2fea342c79b2f965470cd9f7b. 1 dirs total, 0 dirs full, 0 dirs failed
I20260710 11:06:19.597146 23640 tablet_service.cc:1511] Processing CreateTablet for tablet 64b9492d5a4b4576bc1f788f40f956bd (DEFAULT_TABLE table=test-workload [id=c95ea1c5c2614168a4bccd76d62708e9]), partition=RANGE (key) PARTITION 894784850 <= VALUES < 984263335
I20260710 11:06:19.598819 23713 tablet_service.cc:1511] Processing CreateTablet for tablet c99b71ff2dd044f6974087fdd81cb33e (DEFAULT_TABLE table=test-workload [id=c95ea1c5c2614168a4bccd76d62708e9]), partition=RANGE (key) PARTITION 357913940 <= VALUES < 447392425
I20260710 11:06:19.605062 23711 tablet_service.cc:1511] Processing CreateTablet for tablet dfb2aa2f6207486e9bf564be9540dd15 (DEFAULT_TABLE table=test-workload [id=c95ea1c5c2614168a4bccd76d62708e9]), partition=RANGE (key) PARTITION 536870910 <= VALUES < 626349395
