I20260710 11:06:01.699980 30169 consensus_queue.cc:1048] T 3e25c86c63bb4a2296ea03abc34a6bdf P ca61af35fa3c482ca8d048eeb0267d8f [LEADER]: Connected to new peer: Peer: permanent_uuid: "0b185d880f68485885eb210ec98e291f" member_type: VOTER last_known_addr { host: "127.29.8.130" port: 42151 }, Status: LMP_MISMATCH, Last received: 0.0, Next index: 3, Last known committed idx: 2, Time since last communication: 0.000s
I20260710 11:06:01.710124 29864 raft_consensus.cc:1275] T 3e25c86c63bb4a2296ea03abc34a6bdf P f06c899f1d3d49aab888fb54477e18bb [term 3 FOLLOWER]: Refusing update from remote peer ca61af35fa3c482ca8d048eeb0267d8f: Log matching property violated. Preceding OpId in replica: term: 2 index: 2. Preceding OpId from leader: term: 3 index: 3. (index mismatch)
I20260710 11:06:01.711372 29730 auto_leader_rebalancer.cc:141] leader rebalance for table test-workload
I20260710 11:06:01.712224 30169 consensus_queue.cc:1048] T 3e25c86c63bb4a2296ea03abc34a6bdf P ca61af35fa3c482ca8d048eeb0267d8f [LEADER]: Connected to new peer: Peer: permanent_uuid: "f06c899f1d3d49aab888fb54477e18bb" member_type: VOTER last_known_addr { host: "127.29.8.129" port: 34007 }, Status: LMP_MISMATCH, Last received: 0.0, Next index: 3, Last known committed idx: 2, Time since last communication: 0.000s
I20260710 11:06:01.727694 29864 tablet_service.cc:2072] Received LeaderStepDown RPC: tablet_id: "f9b44cfdbe96402e8960ec213f77184b"
dest_uuid: "f06c899f1d3d49aab888fb54477e18bb"
mode: GRACEFUL
new_leader_uuid: "0b185d880f68485885eb210ec98e291f"
 from {username='slave'} at 127.0.0.1:33146
I20260710 11:06:01.728602 29864 raft_consensus.cc:606] T f9b44cfdbe96402e8960ec213f77184b P f06c899f1d3d49aab888fb54477e18bb [term 2 LEADER]: Received request to transfer leadership to TS 0b185d880f68485885eb210ec98e291f
I20260710 11:06:01.734506 30012 tablet_service.cc:2072] Received LeaderStepDown RPC: tablet_id: "3e25c86c63bb4a2296ea03abc34a6bdf"
dest_uuid: "ca61af35fa3c482ca8d048eeb0267d8f"
mode: GRACEFUL
new_leader_uuid: "0b185d880f68485885eb210ec98e291f"
 from {username='slave'} at 127.0.0.1:45064
I20260710 11:06:01.735345 30012 raft_consensus.cc:606] T 3e25c86c63bb4a2296ea03abc34a6bdf P ca61af35fa3c482ca8d048eeb0267d8f [term 3 LEADER]: Received request to transfer leadership to TS 0b185d880f68485885eb210ec98e291f
I20260710 11:06:01.741966 29864 tablet_service.cc:2072] Received LeaderStepDown RPC: tablet_id: "03cbdde6724b4db7897f584629fc362d"
dest_uuid: "f06c899f1d3d49aab888fb54477e18bb"
mode: GRACEFUL
new_leader_uuid: "0b185d880f68485885eb210ec98e291f"
 from {username='slave'} at 127.0.0.1:33146
I20260710 11:06:01.742522 29864 raft_consensus.cc:606] T 03cbdde6724b4db7897f584629fc362d P f06c899f1d3d49aab888fb54477e18bb [term 1 LEADER]: Received request to transfer leadership to TS 0b185d880f68485885eb210ec98e291f
I20260710 11:06:01.748143 29864 tablet_service.cc:2072] Received LeaderStepDown RPC: tablet_id: "a984ecec9d234e888925df9c6becbebd"
dest_uuid: "f06c899f1d3d49aab888fb54477e18bb"
mode: GRACEFUL
new_leader_uuid: "0b185d880f68485885eb210ec98e291f"
 from {username='slave'} at 127.0.0.1:33146
I20260710 11:06:01.748742 29864 raft_consensus.cc:606] T a984ecec9d234e888925df9c6becbebd P f06c899f1d3d49aab888fb54477e18bb [term 2 LEADER]: Received request to transfer leadership to TS 0b185d880f68485885eb210ec98e291f
I20260710 11:06:01.765762 30012 tablet_service.cc:2072] Received LeaderStepDown RPC: tablet_id: "faa16e78abce44948135c2323e37e112"
dest_uuid: "ca61af35fa3c482ca8d048eeb0267d8f"
mode: GRACEFUL
new_leader_uuid: "0b185d880f68485885eb210ec98e291f"
 from {username='slave'} at 127.0.0.1:45064
I20260710 11:06:01.766440 30012 raft_consensus.cc:606] T faa16e78abce44948135c2323e37e112 P ca61af35fa3c482ca8d048eeb0267d8f [term 3 LEADER]: Received request to transfer leadership to TS 0b185d880f68485885eb210ec98e291f
I20260710 11:06:02.004667 30166 raft_consensus.cc:993] T 03cbdde6724b4db7897f584629fc362d P f06c899f1d3d49aab888fb54477e18bb: : Instructing follower 0b185d880f68485885eb210ec98e291f to start an election
I20260710 11:06:02.005232 30172 raft_consensus.cc:1081] T 03cbdde6724b4db7897f584629fc362d P f06c899f1d3d49aab888fb54477e18bb [term 1 LEADER]: Signalling peer 0b185d880f68485885eb210ec98e291f to start an election
I20260710 11:06:02.007088 29939 tablet_service.cc:2044] Received Run Leader Election RPC: tablet_id: "03cbdde6724b4db7897f584629fc362d"
dest_uuid: "0b185d880f68485885eb210ec98e291f"
 from {username='slave'} at 127.0.0.1:53072
I20260710 11:06:02.007676 29939 raft_consensus.cc:493] T 03cbdde6724b4db7897f584629fc362d P 0b185d880f68485885eb210ec98e291f [term 1 FOLLOWER]: Starting forced leader election (received explicit request)
I20260710 11:06:02.008013 29939 raft_consensus.cc:3060] T 03cbdde6724b4db7897f584629fc362d P 0b185d880f68485885eb210ec98e291f [term 1 FOLLOWER]: Advancing to term 2
I20260710 11:06:02.013490 29939 raft_consensus.cc:515] T 03cbdde6724b4db7897f584629fc362d P 0b185d880f68485885eb210ec98e291f [term 2 FOLLOWER]: Starting forced leader election with config: opid_index: -1 OBSOLETE_local: false peers { permanent_uuid: "f06c899f1d3d49aab888fb54477e18bb" member_type: VOTER last_known_addr { host: "127.29.8.129" port: 34007 } } peers { permanent_uuid: "0b185d880f68485885eb210ec98e291f" member_type: VOTER last_known_addr { host: "127.29.8.130" port: 42151 } } peers { permanent_uuid: "ca61af35fa3c482ca8d048eeb0267d8f" member_type: VOTER last_known_addr { host: "127.29.8.131" port: 43961 } }
I20260710 11:06:02.015257 29939 leader_election.cc:290] T 03cbdde6724b4db7897f584629fc362d P 0b185d880f68485885eb210ec98e291f [CANDIDATE]: Term 2 election: Requested vote from peers f06c899f1d3d49aab888fb54477e18bb (127.29.8.129:34007), ca61af35fa3c482ca8d048eeb0267d8f (127.29.8.131:43961)
I20260710 11:06:02.016408 29864 tablet_service.cc:1917] Received RequestConsensusVote() RPC: tablet_id: "03cbdde6724b4db7897f584629fc362d" candidate_uuid: "0b185d880f68485885eb210ec98e291f" candidate_term: 2 candidate_status { last_received { term: 1 index: 1 } } ignore_live_leader: true dest_uuid: "f06c899f1d3d49aab888fb54477e18bb"
I20260710 11:06:02.016600 30012 tablet_service.cc:1917] Received RequestConsensusVote() RPC: tablet_id: "03cbdde6724b4db7897f584629fc362d" candidate_uuid: "0b185d880f68485885eb210ec98e291f" candidate_term: 2 candidate_status { last_received { term: 1 index: 1 } } ignore_live_leader: true dest_uuid: "ca61af35fa3c482ca8d048eeb0267d8f"
I20260710 11:06:02.016983 29864 raft_consensus.cc:3055] T 03cbdde6724b4db7897f584629fc362d P f06c899f1d3d49aab888fb54477e18bb [term 1 LEADER]: Stepping down as leader of term 1
I20260710 11:06:02.017220 30012 raft_consensus.cc:3060] T 03cbdde6724b4db7897f584629fc362d P ca61af35fa3c482ca8d048eeb0267d8f [term 1 FOLLOWER]: Advancing to term 2
I20260710 11:06:02.017378 29864 raft_consensus.cc:740] T 03cbdde6724b4db7897f584629fc362d P f06c899f1d3d49aab888fb54477e18bb [term 1 LEADER]: Becoming Follower/Learner. State: Replica: f06c899f1d3d49aab888fb54477e18bb, State: Running, Role: LEADER
I20260710 11:06:02.018226 29864 consensus_queue.cc:260] T 03cbdde6724b4db7897f584629fc362d P f06c899f1d3d49aab888fb54477e18bb [NON_LEADER]: Queue going to NON_LEADER mode. State: All replicated index: 0, Majority replicated index: 1, Committed index: 1, Last appended: 1.1, Last appended by leader: 1, Current term: 1, Majority size: -1, State: 0, Mode: NON_LEADER, active raft config: opid_index: -1 OBSOLETE_local: false peers { permanent_uuid: "f06c899f1d3d49aab888fb54477e18bb" member_type: VOTER last_known_addr { host: "127.29.8.129" port: 34007 } } peers { permanent_uuid: "0b185d880f68485885eb210ec98e291f" member_type: VOTER last_known_addr { host: "127.29.8.130" port: 42151 } } peers { permanent_uuid: "ca61af35fa3c482ca8d048eeb0267d8f" member_type: VOTER last_known_addr { host: "127.29.8.131" port: 43961 } }
I20260710 11:06:02.019541 29864 raft_consensus.cc:3060] T 03cbdde6724b4db7897f584629fc362d P f06c899f1d3d49aab888fb54477e18bb [term 1 FOLLOWER]: Advancing to term 2
I20260710 11:06:02.022675 30012 raft_consensus.cc:2468] T 03cbdde6724b4db7897f584629fc362d P ca61af35fa3c482ca8d048eeb0267d8f [term 2 FOLLOWER]: Leader election vote request: Granting yes vote for candidate 0b185d880f68485885eb210ec98e291f in term 2.
I20260710 11:06:02.023904 29906 leader_election.cc:304] T 03cbdde6724b4db7897f584629fc362d P 0b185d880f68485885eb210ec98e291f [CANDIDATE]: Term 2 election: Election decided. Result: candidate won. Election summary: received 2 responses out of 3 voters: 2 yes votes; 0 no votes. yes voters: 0b185d880f68485885eb210ec98e291f, ca61af35fa3c482ca8d048eeb0267d8f; no voters: 
I20260710 11:06:02.024825 30156 raft_consensus.cc:2804] T 03cbdde6724b4db7897f584629fc362d P 0b185d880f68485885eb210ec98e291f [term 2 FOLLOWER]: Leader election won for term 2
I20260710 11:06:02.025393 29864 raft_consensus.cc:2468] T 03cbdde6724b4db7897f584629fc362d P f06c899f1d3d49aab888fb54477e18bb [term 2 FOLLOWER]: Leader election vote request: Granting yes vote for candidate 0b185d880f68485885eb210ec98e291f in term 2.
I20260710 11:06:02.027360 30156 raft_consensus.cc:697] T 03cbdde6724b4db7897f584629fc362d P 0b185d880f68485885eb210ec98e291f [term 2 LEADER]: Becoming Leader. State: Replica: 0b185d880f68485885eb210ec98e291f, State: Running, Role: LEADER
I20260710 11:06:02.028168 30156 consensus_queue.cc:237] T 03cbdde6724b4db7897f584629fc362d P 0b185d880f68485885eb210ec98e291f [LEADER]: Queue going to LEADER mode. State: All replicated index: 0, Majority replicated index: 1, Committed index: 1, Last appended: 1.1, Last appended by leader: 1, Current term: 2, Majority size: 2, State: 0, Mode: LEADER, active raft config: opid_index: -1 OBSOLETE_local: false peers { permanent_uuid: "f06c899f1d3d49aab888fb54477e18bb" member_type: VOTER last_known_addr { host: "127.29.8.129" port: 34007 } } peers { permanent_uuid: "0b185d880f68485885eb210ec98e291f" member_type: VOTER last_known_addr { host: "127.29.8.130" port: 42151 } } peers { permanent_uuid: "ca61af35fa3c482ca8d048eeb0267d8f" member_type: VOTER last_known_addr { host: "127.29.8.131" port: 43961 } }
I20260710 11:06:02.035686 30166 raft_consensus.cc:993] T f9b44cfdbe96402e8960ec213f77184b P f06c899f1d3d49aab888fb54477e18bb: : Instructing follower 0b185d880f68485885eb210ec98e291f to start an election
I20260710 11:06:02.036208 30166 raft_consensus.cc:1081] T f9b44cfdbe96402e8960ec213f77184b P f06c899f1d3d49aab888fb54477e18bb [term 2 LEADER]: Signalling peer 0b185d880f68485885eb210ec98e291f to start an election
I20260710 11:06:02.038008 29939 tablet_service.cc:2044] Received Run Leader Election RPC: tablet_id: "f9b44cfdbe96402e8960ec213f77184b"
dest_uuid: "0b185d880f68485885eb210ec98e291f"
 from {username='slave'} at 127.0.0.1:53072
I20260710 11:06:02.038681 29939 raft_consensus.cc:493] T f9b44cfdbe96402e8960ec213f77184b P 0b185d880f68485885eb210ec98e291f [term 2 FOLLOWER]: Starting forced leader election (received explicit request)
I20260710 11:06:02.039324 29939 raft_consensus.cc:3060] T f9b44cfdbe96402e8960ec213f77184b P 0b185d880f68485885eb210ec98e291f [term 2 FOLLOWER]: Advancing to term 3
I20260710 11:06:02.038720 29762 catalog_manager.cc:5697] T 03cbdde6724b4db7897f584629fc362d P 0b185d880f68485885eb210ec98e291f reported cstate change: term changed from 1 to 2, leader changed from f06c899f1d3d49aab888fb54477e18bb (127.29.8.129) to 0b185d880f68485885eb210ec98e291f (127.29.8.130). New cstate: current_term: 2 leader_uuid: "0b185d880f68485885eb210ec98e291f" committed_config { opid_index: -1 OBSOLETE_local: false peers { permanent_uuid: "f06c899f1d3d49aab888fb54477e18bb" member_type: VOTER last_known_addr { host: "127.29.8.129" port: 34007 } health_report { overall_health: UNKNOWN } } peers { permanent_uuid: "0b185d880f68485885eb210ec98e291f" member_type: VOTER last_known_addr { host: "127.29.8.130" port: 42151 } health_report { overall_health: HEALTHY } } peers { permanent_uuid: "ca61af35fa3c482ca8d048eeb0267d8f" member_type: VOTER last_known_addr { host: "127.29.8.131" port: 43961 } health_report { overall_health: UNKNOWN } } }
I20260710 11:06:02.047679 29939 raft_consensus.cc:515] T f9b44cfdbe96402e8960ec213f77184b P 0b185d880f68485885eb210ec98e291f [term 3 FOLLOWER]: Starting forced leader election with config: opid_index: -1 OBSOLETE_local: false peers { permanent_uuid: "ca61af35fa3c482ca8d048eeb0267d8f" member_type: VOTER last_known_addr { host: "127.29.8.131" port: 43961 } } peers { permanent_uuid: "f06c899f1d3d49aab888fb54477e18bb" member_type: VOTER last_known_addr { host: "127.29.8.129" port: 34007 } } peers { permanent_uuid: "0b185d880f68485885eb210ec98e291f" member_type: VOTER last_known_addr { host: "127.29.8.130" port: 42151 } }
I20260710 11:06:02.050056 29939 leader_election.cc:290] T f9b44cfdbe96402e8960ec213f77184b P 0b185d880f68485885eb210ec98e291f [CANDIDATE]: Term 3 election: Requested vote from peers ca61af35fa3c482ca8d048eeb0267d8f (127.29.8.131:43961), f06c899f1d3d49aab888fb54477e18bb (127.29.8.129:34007)
I20260710 11:06:02.051072 30012 tablet_service.cc:1917] Received RequestConsensusVote() RPC: tablet_id: "f9b44cfdbe96402e8960ec213f77184b" candidate_uuid: "0b185d880f68485885eb210ec98e291f" candidate_term: 3 candidate_status { last_received { term: 2 index: 2 } } ignore_live_leader: true dest_uuid: "ca61af35fa3c482ca8d048eeb0267d8f"
I20260710 11:06:02.051788 30012 raft_consensus.cc:3060] T f9b44cfdbe96402e8960ec213f77184b P ca61af35fa3c482ca8d048eeb0267d8f [term 2 FOLLOWER]: Advancing to term 3
I20260710 11:06:02.052018 29864 tablet_service.cc:1917] Received RequestConsensusVote() RPC: tablet_id: "f9b44cfdbe96402e8960ec213f77184b" candidate_uuid: "0b185d880f68485885eb210ec98e291f" candidate_term: 3 candidate_status { last_received { term: 2 index: 2 } } ignore_live_leader: true dest_uuid: "f06c899f1d3d49aab888fb54477e18bb"
I20260710 11:06:02.052716 29864 raft_consensus.cc:3055] T f9b44cfdbe96402e8960ec213f77184b P f06c899f1d3d49aab888fb54477e18bb [term 2 LEADER]: Stepping down as leader of term 2
I20260710 11:06:02.053040 29864 raft_consensus.cc:740] T f9b44cfdbe96402e8960ec213f77184b P f06c899f1d3d49aab888fb54477e18bb [term 2 LEADER]: Becoming Follower/Learner. State: Replica: f06c899f1d3d49aab888fb54477e18bb, State: Running, Role: LEADER
I20260710 11:06:02.053822 29864 consensus_queue.cc:260] T f9b44cfdbe96402e8960ec213f77184b P f06c899f1d3d49aab888fb54477e18bb [NON_LEADER]: Queue going to NON_LEADER mode. State: All replicated index: 0, Majority replicated index: 2, Committed index: 2, Last appended: 2.2, Last appended by leader: 2, Current term: 2, Majority size: -1, State: 0, Mode: NON_LEADER, active raft config: opid_index: -1 OBSOLETE_local: false peers { permanent_uuid: "ca61af35fa3c482ca8d048eeb0267d8f" member_type: VOTER last_known_addr { host: "127.29.8.131" port: 43961 } } peers { permanent_uuid: "f06c899f1d3d49aab888fb54477e18bb" member_type: VOTER last_known_addr { host: "127.29.8.129" port: 34007 } } peers { permanent_uuid: "0b185d880f68485885eb210ec98e291f" member_type: VOTER last_known_addr { host: "127.29.8.130" port: 42151 } }
I20260710 11:06:02.054862 29864 raft_consensus.cc:3060] T f9b44cfdbe96402e8960ec213f77184b P f06c899f1d3d49aab888fb54477e18bb [term 2 FOLLOWER]: Advancing to term 3
I20260710 11:06:02.058255 30012 raft_consensus.cc:2468] T f9b44cfdbe96402e8960ec213f77184b P ca61af35fa3c482ca8d048eeb0267d8f [term 3 FOLLOWER]: Leader election vote request: Granting yes vote for candidate 0b185d880f68485885eb210ec98e291f in term 3.
I20260710 11:06:02.059490 29906 leader_election.cc:304] T f9b44cfdbe96402e8960ec213f77184b P 0b185d880f68485885eb210ec98e291f [CANDIDATE]: Term 3 election: Election decided. Result: candidate won. Election summary: received 2 responses out of 3 voters: 2 yes votes; 0 no votes. yes voters: 0b185d880f68485885eb210ec98e291f, ca61af35fa3c482ca8d048eeb0267d8f; no voters: 
I20260710 11:06:02.060410 30156 raft_consensus.cc:2804] T f9b44cfdbe96402e8960ec213f77184b P 0b185d880f68485885eb210ec98e291f [term 3 FOLLOWER]: Leader election won for term 3
I20260710 11:06:02.060978 30156 raft_consensus.cc:697] T f9b44cfdbe96402e8960ec213f77184b P 0b185d880f68485885eb210ec98e291f [term 3 LEADER]: Becoming Leader. State: Replica: 0b185d880f68485885eb210ec98e291f, State: Running, Role: LEADER
I20260710 11:06:02.061925 30156 consensus_queue.cc:237] T f9b44cfdbe96402e8960ec213f77184b P 0b185d880f68485885eb210ec98e291f [LEADER]: Queue going to LEADER mode. State: All replicated index: 0, Majority replicated index: 2, Committed index: 2, Last appended: 2.2, Last appended by leader: 2, Current term: 3, Majority size: 2, State: 0, Mode: LEADER, active raft config: opid_index: -1 OBSOLETE_local: false peers { permanent_uuid: "ca61af35fa3c482ca8d048eeb0267d8f" member_type: VOTER last_known_addr { host: "127.29.8.131" port: 43961 } } peers { permanent_uuid: "f06c899f1d3d49aab888fb54477e18bb" member_type: VOTER last_known_addr { host: "127.29.8.129" port: 34007 } } peers { permanent_uuid: "0b185d880f68485885eb210ec98e291f" member_type: VOTER last_known_addr { host: "127.29.8.130" port: 42151 } }
I20260710 11:06:02.063026 29864 raft_consensus.cc:2468] T f9b44cfdbe96402e8960ec213f77184b P f06c899f1d3d49aab888fb54477e18bb [term 3 FOLLOWER]: Leader election vote request: Granting yes vote for candidate 0b185d880f68485885eb210ec98e291f in term 3.
I20260710 11:06:02.069334 29762 catalog_manager.cc:5697] T f9b44cfdbe96402e8960ec213f77184b P 0b185d880f68485885eb210ec98e291f reported cstate change: term changed from 2 to 3, leader changed from f06c899f1d3d49aab888fb54477e18bb (127.29.8.129) to 0b185d880f68485885eb210ec98e291f (127.29.8.130). New cstate: current_term: 3 leader_uuid: "0b185d880f68485885eb210ec98e291f" committed_config { opid_index: -1 OBSOLETE_local: false peers { permanent_uuid: "ca61af35fa3c482ca8d048eeb0267d8f" member_type: VOTER last_known_addr { host: "127.29.8.131" port: 43961 } health_report { overall_health: UNKNOWN } } peers { permanent_uuid: "f06c899f1d3d49aab888fb54477e18bb" member_type: VOTER last_known_addr { host: "127.29.8.129" port: 34007 } health_report { overall_health: UNKNOWN } } peers { permanent_uuid: "0b185d880f68485885eb210ec98e291f" member_type: VOTER last_known_addr { host: "127.29.8.130" port: 42151 } health_report { overall_health: HEALTHY } } }
I20260710 11:06:02.140264 30177 raft_consensus.cc:993] T 3e25c86c63bb4a2296ea03abc34a6bdf P ca61af35fa3c482ca8d048eeb0267d8f: : Instructing follower 0b185d880f68485885eb210ec98e291f to start an election
I20260710 11:06:02.141000 30177 raft_consensus.cc:1081] T 3e25c86c63bb4a2296ea03abc34a6bdf P ca61af35fa3c482ca8d048eeb0267d8f [term 3 LEADER]: Signalling peer 0b185d880f68485885eb210ec98e291f to start an election
I20260710 11:06:02.143162 29939 tablet_service.cc:2044] Received Run Leader Election RPC: tablet_id: "3e25c86c63bb4a2296ea03abc34a6bdf"
dest_uuid: "0b185d880f68485885eb210ec98e291f"
 from {username='slave'} at 127.0.0.1:53064
I20260710 11:06:02.143823 29939 raft_consensus.cc:493] T 3e25c86c63bb4a2296ea03abc34a6bdf P 0b185d880f68485885eb210ec98e291f [term 3 FOLLOWER]: Starting forced leader election (received explicit request)
I20260710 11:06:02.144263 29939 raft_consensus.cc:3060] T 3e25c86c63bb4a2296ea03abc34a6bdf P 0b185d880f68485885eb210ec98e291f [term 3 FOLLOWER]: Advancing to term 4
I20260710 11:06:02.149879 29939 raft_consensus.cc:515] T 3e25c86c63bb4a2296ea03abc34a6bdf P 0b185d880f68485885eb210ec98e291f [term 4 FOLLOWER]: Starting forced leader election with config: opid_index: -1 OBSOLETE_local: false peers { permanent_uuid: "f06c899f1d3d49aab888fb54477e18bb" member_type: VOTER last_known_addr { host: "127.29.8.129" port: 34007 } } peers { permanent_uuid: "0b185d880f68485885eb210ec98e291f" member_type: VOTER last_known_addr { host: "127.29.8.130" port: 42151 } } peers { permanent_uuid: "ca61af35fa3c482ca8d048eeb0267d8f" member_type: VOTER last_known_addr { host: "127.29.8.131" port: 43961 } }
I20260710 11:06:02.151813 29939 leader_election.cc:290] T 3e25c86c63bb4a2296ea03abc34a6bdf P 0b185d880f68485885eb210ec98e291f [CANDIDATE]: Term 4 election: Requested vote from peers f06c899f1d3d49aab888fb54477e18bb (127.29.8.129:34007), ca61af35fa3c482ca8d048eeb0267d8f (127.29.8.131:43961)
I20260710 11:06:02.152935 29864 tablet_service.cc:1917] Received RequestConsensusVote() RPC: tablet_id: "3e25c86c63bb4a2296ea03abc34a6bdf" candidate_uuid: "0b185d880f68485885eb210ec98e291f" candidate_term: 4 candidate_status { last_received { term: 3 index: 3 } } ignore_live_leader: true dest_uuid: "f06c899f1d3d49aab888fb54477e18bb"
I20260710 11:06:02.153481 29864 raft_consensus.cc:3060] T 3e25c86c63bb4a2296ea03abc34a6bdf P f06c899f1d3d49aab888fb54477e18bb [term 3 FOLLOWER]: Advancing to term 4
I20260710 11:06:02.153323 30012 tablet_service.cc:1917] Received RequestConsensusVote() RPC: tablet_id: "3e25c86c63bb4a2296ea03abc34a6bdf" candidate_uuid: "0b185d880f68485885eb210ec98e291f" candidate_term: 4 candidate_status { last_received { term: 3 index: 3 } } ignore_live_leader: true dest_uuid: "ca61af35fa3c482ca8d048eeb0267d8f"
I20260710 11:06:02.154086 30012 raft_consensus.cc:3055] T 3e25c86c63bb4a2296ea03abc34a6bdf P ca61af35fa3c482ca8d048eeb0267d8f [term 3 LEADER]: Stepping down as leader of term 3
I20260710 11:06:02.154367 30012 raft_consensus.cc:740] T 3e25c86c63bb4a2296ea03abc34a6bdf P ca61af35fa3c482ca8d048eeb0267d8f [term 3 LEADER]: Becoming Follower/Learner. State: Replica: ca61af35fa3c482ca8d048eeb0267d8f, State: Running, Role: LEADER
I20260710 11:06:02.155153 30012 consensus_queue.cc:260] T 3e25c86c63bb4a2296ea03abc34a6bdf P ca61af35fa3c482ca8d048eeb0267d8f [NON_LEADER]: Queue going to NON_LEADER mode. State: All replicated index: 0, Majority replicated index: 3, Committed index: 3, Last appended: 3.3, Last appended by leader: 3, Current term: 3, Majority size: -1, State: 0, Mode: NON_LEADER, active raft config: opid_index: -1 OBSOLETE_local: false peers { permanent_uuid: "f06c899f1d3d49aab888fb54477e18bb" member_type: VOTER last_known_addr { host: "127.29.8.129" port: 34007 } } peers { permanent_uuid: "0b185d880f68485885eb210ec98e291f" member_type: VOTER last_known_addr { host: "127.29.8.130" port: 42151 } } peers { permanent_uuid: "ca61af35fa3c482ca8d048eeb0267d8f" member_type: VOTER last_known_addr { host: "127.29.8.131" port: 43961 } }
I20260710 11:06:02.156638 30012 raft_consensus.cc:3060] T 3e25c86c63bb4a2296ea03abc34a6bdf P ca61af35fa3c482ca8d048eeb0267d8f [term 3 FOLLOWER]: Advancing to term 4
I20260710 11:06:02.159190 29864 raft_consensus.cc:2468] T 3e25c86c63bb4a2296ea03abc34a6bdf P f06c899f1d3d49aab888fb54477e18bb [term 4 FOLLOWER]: Leader election vote request: Granting yes vote for candidate 0b185d880f68485885eb210ec98e291f in term 4.
I20260710 11:06:02.160776 29906 leader_election.cc:304] T 3e25c86c63bb4a2296ea03abc34a6bdf P 0b185d880f68485885eb210ec98e291f [CANDIDATE]: Term 4 election: Election decided. Result: candidate won. Election summary: received 2 responses out of 3 voters: 2 yes votes; 0 no votes. yes voters: 0b185d880f68485885eb210ec98e291f, f06c899f1d3d49aab888fb54477e18bb; no voters: 
I20260710 11:06:02.161638 30156 raft_consensus.cc:2804] T 3e25c86c63bb4a2296ea03abc34a6bdf P 0b185d880f68485885eb210ec98e291f [term 4 FOLLOWER]: Leader election won for term 4
I20260710 11:06:02.162235 30156 raft_consensus.cc:697] T 3e25c86c63bb4a2296ea03abc34a6bdf P 0b185d880f68485885eb210ec98e291f [term 4 LEADER]: Becoming Leader. State: Replica: 0b185d880f68485885eb210ec98e291f, State: Running, Role: LEADER
I20260710 11:06:02.163442 30012 raft_consensus.cc:2468] T 3e25c86c63bb4a2296ea03abc34a6bdf P ca61af35fa3c482ca8d048eeb0267d8f [term 4 FOLLOWER]: Leader election vote request: Granting yes vote for candidate 0b185d880f68485885eb210ec98e291f in term 4.
I20260710 11:06:02.163065 30156 consensus_queue.cc:237] T 3e25c86c63bb4a2296ea03abc34a6bdf P 0b185d880f68485885eb210ec98e291f [LEADER]: Queue going to LEADER mode. State: All replicated index: 0, Majority replicated index: 3, Committed index: 3, Last appended: 3.3, Last appended by leader: 3, Current term: 4, Majority size: 2, State: 0, Mode: LEADER, active raft config: opid_index: -1 OBSOLETE_local: false peers { permanent_uuid: "f06c899f1d3d49aab888fb54477e18bb" member_type: VOTER last_known_addr { host: "127.29.8.129" port: 34007 } } peers { permanent_uuid: "0b185d880f68485885eb210ec98e291f" member_type: VOTER last_known_addr { host: "127.29.8.130" port: 42151 } } peers { permanent_uuid: "ca61af35fa3c482ca8d048eeb0267d8f" member_type: VOTER last_known_addr { host: "127.29.8.131" port: 43961 } }
I20260710 11:06:02.169917 29762 catalog_manager.cc:5697] T 3e25c86c63bb4a2296ea03abc34a6bdf P 0b185d880f68485885eb210ec98e291f reported cstate change: term changed from 3 to 4, leader changed from ca61af35fa3c482ca8d048eeb0267d8f (127.29.8.131) to 0b185d880f68485885eb210ec98e291f (127.29.8.130). New cstate: current_term: 4 leader_uuid: "0b185d880f68485885eb210ec98e291f" committed_config { opid_index: -1 OBSOLETE_local: false peers { permanent_uuid: "f06c899f1d3d49aab888fb54477e18bb" member_type: VOTER last_known_addr { host: "127.29.8.129" port: 34007 } health_report { overall_health: UNKNOWN } } peers { permanent_uuid: "0b185d880f68485885eb210ec98e291f" member_type: VOTER last_known_addr { host: "127.29.8.130" port: 42151 } health_report { overall_health: HEALTHY } } peers { permanent_uuid: "ca61af35fa3c482ca8d048eeb0267d8f" member_type: VOTER last_known_addr { host: "127.29.8.131" port: 43961 } health_report { overall_health: UNKNOWN } } }
I20260710 11:06:02.212261 30172 raft_consensus.cc:993] T a984ecec9d234e888925df9c6becbebd P f06c899f1d3d49aab888fb54477e18bb: : Instructing follower 0b185d880f68485885eb210ec98e291f to start an election
I20260710 11:06:02.212819 30172 raft_consensus.cc:1081] T a984ecec9d234e888925df9c6becbebd P f06c899f1d3d49aab888fb54477e18bb [term 2 LEADER]: Signalling peer 0b185d880f68485885eb210ec98e291f to start an election
I20260710 11:06:02.214453 29939 tablet_service.cc:2044] Received Run Leader Election RPC: tablet_id: "a984ecec9d234e888925df9c6becbebd"
dest_uuid: "0b185d880f68485885eb210ec98e291f"
 from {username='slave'} at 127.0.0.1:53072
I20260710 11:06:02.215332 29939 raft_consensus.cc:493] T a984ecec9d234e888925df9c6becbebd P 0b185d880f68485885eb210ec98e291f [term 2 FOLLOWER]: Starting forced leader election (received explicit request)
I20260710 11:06:02.215675 29939 raft_consensus.cc:3060] T a984ecec9d234e888925df9c6becbebd P 0b185d880f68485885eb210ec98e291f [term 2 FOLLOWER]: Advancing to term 3
I20260710 11:06:02.220600 29939 raft_consensus.cc:515] T a984ecec9d234e888925df9c6becbebd P 0b185d880f68485885eb210ec98e291f [term 3 FOLLOWER]: Starting forced leader election with config: opid_index: -1 OBSOLETE_local: false peers { permanent_uuid: "f06c899f1d3d49aab888fb54477e18bb" member_type: VOTER last_known_addr { host: "127.29.8.129" port: 34007 } } peers { permanent_uuid: "0b185d880f68485885eb210ec98e291f" member_type: VOTER last_known_addr { host: "127.29.8.130" port: 42151 } } peers { permanent_uuid: "ca61af35fa3c482ca8d048eeb0267d8f" member_type: VOTER last_known_addr { host: "127.29.8.131" port: 43961 } }
I20260710 11:06:02.222615 29939 leader_election.cc:290] T a984ecec9d234e888925df9c6becbebd P 0b185d880f68485885eb210ec98e291f [CANDIDATE]: Term 3 election: Requested vote from peers f06c899f1d3d49aab888fb54477e18bb (127.29.8.129:34007), ca61af35fa3c482ca8d048eeb0267d8f (127.29.8.131:43961)
I20260710 11:06:02.224318 30012 tablet_service.cc:1917] Received RequestConsensusVote() RPC: tablet_id: "a984ecec9d234e888925df9c6becbebd" candidate_uuid: "0b185d880f68485885eb210ec98e291f" candidate_term: 3 candidate_status { last_received { term: 2 index: 2 } } ignore_live_leader: true dest_uuid: "ca61af35fa3c482ca8d048eeb0267d8f"
I20260710 11:06:02.225104 30012 raft_consensus.cc:3060] T a984ecec9d234e888925df9c6becbebd P ca61af35fa3c482ca8d048eeb0267d8f [term 2 FOLLOWER]: Advancing to term 3
I20260710 11:06:02.224255 29864 tablet_service.cc:1917] Received RequestConsensusVote() RPC: tablet_id: "a984ecec9d234e888925df9c6becbebd" candidate_uuid: "0b185d880f68485885eb210ec98e291f" candidate_term: 3 candidate_status { last_received { term: 2 index: 2 } } ignore_live_leader: true dest_uuid: "f06c899f1d3d49aab888fb54477e18bb"
I20260710 11:06:02.226083 29864 raft_consensus.cc:3055] T a984ecec9d234e888925df9c6becbebd P f06c899f1d3d49aab888fb54477e18bb [term 2 LEADER]: Stepping down as leader of term 2
I20260710 11:06:02.226442 29864 raft_consensus.cc:740] T a984ecec9d234e888925df9c6becbebd P f06c899f1d3d49aab888fb54477e18bb [term 2 LEADER]: Becoming Follower/Learner. State: Replica: f06c899f1d3d49aab888fb54477e18bb, State: Running, Role: LEADER
I20260710 11:06:02.227087 29864 consensus_queue.cc:260] T a984ecec9d234e888925df9c6becbebd P f06c899f1d3d49aab888fb54477e18bb [NON_LEADER]: Queue going to NON_LEADER mode. State: All replicated index: 0, Majority replicated index: 2, Committed index: 2, Last appended: 2.2, Last appended by leader: 2, Current term: 2, Majority size: -1, State: 0, Mode: NON_LEADER, active raft config: opid_index: -1 OBSOLETE_local: false peers { permanent_uuid: "f06c899f1d3d49aab888fb54477e18bb" member_type: VOTER last_known_addr { host: "127.29.8.129" port: 34007 } } peers { permanent_uuid: "0b185d880f68485885eb210ec98e291f" member_type: VOTER last_known_addr { host: "127.29.8.130" port: 42151 } } peers { permanent_uuid: "ca61af35fa3c482ca8d048eeb0267d8f" member_type: VOTER last_known_addr { host: "127.29.8.131" port: 43961 } }
I20260710 11:06:02.228423 29864 raft_consensus.cc:3060] T a984ecec9d234e888925df9c6becbebd P f06c899f1d3d49aab888fb54477e18bb [term 2 FOLLOWER]: Advancing to term 3
I20260710 11:06:02.231755 30012 raft_consensus.cc:2468] T a984ecec9d234e888925df9c6becbebd P ca61af35fa3c482ca8d048eeb0267d8f [term 3 FOLLOWER]: Leader election vote request: Granting yes vote for candidate 0b185d880f68485885eb210ec98e291f in term 3.
I20260710 11:06:02.233315 29906 leader_election.cc:304] T a984ecec9d234e888925df9c6becbebd P 0b185d880f68485885eb210ec98e291f [CANDIDATE]: Term 3 election: Election decided. Result: candidate won. Election summary: received 2 responses out of 3 voters: 2 yes votes; 0 no votes. yes voters: 0b185d880f68485885eb210ec98e291f, ca61af35fa3c482ca8d048eeb0267d8f; no voters: 
I20260710 11:06:02.234282 30156 raft_consensus.cc:2804] T a984ecec9d234e888925df9c6becbebd P 0b185d880f68485885eb210ec98e291f [term 3 FOLLOWER]: Leader election won for term 3
I20260710 11:06:02.234887 30156 raft_consensus.cc:697] T a984ecec9d234e888925df9c6becbebd P 0b185d880f68485885eb210ec98e291f [term 3 LEADER]: Becoming Leader. State: Replica: 0b185d880f68485885eb210ec98e291f, State: Running, Role: LEADER
I20260710 11:06:02.235994 30156 consensus_queue.cc:237] T a984ecec9d234e888925df9c6becbebd P 0b185d880f68485885eb210ec98e291f [LEADER]: Queue going to LEADER mode. State: All replicated index: 0, Majority replicated index: 2, Committed index: 2, Last appended: 2.2, Last appended by leader: 2, Current term: 3, Majority size: 2, State: 0, Mode: LEADER, active raft config: opid_index: -1 OBSOLETE_local: false peers { permanent_uuid: "f06c899f1d3d49aab888fb54477e18bb" member_type: VOTER last_known_addr { host: "127.29.8.129" port: 34007 } } peers { permanent_uuid: "0b185d880f68485885eb210ec98e291f" member_type: VOTER last_known_addr { host: "127.29.8.130" port: 42151 } } peers { permanent_uuid: "ca61af35fa3c482ca8d048eeb0267d8f" member_type: VOTER last_known_addr { host: "127.29.8.131" port: 43961 } }
I20260710 11:06:02.237051 29864 raft_consensus.cc:2468] T a984ecec9d234e888925df9c6becbebd P f06c899f1d3d49aab888fb54477e18bb [term 3 FOLLOWER]: Leader election vote request: Granting yes vote for candidate 0b185d880f68485885eb210ec98e291f in term 3.
I20260710 11:06:02.244333 29762 catalog_manager.cc:5697] T a984ecec9d234e888925df9c6becbebd P 0b185d880f68485885eb210ec98e291f reported cstate change: term changed from 2 to 3, leader changed from f06c899f1d3d49aab888fb54477e18bb (127.29.8.129) to 0b185d880f68485885eb210ec98e291f (127.29.8.130). New cstate: current_term: 3 leader_uuid: "0b185d880f68485885eb210ec98e291f" committed_config { opid_index: -1 OBSOLETE_local: false peers { permanent_uuid: "f06c899f1d3d49aab888fb54477e18bb" member_type: VOTER last_known_addr { host: "127.29.8.129" port: 34007 } health_report { overall_health: UNKNOWN } } peers { permanent_uuid: "0b185d880f68485885eb210ec98e291f" member_type: VOTER last_known_addr { host: "127.29.8.130" port: 42151 } health_report { overall_health: HEALTHY } } peers { permanent_uuid: "ca61af35fa3c482ca8d048eeb0267d8f" member_type: VOTER last_known_addr { host: "127.29.8.131" port: 43961 } health_report { overall_health: UNKNOWN } } }
I20260710 11:06:02.291543 30169 raft_consensus.cc:993] T faa16e78abce44948135c2323e37e112 P ca61af35fa3c482ca8d048eeb0267d8f: : Instructing follower 0b185d880f68485885eb210ec98e291f to start an election
I20260710 11:06:02.292275 30177 raft_consensus.cc:1081] T faa16e78abce44948135c2323e37e112 P ca61af35fa3c482ca8d048eeb0267d8f [term 3 LEADER]: Signalling peer 0b185d880f68485885eb210ec98e291f to start an election
I20260710 11:06:02.294133 29939 tablet_service.cc:2044] Received Run Leader Election RPC: tablet_id: "faa16e78abce44948135c2323e37e112"
dest_uuid: "0b185d880f68485885eb210ec98e291f"
 from {username='slave'} at 127.0.0.1:53064
I20260710 11:06:02.294765 29939 raft_consensus.cc:493] T faa16e78abce44948135c2323e37e112 P 0b185d880f68485885eb210ec98e291f [term 3 FOLLOWER]: Starting forced leader election (received explicit request)
I20260710 11:06:02.295113 29939 raft_consensus.cc:3060] T faa16e78abce44948135c2323e37e112 P 0b185d880f68485885eb210ec98e291f [term 3 FOLLOWER]: Advancing to term 4
I20260710 11:06:02.300406 29939 raft_consensus.cc:515] T faa16e78abce44948135c2323e37e112 P 0b185d880f68485885eb210ec98e291f [term 4 FOLLOWER]: Starting forced leader election with config: opid_index: -1 OBSOLETE_local: false peers { permanent_uuid: "f06c899f1d3d49aab888fb54477e18bb" member_type: VOTER last_known_addr { host: "127.29.8.129" port: 34007 } } peers { permanent_uuid: "0b185d880f68485885eb210ec98e291f" member_type: VOTER last_known_addr { host: "127.29.8.130" port: 42151 } } peers { permanent_uuid: "ca61af35fa3c482ca8d048eeb0267d8f" member_type: VOTER last_known_addr { host: "127.29.8.131" port: 43961 } }
I20260710 11:06:02.302100 29939 leader_election.cc:290] T faa16e78abce44948135c2323e37e112 P 0b185d880f68485885eb210ec98e291f [CANDIDATE]: Term 4 election: Requested vote from peers f06c899f1d3d49aab888fb54477e18bb (127.29.8.129:34007), ca61af35fa3c482ca8d048eeb0267d8f (127.29.8.131:43961)
I20260710 11:06:02.303073 29864 tablet_service.cc:1917] Received RequestConsensusVote() RPC: tablet_id: "faa16e78abce44948135c2323e37e112" candidate_uuid: "0b185d880f68485885eb210ec98e291f" candidate_term: 4 candidate_status { last_received { term: 3 index: 3 } } ignore_live_leader: true dest_uuid: "f06c899f1d3d49aab888fb54477e18bb"
I20260710 11:06:02.303321 30012 tablet_service.cc:1917] Received RequestConsensusVote() RPC: tablet_id: "faa16e78abce44948135c2323e37e112" candidate_uuid: "0b185d880f68485885eb210ec98e291f" candidate_term: 4 candidate_status { last_received { term: 3 index: 3 } } ignore_live_leader: true dest_uuid: "ca61af35fa3c482ca8d048eeb0267d8f"
I20260710 11:06:02.303718 29864 raft_consensus.cc:3060] T faa16e78abce44948135c2323e37e112 P f06c899f1d3d49aab888fb54477e18bb [term 3 FOLLOWER]: Advancing to term 4
I20260710 11:06:02.303985 30012 raft_consensus.cc:3055] T faa16e78abce44948135c2323e37e112 P ca61af35fa3c482ca8d048eeb0267d8f [term 3 LEADER]: Stepping down as leader of term 3
I20260710 11:06:02.304399 30012 raft_consensus.cc:740] T faa16e78abce44948135c2323e37e112 P ca61af35fa3c482ca8d048eeb0267d8f [term 3 LEADER]: Becoming Follower/Learner. State: Replica: ca61af35fa3c482ca8d048eeb0267d8f, State: Running, Role: LEADER
I20260710 11:06:02.305160 30012 consensus_queue.cc:260] T faa16e78abce44948135c2323e37e112 P ca61af35fa3c482ca8d048eeb0267d8f [NON_LEADER]: Queue going to NON_LEADER mode. State: All replicated index: 0, Majority replicated index: 3, Committed index: 3, Last appended: 3.3, Last appended by leader: 3, Current term: 3, Majority size: -1, State: 0, Mode: NON_LEADER, active raft config: opid_index: -1 OBSOLETE_local: false peers { permanent_uuid: "f06c899f1d3d49aab888fb54477e18bb" member_type: VOTER last_known_addr { host: "127.29.8.129" port: 34007 } } peers { permanent_uuid: "0b185d880f68485885eb210ec98e291f" member_type: VOTER last_known_addr { host: "127.29.8.130" port: 42151 } } peers { permanent_uuid: "ca61af35fa3c482ca8d048eeb0267d8f" member_type: VOTER last_known_addr { host: "127.29.8.131" port: 43961 } }
I20260710 11:06:02.306144 30012 raft_consensus.cc:3060] T faa16e78abce44948135c2323e37e112 P ca61af35fa3c482ca8d048eeb0267d8f [term 3 FOLLOWER]: Advancing to term 4
I20260710 11:06:02.308737 29864 raft_consensus.cc:2468] T faa16e78abce44948135c2323e37e112 P f06c899f1d3d49aab888fb54477e18bb [term 4 FOLLOWER]: Leader election vote request: Granting yes vote for candidate 0b185d880f68485885eb210ec98e291f in term 4.
I20260710 11:06:02.309959 29906 leader_election.cc:304] T faa16e78abce44948135c2323e37e112 P 0b185d880f68485885eb210ec98e291f [CANDIDATE]: Term 4 election: Election decided. Result: candidate won. Election summary: received 2 responses out of 3 voters: 2 yes votes; 0 no votes. yes voters: 0b185d880f68485885eb210ec98e291f, f06c899f1d3d49aab888fb54477e18bb; no voters: 
I20260710 11:06:02.310921 30156 raft_consensus.cc:2804] T faa16e78abce44948135c2323e37e112 P 0b185d880f68485885eb210ec98e291f [term 4 FOLLOWER]: Leader election won for term 4
I20260710 11:06:02.311441 30156 raft_consensus.cc:697] T faa16e78abce44948135c2323e37e112 P 0b185d880f68485885eb210ec98e291f [term 4 LEADER]: Becoming Leader. State: Replica: 0b185d880f68485885eb210ec98e291f, State: Running, Role: LEADER
I20260710 11:06:02.312381 30156 consensus_queue.cc:237] T faa16e78abce44948135c2323e37e112 P 0b185d880f68485885eb210ec98e291f [LEADER]: Queue going to LEADER mode. State: All replicated index: 0, Majority replicated index: 3, Committed index: 3, Last appended: 3.3, Last appended by leader: 3, Current term: 4, Majority size: 2, State: 0, Mode: LEADER, active raft config: opid_index: -1 OBSOLETE_local: false peers { permanent_uuid: "f06c899f1d3d49aab888fb54477e18bb" member_type: VOTER last_known_addr { host: "127.29.8.129" port: 34007 } } peers { permanent_uuid: "0b185d880f68485885eb210ec98e291f" member_type: VOTER last_known_addr { host: "127.29.8.130" port: 42151 } } peers { permanent_uuid: "ca61af35fa3c482ca8d048eeb0267d8f" member_type: VOTER last_known_addr { host: "127.29.8.131" port: 43961 } }
I20260710 11:06:02.312665 30012 raft_consensus.cc:2468] T faa16e78abce44948135c2323e37e112 P ca61af35fa3c482ca8d048eeb0267d8f [term 4 FOLLOWER]: Leader election vote request: Granting yes vote for candidate 0b185d880f68485885eb210ec98e291f in term 4.
I20260710 11:06:02.318418 29762 catalog_manager.cc:5697] T faa16e78abce44948135c2323e37e112 P 0b185d880f68485885eb210ec98e291f reported cstate change: term changed from 3 to 4, leader changed from ca61af35fa3c482ca8d048eeb0267d8f (127.29.8.131) to 0b185d880f68485885eb210ec98e291f (127.29.8.130). New cstate: current_term: 4 leader_uuid: "0b185d880f68485885eb210ec98e291f" committed_config { opid_index: -1 OBSOLETE_local: false peers { permanent_uuid: "f06c899f1d3d49aab888fb54477e18bb" member_type: VOTER last_known_addr { host: "127.29.8.129" port: 34007 } health_report { overall_health: UNKNOWN } } peers { permanent_uuid: "0b185d880f68485885eb210ec98e291f" member_type: VOTER last_known_addr { host: "127.29.8.130" port: 42151 } health_report { overall_health: HEALTHY } } peers { permanent_uuid: "ca61af35fa3c482ca8d048eeb0267d8f" member_type: VOTER last_known_addr { host: "127.29.8.131" port: 43961 } health_report { overall_health: UNKNOWN } } }
I20260710 11:06:02.472795 29864 raft_consensus.cc:1275] T 03cbdde6724b4db7897f584629fc362d P f06c899f1d3d49aab888fb54477e18bb [term 2 FOLLOWER]: Refusing update from remote peer 0b185d880f68485885eb210ec98e291f: Log matching property violated. Preceding OpId in replica: term: 1 index: 1. Preceding OpId from leader: term: 2 index: 2. (index mismatch)
I20260710 11:06:02.474181 30156 consensus_queue.cc:1048] T 03cbdde6724b4db7897f584629fc362d P 0b185d880f68485885eb210ec98e291f [LEADER]: Connected to new peer: Peer: permanent_uuid: "f06c899f1d3d49aab888fb54477e18bb" member_type: VOTER last_known_addr { host: "127.29.8.129" port: 34007 }, Status: LMP_MISMATCH, Last received: 0.0, Next index: 2, Last known committed idx: 1, Time since last communication: 0.000s
I20260710 11:06:02.488603 29864 raft_consensus.cc:1275] T f9b44cfdbe96402e8960ec213f77184b P f06c899f1d3d49aab888fb54477e18bb [term 3 FOLLOWER]: Refusing update from remote peer 0b185d880f68485885eb210ec98e291f: Log matching property violated. Preceding OpId in replica: term: 2 index: 2. Preceding OpId from leader: term: 3 index: 3. (index mismatch)
I20260710 11:06:02.490731 30012 raft_consensus.cc:1275] T 03cbdde6724b4db7897f584629fc362d P ca61af35fa3c482ca8d048eeb0267d8f [term 2 FOLLOWER]: Refusing update from remote peer 0b185d880f68485885eb210ec98e291f: Log matching property violated. Preceding OpId in replica: term: 1 index: 1. Preceding OpId from leader: term: 2 index: 2. (index mismatch)
I20260710 11:06:02.490573 30156 consensus_queue.cc:1048] T f9b44cfdbe96402e8960ec213f77184b P 0b185d880f68485885eb210ec98e291f [LEADER]: Connected to new peer: Peer: permanent_uuid: "f06c899f1d3d49aab888fb54477e18bb" member_type: VOTER last_known_addr { host: "127.29.8.129" port: 34007 }, Status: LMP_MISMATCH, Last received: 0.0, Next index: 3, Last known committed idx: 2, Time since last communication: 0.000s
I20260710 11:06:02.492951 30156 consensus_queue.cc:1048] T 03cbdde6724b4db7897f584629fc362d P 0b185d880f68485885eb210ec98e291f [LEADER]: Connected to new peer: Peer: permanent_uuid: "ca61af35fa3c482ca8d048eeb0267d8f" member_type: VOTER last_known_addr { host: "127.29.8.131" port: 43961 }, Status: LMP_MISMATCH, Last received: 0.0, Next index: 2, Last known committed idx: 1, Time since last communication: 0.000s
I20260710 11:06:02.511716 30012 raft_consensus.cc:1275] T f9b44cfdbe96402e8960ec213f77184b P ca61af35fa3c482ca8d048eeb0267d8f [term 3 FOLLOWER]: Refusing update from remote peer 0b185d880f68485885eb210ec98e291f: Log matching property violated. Preceding OpId in replica: term: 2 index: 2. Preceding OpId from leader: term: 3 index: 3. (index mismatch)
I20260710 11:06:02.514258 30180 consensus_queue.cc:1048] T f9b44cfdbe96402e8960ec213f77184b P 0b185d880f68485885eb210ec98e291f [LEADER]: Connected to new peer: Peer: permanent_uuid: "ca61af35fa3c482ca8d048eeb0267d8f" member_type: VOTER last_known_addr { host: "127.29.8.131" port: 43961 }, Status: LMP_MISMATCH, Last received: 0.0, Next index: 3, Last known committed idx: 2, Time since last communication: 0.000s
I20260710 11:06:02.679255 29864 raft_consensus.cc:1275] T a984ecec9d234e888925df9c6becbebd P f06c899f1d3d49aab888fb54477e18bb [term 3 FOLLOWER]: Refusing update from remote peer 0b185d880f68485885eb210ec98e291f: Log matching property violated. Preceding OpId in replica: term: 2 index: 2. Preceding OpId from leader: term: 3 index: 3. (index mismatch)
I20260710 11:06:02.680756 30180 consensus_queue.cc:1048] T a984ecec9d234e888925df9c6becbebd P 0b185d880f68485885eb210ec98e291f [LEADER]: Connected to new peer: Peer: permanent_uuid: "f06c899f1d3d49aab888fb54477e18bb" member_type: VOTER last_known_addr { host: "127.29.8.129" port: 34007 }, Status: LMP_MISMATCH, Last received: 0.0, Next index: 3, Last known committed idx: 2, Time since last communication: 0.000s
I20260710 11:06:02.691522 30012 raft_consensus.cc:1275] T a984ecec9d234e888925df9c6becbebd P ca61af35fa3c482ca8d048eeb0267d8f [term 3 FOLLOWER]: Refusing update from remote peer 0b185d880f68485885eb210ec98e291f: Log matching property violated. Preceding OpId in replica: term: 2 index: 2. Preceding OpId from leader: term: 3 index: 3. (index mismatch)
I20260710 11:06:02.694043 30179 consensus_queue.cc:1048] T a984ecec9d234e888925df9c6becbebd P 0b185d880f68485885eb210ec98e291f [LEADER]: Connected to new peer: Peer: permanent_uuid: "ca61af35fa3c482ca8d048eeb0267d8f" member_type: VOTER last_known_addr { host: "127.29.8.131" port: 43961 }, Status: LMP_MISMATCH, Last received: 0.0, Next index: 3, Last known committed idx: 2, Time since last communication: 0.000s
I20260710 11:06:02.696560 29864 raft_consensus.cc:1275] T faa16e78abce44948135c2323e37e112 P f06c899f1d3d49aab888fb54477e18bb [term 4 FOLLOWER]: Refusing update from remote peer 0b185d880f68485885eb210ec98e291f: Log matching property violated. Preceding OpId in replica: term: 3 index: 3. Preceding OpId from leader: term: 4 index: 4. (index mismatch)
I20260710 11:06:02.698170 30179 consensus_queue.cc:1048] T faa16e78abce44948135c2323e37e112 P 0b185d880f68485885eb210ec98e291f [LEADER]: Connected to new peer: Peer: permanent_uuid: "f06c899f1d3d49aab888fb54477e18bb" member_type: VOTER last_known_addr { host: "127.29.8.129" port: 34007 }, Status: LMP_MISMATCH, Last received: 0.0, Next index: 4, Last known committed idx: 3, Time since last communication: 0.001s
I20260710 11:06:02.710685 30014 raft_consensus.cc:1275] T faa16e78abce44948135c2323e37e112 P ca61af35fa3c482ca8d048eeb0267d8f [term 4 FOLLOWER]: Refusing update from remote peer 0b185d880f68485885eb210ec98e291f: Log matching property violated. Preceding OpId in replica: term: 3 index: 3. Preceding OpId from leader: term: 4 index: 4. (index mismatch)
I20260710 11:06:02.712404 30195 consensus_queue.cc:1048] T faa16e78abce44948135c2323e37e112 P 0b185d880f68485885eb210ec98e291f [LEADER]: Connected to new peer: Peer: permanent_uuid: "ca61af35fa3c482ca8d048eeb0267d8f" member_type: VOTER last_known_addr { host: "127.29.8.131" port: 43961 }, Status: LMP_MISMATCH, Last received: 0.0, Next index: 4, Last known committed idx: 3, Time since last communication: 0.000s
I20260710 11:06:02.723309 30014 raft_consensus.cc:1275] T 3e25c86c63bb4a2296ea03abc34a6bdf P ca61af35fa3c482ca8d048eeb0267d8f [term 4 FOLLOWER]: Refusing update from remote peer 0b185d880f68485885eb210ec98e291f: Log matching property violated. Preceding OpId in replica: term: 3 index: 3. Preceding OpId from leader: term: 4 index: 4. (index mismatch)
I20260710 11:06:02.725013 30195 consensus_queue.cc:1048] T 3e25c86c63bb4a2296ea03abc34a6bdf P 0b185d880f68485885eb210ec98e291f [LEADER]: Connected to new peer: Peer: permanent_uuid: "ca61af35fa3c482ca8d048eeb0267d8f" member_type: VOTER last_known_addr { host: "127.29.8.131" port: 43961 }, Status: LMP_MISMATCH, Last received: 0.0, Next index: 4, Last known committed idx: 3, Time since last communication: 0.000s
I20260710 11:06:02.736407 29864 raft_consensus.cc:1275] T 3e25c86c63bb4a2296ea03abc34a6bdf P f06c899f1d3d49aab888fb54477e18bb [term 4 FOLLOWER]: Refusing update from remote peer 0b185d880f68485885eb210ec98e291f: Log matching property violated. Preceding OpId in replica: term: 3 index: 3. Preceding OpId from leader: term: 4 index: 4. (index mismatch)
I20260710 11:06:02.738240 30179 consensus_queue.cc:1048] T 3e25c86c63bb4a2296ea03abc34a6bdf P 0b185d880f68485885eb210ec98e291f [LEADER]: Connected to new peer: Peer: permanent_uuid: "f06c899f1d3d49aab888fb54477e18bb" member_type: VOTER last_known_addr { host: "127.29.8.129" port: 34007 }, Status: LMP_MISMATCH, Last received: 0.0, Next index: 4, Last known committed idx: 3, Time since last communication: 0.000s
I20260710 11:06:04.771924 29730 auto_leader_rebalancer.cc:141] leader rebalance for table test-workload
I20260710 11:06:04.781558 29939 tablet_service.cc:2072] Received LeaderStepDown RPC: tablet_id: "03cbdde6724b4db7897f584629fc362d"
dest_uuid: "0b185d880f68485885eb210ec98e291f"
mode: GRACEFUL
new_leader_uuid: "f06c899f1d3d49aab888fb54477e18bb"
 from {username='slave'} at 127.0.0.1:53094
I20260710 11:06:04.782238 29939 raft_consensus.cc:606] T 03cbdde6724b4db7897f584629fc362d P 0b185d880f68485885eb210ec98e291f [term 2 LEADER]: Received request to transfer leadership to TS f06c899f1d3d49aab888fb54477e18bb
I20260710 11:06:04.785087 29939 tablet_service.cc:2072] Received LeaderStepDown RPC: tablet_id: "318d6f1ffd89431d8e8123c6ac943e4b"
dest_uuid: "0b185d880f68485885eb210ec98e291f"
mode: GRACEFUL
new_leader_uuid: "ca61af35fa3c482ca8d048eeb0267d8f"
 from {username='slave'} at 127.0.0.1:53094
I20260710 11:06:04.785498 29939 raft_consensus.cc:606] T 318d6f1ffd89431d8e8123c6ac943e4b P 0b185d880f68485885eb210ec98e291f [term 2 LEADER]: Received request to transfer leadership to TS ca61af35fa3c482ca8d048eeb0267d8f
I20260710 11:06:04.788048 29939 tablet_service.cc:2072] Received LeaderStepDown RPC: tablet_id: "3e25c86c63bb4a2296ea03abc34a6bdf"
dest_uuid: "0b185d880f68485885eb210ec98e291f"
mode: GRACEFUL
new_leader_uuid: "f06c899f1d3d49aab888fb54477e18bb"
 from {username='slave'} at 127.0.0.1:53094
I20260710 11:06:04.788718 29939 raft_consensus.cc:606] T 3e25c86c63bb4a2296ea03abc34a6bdf P 0b185d880f68485885eb210ec98e291f [term 4 LEADER]: Received request to transfer leadership to TS f06c899f1d3d49aab888fb54477e18bb
I20260710 11:06:04.791492 29939 tablet_service.cc:2072] Received LeaderStepDown RPC: tablet_id: "a984ecec9d234e888925df9c6becbebd"
dest_uuid: "0b185d880f68485885eb210ec98e291f"
mode: GRACEFUL
new_leader_uuid: "f06c899f1d3d49aab888fb54477e18bb"
 from {username='slave'} at 127.0.0.1:53094
I20260710 11:06:04.791977 29939 raft_consensus.cc:606] T a984ecec9d234e888925df9c6becbebd P 0b185d880f68485885eb210ec98e291f [term 3 LEADER]: Received request to transfer leadership to TS f06c899f1d3d49aab888fb54477e18bb
I20260710 11:06:04.794682 29939 tablet_service.cc:2072] Received LeaderStepDown RPC: tablet_id: "faa16e78abce44948135c2323e37e112"
dest_uuid: "0b185d880f68485885eb210ec98e291f"
mode: GRACEFUL
new_leader_uuid: "ca61af35fa3c482ca8d048eeb0267d8f"
