I20260710 11:06:08.167043 30549 consensus_queue.cc:260] T d9274b82cf234b44a7ccb75a90aa3bfa P e13a7d1a517c489e8154077bcb5c8cf8 [NON_LEADER]: Queue going to NON_LEADER mode. State: All replicated index: 0, Majority replicated index: 0, Committed index: 0, Last appended: 0.0, Last appended by leader: 0, Current term: 0, Majority size: -1, State: 0, Mode: NON_LEADER, active raft config: opid_index: -1 OBSOLETE_local: false peers { permanent_uuid: "e13a7d1a517c489e8154077bcb5c8cf8" member_type: VOTER last_known_addr { host: "127.29.8.129" port: 33699 } } peers { permanent_uuid: "db074884188c4d1995cb7ce2602acdfd" member_type: VOTER last_known_addr { host: "127.29.8.130" port: 37521 } } peers { permanent_uuid: "6888e9e145bc4452a1d4153bcb274e82" member_type: VOTER last_known_addr { host: "127.29.8.131" port: 43637 } }
I20260710 11:06:08.167332 30554 raft_consensus.cc:515] T 362d679f15a34a5c90e1f495ba3bb1a8 P 6888e9e145bc4452a1d4153bcb274e82 [term 0 FOLLOWER]: Starting pre-election with config: opid_index: -1 OBSOLETE_local: false peers { permanent_uuid: "e13a7d1a517c489e8154077bcb5c8cf8" member_type: VOTER last_known_addr { host: "127.29.8.129" port: 33699 } } peers { permanent_uuid: "db074884188c4d1995cb7ce2602acdfd" member_type: VOTER last_known_addr { host: "127.29.8.130" port: 37521 } } peers { permanent_uuid: "6888e9e145bc4452a1d4153bcb274e82" member_type: VOTER last_known_addr { host: "127.29.8.131" port: 43637 } }
I20260710 11:06:08.168562 30553 tablet_bootstrap.cc:492] T 1188533e97aa4127a5aeb755b942bb80 P db074884188c4d1995cb7ce2602acdfd: Bootstrap starting.
I20260710 11:06:08.169297 30549 ts_tablet_manager.cc:1434] T d9274b82cf234b44a7ccb75a90aa3bfa P e13a7d1a517c489e8154077bcb5c8cf8: Time spent starting tablet: real 0.006s	user 0.008s	sys 0.000s
I20260710 11:06:08.170338 30549 tablet_bootstrap.cc:492] T f888beb3148343b3883a9a58ce1beb25 P e13a7d1a517c489e8154077bcb5c8cf8: Bootstrap starting.
I20260710 11:06:08.176105 30553 tablet_bootstrap.cc:654] T 1188533e97aa4127a5aeb755b942bb80 P db074884188c4d1995cb7ce2602acdfd: Neither blocks nor log segments found. Creating new log.
I20260710 11:06:08.176924 30549 tablet_bootstrap.cc:654] T f888beb3148343b3883a9a58ce1beb25 P e13a7d1a517c489e8154077bcb5c8cf8: Neither blocks nor log segments found. Creating new log.
I20260710 11:06:08.179554 30559 raft_consensus.cc:493] T 362d679f15a34a5c90e1f495ba3bb1a8 P db074884188c4d1995cb7ce2602acdfd [term 0 FOLLOWER]: Starting pre-election (no leader contacted us within the election timeout)
I20260710 11:06:08.180074 30559 raft_consensus.cc:515] T 362d679f15a34a5c90e1f495ba3bb1a8 P db074884188c4d1995cb7ce2602acdfd [term 0 FOLLOWER]: Starting pre-election with config: opid_index: -1 OBSOLETE_local: false peers { permanent_uuid: "e13a7d1a517c489e8154077bcb5c8cf8" member_type: VOTER last_known_addr { host: "127.29.8.129" port: 33699 } } peers { permanent_uuid: "db074884188c4d1995cb7ce2602acdfd" member_type: VOTER last_known_addr { host: "127.29.8.130" port: 37521 } } peers { permanent_uuid: "6888e9e145bc4452a1d4153bcb274e82" member_type: VOTER last_known_addr { host: "127.29.8.131" port: 43637 } }
I20260710 11:06:08.181025 30360 tablet_service.cc:1917] Received RequestConsensusVote() RPC: tablet_id: "362d679f15a34a5c90e1f495ba3bb1a8" candidate_uuid: "6888e9e145bc4452a1d4153bcb274e82" candidate_term: 1 candidate_status { last_received { term: 0 index: 0 } } ignore_live_leader: false dest_uuid: "e13a7d1a517c489e8154077bcb5c8cf8" is_pre_election: true
I20260710 11:06:08.181646 30360 raft_consensus.cc:2468] T 362d679f15a34a5c90e1f495ba3bb1a8 P e13a7d1a517c489e8154077bcb5c8cf8 [term 0 FOLLOWER]: Leader pre-election vote request: Granting yes vote for candidate 6888e9e145bc4452a1d4153bcb274e82 in term 0.
I20260710 11:06:08.182142 30559 leader_election.cc:290] T 362d679f15a34a5c90e1f495ba3bb1a8 P db074884188c4d1995cb7ce2602acdfd [CANDIDATE]: Term 1 pre-election: Requested pre-vote from peers e13a7d1a517c489e8154077bcb5c8cf8 (127.29.8.129:33699), 6888e9e145bc4452a1d4153bcb274e82 (127.29.8.131:43637)
I20260710 11:06:08.183112 30472 leader_election.cc:304] T 362d679f15a34a5c90e1f495ba3bb1a8 P 6888e9e145bc4452a1d4153bcb274e82 [CANDIDATE]: Term 1 pre-election: Election decided. Result: candidate won. Election summary: received 2 responses out of 3 voters: 2 yes votes; 0 no votes. yes voters: 6888e9e145bc4452a1d4153bcb274e82, e13a7d1a517c489e8154077bcb5c8cf8; no voters: 
I20260710 11:06:08.184414 30552 raft_consensus.cc:2804] T 362d679f15a34a5c90e1f495ba3bb1a8 P 6888e9e145bc4452a1d4153bcb274e82 [term 0 FOLLOWER]: Leader pre-election won for term 1
I20260710 11:06:08.184924 30552 raft_consensus.cc:493] T 362d679f15a34a5c90e1f495ba3bb1a8 P 6888e9e145bc4452a1d4153bcb274e82 [term 0 FOLLOWER]: Starting leader election (no leader contacted us within the election timeout)
I20260710 11:06:08.184696 30509 tablet_service.cc:1917] Received RequestConsensusVote() RPC: tablet_id: "362d679f15a34a5c90e1f495ba3bb1a8" candidate_uuid: "db074884188c4d1995cb7ce2602acdfd" candidate_term: 1 candidate_status { last_received { term: 0 index: 0 } } ignore_live_leader: false dest_uuid: "6888e9e145bc4452a1d4153bcb274e82" is_pre_election: true
I20260710 11:06:08.185554 30552 raft_consensus.cc:3060] T 362d679f15a34a5c90e1f495ba3bb1a8 P 6888e9e145bc4452a1d4153bcb274e82 [term 0 FOLLOWER]: Advancing to term 1
I20260710 11:06:08.189579 30360 tablet_service.cc:1917] Received RequestConsensusVote() RPC: tablet_id: "362d679f15a34a5c90e1f495ba3bb1a8" candidate_uuid: "db074884188c4d1995cb7ce2602acdfd" candidate_term: 1 candidate_status { last_received { term: 0 index: 0 } } ignore_live_leader: false dest_uuid: "e13a7d1a517c489e8154077bcb5c8cf8" is_pre_election: true
I20260710 11:06:08.190815 30360 raft_consensus.cc:2468] T 362d679f15a34a5c90e1f495ba3bb1a8 P e13a7d1a517c489e8154077bcb5c8cf8 [term 0 FOLLOWER]: Leader pre-election vote request: Granting yes vote for candidate db074884188c4d1995cb7ce2602acdfd in term 0.
I20260710 11:06:08.191260 30435 tablet_service.cc:1917] Received RequestConsensusVote() RPC: tablet_id: "362d679f15a34a5c90e1f495ba3bb1a8" candidate_uuid: "6888e9e145bc4452a1d4153bcb274e82" candidate_term: 1 candidate_status { last_received { term: 0 index: 0 } } ignore_live_leader: false dest_uuid: "db074884188c4d1995cb7ce2602acdfd" is_pre_election: true
I20260710 11:06:08.192267 30435 raft_consensus.cc:2468] T 362d679f15a34a5c90e1f495ba3bb1a8 P db074884188c4d1995cb7ce2602acdfd [term 0 FOLLOWER]: Leader pre-election vote request: Granting yes vote for candidate 6888e9e145bc4452a1d4153bcb274e82 in term 0.
I20260710 11:06:08.192926 30398 leader_election.cc:304] T 362d679f15a34a5c90e1f495ba3bb1a8 P db074884188c4d1995cb7ce2602acdfd [CANDIDATE]: Term 1 pre-election: Election decided. Result: candidate won. Election summary: received 2 responses out of 3 voters: 2 yes votes; 0 no votes. yes voters: db074884188c4d1995cb7ce2602acdfd, e13a7d1a517c489e8154077bcb5c8cf8; no voters: 
I20260710 11:06:08.193826 30559 raft_consensus.cc:2804] T 362d679f15a34a5c90e1f495ba3bb1a8 P db074884188c4d1995cb7ce2602acdfd [term 0 FOLLOWER]: Leader pre-election won for term 1
I20260710 11:06:08.194314 30559 raft_consensus.cc:493] T 362d679f15a34a5c90e1f495ba3bb1a8 P db074884188c4d1995cb7ce2602acdfd [term 0 FOLLOWER]: Starting leader election (no leader contacted us within the election timeout)
I20260710 11:06:08.194694 30559 raft_consensus.cc:3060] T 362d679f15a34a5c90e1f495ba3bb1a8 P db074884188c4d1995cb7ce2602acdfd [term 0 FOLLOWER]: Advancing to term 1
I20260710 11:06:08.194710 30554 leader_election.cc:290] T 362d679f15a34a5c90e1f495ba3bb1a8 P 6888e9e145bc4452a1d4153bcb274e82 [CANDIDATE]: Term 1 pre-election: Requested pre-vote from peers e13a7d1a517c489e8154077bcb5c8cf8 (127.29.8.129:33699), db074884188c4d1995cb7ce2602acdfd (127.29.8.130:37521)
I20260710 11:06:08.206709 30559 raft_consensus.cc:515] T 362d679f15a34a5c90e1f495ba3bb1a8 P db074884188c4d1995cb7ce2602acdfd [term 1 FOLLOWER]: Starting leader election with config: opid_index: -1 OBSOLETE_local: false peers { permanent_uuid: "e13a7d1a517c489e8154077bcb5c8cf8" member_type: VOTER last_known_addr { host: "127.29.8.129" port: 33699 } } peers { permanent_uuid: "db074884188c4d1995cb7ce2602acdfd" member_type: VOTER last_known_addr { host: "127.29.8.130" port: 37521 } } peers { permanent_uuid: "6888e9e145bc4452a1d4153bcb274e82" member_type: VOTER last_known_addr { host: "127.29.8.131" port: 43637 } }
I20260710 11:06:08.208209 30554 raft_consensus.cc:493] T 5327523be931407ca8b20de9c13c879f P 6888e9e145bc4452a1d4153bcb274e82 [term 0 FOLLOWER]: Starting pre-election (no leader contacted us within the election timeout)
I20260710 11:06:08.208374 30585 raft_consensus.cc:493] T f39a7dca40254c73a07b0630c039fe8c P db074884188c4d1995cb7ce2602acdfd [term 0 FOLLOWER]: Starting pre-election (no leader contacted us within the election timeout)
I20260710 11:06:08.208922 30554 raft_consensus.cc:515] T 5327523be931407ca8b20de9c13c879f P 6888e9e145bc4452a1d4153bcb274e82 [term 0 FOLLOWER]: Starting pre-election with config: opid_index: -1 OBSOLETE_local: false peers { permanent_uuid: "e13a7d1a517c489e8154077bcb5c8cf8" member_type: VOTER last_known_addr { host: "127.29.8.129" port: 33699 } } peers { permanent_uuid: "db074884188c4d1995cb7ce2602acdfd" member_type: VOTER last_known_addr { host: "127.29.8.130" port: 37521 } } peers { permanent_uuid: "6888e9e145bc4452a1d4153bcb274e82" member_type: VOTER last_known_addr { host: "127.29.8.131" port: 43637 } }
I20260710 11:06:08.209302 30585 raft_consensus.cc:515] T f39a7dca40254c73a07b0630c039fe8c P db074884188c4d1995cb7ce2602acdfd [term 0 FOLLOWER]: Starting pre-election with config: opid_index: -1 OBSOLETE_local: false peers { permanent_uuid: "e13a7d1a517c489e8154077bcb5c8cf8" member_type: VOTER last_known_addr { host: "127.29.8.129" port: 33699 } } peers { permanent_uuid: "db074884188c4d1995cb7ce2602acdfd" member_type: VOTER last_known_addr { host: "127.29.8.130" port: 37521 } } peers { permanent_uuid: "6888e9e145bc4452a1d4153bcb274e82" member_type: VOTER last_known_addr { host: "127.29.8.131" port: 43637 } }
I20260710 11:06:08.213933 30359 tablet_service.cc:1917] Received RequestConsensusVote() RPC: tablet_id: "f39a7dca40254c73a07b0630c039fe8c" candidate_uuid: "db074884188c4d1995cb7ce2602acdfd" candidate_term: 1 candidate_status { last_received { term: 0 index: 0 } } ignore_live_leader: false dest_uuid: "e13a7d1a517c489e8154077bcb5c8cf8" is_pre_election: true
I20260710 11:06:08.214677 30585 leader_election.cc:290] T f39a7dca40254c73a07b0630c039fe8c P db074884188c4d1995cb7ce2602acdfd [CANDIDATE]: Term 1 pre-election: Requested pre-vote from peers e13a7d1a517c489e8154077bcb5c8cf8 (127.29.8.129:33699), 6888e9e145bc4452a1d4153bcb274e82 (127.29.8.131:43637)
I20260710 11:06:08.214864 30508 tablet_service.cc:1917] Received RequestConsensusVote() RPC: tablet_id: "f39a7dca40254c73a07b0630c039fe8c" candidate_uuid: "db074884188c4d1995cb7ce2602acdfd" candidate_term: 1 candidate_status { last_received { term: 0 index: 0 } } ignore_live_leader: false dest_uuid: "6888e9e145bc4452a1d4153bcb274e82" is_pre_election: true
I20260710 11:06:08.216106 30508 raft_consensus.cc:2393] T f39a7dca40254c73a07b0630c039fe8c P 6888e9e145bc4452a1d4153bcb274e82 [term 1 FOLLOWER]: Leader pre-election vote request: Denying vote to candidate db074884188c4d1995cb7ce2602acdfd in current term 1: Already voted for candidate e13a7d1a517c489e8154077bcb5c8cf8 in this term.
I20260710 11:06:08.216339 30360 tablet_service.cc:1917] Received RequestConsensusVote() RPC: tablet_id: "5327523be931407ca8b20de9c13c879f" candidate_uuid: "6888e9e145bc4452a1d4153bcb274e82" candidate_term: 1 candidate_status { last_received { term: 0 index: 0 } } ignore_live_leader: false dest_uuid: "e13a7d1a517c489e8154077bcb5c8cf8" is_pre_election: true
I20260710 11:06:08.217200 30360 raft_consensus.cc:2468] T 5327523be931407ca8b20de9c13c879f P e13a7d1a517c489e8154077bcb5c8cf8 [term 0 FOLLOWER]: Leader pre-election vote request: Granting yes vote for candidate 6888e9e145bc4452a1d4153bcb274e82 in term 0.
I20260710 11:06:08.218698 30399 leader_election.cc:304] T f39a7dca40254c73a07b0630c039fe8c P db074884188c4d1995cb7ce2602acdfd [CANDIDATE]: Term 1 pre-election: Election decided. Result: candidate lost. Election summary: received 3 responses out of 3 voters: 1 yes votes; 2 no votes. yes voters: db074884188c4d1995cb7ce2602acdfd; no voters: 6888e9e145bc4452a1d4153bcb274e82, e13a7d1a517c489e8154077bcb5c8cf8
I20260710 11:06:08.219183 30606 raft_consensus.cc:493] T d59384eaf6bd4479bb94b7708f0b3655 P 6888e9e145bc4452a1d4153bcb274e82 [term 0 FOLLOWER]: Starting pre-election (no leader contacted us within the election timeout)
I20260710 11:06:08.218735 30472 leader_election.cc:304] T 5327523be931407ca8b20de9c13c879f P 6888e9e145bc4452a1d4153bcb274e82 [CANDIDATE]: Term 1 pre-election: Election decided. Result: candidate won. Election summary: received 2 responses out of 3 voters: 2 yes votes; 0 no votes. yes voters: 6888e9e145bc4452a1d4153bcb274e82, e13a7d1a517c489e8154077bcb5c8cf8; no voters: 
I20260710 11:06:08.219973 30582 raft_consensus.cc:3060] T f39a7dca40254c73a07b0630c039fe8c P db074884188c4d1995cb7ce2602acdfd [term 0 FOLLOWER]: Advancing to term 1
I20260710 11:06:08.221822 30435 tablet_service.cc:1917] Received RequestConsensusVote() RPC: tablet_id: "5327523be931407ca8b20de9c13c879f" candidate_uuid: "6888e9e145bc4452a1d4153bcb274e82" candidate_term: 1 candidate_status { last_received { term: 0 index: 0 } } ignore_live_leader: false dest_uuid: "db074884188c4d1995cb7ce2602acdfd" is_pre_election: true
I20260710 11:06:08.222688 30435 raft_consensus.cc:2468] T 5327523be931407ca8b20de9c13c879f P db074884188c4d1995cb7ce2602acdfd [term 0 FOLLOWER]: Leader pre-election vote request: Granting yes vote for candidate 6888e9e145bc4452a1d4153bcb274e82 in term 0.
I20260710 11:06:08.226130 30554 leader_election.cc:290] T 5327523be931407ca8b20de9c13c879f P 6888e9e145bc4452a1d4153bcb274e82 [CANDIDATE]: Term 1 pre-election: Requested pre-vote from peers e13a7d1a517c489e8154077bcb5c8cf8 (127.29.8.129:33699), db074884188c4d1995cb7ce2602acdfd (127.29.8.130:37521)
I20260710 11:06:08.226887 30554 raft_consensus.cc:2804] T 5327523be931407ca8b20de9c13c879f P 6888e9e145bc4452a1d4153bcb274e82 [term 0 FOLLOWER]: Leader pre-election won for term 1
I20260710 11:06:08.227926 30554 raft_consensus.cc:493] T 5327523be931407ca8b20de9c13c879f P 6888e9e145bc4452a1d4153bcb274e82 [term 0 FOLLOWER]: Starting leader election (no leader contacted us within the election timeout)
I20260710 11:06:08.228525 30554 raft_consensus.cc:3060] T 5327523be931407ca8b20de9c13c879f P 6888e9e145bc4452a1d4153bcb274e82 [term 0 FOLLOWER]: Advancing to term 1
I20260710 11:06:08.231578 30606 raft_consensus.cc:515] T d59384eaf6bd4479bb94b7708f0b3655 P 6888e9e145bc4452a1d4153bcb274e82 [term 0 FOLLOWER]: Starting pre-election with config: opid_index: -1 OBSOLETE_local: false peers { permanent_uuid: "e13a7d1a517c489e8154077bcb5c8cf8" member_type: VOTER last_known_addr { host: "127.29.8.129" port: 33699 } } peers { permanent_uuid: "db074884188c4d1995cb7ce2602acdfd" member_type: VOTER last_known_addr { host: "127.29.8.130" port: 37521 } } peers { permanent_uuid: "6888e9e145bc4452a1d4153bcb274e82" member_type: VOTER last_known_addr { host: "127.29.8.131" port: 43637 } }
I20260710 11:06:08.233347 30552 raft_consensus.cc:515] T 362d679f15a34a5c90e1f495ba3bb1a8 P 6888e9e145bc4452a1d4153bcb274e82 [term 1 FOLLOWER]: Starting leader election with config: opid_index: -1 OBSOLETE_local: false peers { permanent_uuid: "e13a7d1a517c489e8154077bcb5c8cf8" member_type: VOTER last_known_addr { host: "127.29.8.129" port: 33699 } } peers { permanent_uuid: "db074884188c4d1995cb7ce2602acdfd" member_type: VOTER last_known_addr { host: "127.29.8.130" port: 37521 } } peers { permanent_uuid: "6888e9e145bc4452a1d4153bcb274e82" member_type: VOTER last_known_addr { host: "127.29.8.131" port: 43637 } }
I20260710 11:06:08.234760 30509 raft_consensus.cc:2393] T 362d679f15a34a5c90e1f495ba3bb1a8 P 6888e9e145bc4452a1d4153bcb274e82 [term 1 FOLLOWER]: Leader pre-election vote request: Denying vote to candidate db074884188c4d1995cb7ce2602acdfd in current term 1: Already voted for candidate 6888e9e145bc4452a1d4153bcb274e82 in this term.
I20260710 11:06:08.234578 30360 tablet_service.cc:1917] Received RequestConsensusVote() RPC: tablet_id: "362d679f15a34a5c90e1f495ba3bb1a8" candidate_uuid: "db074884188c4d1995cb7ce2602acdfd" candidate_term: 1 candidate_status { last_received { term: 0 index: 0 } } ignore_live_leader: false dest_uuid: "e13a7d1a517c489e8154077bcb5c8cf8"
I20260710 11:06:08.235553 30360 raft_consensus.cc:3060] T 362d679f15a34a5c90e1f495ba3bb1a8 P e13a7d1a517c489e8154077bcb5c8cf8 [term 0 FOLLOWER]: Advancing to term 1
I20260710 11:06:08.237118 30435 tablet_service.cc:1917] Received RequestConsensusVote() RPC: tablet_id: "d59384eaf6bd4479bb94b7708f0b3655" candidate_uuid: "6888e9e145bc4452a1d4153bcb274e82" candidate_term: 1 candidate_status { last_received { term: 0 index: 0 } } ignore_live_leader: false dest_uuid: "db074884188c4d1995cb7ce2602acdfd" is_pre_election: true
I20260710 11:06:08.238062 30435 raft_consensus.cc:2468] T d59384eaf6bd4479bb94b7708f0b3655 P db074884188c4d1995cb7ce2602acdfd [term 0 FOLLOWER]: Leader pre-election vote request: Granting yes vote for candidate 6888e9e145bc4452a1d4153bcb274e82 in term 0.
I20260710 11:06:08.239895 30473 leader_election.cc:304] T d59384eaf6bd4479bb94b7708f0b3655 P 6888e9e145bc4452a1d4153bcb274e82 [CANDIDATE]: Term 1 pre-election: Election decided. Result: candidate won. Election summary: received 2 responses out of 3 voters: 2 yes votes; 0 no votes. yes voters: 6888e9e145bc4452a1d4153bcb274e82, db074884188c4d1995cb7ce2602acdfd; no voters: 
I20260710 11:06:08.241328 30606 leader_election.cc:290] T d59384eaf6bd4479bb94b7708f0b3655 P 6888e9e145bc4452a1d4153bcb274e82 [CANDIDATE]: Term 1 pre-election: Requested pre-vote from peers e13a7d1a517c489e8154077bcb5c8cf8 (127.29.8.129:33699), db074884188c4d1995cb7ce2602acdfd (127.29.8.130:37521)
I20260710 11:06:08.241978 30606 raft_consensus.cc:2804] T d59384eaf6bd4479bb94b7708f0b3655 P 6888e9e145bc4452a1d4153bcb274e82 [term 0 FOLLOWER]: Leader pre-election won for term 1
I20260710 11:06:08.242360 30606 raft_consensus.cc:493] T d59384eaf6bd4479bb94b7708f0b3655 P 6888e9e145bc4452a1d4153bcb274e82 [term 0 FOLLOWER]: Starting leader election (no leader contacted us within the election timeout)
I20260710 11:06:08.242756 30606 raft_consensus.cc:3060] T d59384eaf6bd4479bb94b7708f0b3655 P 6888e9e145bc4452a1d4153bcb274e82 [term 0 FOLLOWER]: Advancing to term 1
I20260710 11:06:08.243219 30582 raft_consensus.cc:2749] T f39a7dca40254c73a07b0630c039fe8c P db074884188c4d1995cb7ce2602acdfd [term 1 FOLLOWER]: Leader pre-election lost for term 1. Reason: could not achieve majority
I20260710 11:06:08.243364 30435 tablet_service.cc:1917] Received RequestConsensusVote() RPC: tablet_id: "362d679f15a34a5c90e1f495ba3bb1a8" candidate_uuid: "6888e9e145bc4452a1d4153bcb274e82" candidate_term: 1 candidate_status { last_received { term: 0 index: 0 } } ignore_live_leader: false dest_uuid: "db074884188c4d1995cb7ce2602acdfd"
I20260710 11:06:08.240289 30552 leader_election.cc:290] T 362d679f15a34a5c90e1f495ba3bb1a8 P 6888e9e145bc4452a1d4153bcb274e82 [CANDIDATE]: Term 1 election: Requested vote from peers e13a7d1a517c489e8154077bcb5c8cf8 (127.29.8.129:33699), db074884188c4d1995cb7ce2602acdfd (127.29.8.130:37521)
I20260710 11:06:08.244596 30435 raft_consensus.cc:2393] T 362d679f15a34a5c90e1f495ba3bb1a8 P db074884188c4d1995cb7ce2602acdfd [term 1 FOLLOWER]: Leader election vote request: Denying vote to candidate 6888e9e145bc4452a1d4153bcb274e82 in current term 1: Already voted for candidate db074884188c4d1995cb7ce2602acdfd in this term.
I20260710 11:06:08.248849 30549 tablet_bootstrap.cc:492] T f888beb3148343b3883a9a58ce1beb25 P e13a7d1a517c489e8154077bcb5c8cf8: No bootstrap required, opened a new log
I20260710 11:06:08.249509 30549 ts_tablet_manager.cc:1403] T f888beb3148343b3883a9a58ce1beb25 P e13a7d1a517c489e8154077bcb5c8cf8: Time spent bootstrapping tablet: real 0.079s	user 0.028s	sys 0.040s
I20260710 11:06:08.250313 30553 tablet_bootstrap.cc:492] T 1188533e97aa4127a5aeb755b942bb80 P db074884188c4d1995cb7ce2602acdfd: No bootstrap required, opened a new log
I20260710 11:06:08.250821 30553 ts_tablet_manager.cc:1403] T 1188533e97aa4127a5aeb755b942bb80 P db074884188c4d1995cb7ce2602acdfd: Time spent bootstrapping tablet: real 0.082s	user 0.027s	sys 0.028s
I20260710 11:06:08.253078 30559 leader_election.cc:290] T 362d679f15a34a5c90e1f495ba3bb1a8 P db074884188c4d1995cb7ce2602acdfd [CANDIDATE]: Term 1 election: Requested vote from peers e13a7d1a517c489e8154077bcb5c8cf8 (127.29.8.129:33699), 6888e9e145bc4452a1d4153bcb274e82 (127.29.8.131:43637)
I20260710 11:06:08.254431 30549 raft_consensus.cc:359] T f888beb3148343b3883a9a58ce1beb25 P e13a7d1a517c489e8154077bcb5c8cf8 [term 0 FOLLOWER]: Replica starting. Triggering 0 pending ops. Active config: opid_index: -1 OBSOLETE_local: false peers { permanent_uuid: "e13a7d1a517c489e8154077bcb5c8cf8" member_type: VOTER last_known_addr { host: "127.29.8.129" port: 33699 } } peers { permanent_uuid: "db074884188c4d1995cb7ce2602acdfd" member_type: VOTER last_known_addr { host: "127.29.8.130" port: 37521 } } peers { permanent_uuid: "6888e9e145bc4452a1d4153bcb274e82" member_type: VOTER last_known_addr { host: "127.29.8.131" port: 43637 } }
I20260710 11:06:08.255133 30549 raft_consensus.cc:385] T f888beb3148343b3883a9a58ce1beb25 P e13a7d1a517c489e8154077bcb5c8cf8 [term 0 FOLLOWER]: Consensus starting up: Expiring failure detector timer to make a prompt election more likely
I20260710 11:06:08.255409 30549 raft_consensus.cc:740] T f888beb3148343b3883a9a58ce1beb25 P e13a7d1a517c489e8154077bcb5c8cf8 [term 0 FOLLOWER]: Becoming Follower/Learner. State: Replica: e13a7d1a517c489e8154077bcb5c8cf8, State: Initialized, Role: FOLLOWER
I20260710 11:06:08.256269 30549 consensus_queue.cc:260] T f888beb3148343b3883a9a58ce1beb25 P e13a7d1a517c489e8154077bcb5c8cf8 [NON_LEADER]: Queue going to NON_LEADER mode. State: All replicated index: 0, Majority replicated index: 0, Committed index: 0, Last appended: 0.0, Last appended by leader: 0, Current term: 0, Majority size: -1, State: 0, Mode: NON_LEADER, active raft config: opid_index: -1 OBSOLETE_local: false peers { permanent_uuid: "e13a7d1a517c489e8154077bcb5c8cf8" member_type: VOTER last_known_addr { host: "127.29.8.129" port: 33699 } } peers { permanent_uuid: "db074884188c4d1995cb7ce2602acdfd" member_type: VOTER last_known_addr { host: "127.29.8.130" port: 37521 } } peers { permanent_uuid: "6888e9e145bc4452a1d4153bcb274e82" member_type: VOTER last_known_addr { host: "127.29.8.131" port: 43637 } }
I20260710 11:06:08.258214 30549 ts_tablet_manager.cc:1434] T f888beb3148343b3883a9a58ce1beb25 P e13a7d1a517c489e8154077bcb5c8cf8: Time spent starting tablet: real 0.008s	user 0.004s	sys 0.001s
I20260710 11:06:08.257802 30553 raft_consensus.cc:359] T 1188533e97aa4127a5aeb755b942bb80 P db074884188c4d1995cb7ce2602acdfd [term 0 FOLLOWER]: Replica starting. Triggering 0 pending ops. Active config: opid_index: -1 OBSOLETE_local: false peers { permanent_uuid: "e13a7d1a517c489e8154077bcb5c8cf8" member_type: VOTER last_known_addr { host: "127.29.8.129" port: 33699 } } peers { permanent_uuid: "db074884188c4d1995cb7ce2602acdfd" member_type: VOTER last_known_addr { host: "127.29.8.130" port: 37521 } } peers { permanent_uuid: "6888e9e145bc4452a1d4153bcb274e82" member_type: VOTER last_known_addr { host: "127.29.8.131" port: 43637 } }
I20260710 11:06:08.258746 30553 raft_consensus.cc:385] T 1188533e97aa4127a5aeb755b942bb80 P db074884188c4d1995cb7ce2602acdfd [term 0 FOLLOWER]: Consensus starting up: Expiring failure detector timer to make a prompt election more likely
I20260710 11:06:08.259106 30553 raft_consensus.cc:740] T 1188533e97aa4127a5aeb755b942bb80 P db074884188c4d1995cb7ce2602acdfd [term 0 FOLLOWER]: Becoming Follower/Learner. State: Replica: db074884188c4d1995cb7ce2602acdfd, State: Initialized, Role: FOLLOWER
I20260710 11:06:08.259691 30360 raft_consensus.cc:2468] T 362d679f15a34a5c90e1f495ba3bb1a8 P e13a7d1a517c489e8154077bcb5c8cf8 [term 1 FOLLOWER]: Leader election vote request: Granting yes vote for candidate db074884188c4d1995cb7ce2602acdfd in term 1.
I20260710 11:06:08.261137 30398 leader_election.cc:304] T 362d679f15a34a5c90e1f495ba3bb1a8 P db074884188c4d1995cb7ce2602acdfd [CANDIDATE]: Term 1 election: Election decided. Result: candidate won. Election summary: received 2 responses out of 3 voters: 2 yes votes; 0 no votes. yes voters: db074884188c4d1995cb7ce2602acdfd, e13a7d1a517c489e8154077bcb5c8cf8; no voters: 
I20260710 11:06:08.261916 30559 raft_consensus.cc:2804] T 362d679f15a34a5c90e1f495ba3bb1a8 P db074884188c4d1995cb7ce2602acdfd [term 1 FOLLOWER]: Leader election won for term 1
I20260710 11:06:08.262585 30360 tablet_service.cc:1917] Received RequestConsensusVote() RPC: tablet_id: "d59384eaf6bd4479bb94b7708f0b3655" candidate_uuid: "6888e9e145bc4452a1d4153bcb274e82" candidate_term: 1 candidate_status { last_received { term: 0 index: 0 } } ignore_live_leader: false dest_uuid: "e13a7d1a517c489e8154077bcb5c8cf8" is_pre_election: true
I20260710 11:06:08.263099 30559 raft_consensus.cc:697] T 362d679f15a34a5c90e1f495ba3bb1a8 P db074884188c4d1995cb7ce2602acdfd [term 1 LEADER]: Becoming Leader. State: Replica: db074884188c4d1995cb7ce2602acdfd, State: Running, Role: LEADER
I20260710 11:06:08.263278 30360 raft_consensus.cc:2468] T d59384eaf6bd4479bb94b7708f0b3655 P e13a7d1a517c489e8154077bcb5c8cf8 [term 0 FOLLOWER]: Leader pre-election vote request: Granting yes vote for candidate 6888e9e145bc4452a1d4153bcb274e82 in term 0.
I20260710 11:06:08.263507 30359 tablet_service.cc:1917] Received RequestConsensusVote() RPC: tablet_id: "362d679f15a34a5c90e1f495ba3bb1a8" candidate_uuid: "6888e9e145bc4452a1d4153bcb274e82" candidate_term: 1 candidate_status { last_received { term: 0 index: 0 } } ignore_live_leader: false dest_uuid: "e13a7d1a517c489e8154077bcb5c8cf8"
I20260710 11:06:08.263988 30559 consensus_queue.cc:237] T 362d679f15a34a5c90e1f495ba3bb1a8 P db074884188c4d1995cb7ce2602acdfd [LEADER]: Queue going to LEADER mode. State: All replicated index: 0, Majority replicated index: 0, Committed index: 0, Last appended: 0.0, Last appended by leader: 0, Current term: 1, Majority size: 2, State: 0, Mode: LEADER, active raft config: opid_index: -1 OBSOLETE_local: false peers { permanent_uuid: "e13a7d1a517c489e8154077bcb5c8cf8" member_type: VOTER last_known_addr { host: "127.29.8.129" port: 33699 } } peers { permanent_uuid: "db074884188c4d1995cb7ce2602acdfd" member_type: VOTER last_known_addr { host: "127.29.8.130" port: 37521 } } peers { permanent_uuid: "6888e9e145bc4452a1d4153bcb274e82" member_type: VOTER last_known_addr { host: "127.29.8.131" port: 43637 } }
I20260710 11:06:08.264523 30359 raft_consensus.cc:2393] T 362d679f15a34a5c90e1f495ba3bb1a8 P e13a7d1a517c489e8154077bcb5c8cf8 [term 1 FOLLOWER]: Leader election vote request: Denying vote to candidate 6888e9e145bc4452a1d4153bcb274e82 in current term 1: Already voted for candidate db074884188c4d1995cb7ce2602acdfd in this term.
I20260710 11:06:08.266530 30472 leader_election.cc:304] T 362d679f15a34a5c90e1f495ba3bb1a8 P 6888e9e145bc4452a1d4153bcb274e82 [CANDIDATE]: Term 1 election: Election decided. Result: candidate lost. Election summary: received 3 responses out of 3 voters: 1 yes votes; 2 no votes. yes voters: 6888e9e145bc4452a1d4153bcb274e82; no voters: db074884188c4d1995cb7ce2602acdfd, e13a7d1a517c489e8154077bcb5c8cf8
I20260710 11:06:08.267001 30509 tablet_service.cc:1917] Received RequestConsensusVote() RPC: tablet_id: "362d679f15a34a5c90e1f495ba3bb1a8" candidate_uuid: "db074884188c4d1995cb7ce2602acdfd" candidate_term: 1 candidate_status { last_received { term: 0 index: 0 } } ignore_live_leader: false dest_uuid: "6888e9e145bc4452a1d4153bcb274e82"
I20260710 11:06:08.267685 30607 raft_consensus.cc:2749] T 362d679f15a34a5c90e1f495ba3bb1a8 P 6888e9e145bc4452a1d4153bcb274e82 [term 1 FOLLOWER]: Leader election lost for term 1. Reason: could not achieve majority
I20260710 11:06:08.270785 30554 raft_consensus.cc:515] T 5327523be931407ca8b20de9c13c879f P 6888e9e145bc4452a1d4153bcb274e82 [term 1 FOLLOWER]: Starting leader election with config: opid_index: -1 OBSOLETE_local: false peers { permanent_uuid: "e13a7d1a517c489e8154077bcb5c8cf8" member_type: VOTER last_known_addr { host: "127.29.8.129" port: 33699 } } peers { permanent_uuid: "db074884188c4d1995cb7ce2602acdfd" member_type: VOTER last_known_addr { host: "127.29.8.130" port: 37521 } } peers { permanent_uuid: "6888e9e145bc4452a1d4153bcb274e82" member_type: VOTER last_known_addr { host: "127.29.8.131" port: 43637 } }
I20260710 11:06:08.271682 30553 consensus_queue.cc:260] T 1188533e97aa4127a5aeb755b942bb80 P db074884188c4d1995cb7ce2602acdfd [NON_LEADER]: Queue going to NON_LEADER mode. State: All replicated index: 0, Majority replicated index: 0, Committed index: 0, Last appended: 0.0, Last appended by leader: 0, Current term: 0, Majority size: -1, State: 0, Mode: NON_LEADER, active raft config: opid_index: -1 OBSOLETE_local: false peers { permanent_uuid: "e13a7d1a517c489e8154077bcb5c8cf8" member_type: VOTER last_known_addr { host: "127.29.8.129" port: 33699 } } peers { permanent_uuid: "db074884188c4d1995cb7ce2602acdfd" member_type: VOTER last_known_addr { host: "127.29.8.130" port: 37521 } } peers { permanent_uuid: "6888e9e145bc4452a1d4153bcb274e82" member_type: VOTER last_known_addr { host: "127.29.8.131" port: 43637 } }
I20260710 11:06:08.272851 30582 raft_consensus.cc:493] T 1188533e97aa4127a5aeb755b942bb80 P db074884188c4d1995cb7ce2602acdfd [term 0 FOLLOWER]: Starting pre-election (no leader contacted us within the election timeout)
I20260710 11:06:08.273259 30606 raft_consensus.cc:515] T d59384eaf6bd4479bb94b7708f0b3655 P 6888e9e145bc4452a1d4153bcb274e82 [term 1 FOLLOWER]: Starting leader election with config: opid_index: -1 OBSOLETE_local: false peers { permanent_uuid: "e13a7d1a517c489e8154077bcb5c8cf8" member_type: VOTER last_known_addr { host: "127.29.8.129" port: 33699 } } peers { permanent_uuid: "db074884188c4d1995cb7ce2602acdfd" member_type: VOTER last_known_addr { host: "127.29.8.130" port: 37521 } } peers { permanent_uuid: "6888e9e145bc4452a1d4153bcb274e82" member_type: VOTER last_known_addr { host: "127.29.8.131" port: 43637 } }
I20260710 11:06:08.274312 30553 ts_tablet_manager.cc:1434] T 1188533e97aa4127a5aeb755b942bb80 P db074884188c4d1995cb7ce2602acdfd: Time spent starting tablet: real 0.023s	user 0.008s	sys 0.000s
I20260710 11:06:08.274786 30359 tablet_service.cc:1917] Received RequestConsensusVote() RPC: tablet_id: "5327523be931407ca8b20de9c13c879f" candidate_uuid: "6888e9e145bc4452a1d4153bcb274e82" candidate_term: 1 candidate_status { last_received { term: 0 index: 0 } } ignore_live_leader: false dest_uuid: "e13a7d1a517c489e8154077bcb5c8cf8"
I20260710 11:06:08.275442 30359 raft_consensus.cc:3060] T 5327523be931407ca8b20de9c13c879f P e13a7d1a517c489e8154077bcb5c8cf8 [term 0 FOLLOWER]: Advancing to term 1
I20260710 11:06:08.277173 30509 raft_consensus.cc:2393] T 362d679f15a34a5c90e1f495ba3bb1a8 P 6888e9e145bc4452a1d4153bcb274e82 [term 1 FOLLOWER]: Leader election vote request: Denying vote to candidate db074884188c4d1995cb7ce2602acdfd in current term 1: Already voted for candidate 6888e9e145bc4452a1d4153bcb274e82 in this term.
I20260710 11:06:08.277385 30435 tablet_service.cc:1917] Received RequestConsensusVote() RPC: tablet_id: "d59384eaf6bd4479bb94b7708f0b3655" candidate_uuid: "6888e9e145bc4452a1d4153bcb274e82" candidate_term: 1 candidate_status { last_received { term: 0 index: 0 } } ignore_live_leader: false dest_uuid: "db074884188c4d1995cb7ce2602acdfd"
I20260710 11:06:08.278093 30435 raft_consensus.cc:3060] T d59384eaf6bd4479bb94b7708f0b3655 P db074884188c4d1995cb7ce2602acdfd [term 0 FOLLOWER]: Advancing to term 1
I20260710 11:06:08.273341 30582 raft_consensus.cc:515] T 1188533e97aa4127a5aeb755b942bb80 P db074884188c4d1995cb7ce2602acdfd [term 0 FOLLOWER]: Starting pre-election with config: opid_index: -1 OBSOLETE_local: false peers { permanent_uuid: "e13a7d1a517c489e8154077bcb5c8cf8" member_type: VOTER last_known_addr { host: "127.29.8.129" port: 33699 } } peers { permanent_uuid: "db074884188c4d1995cb7ce2602acdfd" member_type: VOTER last_known_addr { host: "127.29.8.130" port: 37521 } } peers { permanent_uuid: "6888e9e145bc4452a1d4153bcb274e82" member_type: VOTER last_known_addr { host: "127.29.8.131" port: 43637 } }
I20260710 11:06:08.282792 30359 raft_consensus.cc:2468] T 5327523be931407ca8b20de9c13c879f P e13a7d1a517c489e8154077bcb5c8cf8 [term 1 FOLLOWER]: Leader election vote request: Granting yes vote for candidate 6888e9e145bc4452a1d4153bcb274e82 in term 1.
I20260710 11:06:08.284480 30472 leader_election.cc:304] T 5327523be931407ca8b20de9c13c879f P 6888e9e145bc4452a1d4153bcb274e82 [CANDIDATE]: Term 1 election: Election decided. Result: candidate won. Election summary: received 2 responses out of 3 voters: 2 yes votes; 0 no votes. yes voters: 6888e9e145bc4452a1d4153bcb274e82, e13a7d1a517c489e8154077bcb5c8cf8; no voters: 
I20260710 11:06:08.284935 30358 tablet_service.cc:1917] Received RequestConsensusVote() RPC: tablet_id: "d59384eaf6bd4479bb94b7708f0b3655" candidate_uuid: "6888e9e145bc4452a1d4153bcb274e82" candidate_term: 1 candidate_status { last_received { term: 0 index: 0 } } ignore_live_leader: false dest_uuid: "e13a7d1a517c489e8154077bcb5c8cf8"
I20260710 11:06:08.285558 30358 raft_consensus.cc:3060] T d59384eaf6bd4479bb94b7708f0b3655 P e13a7d1a517c489e8154077bcb5c8cf8 [term 0 FOLLOWER]: Advancing to term 1
I20260710 11:06:08.286214 30582 leader_election.cc:290] T 1188533e97aa4127a5aeb755b942bb80 P db074884188c4d1995cb7ce2602acdfd [CANDIDATE]: Term 1 pre-election: Requested pre-vote from peers e13a7d1a517c489e8154077bcb5c8cf8 (127.29.8.129:33699), 6888e9e145bc4452a1d4153bcb274e82 (127.29.8.131:43637)
I20260710 11:06:08.275504 30606 leader_election.cc:290] T d59384eaf6bd4479bb94b7708f0b3655 P 6888e9e145bc4452a1d4153bcb274e82 [CANDIDATE]: Term 1 election: Requested vote from peers e13a7d1a517c489e8154077bcb5c8cf8 (127.29.8.129:33699), db074884188c4d1995cb7ce2602acdfd (127.29.8.130:37521)
I20260710 11:06:08.286897 30607 raft_consensus.cc:2804] T 5327523be931407ca8b20de9c13c879f P 6888e9e145bc4452a1d4153bcb274e82 [term 1 FOLLOWER]: Leader election won for term 1
I20260710 11:06:08.287088 30508 tablet_service.cc:1917] Received RequestConsensusVote() RPC: tablet_id: "1188533e97aa4127a5aeb755b942bb80" candidate_uuid: "db074884188c4d1995cb7ce2602acdfd" candidate_term: 1 candidate_status { last_received { term: 0 index: 0 } } ignore_live_leader: false dest_uuid: "6888e9e145bc4452a1d4153bcb274e82" is_pre_election: true
I20260710 11:06:08.287662 30607 raft_consensus.cc:697] T 5327523be931407ca8b20de9c13c879f P 6888e9e145bc4452a1d4153bcb274e82 [term 1 LEADER]: Becoming Leader. State: Replica: 6888e9e145bc4452a1d4153bcb274e82, State: Running, Role: LEADER
I20260710 11:06:08.288633 30360 tablet_service.cc:1917] Received RequestConsensusVote() RPC: tablet_id: "1188533e97aa4127a5aeb755b942bb80" candidate_uuid: "db074884188c4d1995cb7ce2602acdfd" candidate_term: 1 candidate_status { last_received { term: 0 index: 0 } } ignore_live_leader: false dest_uuid: "e13a7d1a517c489e8154077bcb5c8cf8" is_pre_election: true
I20260710 11:06:08.288956 30435 raft_consensus.cc:2468] T d59384eaf6bd4479bb94b7708f0b3655 P db074884188c4d1995cb7ce2602acdfd [term 1 FOLLOWER]: Leader election vote request: Granting yes vote for candidate 6888e9e145bc4452a1d4153bcb274e82 in term 1.
I20260710 11:06:08.289811 30360 raft_consensus.cc:2393] T 1188533e97aa4127a5aeb755b942bb80 P e13a7d1a517c489e8154077bcb5c8cf8 [term 1 FOLLOWER]: Leader pre-election vote request: Denying vote to candidate db074884188c4d1995cb7ce2602acdfd in current term 1: Already voted for candidate 6888e9e145bc4452a1d4153bcb274e82 in this term.
I20260710 11:06:08.291169 30473 leader_election.cc:304] T d59384eaf6bd4479bb94b7708f0b3655 P 6888e9e145bc4452a1d4153bcb274e82 [CANDIDATE]: Term 1 election: Election decided. Result: candidate won. Election summary: received 2 responses out of 3 voters: 2 yes votes; 0 no votes. yes voters: 6888e9e145bc4452a1d4153bcb274e82, db074884188c4d1995cb7ce2602acdfd; no voters: 
I20260710 11:06:08.291498 30554 leader_election.cc:290] T 5327523be931407ca8b20de9c13c879f P 6888e9e145bc4452a1d4153bcb274e82 [CANDIDATE]: Term 1 election: Requested vote from peers e13a7d1a517c489e8154077bcb5c8cf8 (127.29.8.129:33699), db074884188c4d1995cb7ce2602acdfd (127.29.8.130:37521)
I20260710 11:06:08.291676 30398 leader_election.cc:304] T 1188533e97aa4127a5aeb755b942bb80 P db074884188c4d1995cb7ce2602acdfd [CANDIDATE]: Term 1 pre-election: Election decided. Result: candidate lost. Election summary: received 3 responses out of 3 voters: 1 yes votes; 2 no votes. yes voters: db074884188c4d1995cb7ce2602acdfd; no voters: 6888e9e145bc4452a1d4153bcb274e82, e13a7d1a517c489e8154077bcb5c8cf8
I20260710 11:06:08.293166 30606 raft_consensus.cc:2804] T d59384eaf6bd4479bb94b7708f0b3655 P 6888e9e145bc4452a1d4153bcb274e82 [term 1 FOLLOWER]: Leader election won for term 1
I20260710 11:06:08.293708 30606 raft_consensus.cc:697] T d59384eaf6bd4479bb94b7708f0b3655 P 6888e9e145bc4452a1d4153bcb274e82 [term 1 LEADER]: Becoming Leader. State: Replica: 6888e9e145bc4452a1d4153bcb274e82, State: Running, Role: LEADER
I20260710 11:06:08.294565 30606 consensus_queue.cc:237] T d59384eaf6bd4479bb94b7708f0b3655 P 6888e9e145bc4452a1d4153bcb274e82 [LEADER]: Queue going to LEADER mode. State: All replicated index: 0, Majority replicated index: 0, Committed index: 0, Last appended: 0.0, Last appended by leader: 0, Current term: 1, Majority size: 2, State: 0, Mode: LEADER, active raft config: opid_index: -1 OBSOLETE_local: false peers { permanent_uuid: "e13a7d1a517c489e8154077bcb5c8cf8" member_type: VOTER last_known_addr { host: "127.29.8.129" port: 33699 } } peers { permanent_uuid: "db074884188c4d1995cb7ce2602acdfd" member_type: VOTER last_known_addr { host: "127.29.8.130" port: 37521 } } peers { permanent_uuid: "6888e9e145bc4452a1d4153bcb274e82" member_type: VOTER last_known_addr { host: "127.29.8.131" port: 43637 } }
I20260710 11:06:08.296838 30257 catalog_manager.cc:5697] T 362d679f15a34a5c90e1f495ba3bb1a8 P db074884188c4d1995cb7ce2602acdfd reported cstate change: term changed from 0 to 1, leader changed from <none> to db074884188c4d1995cb7ce2602acdfd (127.29.8.130). New cstate: current_term: 1 leader_uuid: "db074884188c4d1995cb7ce2602acdfd" committed_config { opid_index: -1 OBSOLETE_local: false peers { permanent_uuid: "e13a7d1a517c489e8154077bcb5c8cf8" member_type: VOTER last_known_addr { host: "127.29.8.129" port: 33699 } health_report { overall_health: UNKNOWN } } peers { permanent_uuid: "db074884188c4d1995cb7ce2602acdfd" member_type: VOTER last_known_addr { host: "127.29.8.130" port: 37521 } health_report { overall_health: HEALTHY } } peers { permanent_uuid: "6888e9e145bc4452a1d4153bcb274e82" member_type: VOTER last_known_addr { host: "127.29.8.131" port: 43637 } health_report { overall_health: UNKNOWN } } }
I20260710 11:06:08.288946 30607 consensus_queue.cc:237] T 5327523be931407ca8b20de9c13c879f P 6888e9e145bc4452a1d4153bcb274e82 [LEADER]: Queue going to LEADER mode. State: All replicated index: 0, Majority replicated index: 0, Committed index: 0, Last appended: 0.0, Last appended by leader: 0, Current term: 1, Majority size: 2, State: 0, Mode: LEADER, active raft config: opid_index: -1 OBSOLETE_local: false peers { permanent_uuid: "e13a7d1a517c489e8154077bcb5c8cf8" member_type: VOTER last_known_addr { host: "127.29.8.129" port: 33699 } } peers { permanent_uuid: "db074884188c4d1995cb7ce2602acdfd" member_type: VOTER last_known_addr { host: "127.29.8.130" port: 37521 } } peers { permanent_uuid: "6888e9e145bc4452a1d4153bcb274e82" member_type: VOTER last_known_addr { host: "127.29.8.131" port: 43637 } }
I20260710 11:06:08.300420 30559 raft_consensus.cc:3060] T 1188533e97aa4127a5aeb755b942bb80 P db074884188c4d1995cb7ce2602acdfd [term 0 FOLLOWER]: Advancing to term 1
I20260710 11:06:08.301100 30606 consensus_queue.cc:1048] T 1188533e97aa4127a5aeb755b942bb80 P 6888e9e145bc4452a1d4153bcb274e82 [LEADER]: Connected to new peer: Peer: permanent_uuid: "e13a7d1a517c489e8154077bcb5c8cf8" member_type: VOTER last_known_addr { host: "127.29.8.129" port: 33699 }, Status: LMP_MISMATCH, Last received: 0.0, Next index: 1, Last known committed idx: 0, Time since last communication: 0.001s
I20260710 11:06:08.303686 30358 raft_consensus.cc:2468] T d59384eaf6bd4479bb94b7708f0b3655 P e13a7d1a517c489e8154077bcb5c8cf8 [term 1 FOLLOWER]: Leader election vote request: Granting yes vote for candidate 6888e9e145bc4452a1d4153bcb274e82 in term 1.
I20260710 11:06:08.307943 30559 raft_consensus.cc:2749] T 1188533e97aa4127a5aeb755b942bb80 P db074884188c4d1995cb7ce2602acdfd [term 1 FOLLOWER]: Leader pre-election lost for term 1. Reason: could not achieve majority
I20260710 11:06:08.311028 30435 tablet_service.cc:1917] Received RequestConsensusVote() RPC: tablet_id: "5327523be931407ca8b20de9c13c879f" candidate_uuid: "6888e9e145bc4452a1d4153bcb274e82" candidate_term: 1 candidate_status { last_received { term: 0 index: 0 } } ignore_live_leader: false dest_uuid: "db074884188c4d1995cb7ce2602acdfd"
I20260710 11:06:08.311901 30435 raft_consensus.cc:3060] T 5327523be931407ca8b20de9c13c879f P db074884188c4d1995cb7ce2602acdfd [term 0 FOLLOWER]: Advancing to term 1
I20260710 11:06:08.322399 30435 raft_consensus.cc:2468] T 5327523be931407ca8b20de9c13c879f P db074884188c4d1995cb7ce2602acdfd [term 1 FOLLOWER]: Leader election vote request: Granting yes vote for candidate 6888e9e145bc4452a1d4153bcb274e82 in term 1.
I20260710 11:06:08.325989 30606 consensus_queue.cc:1048] T 1188533e97aa4127a5aeb755b942bb80 P 6888e9e145bc4452a1d4153bcb274e82 [LEADER]: Connected to new peer: Peer: permanent_uuid: "db074884188c4d1995cb7ce2602acdfd" member_type: VOTER last_known_addr { host: "127.29.8.130" port: 37521 }, Status: LMP_MISMATCH, Last received: 0.0, Next index: 1, Last known committed idx: 0, Time since last communication: 0.001s
I20260710 11:06:08.325316 30258 catalog_manager.cc:5697] T 5327523be931407ca8b20de9c13c879f P 6888e9e145bc4452a1d4153bcb274e82 reported cstate change: term changed from 0 to 1, leader changed from <none> to 6888e9e145bc4452a1d4153bcb274e82 (127.29.8.131). New cstate: current_term: 1 leader_uuid: "6888e9e145bc4452a1d4153bcb274e82" committed_config { opid_index: -1 OBSOLETE_local: false peers { permanent_uuid: "e13a7d1a517c489e8154077bcb5c8cf8" member_type: VOTER last_known_addr { host: "127.29.8.129" port: 33699 } health_report { overall_health: UNKNOWN } } peers { permanent_uuid: "db074884188c4d1995cb7ce2602acdfd" member_type: VOTER last_known_addr { host: "127.29.8.130" port: 37521 } health_report { overall_health: UNKNOWN } } peers { permanent_uuid: "6888e9e145bc4452a1d4153bcb274e82" member_type: VOTER last_known_addr { host: "127.29.8.131" port: 43637 } health_report { overall_health: HEALTHY } } }
I20260710 11:06:08.330312 30582 consensus_queue.cc:1048] T 00ab179746bb471396bfc9298be38a94 P db074884188c4d1995cb7ce2602acdfd [LEADER]: Connected to new peer: Peer: permanent_uuid: "e13a7d1a517c489e8154077bcb5c8cf8" member_type: VOTER last_known_addr { host: "127.29.8.129" port: 33699 }, Status: LMP_MISMATCH, Last received: 0.0, Next index: 1, Last known committed idx: 0, Time since last communication: 0.001s
I20260710 11:06:08.333482 30571 raft_consensus.cc:493] T f888beb3148343b3883a9a58ce1beb25 P e13a7d1a517c489e8154077bcb5c8cf8 [term 0 FOLLOWER]: Starting pre-election (no leader contacted us within the election timeout)
I20260710 11:06:08.334173 30571 raft_consensus.cc:515] T f888beb3148343b3883a9a58ce1beb25 P e13a7d1a517c489e8154077bcb5c8cf8 [term 0 FOLLOWER]: Starting pre-election with config: opid_index: -1 OBSOLETE_local: false peers { permanent_uuid: "e13a7d1a517c489e8154077bcb5c8cf8" member_type: VOTER last_known_addr { host: "127.29.8.129" port: 33699 } } peers { permanent_uuid: "db074884188c4d1995cb7ce2602acdfd" member_type: VOTER last_known_addr { host: "127.29.8.130" port: 37521 } } peers { permanent_uuid: "6888e9e145bc4452a1d4153bcb274e82" member_type: VOTER last_known_addr { host: "127.29.8.131" port: 43637 } }
I20260710 11:06:08.338163 30435 tablet_service.cc:1917] Received RequestConsensusVote() RPC: tablet_id: "f888beb3148343b3883a9a58ce1beb25" candidate_uuid: "e13a7d1a517c489e8154077bcb5c8cf8" candidate_term: 1 candidate_status { last_received { term: 0 index: 0 } } ignore_live_leader: false dest_uuid: "db074884188c4d1995cb7ce2602acdfd" is_pre_election: true
I20260710 11:06:08.339251 30435 raft_consensus.cc:2393] T f888beb3148343b3883a9a58ce1beb25 P db074884188c4d1995cb7ce2602acdfd [term 1 FOLLOWER]: Leader pre-election vote request: Denying vote to candidate e13a7d1a517c489e8154077bcb5c8cf8 in current term 1: Already voted for candidate 6888e9e145bc4452a1d4153bcb274e82 in this term.
I20260710 11:06:08.341631 30571 leader_election.cc:290] T f888beb3148343b3883a9a58ce1beb25 P e13a7d1a517c489e8154077bcb5c8cf8 [CANDIDATE]: Term 1 pre-election: Requested pre-vote from peers db074884188c4d1995cb7ce2602acdfd (127.29.8.130:37521), 6888e9e145bc4452a1d4153bcb274e82 (127.29.8.131:43637)
I20260710 11:06:08.343945 30509 tablet_service.cc:1917] Received RequestConsensusVote() RPC: tablet_id: "f888beb3148343b3883a9a58ce1beb25" candidate_uuid: "e13a7d1a517c489e8154077bcb5c8cf8" candidate_term: 1 candidate_status { last_received { term: 0 index: 0 } } ignore_live_leader: false dest_uuid: "6888e9e145bc4452a1d4153bcb274e82" is_pre_election: true
I20260710 11:06:08.353328 30324 leader_election.cc:304] T f888beb3148343b3883a9a58ce1beb25 P e13a7d1a517c489e8154077bcb5c8cf8 [CANDIDATE]: Term 1 pre-election: Election decided. Result: candidate lost. Election summary: received 3 responses out of 3 voters: 1 yes votes; 2 no votes. yes voters: e13a7d1a517c489e8154077bcb5c8cf8; no voters: 6888e9e145bc4452a1d4153bcb274e82, db074884188c4d1995cb7ce2602acdfd
I20260710 11:06:08.358458 30571 raft_consensus.cc:3060] T f888beb3148343b3883a9a58ce1beb25 P e13a7d1a517c489e8154077bcb5c8cf8 [term 0 FOLLOWER]: Advancing to term 1
I20260710 11:06:08.360299 30562 consensus_queue.cc:1048] T f39a7dca40254c73a07b0630c039fe8c P e13a7d1a517c489e8154077bcb5c8cf8 [LEADER]: Connected to new peer: Peer: permanent_uuid: "6888e9e145bc4452a1d4153bcb274e82" member_type: VOTER last_known_addr { host: "127.29.8.131" port: 43637 }, Status: LMP_MISMATCH, Last received: 0.0, Next index: 1, Last known committed idx: 0, Time since last communication: 0.001s
I20260710 11:06:08.362346 30257 catalog_manager.cc:5697] T d59384eaf6bd4479bb94b7708f0b3655 P 6888e9e145bc4452a1d4153bcb274e82 reported cstate change: term changed from 0 to 1, leader changed from <none> to 6888e9e145bc4452a1d4153bcb274e82 (127.29.8.131). New cstate: current_term: 1 leader_uuid: "6888e9e145bc4452a1d4153bcb274e82" committed_config { opid_index: -1 OBSOLETE_local: false peers { permanent_uuid: "e13a7d1a517c489e8154077bcb5c8cf8" member_type: VOTER last_known_addr { host: "127.29.8.129" port: 33699 } health_report { overall_health: UNKNOWN } } peers { permanent_uuid: "db074884188c4d1995cb7ce2602acdfd" member_type: VOTER last_known_addr { host: "127.29.8.130" port: 37521 } health_report { overall_health: UNKNOWN } } peers { permanent_uuid: "6888e9e145bc4452a1d4153bcb274e82" member_type: VOTER last_known_addr { host: "127.29.8.131" port: 43637 } health_report { overall_health: HEALTHY } } }
I20260710 11:06:08.370720 30562 consensus_queue.cc:1048] T 745f8decf9504c8aa8f37a4266401e6f P e13a7d1a517c489e8154077bcb5c8cf8 [LEADER]: Connected to new peer: Peer: permanent_uuid: "6888e9e145bc4452a1d4153bcb274e82" member_type: VOTER last_known_addr { host: "127.29.8.131" port: 43637 }, Status: LMP_MISMATCH, Last received: 0.0, Next index: 1, Last known committed idx: 0, Time since last communication: 0.001s
I20260710 11:06:08.395478 30360 raft_consensus.cc:3060] T d9274b82cf234b44a7ccb75a90aa3bfa P e13a7d1a517c489e8154077bcb5c8cf8 [term 0 FOLLOWER]: Advancing to term 1
I20260710 11:06:08.395646 30571 raft_consensus.cc:2749] T f888beb3148343b3883a9a58ce1beb25 P e13a7d1a517c489e8154077bcb5c8cf8 [term 1 FOLLOWER]: Leader pre-election lost for term 1. Reason: could not achieve majority
I20260710 11:06:08.407765 30435 raft_consensus.cc:3060] T 745f8decf9504c8aa8f37a4266401e6f P db074884188c4d1995cb7ce2602acdfd [term 0 FOLLOWER]: Advancing to term 1
I20260710 11:06:08.408142 30571 consensus_queue.cc:1048] T f39a7dca40254c73a07b0630c039fe8c P e13a7d1a517c489e8154077bcb5c8cf8 [LEADER]: Connected to new peer: Peer: permanent_uuid: "db074884188c4d1995cb7ce2602acdfd" member_type: VOTER last_known_addr { host: "127.29.8.130" port: 37521 }, Status: LMP_MISMATCH, Last received: 0.0, Next index: 1, Last known committed idx: 0, Time since last communication: 0.001s
I20260710 11:06:08.426177 30618 consensus_queue.cc:1048] T 745f8decf9504c8aa8f37a4266401e6f P e13a7d1a517c489e8154077bcb5c8cf8 [LEADER]: Connected to new peer: Peer: permanent_uuid: "db074884188c4d1995cb7ce2602acdfd" member_type: VOTER last_known_addr { host: "127.29.8.130" port: 37521 }, Status: LMP_MISMATCH, Last received: 0.0, Next index: 1, Last known committed idx: 0, Time since last communication: 0.001s
I20260710 11:06:08.451124 30582 consensus_queue.cc:1048] T 00ab179746bb471396bfc9298be38a94 P db074884188c4d1995cb7ce2602acdfd [LEADER]: Connected to new peer: Peer: permanent_uuid: "6888e9e145bc4452a1d4153bcb274e82" member_type: VOTER last_known_addr { host: "127.29.8.131" port: 43637 }, Status: LMP_MISMATCH, Last received: 0.0, Next index: 1, Last known committed idx: 0, Time since last communication: 0.001s
