I20260710 11:06:14.388196 20008 leader_election.cc:290] T cb2d346f53a54db0a886faf8c2046cbc P 3627ccb4fcf94b4b99e889d6fccd157d [CANDIDATE]: Term 4 election: Requested vote from peers 7f91621af4494b0ab61f8dac35a46b1a (127.18.200.193:45839), 12d0a18cba85436e824255ae37e3da6a (127.18.200.194:42263)
I20260710 11:06:14.389055 19858 tablet_service.cc:1917] Received RequestConsensusVote() RPC: tablet_id: "cb2d346f53a54db0a886faf8c2046cbc" candidate_uuid: "3627ccb4fcf94b4b99e889d6fccd157d" candidate_term: 4 candidate_status { last_received { term: 3 index: 3 } } ignore_live_leader: true dest_uuid: "7f91621af4494b0ab61f8dac35a46b1a"
I20260710 11:06:14.389236 19934 tablet_service.cc:1917] Received RequestConsensusVote() RPC: tablet_id: "cb2d346f53a54db0a886faf8c2046cbc" candidate_uuid: "3627ccb4fcf94b4b99e889d6fccd157d" candidate_term: 4 candidate_status { last_received { term: 3 index: 3 } } ignore_live_leader: true dest_uuid: "12d0a18cba85436e824255ae37e3da6a"
I20260710 11:06:14.389616 19858 raft_consensus.cc:3055] T cb2d346f53a54db0a886faf8c2046cbc P 7f91621af4494b0ab61f8dac35a46b1a [term 3 LEADER]: Stepping down as leader of term 3
I20260710 11:06:14.389670 19934 raft_consensus.cc:3060] T cb2d346f53a54db0a886faf8c2046cbc P 12d0a18cba85436e824255ae37e3da6a [term 3 FOLLOWER]: Advancing to term 4
I20260710 11:06:14.390008 19858 raft_consensus.cc:740] T cb2d346f53a54db0a886faf8c2046cbc P 7f91621af4494b0ab61f8dac35a46b1a [term 3 LEADER]: Becoming Follower/Learner. State: Replica: 7f91621af4494b0ab61f8dac35a46b1a, State: Running, Role: LEADER
I20260710 11:06:14.390797 19858 consensus_queue.cc:260] T cb2d346f53a54db0a886faf8c2046cbc P 7f91621af4494b0ab61f8dac35a46b1a [NON_LEADER]: Queue going to NON_LEADER mode. State: All replicated index: 0, Majority replicated index: 3, Committed index: 3, Last appended: 3.3, Last appended by leader: 3, Current term: 3, Majority size: -1, State: 0, Mode: NON_LEADER, active raft config: opid_index: -1 OBSOLETE_local: false peers { permanent_uuid: "7f91621af4494b0ab61f8dac35a46b1a" member_type: VOTER last_known_addr { host: "127.18.200.193" port: 45839 } } peers { permanent_uuid: "12d0a18cba85436e824255ae37e3da6a" member_type: VOTER last_known_addr { host: "127.18.200.194" port: 42263 } } peers { permanent_uuid: "3627ccb4fcf94b4b99e889d6fccd157d" member_type: VOTER last_known_addr { host: "127.18.200.195" port: 36407 } }
I20260710 11:06:14.391889 19858 raft_consensus.cc:3060] T cb2d346f53a54db0a886faf8c2046cbc P 7f91621af4494b0ab61f8dac35a46b1a [term 3 FOLLOWER]: Advancing to term 4
I20260710 11:06:14.396096 19934 raft_consensus.cc:2468] T cb2d346f53a54db0a886faf8c2046cbc P 12d0a18cba85436e824255ae37e3da6a [term 4 FOLLOWER]: Leader election vote request: Granting yes vote for candidate 3627ccb4fcf94b4b99e889d6fccd157d in term 4.
I20260710 11:06:14.397269 19974 leader_election.cc:304] T cb2d346f53a54db0a886faf8c2046cbc P 3627ccb4fcf94b4b99e889d6fccd157d [CANDIDATE]: Term 4 election: Election decided. Result: candidate won. Election summary: received 2 responses out of 3 voters: 2 yes votes; 0 no votes. yes voters: 12d0a18cba85436e824255ae37e3da6a, 3627ccb4fcf94b4b99e889d6fccd157d; no voters: 
I20260710 11:06:14.397728 19858 raft_consensus.cc:2468] T cb2d346f53a54db0a886faf8c2046cbc P 7f91621af4494b0ab61f8dac35a46b1a [term 4 FOLLOWER]: Leader election vote request: Granting yes vote for candidate 3627ccb4fcf94b4b99e889d6fccd157d in term 4.
I20260710 11:06:14.398000 20196 raft_consensus.cc:2804] T cb2d346f53a54db0a886faf8c2046cbc P 3627ccb4fcf94b4b99e889d6fccd157d [term 4 FOLLOWER]: Leader election won for term 4
I20260710 11:06:14.398523 20196 raft_consensus.cc:697] T cb2d346f53a54db0a886faf8c2046cbc P 3627ccb4fcf94b4b99e889d6fccd157d [term 4 LEADER]: Becoming Leader. State: Replica: 3627ccb4fcf94b4b99e889d6fccd157d, State: Running, Role: LEADER
I20260710 11:06:14.399369 20196 consensus_queue.cc:237] T cb2d346f53a54db0a886faf8c2046cbc P 3627ccb4fcf94b4b99e889d6fccd157d [LEADER]: Queue going to LEADER mode. State: All replicated index: 0, Majority replicated index: 3, Committed index: 3, Last appended: 3.3, Last appended by leader: 3, Current term: 4, Majority size: 2, State: 0, Mode: LEADER, active raft config: opid_index: -1 OBSOLETE_local: false peers { permanent_uuid: "7f91621af4494b0ab61f8dac35a46b1a" member_type: VOTER last_known_addr { host: "127.18.200.193" port: 45839 } } peers { permanent_uuid: "12d0a18cba85436e824255ae37e3da6a" member_type: VOTER last_known_addr { host: "127.18.200.194" port: 42263 } } peers { permanent_uuid: "3627ccb4fcf94b4b99e889d6fccd157d" member_type: VOTER last_known_addr { host: "127.18.200.195" port: 36407 } }
I20260710 11:06:14.406963 19757 catalog_manager.cc:5697] T cb2d346f53a54db0a886faf8c2046cbc P 3627ccb4fcf94b4b99e889d6fccd157d reported cstate change: term changed from 3 to 4, leader changed from 7f91621af4494b0ab61f8dac35a46b1a (127.18.200.193) to 3627ccb4fcf94b4b99e889d6fccd157d (127.18.200.195). New cstate: current_term: 4 leader_uuid: "3627ccb4fcf94b4b99e889d6fccd157d" committed_config { opid_index: -1 OBSOLETE_local: false peers { permanent_uuid: "7f91621af4494b0ab61f8dac35a46b1a" member_type: VOTER last_known_addr { host: "127.18.200.193" port: 45839 } health_report { overall_health: UNKNOWN } } peers { permanent_uuid: "12d0a18cba85436e824255ae37e3da6a" member_type: VOTER last_known_addr { host: "127.18.200.194" port: 42263 } health_report { overall_health: UNKNOWN } } peers { permanent_uuid: "3627ccb4fcf94b4b99e889d6fccd157d" member_type: VOTER last_known_addr { host: "127.18.200.195" port: 36407 } health_report { overall_health: HEALTHY } } }
I20260710 11:06:14.616684 20008 raft_consensus.cc:1275] T 29e7b8465afc4d1ba9a5d78270d32f46 P 3627ccb4fcf94b4b99e889d6fccd157d [term 4 FOLLOWER]: Refusing update from remote peer 12d0a18cba85436e824255ae37e3da6a: Log matching property violated. Preceding OpId in replica: term: 3 index: 3. Preceding OpId from leader: term: 4 index: 4. (index mismatch)
I20260710 11:06:14.618125 20195 consensus_queue.cc:1048] T 29e7b8465afc4d1ba9a5d78270d32f46 P 12d0a18cba85436e824255ae37e3da6a [LEADER]: Connected to new peer: Peer: permanent_uuid: "3627ccb4fcf94b4b99e889d6fccd157d" member_type: VOTER last_known_addr { host: "127.18.200.195" port: 36407 }, Status: LMP_MISMATCH, Last received: 0.0, Next index: 4, Last known committed idx: 3, Time since last communication: 0.000s
I20260710 11:06:14.627748 19858 raft_consensus.cc:1275] T 29e7b8465afc4d1ba9a5d78270d32f46 P 7f91621af4494b0ab61f8dac35a46b1a [term 4 FOLLOWER]: Refusing update from remote peer 12d0a18cba85436e824255ae37e3da6a: Log matching property violated. Preceding OpId in replica: term: 3 index: 3. Preceding OpId from leader: term: 4 index: 4. (index mismatch)
I20260710 11:06:14.629204 20195 consensus_queue.cc:1048] T 29e7b8465afc4d1ba9a5d78270d32f46 P 12d0a18cba85436e824255ae37e3da6a [LEADER]: Connected to new peer: Peer: permanent_uuid: "7f91621af4494b0ab61f8dac35a46b1a" member_type: VOTER last_known_addr { host: "127.18.200.193" port: 45839 }, Status: LMP_MISMATCH, Last received: 0.0, Next index: 4, Last known committed idx: 3, Time since last communication: 0.000s
I20260710 11:06:14.697064 19858 raft_consensus.cc:1275] T 74ddf4cc018348bbb6b36ee741490d09 P 7f91621af4494b0ab61f8dac35a46b1a [term 2 FOLLOWER]: Refusing update from remote peer 3627ccb4fcf94b4b99e889d6fccd157d: Log matching property violated. Preceding OpId in replica: term: 1 index: 1. Preceding OpId from leader: term: 2 index: 2. (index mismatch)
I20260710 11:06:14.698263 20196 consensus_queue.cc:1048] T 74ddf4cc018348bbb6b36ee741490d09 P 3627ccb4fcf94b4b99e889d6fccd157d [LEADER]: Connected to new peer: Peer: permanent_uuid: "7f91621af4494b0ab61f8dac35a46b1a" member_type: VOTER last_known_addr { host: "127.18.200.193" port: 45839 }, Status: LMP_MISMATCH, Last received: 0.0, Next index: 2, Last known committed idx: 1, Time since last communication: 0.000s
I20260710 11:06:14.707154 19934 raft_consensus.cc:1275] T 74ddf4cc018348bbb6b36ee741490d09 P 12d0a18cba85436e824255ae37e3da6a [term 2 FOLLOWER]: Refusing update from remote peer 3627ccb4fcf94b4b99e889d6fccd157d: Log matching property violated. Preceding OpId in replica: term: 1 index: 1. Preceding OpId from leader: term: 2 index: 2. (index mismatch)
I20260710 11:06:14.709172 20215 consensus_queue.cc:1048] T 74ddf4cc018348bbb6b36ee741490d09 P 3627ccb4fcf94b4b99e889d6fccd157d [LEADER]: Connected to new peer: Peer: permanent_uuid: "12d0a18cba85436e824255ae37e3da6a" member_type: VOTER last_known_addr { host: "127.18.200.194" port: 42263 }, Status: LMP_MISMATCH, Last received: 0.0, Next index: 2, Last known committed idx: 1, Time since last communication: 0.001s
I20260710 11:06:14.749257 19858 raft_consensus.cc:1275] T 41fe1ef75b6643459a709a959ecc72d8 P 7f91621af4494b0ab61f8dac35a46b1a [term 3 FOLLOWER]: Refusing update from remote peer 12d0a18cba85436e824255ae37e3da6a: Log matching property violated. Preceding OpId in replica: term: 2 index: 2. Preceding OpId from leader: term: 3 index: 3. (index mismatch)
I20260710 11:06:14.750669 20195 consensus_queue.cc:1048] T 41fe1ef75b6643459a709a959ecc72d8 P 12d0a18cba85436e824255ae37e3da6a [LEADER]: Connected to new peer: Peer: permanent_uuid: "7f91621af4494b0ab61f8dac35a46b1a" member_type: VOTER last_known_addr { host: "127.18.200.193" port: 45839 }, Status: LMP_MISMATCH, Last received: 0.0, Next index: 3, Last known committed idx: 2, Time since last communication: 0.000s
I20260710 11:06:14.759894 20008 raft_consensus.cc:1275] T 41fe1ef75b6643459a709a959ecc72d8 P 3627ccb4fcf94b4b99e889d6fccd157d [term 3 FOLLOWER]: Refusing update from remote peer 12d0a18cba85436e824255ae37e3da6a: Log matching property violated. Preceding OpId in replica: term: 2 index: 2. Preceding OpId from leader: term: 3 index: 3. (index mismatch)
I20260710 11:06:14.762307 20210 consensus_queue.cc:1048] T 41fe1ef75b6643459a709a959ecc72d8 P 12d0a18cba85436e824255ae37e3da6a [LEADER]: Connected to new peer: Peer: permanent_uuid: "3627ccb4fcf94b4b99e889d6fccd157d" member_type: VOTER last_known_addr { host: "127.18.200.195" port: 36407 }, Status: LMP_MISMATCH, Last received: 0.0, Next index: 3, Last known committed idx: 2, Time since last communication: 0.001s
I20260710 11:06:14.820035 19858 raft_consensus.cc:1275] T cb2d346f53a54db0a886faf8c2046cbc P 7f91621af4494b0ab61f8dac35a46b1a [term 4 FOLLOWER]: Refusing update from remote peer 3627ccb4fcf94b4b99e889d6fccd157d: Log matching property violated. Preceding OpId in replica: term: 3 index: 3. Preceding OpId from leader: term: 4 index: 4. (index mismatch)
I20260710 11:06:14.821455 20215 consensus_queue.cc:1048] T cb2d346f53a54db0a886faf8c2046cbc P 3627ccb4fcf94b4b99e889d6fccd157d [LEADER]: Connected to new peer: Peer: permanent_uuid: "7f91621af4494b0ab61f8dac35a46b1a" member_type: VOTER last_known_addr { host: "127.18.200.193" port: 45839 }, Status: LMP_MISMATCH, Last received: 0.0, Next index: 4, Last known committed idx: 3, Time since last communication: 0.000s
I20260710 11:06:14.829795 19934 raft_consensus.cc:1275] T cb2d346f53a54db0a886faf8c2046cbc P 12d0a18cba85436e824255ae37e3da6a [term 4 FOLLOWER]: Refusing update from remote peer 3627ccb4fcf94b4b99e889d6fccd157d: Log matching property violated. Preceding OpId in replica: term: 3 index: 3. Preceding OpId from leader: term: 4 index: 4. (index mismatch)
I20260710 11:06:14.832450 20196 consensus_queue.cc:1048] T cb2d346f53a54db0a886faf8c2046cbc P 3627ccb4fcf94b4b99e889d6fccd157d [LEADER]: Connected to new peer: Peer: permanent_uuid: "12d0a18cba85436e824255ae37e3da6a" member_type: VOTER last_known_addr { host: "127.18.200.194" port: 42263 }, Status: LMP_MISMATCH, Last received: 0.0, Next index: 4, Last known committed idx: 3, Time since last communication: 0.000s
I20260710 11:06:15.023430 19235 auto_leader_rebalancer.cc:141] leader rebalance for table test-workload
I20260710 11:06:15.030614 19235 tablet_server.cc:179] TabletServer@127.18.200.193:0 shutting down...
I20260710 11:06:15.055835 19235 ts_tablet_manager.cc:1507] Shutting down tablet manager...
I20260710 11:06:15.056710 19235 tablet_replica.cc:333] T 57a3e0fa73cd47d3ac33ce2a59c45832 P 7f91621af4494b0ab61f8dac35a46b1a: stopping tablet replica
I20260710 11:06:15.057446 19235 raft_consensus.cc:2243] T 57a3e0fa73cd47d3ac33ce2a59c45832 P 7f91621af4494b0ab61f8dac35a46b1a [term 2 FOLLOWER]: Raft consensus shutting down.
I20260710 11:06:15.057950 19235 raft_consensus.cc:2272] T 57a3e0fa73cd47d3ac33ce2a59c45832 P 7f91621af4494b0ab61f8dac35a46b1a [term 2 FOLLOWER]: Raft consensus is shut down!
I20260710 11:06:15.059963 19235 tablet_replica.cc:333] T 845e7b6f6dd04ad382140c1201c35e57 P 7f91621af4494b0ab61f8dac35a46b1a: stopping tablet replica
I20260710 11:06:15.060503 19235 raft_consensus.cc:2243] T 845e7b6f6dd04ad382140c1201c35e57 P 7f91621af4494b0ab61f8dac35a46b1a [term 2 FOLLOWER]: Raft consensus shutting down.
I20260710 11:06:15.061004 19235 raft_consensus.cc:2272] T 845e7b6f6dd04ad382140c1201c35e57 P 7f91621af4494b0ab61f8dac35a46b1a [term 2 FOLLOWER]: Raft consensus is shut down!
I20260710 11:06:15.062759 19235 tablet_replica.cc:333] T 41fe1ef75b6643459a709a959ecc72d8 P 7f91621af4494b0ab61f8dac35a46b1a: stopping tablet replica
I20260710 11:06:15.063248 19235 raft_consensus.cc:2243] T 41fe1ef75b6643459a709a959ecc72d8 P 7f91621af4494b0ab61f8dac35a46b1a [term 3 FOLLOWER]: Raft consensus shutting down.
I20260710 11:06:15.063660 19235 raft_consensus.cc:2272] T 41fe1ef75b6643459a709a959ecc72d8 P 7f91621af4494b0ab61f8dac35a46b1a [term 3 FOLLOWER]: Raft consensus is shut down!
I20260710 11:06:15.066331 19235 tablet_replica.cc:333] T 3e98033f0a604f728b149431006da13e P 7f91621af4494b0ab61f8dac35a46b1a: stopping tablet replica
I20260710 11:06:15.066828 19235 raft_consensus.cc:2243] T 3e98033f0a604f728b149431006da13e P 7f91621af4494b0ab61f8dac35a46b1a [term 3 LEADER]: Raft consensus shutting down.
I20260710 11:06:15.067485 19235 raft_consensus.cc:2272] T 3e98033f0a604f728b149431006da13e P 7f91621af4494b0ab61f8dac35a46b1a [term 3 FOLLOWER]: Raft consensus is shut down!
I20260710 11:06:15.069010 19235 tablet_replica.cc:333] T fcd34b55b88444f9b5e8e6225b45d09f P 7f91621af4494b0ab61f8dac35a46b1a: stopping tablet replica
I20260710 11:06:15.069512 19235 raft_consensus.cc:2243] T fcd34b55b88444f9b5e8e6225b45d09f P 7f91621af4494b0ab61f8dac35a46b1a [term 2 LEADER]: Raft consensus shutting down.
I20260710 11:06:15.070307 19235 raft_consensus.cc:2272] T fcd34b55b88444f9b5e8e6225b45d09f P 7f91621af4494b0ab61f8dac35a46b1a [term 2 FOLLOWER]: Raft consensus is shut down!
I20260710 11:06:15.072140 19235 tablet_replica.cc:333] T 74ddf4cc018348bbb6b36ee741490d09 P 7f91621af4494b0ab61f8dac35a46b1a: stopping tablet replica
I20260710 11:06:15.072646 19235 raft_consensus.cc:2243] T 74ddf4cc018348bbb6b36ee741490d09 P 7f91621af4494b0ab61f8dac35a46b1a [term 2 FOLLOWER]: Raft consensus shutting down.
I20260710 11:06:15.073042 19235 raft_consensus.cc:2272] T 74ddf4cc018348bbb6b36ee741490d09 P 7f91621af4494b0ab61f8dac35a46b1a [term 2 FOLLOWER]: Raft consensus is shut down!
I20260710 11:06:15.075044 19235 tablet_replica.cc:333] T cb2d346f53a54db0a886faf8c2046cbc P 7f91621af4494b0ab61f8dac35a46b1a: stopping tablet replica
I20260710 11:06:15.075569 19235 raft_consensus.cc:2243] T cb2d346f53a54db0a886faf8c2046cbc P 7f91621af4494b0ab61f8dac35a46b1a [term 4 FOLLOWER]: Raft consensus shutting down.
I20260710 11:06:15.075959 19235 raft_consensus.cc:2272] T cb2d346f53a54db0a886faf8c2046cbc P 7f91621af4494b0ab61f8dac35a46b1a [term 4 FOLLOWER]: Raft consensus is shut down!
I20260710 11:06:15.077893 19235 tablet_replica.cc:333] T 3c777b21278644cbaf4669eb73bda873 P 7f91621af4494b0ab61f8dac35a46b1a: stopping tablet replica
I20260710 11:06:15.078434 19235 raft_consensus.cc:2243] T 3c777b21278644cbaf4669eb73bda873 P 7f91621af4494b0ab61f8dac35a46b1a [term 3 LEADER]: Raft consensus shutting down.
I20260710 11:06:15.079115 19235 raft_consensus.cc:2272] T 3c777b21278644cbaf4669eb73bda873 P 7f91621af4494b0ab61f8dac35a46b1a [term 3 FOLLOWER]: Raft consensus is shut down!
I20260710 11:06:15.080786 19235 tablet_replica.cc:333] T d235e0a2b3bc4c8098bb5cd2b01a2968 P 7f91621af4494b0ab61f8dac35a46b1a: stopping tablet replica
I20260710 11:06:15.081264 19235 raft_consensus.cc:2243] T d235e0a2b3bc4c8098bb5cd2b01a2968 P 7f91621af4494b0ab61f8dac35a46b1a [term 3 LEADER]: Raft consensus shutting down.
I20260710 11:06:15.081940 19235 raft_consensus.cc:2272] T d235e0a2b3bc4c8098bb5cd2b01a2968 P 7f91621af4494b0ab61f8dac35a46b1a [term 3 FOLLOWER]: Raft consensus is shut down!
I20260710 11:06:15.083519 19235 tablet_replica.cc:333] T 29e7b8465afc4d1ba9a5d78270d32f46 P 7f91621af4494b0ab61f8dac35a46b1a: stopping tablet replica
I20260710 11:06:15.083959 19235 raft_consensus.cc:2243] T 29e7b8465afc4d1ba9a5d78270d32f46 P 7f91621af4494b0ab61f8dac35a46b1a [term 4 FOLLOWER]: Raft consensus shutting down.
I20260710 11:06:15.084339 19235 raft_consensus.cc:2272] T 29e7b8465afc4d1ba9a5d78270d32f46 P 7f91621af4494b0ab61f8dac35a46b1a [term 4 FOLLOWER]: Raft consensus is shut down!
W20260710 11:06:15.101992 19971 proxy.cc:239] Call had error, refreshing address and retrying: Network error: Client connection negotiation failed: client connection to 127.18.200.193:45839: connect: Connection refused (error 111) [suppressed 11 similar messages]
I20260710 11:06:15.104812 19235 tablet_server.cc:196] TabletServer@127.18.200.193:0 shutdown complete.
W20260710 11:06:15.105785 19971 consensus_peers.cc:597] T 57a3e0fa73cd47d3ac33ce2a59c45832 P 3627ccb4fcf94b4b99e889d6fccd157d -> Peer 7f91621af4494b0ab61f8dac35a46b1a (127.18.200.193:45839): Couldn't send request to peer 7f91621af4494b0ab61f8dac35a46b1a. Status: Network error: Client connection negotiation failed: client connection to 127.18.200.193:45839: connect: Connection refused (error 111). This is attempt 1: this message will repeat every 5th retry.
W20260710 11:06:15.126319 19897 consensus_peers.cc:597] T 29e7b8465afc4d1ba9a5d78270d32f46 P 12d0a18cba85436e824255ae37e3da6a -> Peer 7f91621af4494b0ab61f8dac35a46b1a (127.18.200.193:45839): Couldn't send request to peer 7f91621af4494b0ab61f8dac35a46b1a. Status: Network error: Client connection negotiation failed: client connection to 127.18.200.193:45839: connect: Connection refused (error 111). This is attempt 1: this message will repeat every 5th retry.
I20260710 11:06:15.132429 19235 tablet_server.cc:179] TabletServer@127.18.200.194:0 shutting down...
W20260710 11:06:15.142505 19971 consensus_peers.cc:597] T 74ddf4cc018348bbb6b36ee741490d09 P 3627ccb4fcf94b4b99e889d6fccd157d -> Peer 7f91621af4494b0ab61f8dac35a46b1a (127.18.200.193:45839): Couldn't send request to peer 7f91621af4494b0ab61f8dac35a46b1a. Status: Network error: Client connection negotiation failed: client connection to 127.18.200.193:45839: connect: Connection refused (error 111). This is attempt 1: this message will repeat every 5th retry.
I20260710 11:06:15.160125 19235 ts_tablet_manager.cc:1507] Shutting down tablet manager...
I20260710 11:06:15.161000 19235 tablet_replica.cc:333] T 3e98033f0a604f728b149431006da13e P 12d0a18cba85436e824255ae37e3da6a: stopping tablet replica
I20260710 11:06:15.161674 19235 raft_consensus.cc:2243] T 3e98033f0a604f728b149431006da13e P 12d0a18cba85436e824255ae37e3da6a [term 3 FOLLOWER]: Raft consensus shutting down.
I20260710 11:06:15.162086 19235 raft_consensus.cc:2272] T 3e98033f0a604f728b149431006da13e P 12d0a18cba85436e824255ae37e3da6a [term 3 FOLLOWER]: Raft consensus is shut down!
I20260710 11:06:15.163908 19235 tablet_replica.cc:333] T fcd34b55b88444f9b5e8e6225b45d09f P 12d0a18cba85436e824255ae37e3da6a: stopping tablet replica
I20260710 11:06:15.164386 19235 raft_consensus.cc:2243] T fcd34b55b88444f9b5e8e6225b45d09f P 12d0a18cba85436e824255ae37e3da6a [term 2 FOLLOWER]: Raft consensus shutting down.
I20260710 11:06:15.164747 19235 raft_consensus.cc:2272] T fcd34b55b88444f9b5e8e6225b45d09f P 12d0a18cba85436e824255ae37e3da6a [term 2 FOLLOWER]: Raft consensus is shut down!
I20260710 11:06:15.166541 19235 tablet_replica.cc:333] T d235e0a2b3bc4c8098bb5cd2b01a2968 P 12d0a18cba85436e824255ae37e3da6a: stopping tablet replica
I20260710 11:06:15.166986 19235 raft_consensus.cc:2243] T d235e0a2b3bc4c8098bb5cd2b01a2968 P 12d0a18cba85436e824255ae37e3da6a [term 3 FOLLOWER]: Raft consensus shutting down.
I20260710 11:06:15.167348 19235 raft_consensus.cc:2272] T d235e0a2b3bc4c8098bb5cd2b01a2968 P 12d0a18cba85436e824255ae37e3da6a [term 3 FOLLOWER]: Raft consensus is shut down!
I20260710 11:06:15.169178 19235 tablet_replica.cc:333] T 29e7b8465afc4d1ba9a5d78270d32f46 P 12d0a18cba85436e824255ae37e3da6a: stopping tablet replica
I20260710 11:06:15.169615 19235 raft_consensus.cc:2243] T 29e7b8465afc4d1ba9a5d78270d32f46 P 12d0a18cba85436e824255ae37e3da6a [term 4 LEADER]: Raft consensus shutting down.
I20260710 11:06:15.170356 19235 raft_consensus.cc:2272] T 29e7b8465afc4d1ba9a5d78270d32f46 P 12d0a18cba85436e824255ae37e3da6a [term 4 FOLLOWER]: Raft consensus is shut down!
I20260710 11:06:15.172215 19235 tablet_replica.cc:333] T 74ddf4cc018348bbb6b36ee741490d09 P 12d0a18cba85436e824255ae37e3da6a: stopping tablet replica
I20260710 11:06:15.172685 19235 raft_consensus.cc:2243] T 74ddf4cc018348bbb6b36ee741490d09 P 12d0a18cba85436e824255ae37e3da6a [term 2 FOLLOWER]: Raft consensus shutting down.
I20260710 11:06:15.173044 19235 raft_consensus.cc:2272] T 74ddf4cc018348bbb6b36ee741490d09 P 12d0a18cba85436e824255ae37e3da6a [term 2 FOLLOWER]: Raft consensus is shut down!
I20260710 11:06:15.175100 19235 tablet_replica.cc:333] T 57a3e0fa73cd47d3ac33ce2a59c45832 P 12d0a18cba85436e824255ae37e3da6a: stopping tablet replica
I20260710 11:06:15.175549 19235 raft_consensus.cc:2243] T 57a3e0fa73cd47d3ac33ce2a59c45832 P 12d0a18cba85436e824255ae37e3da6a [term 2 FOLLOWER]: Raft consensus shutting down.
I20260710 11:06:15.175886 19235 raft_consensus.cc:2272] T 57a3e0fa73cd47d3ac33ce2a59c45832 P 12d0a18cba85436e824255ae37e3da6a [term 2 FOLLOWER]: Raft consensus is shut down!
I20260710 11:06:15.177521 19235 tablet_replica.cc:333] T 3c777b21278644cbaf4669eb73bda873 P 12d0a18cba85436e824255ae37e3da6a: stopping tablet replica
I20260710 11:06:15.178001 19235 raft_consensus.cc:2243] T 3c777b21278644cbaf4669eb73bda873 P 12d0a18cba85436e824255ae37e3da6a [term 3 FOLLOWER]: Raft consensus shutting down.
I20260710 11:06:15.178429 19235 raft_consensus.cc:2272] T 3c777b21278644cbaf4669eb73bda873 P 12d0a18cba85436e824255ae37e3da6a [term 3 FOLLOWER]: Raft consensus is shut down!
I20260710 11:06:15.179925 19235 tablet_replica.cc:333] T cb2d346f53a54db0a886faf8c2046cbc P 12d0a18cba85436e824255ae37e3da6a: stopping tablet replica
I20260710 11:06:15.180375 19235 raft_consensus.cc:2243] T cb2d346f53a54db0a886faf8c2046cbc P 12d0a18cba85436e824255ae37e3da6a [term 4 FOLLOWER]: Raft consensus shutting down.
I20260710 11:06:15.180779 19235 raft_consensus.cc:2272] T cb2d346f53a54db0a886faf8c2046cbc P 12d0a18cba85436e824255ae37e3da6a [term 4 FOLLOWER]: Raft consensus is shut down!
I20260710 11:06:15.182932 19235 tablet_replica.cc:333] T 845e7b6f6dd04ad382140c1201c35e57 P 12d0a18cba85436e824255ae37e3da6a: stopping tablet replica
I20260710 11:06:15.183418 19235 raft_consensus.cc:2243] T 845e7b6f6dd04ad382140c1201c35e57 P 12d0a18cba85436e824255ae37e3da6a [term 2 LEADER]: Raft consensus shutting down.
I20260710 11:06:15.184110 19235 raft_consensus.cc:2272] T 845e7b6f6dd04ad382140c1201c35e57 P 12d0a18cba85436e824255ae37e3da6a [term 2 FOLLOWER]: Raft consensus is shut down!
I20260710 11:06:15.185643 19235 tablet_replica.cc:333] T 41fe1ef75b6643459a709a959ecc72d8 P 12d0a18cba85436e824255ae37e3da6a: stopping tablet replica
I20260710 11:06:15.186081 19235 raft_consensus.cc:2243] T 41fe1ef75b6643459a709a959ecc72d8 P 12d0a18cba85436e824255ae37e3da6a [term 3 LEADER]: Raft consensus shutting down.
I20260710 11:06:15.186821 19235 raft_consensus.cc:2272] T 41fe1ef75b6643459a709a959ecc72d8 P 12d0a18cba85436e824255ae37e3da6a [term 3 FOLLOWER]: Raft consensus is shut down!
I20260710 11:06:15.214912 19235 tablet_server.cc:196] TabletServer@127.18.200.194:0 shutdown complete.
W20260710 11:06:15.217890 19971 consensus_peers.cc:597] T cb2d346f53a54db0a886faf8c2046cbc P 3627ccb4fcf94b4b99e889d6fccd157d -> Peer 7f91621af4494b0ab61f8dac35a46b1a (127.18.200.193:45839): Couldn't send request to peer 7f91621af4494b0ab61f8dac35a46b1a. Status: Network error: Client connection negotiation failed: client connection to 127.18.200.193:45839: connect: Connection refused (error 111). This is attempt 1: this message will repeat every 5th retry.
I20260710 11:06:15.233958 19235 tablet_server.cc:179] TabletServer@127.18.200.195:0 shutting down...
W20260710 11:06:15.258455 19974 consensus_peers.cc:597] T cb2d346f53a54db0a886faf8c2046cbc P 3627ccb4fcf94b4b99e889d6fccd157d -> Peer 12d0a18cba85436e824255ae37e3da6a (127.18.200.194:42263): Couldn't send request to peer 12d0a18cba85436e824255ae37e3da6a. Status: Network error: Client connection negotiation failed: client connection to 127.18.200.194:42263: connect: Connection refused (error 111). This is attempt 1: this message will repeat every 5th retry.
I20260710 11:06:15.260283 19235 ts_tablet_manager.cc:1507] Shutting down tablet manager...
I20260710 11:06:15.260900 19235 tablet_replica.cc:333] T 57a3e0fa73cd47d3ac33ce2a59c45832 P 3627ccb4fcf94b4b99e889d6fccd157d: stopping tablet replica
I20260710 11:06:15.261572 19235 raft_consensus.cc:2243] T 57a3e0fa73cd47d3ac33ce2a59c45832 P 3627ccb4fcf94b4b99e889d6fccd157d [term 2 LEADER]: Raft consensus shutting down.
I20260710 11:06:15.262344 19235 raft_consensus.cc:2272] T 57a3e0fa73cd47d3ac33ce2a59c45832 P 3627ccb4fcf94b4b99e889d6fccd157d [term 2 FOLLOWER]: Raft consensus is shut down!
I20260710 11:06:15.264183 19235 tablet_replica.cc:333] T 845e7b6f6dd04ad382140c1201c35e57 P 3627ccb4fcf94b4b99e889d6fccd157d: stopping tablet replica
I20260710 11:06:15.264660 19235 raft_consensus.cc:2243] T 845e7b6f6dd04ad382140c1201c35e57 P 3627ccb4fcf94b4b99e889d6fccd157d [term 2 FOLLOWER]: Raft consensus shutting down.
I20260710 11:06:15.265095 19235 raft_consensus.cc:2272] T 845e7b6f6dd04ad382140c1201c35e57 P 3627ccb4fcf94b4b99e889d6fccd157d [term 2 FOLLOWER]: Raft consensus is shut down!
I20260710 11:06:15.267360 19235 tablet_replica.cc:333] T 3e98033f0a604f728b149431006da13e P 3627ccb4fcf94b4b99e889d6fccd157d: stopping tablet replica
I20260710 11:06:15.268069 19235 raft_consensus.cc:2243] T 3e98033f0a604f728b149431006da13e P 3627ccb4fcf94b4b99e889d6fccd157d [term 3 FOLLOWER]: Raft consensus shutting down.
I20260710 11:06:15.268569 19235 raft_consensus.cc:2272] T 3e98033f0a604f728b149431006da13e P 3627ccb4fcf94b4b99e889d6fccd157d [term 3 FOLLOWER]: Raft consensus is shut down!
W20260710 11:06:15.269634 19974 consensus_peers.cc:597] T 74ddf4cc018348bbb6b36ee741490d09 P 3627ccb4fcf94b4b99e889d6fccd157d -> Peer 12d0a18cba85436e824255ae37e3da6a (127.18.200.194:42263): Couldn't send request to peer 12d0a18cba85436e824255ae37e3da6a. Status: Network error: Client connection negotiation failed: client connection to 127.18.200.194:42263: connect: Connection refused (error 111). This is attempt 1: this message will repeat every 5th retry.
I20260710 11:06:15.270633 19235 tablet_replica.cc:333] T 29e7b8465afc4d1ba9a5d78270d32f46 P 3627ccb4fcf94b4b99e889d6fccd157d: stopping tablet replica
I20260710 11:06:15.271102 19235 raft_consensus.cc:2243] T 29e7b8465afc4d1ba9a5d78270d32f46 P 3627ccb4fcf94b4b99e889d6fccd157d [term 4 FOLLOWER]: Raft consensus shutting down.
I20260710 11:06:15.271481 19235 raft_consensus.cc:2272] T 29e7b8465afc4d1ba9a5d78270d32f46 P 3627ccb4fcf94b4b99e889d6fccd157d [term 4 FOLLOWER]: Raft consensus is shut down!
I20260710 11:06:15.273272 19235 tablet_replica.cc:333] T d235e0a2b3bc4c8098bb5cd2b01a2968 P 3627ccb4fcf94b4b99e889d6fccd157d: stopping tablet replica
I20260710 11:06:15.273720 19235 raft_consensus.cc:2243] T d235e0a2b3bc4c8098bb5cd2b01a2968 P 3627ccb4fcf94b4b99e889d6fccd157d [term 3 FOLLOWER]: Raft consensus shutting down.
I20260710 11:06:15.274097 19235 raft_consensus.cc:2272] T d235e0a2b3bc4c8098bb5cd2b01a2968 P 3627ccb4fcf94b4b99e889d6fccd157d [term 3 FOLLOWER]: Raft consensus is shut down!
I20260710 11:06:15.275668 19235 tablet_replica.cc:333] T fcd34b55b88444f9b5e8e6225b45d09f P 3627ccb4fcf94b4b99e889d6fccd157d: stopping tablet replica
I20260710 11:06:15.276109 19235 raft_consensus.cc:2243] T fcd34b55b88444f9b5e8e6225b45d09f P 3627ccb4fcf94b4b99e889d6fccd157d [term 2 FOLLOWER]: Raft consensus shutting down.
I20260710 11:06:15.276477 19235 raft_consensus.cc:2272] T fcd34b55b88444f9b5e8e6225b45d09f P 3627ccb4fcf94b4b99e889d6fccd157d [term 2 FOLLOWER]: Raft consensus is shut down!
I20260710 11:06:15.278676 19235 tablet_replica.cc:333] T 3c777b21278644cbaf4669eb73bda873 P 3627ccb4fcf94b4b99e889d6fccd157d: stopping tablet replica
I20260710 11:06:15.279452 19235 raft_consensus.cc:2243] T 3c777b21278644cbaf4669eb73bda873 P 3627ccb4fcf94b4b99e889d6fccd157d [term 3 FOLLOWER]: Raft consensus shutting down.
I20260710 11:06:15.279987 19235 raft_consensus.cc:2272] T 3c777b21278644cbaf4669eb73bda873 P 3627ccb4fcf94b4b99e889d6fccd157d [term 3 FOLLOWER]: Raft consensus is shut down!
I20260710 11:06:15.281519 19235 tablet_replica.cc:333] T cb2d346f53a54db0a886faf8c2046cbc P 3627ccb4fcf94b4b99e889d6fccd157d: stopping tablet replica
I20260710 11:06:15.281987 19235 raft_consensus.cc:2243] T cb2d346f53a54db0a886faf8c2046cbc P 3627ccb4fcf94b4b99e889d6fccd157d [term 4 LEADER]: Raft consensus shutting down.
I20260710 11:06:15.282713 19235 raft_consensus.cc:2272] T cb2d346f53a54db0a886faf8c2046cbc P 3627ccb4fcf94b4b99e889d6fccd157d [term 4 FOLLOWER]: Raft consensus is shut down!
I20260710 11:06:15.284497 19235 tablet_replica.cc:333] T 74ddf4cc018348bbb6b36ee741490d09 P 3627ccb4fcf94b4b99e889d6fccd157d: stopping tablet replica
I20260710 11:06:15.284979 19235 raft_consensus.cc:2243] T 74ddf4cc018348bbb6b36ee741490d09 P 3627ccb4fcf94b4b99e889d6fccd157d [term 2 LEADER]: Raft consensus shutting down.
I20260710 11:06:15.285662 19235 raft_consensus.cc:2272] T 74ddf4cc018348bbb6b36ee741490d09 P 3627ccb4fcf94b4b99e889d6fccd157d [term 2 FOLLOWER]: Raft consensus is shut down!
I20260710 11:06:15.287506 19235 tablet_replica.cc:333] T 41fe1ef75b6643459a709a959ecc72d8 P 3627ccb4fcf94b4b99e889d6fccd157d: stopping tablet replica
I20260710 11:06:15.287947 19235 raft_consensus.cc:2243] T 41fe1ef75b6643459a709a959ecc72d8 P 3627ccb4fcf94b4b99e889d6fccd157d [term 3 FOLLOWER]: Raft consensus shutting down.
I20260710 11:06:15.288341 19235 raft_consensus.cc:2272] T 41fe1ef75b6643459a709a959ecc72d8 P 3627ccb4fcf94b4b99e889d6fccd157d [term 3 FOLLOWER]: Raft consensus is shut down!
I20260710 11:06:15.315353 19235 tablet_server.cc:196] TabletServer@127.18.200.195:0 shutdown complete.
I20260710 11:06:15.339351 19235 master.cc:562] Master@127.18.200.254:34433 shutting down...
I20260710 11:06:15.358273 19235 raft_consensus.cc:2243] T 00000000000000000000000000000000 P f7932c5fcac648a0a33f4275ce2022b5 [term 1 LEADER]: Raft consensus shutting down.
I20260710 11:06:15.358805 19235 raft_consensus.cc:2272] T 00000000000000000000000000000000 P f7932c5fcac648a0a33f4275ce2022b5 [term 1 FOLLOWER]: Raft consensus is shut down!
I20260710 11:06:15.359073 19235 tablet_replica.cc:333] T 00000000000000000000000000000000 P f7932c5fcac648a0a33f4275ce2022b5: stopping tablet replica
I20260710 11:06:15.378561 19235 master.cc:584] Master@127.18.200.254:34433 shutdown complete.
12d0a18cba85436e824255ae37e3da6a  4
3627ccb4fcf94b4b99e889d6fccd157d  1
7f91621af4494b0ab61f8dac35a46b1a  5
[       OK ] LeaderRebalancerTest.FunctionalTestForNotDivided (10399 ms)
[ RUN      ] LeaderRebalancerTest.AddTserver
I20260710 11:06:15.419525 19235 internal_mini_cluster.cc:156] Creating distributed mini masters. Addrs: 127.18.200.254:42483
I20260710 11:06:15.420675 19235 file_cache.cc:504] Constructed file cache file cache with capacity 419430
W20260710 11:06:15.426151 20226 instance_detector.cc:116] could not retrieve Azure instance metadata: Network error: curl error: HTTP response code said error: The requested URL returned error: 404
W20260710 11:06:15.426147 20225 instance_detector.cc:116] could not retrieve AWS instance metadata: Network error: curl error: HTTP response code said error: The requested URL returned error: 404
W20260710 11:06:15.427802 20228 instance_detector.cc:116] could not retrieve OpenStack instance metadata: Network error: curl error: HTTP response code said error: The requested URL returned error: 404
I20260710 11:06:15.428725 19235 server_base.cc:1061] running on GCE node
I20260710 11:06:15.429600 19235 hybrid_clock.cc:584] initializing the hybrid clock with 'system_unsync' time source
W20260710 11:06:15.429776 19235 system_unsync_time.cc:38] NTP support is disabled. Clock error bounds will not be accurate. This configuration is not suitable for distributed clusters.
I20260710 11:06:15.429890 19235 hybrid_clock.cc:648] HybridClock initialized: now 1783681575429879 us; error 0 us; skew 500 ppm
I20260710 11:06:15.430419 19235 server_base.cc:861] Flag tcmalloc_max_total_thread_cache_bytes is not working since tcmalloc is not enabled.
I20260710 11:06:15.432814 19235 webserver.cc:533] Webserver started at http://127.18.200.254:41567/ using document root <none> and password file <none>
I20260710 11:06:15.433256 19235 fs_manager.cc:362] Metadata directory not provided
I20260710 11:06:15.433409 19235 fs_manager.cc:368] Using write-ahead log directory (fs_wal_dir) as metadata directory
I20260710 11:06:15.433629 19235 server_base.cc:909] This appears to be a new deployment of Kudu; creating new FS layout
I20260710 11:06:15.434751 19235 fs_manager.cc:1068] Generated new instance metadata in path /tmp/dist-test-taskIjboFt/test-tmp/auto_leader_rebalancer-test.0.LeaderRebalancerTest.AddTserver.1783681551397188-19235-0/minicluster-data/master-0-root/instance:
uuid: "ba80d4d9affa4f3b9fdbdf9358e3718e"
format_stamp: "Formatted at 2026-07-10 11:06:15 on dist-test-slave-w8qh"
I20260710 11:06:15.439070 19235 fs_manager.cc:696] Time spent creating directory manager: real 0.004s	user 0.004s	sys 0.000s
I20260710 11:06:15.442517 20233 log_block_manager.cc:4127] Time spent loading block containers with low live blocks: real 0.000s	user 0.000s	sys 0.000s
I20260710 11:06:15.443274 19235 fs_manager.cc:730] Time spent opening block manager: real 0.002s	user 0.002s	sys 0.001s
I20260710 11:06:15.443588 19235 fs_manager.cc:647] Opened local filesystem: /tmp/dist-test-taskIjboFt/test-tmp/auto_leader_rebalancer-test.0.LeaderRebalancerTest.AddTserver.1783681551397188-19235-0/minicluster-data/master-0-root
uuid: "ba80d4d9affa4f3b9fdbdf9358e3718e"
format_stamp: "Formatted at 2026-07-10 11:06:15 on dist-test-slave-w8qh"
I20260710 11:06:15.443876 19235 fs_report.cc:389] FS layout report
--------------------
wal directory: /tmp/dist-test-taskIjboFt/test-tmp/auto_leader_rebalancer-test.0.LeaderRebalancerTest.AddTserver.1783681551397188-19235-0/minicluster-data/master-0-root
metadata directory: /tmp/dist-test-taskIjboFt/test-tmp/auto_leader_rebalancer-test.0.LeaderRebalancerTest.AddTserver.1783681551397188-19235-0/minicluster-data/master-0-root
1 data directories: /tmp/dist-test-taskIjboFt/test-tmp/auto_leader_rebalancer-test.0.LeaderRebalancerTest.AddTserver.1783681551397188-19235-0/minicluster-data/master-0-root/data
Total live blocks: 0
Total live bytes: 0
Total live bytes (after alignment): 0
Total number of LBM containers: 0 (0 full)
Did not check for missing blocks
Did not check for orphaned blocks
Total full LBM containers with extra space: 0 (0 repaired)
Total full LBM container extra space in bytes: 0 (0 repaired)
Total incomplete LBM containers: 0 (0 repaired)
Total LBM partial records: 0 (0 repaired)
Total corrupted LBM metadata records in RocksDB: 0 (0 repaired)
I20260710 11:06:15.459599 19235 rpc_server.cc:225] running with OpenSSL 1.1.1  11 Sep 2018
I20260710 11:06:15.460834 19235 kserver.cc:163] Server-wide thread pool size limit: 3276
I20260710 11:06:15.499151 19235 rpc_server.cc:307] RPC server started. Bound to: 127.18.200.254:42483
I20260710 11:06:15.499256 20284 acceptor_pool.cc:272] collecting diagnostics on the listening RPC socket 127.18.200.254:42483 every 8 connection(s)
I20260710 11:06:15.503122 20285 data_dirs.cc:400] Could only allocate 1 dirs of requested 3 for tablet 00000000000000000000000000000000. 1 dirs total, 0 dirs full, 0 dirs failed
I20260710 11:06:15.512984 20285 tablet_bootstrap.cc:492] T 00000000000000000000000000000000 P ba80d4d9affa4f3b9fdbdf9358e3718e: Bootstrap starting.
I20260710 11:06:15.517666 20285 tablet_bootstrap.cc:654] T 00000000000000000000000000000000 P ba80d4d9affa4f3b9fdbdf9358e3718e: Neither blocks nor log segments found. Creating new log.
I20260710 11:06:15.522116 20285 tablet_bootstrap.cc:492] T 00000000000000000000000000000000 P ba80d4d9affa4f3b9fdbdf9358e3718e: No bootstrap required, opened a new log
I20260710 11:06:15.524330 20285 raft_consensus.cc:359] T 00000000000000000000000000000000 P ba80d4d9affa4f3b9fdbdf9358e3718e [term 0 FOLLOWER]: Replica starting. Triggering 0 pending ops. Active config: opid_index: -1 OBSOLETE_local: true peers { permanent_uuid: "ba80d4d9affa4f3b9fdbdf9358e3718e" member_type: VOTER }
I20260710 11:06:15.524751 20285 raft_consensus.cc:385] T 00000000000000000000000000000000 P ba80d4d9affa4f3b9fdbdf9358e3718e [term 0 FOLLOWER]: Consensus starting up: Expiring failure detector timer to make a prompt election more likely
I20260710 11:06:15.524993 20285 raft_consensus.cc:740] T 00000000000000000000000000000000 P ba80d4d9affa4f3b9fdbdf9358e3718e [term 0 FOLLOWER]: Becoming Follower/Learner. State: Replica: ba80d4d9affa4f3b9fdbdf9358e3718e, State: Initialized, Role: FOLLOWER
I20260710 11:06:15.525641 20285 consensus_queue.cc:260] T 00000000000000000000000000000000 P ba80d4d9affa4f3b9fdbdf9358e3718e [NON_LEADER]: Queue going to NON_LEADER mode. State: All replicated index: 0, Majority replicated index: 0, Committed index: 0, Last appended: 0.0, Last appended by leader: 0, Current term: 0, Majority size: -1, State: 0, Mode: NON_LEADER, active raft config: opid_index: -1 OBSOLETE_local: true peers { permanent_uuid: "ba80d4d9affa4f3b9fdbdf9358e3718e" member_type: VOTER }
I20260710 11:06:15.526113 20285 raft_consensus.cc:399] T 00000000000000000000000000000000 P ba80d4d9affa4f3b9fdbdf9358e3718e [term 0 FOLLOWER]: Only one voter in the Raft config. Triggering election immediately
I20260710 11:06:15.526377 20285 raft_consensus.cc:493] T 00000000000000000000000000000000 P ba80d4d9affa4f3b9fdbdf9358e3718e [term 0 FOLLOWER]: Starting leader election (initial election of a single-replica configuration)
I20260710 11:06:15.526662 20285 raft_consensus.cc:3060] T 00000000000000000000000000000000 P ba80d4d9affa4f3b9fdbdf9358e3718e [term 0 FOLLOWER]: Advancing to term 1
I20260710 11:06:15.530866 20285 raft_consensus.cc:515] T 00000000000000000000000000000000 P ba80d4d9affa4f3b9fdbdf9358e3718e [term 1 FOLLOWER]: Starting leader election with config: opid_index: -1 OBSOLETE_local: true peers { permanent_uuid: "ba80d4d9affa4f3b9fdbdf9358e3718e" member_type: VOTER }
I20260710 11:06:15.531404 20285 leader_election.cc:304] T 00000000000000000000000000000000 P ba80d4d9affa4f3b9fdbdf9358e3718e [CANDIDATE]: Term 1 election: Election decided. Result: candidate won. Election summary: received 1 responses out of 1 voters: 1 yes votes; 0 no votes. yes voters: ba80d4d9affa4f3b9fdbdf9358e3718e; no voters: 
I20260710 11:06:15.532570 20285 leader_election.cc:290] T 00000000000000000000000000000000 P ba80d4d9affa4f3b9fdbdf9358e3718e [CANDIDATE]: Term 1 election: Requested vote from peers 
I20260710 11:06:15.533084 20288 raft_consensus.cc:2804] T 00000000000000000000000000000000 P ba80d4d9affa4f3b9fdbdf9358e3718e [term 1 FOLLOWER]: Leader election won for term 1
I20260710 11:06:15.534686 20288 raft_consensus.cc:697] T 00000000000000000000000000000000 P ba80d4d9affa4f3b9fdbdf9358e3718e [term 1 LEADER]: Becoming Leader. State: Replica: ba80d4d9affa4f3b9fdbdf9358e3718e, State: Running, Role: LEADER
I20260710 11:06:15.535362 20288 consensus_queue.cc:237] T 00000000000000000000000000000000 P ba80d4d9affa4f3b9fdbdf9358e3718e [LEADER]: Queue going to LEADER mode. State: All replicated index: 0, Majority replicated index: 0, Committed index: 0, Last appended: 0.0, Last appended by leader: 0, Current term: 1, Majority size: 1, State: 0, Mode: LEADER, active raft config: opid_index: -1 OBSOLETE_local: true peers { permanent_uuid: "ba80d4d9affa4f3b9fdbdf9358e3718e" member_type: VOTER }
I20260710 11:06:15.535974 20285 sys_catalog.cc:565] T 00000000000000000000000000000000 P ba80d4d9affa4f3b9fdbdf9358e3718e [sys.catalog]: configured and running, proceeding with master startup.
I20260710 11:06:15.539860 20289 sys_catalog.cc:455] T 00000000000000000000000000000000 P ba80d4d9affa4f3b9fdbdf9358e3718e [sys.catalog]: SysCatalogTable state changed. Reason: RaftConsensus started. Latest consensus state: current_term: 1 leader_uuid: "ba80d4d9affa4f3b9fdbdf9358e3718e" committed_config { opid_index: -1 OBSOLETE_local: true peers { permanent_uuid: "ba80d4d9affa4f3b9fdbdf9358e3718e" member_type: VOTER } }
I20260710 11:06:15.540444 20289 sys_catalog.cc:458] T 00000000000000000000000000000000 P ba80d4d9affa4f3b9fdbdf9358e3718e [sys.catalog]: This master's current role is: LEADER
I20260710 11:06:15.541589 20290 sys_catalog.cc:455] T 00000000000000000000000000000000 P ba80d4d9affa4f3b9fdbdf9358e3718e [sys.catalog]: SysCatalogTable state changed. Reason: New leader ba80d4d9affa4f3b9fdbdf9358e3718e. Latest consensus state: current_term: 1 leader_uuid: "ba80d4d9affa4f3b9fdbdf9358e3718e" committed_config { opid_index: -1 OBSOLETE_local: true peers { permanent_uuid: "ba80d4d9affa4f3b9fdbdf9358e3718e" member_type: VOTER } }
I20260710 11:06:15.542137 20290 sys_catalog.cc:458] T 00000000000000000000000000000000 P ba80d4d9affa4f3b9fdbdf9358e3718e [sys.catalog]: This master's current role is: LEADER
I20260710 11:06:15.546006 20295 catalog_manager.cc:1511] Loading table and tablet metadata into memory...
I20260710 11:06:15.550758 20295 catalog_manager.cc:1520] Initializing Kudu cluster ID...
I20260710 11:06:15.554288 19235 internal_mini_cluster.cc:184] Waiting to initialize catalog manager on master 0
I20260710 11:06:15.559968 20295 catalog_manager.cc:1383] Generated new cluster ID: 3d987e22cbff47ceb296e5c616f89090
I20260710 11:06:15.560292 20295 catalog_manager.cc:1531] Initializing Kudu internal certificate authority...
I20260710 11:06:15.591975 20295 catalog_manager.cc:1406] Generated new certificate authority record
I20260710 11:06:15.593317 20295 catalog_manager.cc:1540] Loading token signing keys...
I20260710 11:06:15.615399 20295 catalog_manager.cc:6070] T 00000000000000000000000000000000 P ba80d4d9affa4f3b9fdbdf9358e3718e: Generated new TSK 0
I20260710 11:06:15.616020 20295 catalog_manager.cc:1550] Initializing in-progress tserver states...
I20260710 11:06:15.620826 19235 file_cache.cc:504] Constructed file cache file cache with capacity 419430
W20260710 11:06:15.626818 20306 instance_detector.cc:116] could not retrieve AWS instance metadata: Network error: curl error: HTTP response code said error: The requested URL returned error: 404
W20260710 11:06:15.627909 20307 instance_detector.cc:116] could not retrieve Azure instance metadata: Network error: curl error: HTTP response code said error: The requested URL returned error: 404
W20260710 11:06:15.630534 20309 instance_detector.cc:116] could not retrieve OpenStack instance metadata: Network error: curl error: HTTP response code said error: The requested URL returned error: 404
I20260710 11:06:15.631186 19235 server_base.cc:1061] running on GCE node
I20260710 11:06:15.631968 19235 hybrid_clock.cc:584] initializing the hybrid clock with 'system_unsync' time source
W20260710 11:06:15.632150 19235 system_unsync_time.cc:38] NTP support is disabled. Clock error bounds will not be accurate. This configuration is not suitable for distributed clusters.
I20260710 11:06:15.632332 19235 hybrid_clock.cc:648] HybridClock initialized: now 1783681575632318 us; error 0 us; skew 500 ppm
I20260710 11:06:15.632921 19235 server_base.cc:861] Flag tcmalloc_max_total_thread_cache_bytes is not working since tcmalloc is not enabled.
I20260710 11:06:15.635251 19235 webserver.cc:533] Webserver started at http://127.18.200.193:40815/ using document root <none> and password file <none>
I20260710 11:06:15.635730 19235 fs_manager.cc:362] Metadata directory not provided
I20260710 11:06:15.635885 19235 fs_manager.cc:368] Using write-ahead log directory (fs_wal_dir) as metadata directory
I20260710 11:06:15.636204 19235 server_base.cc:909] This appears to be a new deployment of Kudu; creating new FS layout
I20260710 11:06:15.637333 19235 fs_manager.cc:1068] Generated new instance metadata in path /tmp/dist-test-taskIjboFt/test-tmp/auto_leader_rebalancer-test.0.LeaderRebalancerTest.AddTserver.1783681551397188-19235-0/minicluster-data/ts-0-root/instance:
uuid: "6aed355f5af9467494eb6a1bd77e4984"
format_stamp: "Formatted at 2026-07-10 11:06:15 on dist-test-slave-w8qh"
I20260710 11:06:15.641825 19235 fs_manager.cc:696] Time spent creating directory manager: real 0.004s	user 0.006s	sys 0.000s
I20260710 11:06:15.645073 20314 log_block_manager.cc:4127] Time spent loading block containers with low live blocks: real 0.000s	user 0.000s	sys 0.000s
I20260710 11:06:15.645810 19235 fs_manager.cc:730] Time spent opening block manager: real 0.002s	user 0.002s	sys 0.000s
I20260710 11:06:15.646127 19235 fs_manager.cc:647] Opened local filesystem: /tmp/dist-test-taskIjboFt/test-tmp/auto_leader_rebalancer-test.0.LeaderRebalancerTest.AddTserver.1783681551397188-19235-0/minicluster-data/ts-0-root
uuid: "6aed355f5af9467494eb6a1bd77e4984"
format_stamp: "Formatted at 2026-07-10 11:06:15 on dist-test-slave-w8qh"
I20260710 11:06:15.646484 19235 fs_report.cc:389] FS layout report
--------------------
wal directory: /tmp/dist-test-taskIjboFt/test-tmp/auto_leader_rebalancer-test.0.LeaderRebalancerTest.AddTserver.1783681551397188-19235-0/minicluster-data/ts-0-root
metadata directory: /tmp/dist-test-taskIjboFt/test-tmp/auto_leader_rebalancer-test.0.LeaderRebalancerTest.AddTserver.1783681551397188-19235-0/minicluster-data/ts-0-root
1 data directories: /tmp/dist-test-taskIjboFt/test-tmp/auto_leader_rebalancer-test.0.LeaderRebalancerTest.AddTserver.1783681551397188-19235-0/minicluster-data/ts-0-root/data
Total live blocks: 0
Total live bytes: 0
Total live bytes (after alignment): 0
Total number of LBM containers: 0 (0 full)
Did not check for missing blocks
Did not check for orphaned blocks
Total full LBM containers with extra space: 0 (0 repaired)
Total full LBM container extra space in bytes: 0 (0 repaired)
Total incomplete LBM containers: 0 (0 repaired)
Total LBM partial records: 0 (0 repaired)
Total corrupted LBM metadata records in RocksDB: 0 (0 repaired)
I20260710 11:06:15.675213 19235 rpc_server.cc:225] running with OpenSSL 1.1.1  11 Sep 2018
I20260710 11:06:15.676466 19235 kserver.cc:163] Server-wide thread pool size limit: 3276
I20260710 11:06:15.677932 19235 txn_system_client.cc:432] TxnSystemClient initialization is disabled...
I20260710 11:06:15.680295 19235 ts_tablet_manager.cc:585] Loaded tablet metadata (0 total tablets, 0 live tablets)
I20260710 11:06:15.680518 19235 ts_tablet_manager.cc:531] Time spent load tablet metadata: real 0.000s	user 0.000s	sys 0.000s
I20260710 11:06:15.680783 19235 ts_tablet_manager.cc:616] Registered 0 tablets
I20260710 11:06:15.680976 19235 ts_tablet_manager.cc:595] Time spent register tablets: real 0.000s	user 0.000s	sys 0.000s
I20260710 11:06:15.720750 19235 rpc_server.cc:307] RPC server started. Bound to: 127.18.200.193:42185
I20260710 11:06:15.720851 20376 acceptor_pool.cc:272] collecting diagnostics on the listening RPC socket 127.18.200.193:42185 every 8 connection(s)
I20260710 11:06:15.725626 19235 file_cache.cc:504] Constructed file cache file cache with capacity 419430
W20260710 11:06:15.732720 20381 instance_detector.cc:116] could not retrieve AWS instance metadata: Network error: curl error: HTTP response code said error: The requested URL returned error: 404
W20260710 11:06:15.733376 20382 instance_detector.cc:116] could not retrieve Azure instance metadata: Network error: curl error: HTTP response code said error: The requested URL returned error: 404
W20260710 11:06:15.734668 20384 instance_detector.cc:116] could not retrieve OpenStack instance metadata: Network error: curl error: HTTP response code said error: The requested URL returned error: 404
I20260710 11:06:15.735847 19235 server_base.cc:1061] running on GCE node
I20260710 11:06:15.737020 19235 hybrid_clock.cc:584] initializing the hybrid clock with 'system_unsync' time source
W20260710 11:06:15.737224 19235 system_unsync_time.cc:38] NTP support is disabled. Clock error bounds will not be accurate. This configuration is not suitable for distributed clusters.
I20260710 11:06:15.737426 19235 hybrid_clock.cc:648] HybridClock initialized: now 1783681575737408 us; error 0 us; skew 500 ppm
I20260710 11:06:15.738034 19235 server_base.cc:861] Flag tcmalloc_max_total_thread_cache_bytes is not working since tcmalloc is not enabled.
I20260710 11:06:15.740403 19235 webserver.cc:533] Webserver started at http://127.18.200.194:41387/ using document root <none> and password file <none>
I20260710 11:06:15.740856 19235 fs_manager.cc:362] Metadata directory not provided
I20260710 11:06:15.741010 19235 fs_manager.cc:368] Using write-ahead log directory (fs_wal_dir) as metadata directory
I20260710 11:06:15.741214 19235 server_base.cc:909] This appears to be a new deployment of Kudu; creating new FS layout
I20260710 11:06:15.742348 19235 fs_manager.cc:1068] Generated new instance metadata in path /tmp/dist-test-taskIjboFt/test-tmp/auto_leader_rebalancer-test.0.LeaderRebalancerTest.AddTserver.1783681551397188-19235-0/minicluster-data/ts-1-root/instance:
uuid: "05705d5526e547139eaa7c984af01a13"
