I20260710 11:06:15.940259 26128 raft_consensus.cc:359] T b6553610681e49dfacf2986e069de734 P d2d5891fdd0244f0be58ef5bd9ca24b0 [term 0 FOLLOWER]: Replica starting. Triggering 0 pending ops. Active config: opid_index: -1 OBSOLETE_local: false peers { permanent_uuid: "d2d5891fdd0244f0be58ef5bd9ca24b0" member_type: VOTER last_known_addr { host: "127.24.62.1" port: 46505 } } peers { permanent_uuid: "5df77d77318d47d5987a474d68795453" member_type: VOTER last_known_addr { host: "127.24.62.2" port: 42121 } } peers { permanent_uuid: "241ec8ed6278424d9ecd2802917430ae" member_type: VOTER last_known_addr { host: "127.24.62.3" port: 37841 } }
I20260710 11:06:15.941303 26128 raft_consensus.cc:385] T b6553610681e49dfacf2986e069de734 P d2d5891fdd0244f0be58ef5bd9ca24b0 [term 0 FOLLOWER]: Consensus starting up: Expiring failure detector timer to make a prompt election more likely
I20260710 11:06:15.941699 26128 raft_consensus.cc:740] T b6553610681e49dfacf2986e069de734 P d2d5891fdd0244f0be58ef5bd9ca24b0 [term 0 FOLLOWER]: Becoming Follower/Learner. State: Replica: d2d5891fdd0244f0be58ef5bd9ca24b0, State: Initialized, Role: FOLLOWER
I20260710 11:06:15.942582 26128 consensus_queue.cc:260] T b6553610681e49dfacf2986e069de734 P d2d5891fdd0244f0be58ef5bd9ca24b0 [NON_LEADER]: Queue going to NON_LEADER mode. State: All replicated index: 0, Majority replicated index: 0, Committed index: 0, Last appended: 0.0, Last appended by leader: 0, Current term: 0, Majority size: -1, State: 0, Mode: NON_LEADER, active raft config: opid_index: -1 OBSOLETE_local: false peers { permanent_uuid: "d2d5891fdd0244f0be58ef5bd9ca24b0" member_type: VOTER last_known_addr { host: "127.24.62.1" port: 46505 } } peers { permanent_uuid: "5df77d77318d47d5987a474d68795453" member_type: VOTER last_known_addr { host: "127.24.62.2" port: 42121 } } peers { permanent_uuid: "241ec8ed6278424d9ecd2802917430ae" member_type: VOTER last_known_addr { host: "127.24.62.3" port: 37841 } }
I20260710 11:06:15.946566 26128 ts_tablet_manager.cc:1434] T b6553610681e49dfacf2986e069de734 P d2d5891fdd0244f0be58ef5bd9ca24b0: Time spent starting tablet: real 0.013s	user 0.008s	sys 0.000s
I20260710 11:06:15.946864 26132 tablet_bootstrap.cc:492] T 41855b9a0c46464e88529b5d323479bf P 5df77d77318d47d5987a474d68795453: No bootstrap required, opened a new log
I20260710 11:06:15.949193 26129 tablet_bootstrap.cc:654] T 6264134beb7b4e7a927def6277fb0032 P 241ec8ed6278424d9ecd2802917430ae: Neither blocks nor log segments found. Creating new log.
I20260710 11:06:15.949334 26132 ts_tablet_manager.cc:1403] T 41855b9a0c46464e88529b5d323479bf P 5df77d77318d47d5987a474d68795453: Time spent bootstrapping tablet: real 0.056s	user 0.008s	sys 0.012s
I20260710 11:06:15.949833 26128 tablet_bootstrap.cc:492] T 9aa3b300d1a04997a5f0110521351474 P d2d5891fdd0244f0be58ef5bd9ca24b0: Bootstrap starting.
I20260710 11:06:15.953415 26132 raft_consensus.cc:359] T 41855b9a0c46464e88529b5d323479bf P 5df77d77318d47d5987a474d68795453 [term 0 FOLLOWER]: Replica starting. Triggering 0 pending ops. Active config: opid_index: -1 OBSOLETE_local: false peers { permanent_uuid: "d2d5891fdd0244f0be58ef5bd9ca24b0" member_type: VOTER last_known_addr { host: "127.24.62.1" port: 46505 } } peers { permanent_uuid: "5df77d77318d47d5987a474d68795453" member_type: VOTER last_known_addr { host: "127.24.62.2" port: 42121 } } peers { permanent_uuid: "241ec8ed6278424d9ecd2802917430ae" member_type: VOTER last_known_addr { host: "127.24.62.3" port: 37841 } }
I20260710 11:06:15.956602 26128 tablet_bootstrap.cc:654] T 9aa3b300d1a04997a5f0110521351474 P d2d5891fdd0244f0be58ef5bd9ca24b0: Neither blocks nor log segments found. Creating new log.
I20260710 11:06:15.960403 25836 catalog_manager.cc:5697] T a3e84bbeeff84390addb4cff24330a66 P 5df77d77318d47d5987a474d68795453 reported cstate change: term changed from 0 to 1, leader changed from <none> to 5df77d77318d47d5987a474d68795453 (127.24.62.2). New cstate: current_term: 1 leader_uuid: "5df77d77318d47d5987a474d68795453" committed_config { opid_index: -1 OBSOLETE_local: false peers { permanent_uuid: "d2d5891fdd0244f0be58ef5bd9ca24b0" member_type: VOTER last_known_addr { host: "127.24.62.1" port: 46505 } health_report { overall_health: UNKNOWN } } peers { permanent_uuid: "5df77d77318d47d5987a474d68795453" member_type: VOTER last_known_addr { host: "127.24.62.2" port: 42121 } health_report { overall_health: HEALTHY } } peers { permanent_uuid: "241ec8ed6278424d9ecd2802917430ae" member_type: VOTER last_known_addr { host: "127.24.62.3" port: 37841 } health_report { overall_health: UNKNOWN } } }
I20260710 11:06:15.965181 26131 raft_consensus.cc:493] T a355e291cfc04b8a8e7a6ab19a45aeea P d2d5891fdd0244f0be58ef5bd9ca24b0 [term 0 FOLLOWER]: Starting pre-election (no leader contacted us within the election timeout)
I20260710 11:06:15.965796 26131 raft_consensus.cc:515] T a355e291cfc04b8a8e7a6ab19a45aeea P d2d5891fdd0244f0be58ef5bd9ca24b0 [term 0 FOLLOWER]: Starting pre-election with config: opid_index: -1 OBSOLETE_local: false peers { permanent_uuid: "d2d5891fdd0244f0be58ef5bd9ca24b0" member_type: VOTER last_known_addr { host: "127.24.62.1" port: 46505 } } peers { permanent_uuid: "5df77d77318d47d5987a474d68795453" member_type: VOTER last_known_addr { host: "127.24.62.2" port: 42121 } } peers { permanent_uuid: "241ec8ed6278424d9ecd2802917430ae" member_type: VOTER last_known_addr { host: "127.24.62.3" port: 37841 } }
I20260710 11:06:15.970358 26132 raft_consensus.cc:385] T 41855b9a0c46464e88529b5d323479bf P 5df77d77318d47d5987a474d68795453 [term 0 FOLLOWER]: Consensus starting up: Expiring failure detector timer to make a prompt election more likely
I20260710 11:06:15.970643 26013 tablet_service.cc:1917] Received RequestConsensusVote() RPC: tablet_id: "a355e291cfc04b8a8e7a6ab19a45aeea" candidate_uuid: "d2d5891fdd0244f0be58ef5bd9ca24b0" candidate_term: 1 candidate_status { last_received { term: 0 index: 0 } } ignore_live_leader: false dest_uuid: "5df77d77318d47d5987a474d68795453" is_pre_election: true
I20260710 11:06:15.971241 26132 raft_consensus.cc:740] T 41855b9a0c46464e88529b5d323479bf P 5df77d77318d47d5987a474d68795453 [term 0 FOLLOWER]: Becoming Follower/Learner. State: Replica: 5df77d77318d47d5987a474d68795453, State: Initialized, Role: FOLLOWER
W20260710 11:06:15.972999 25903 leader_election.cc:343] T a355e291cfc04b8a8e7a6ab19a45aeea P d2d5891fdd0244f0be58ef5bd9ca24b0 [CANDIDATE]: Term 1 pre-election: Tablet error from VoteRequest() call to peer 5df77d77318d47d5987a474d68795453 (127.24.62.2:42121): Illegal state: must be running to vote when last-logged opid is not known
I20260710 11:06:15.972522 26132 consensus_queue.cc:260] T 41855b9a0c46464e88529b5d323479bf P 5df77d77318d47d5987a474d68795453 [NON_LEADER]: Queue going to NON_LEADER mode. State: All replicated index: 0, Majority replicated index: 0, Committed index: 0, Last appended: 0.0, Last appended by leader: 0, Current term: 0, Majority size: -1, State: 0, Mode: NON_LEADER, active raft config: opid_index: -1 OBSOLETE_local: false peers { permanent_uuid: "d2d5891fdd0244f0be58ef5bd9ca24b0" member_type: VOTER last_known_addr { host: "127.24.62.1" port: 46505 } } peers { permanent_uuid: "5df77d77318d47d5987a474d68795453" member_type: VOTER last_known_addr { host: "127.24.62.2" port: 42121 } } peers { permanent_uuid: "241ec8ed6278424d9ecd2802917430ae" member_type: VOTER last_known_addr { host: "127.24.62.3" port: 37841 } }
I20260710 11:06:15.976357 26088 tablet_service.cc:1917] Received RequestConsensusVote() RPC: tablet_id: "a355e291cfc04b8a8e7a6ab19a45aeea" candidate_uuid: "d2d5891fdd0244f0be58ef5bd9ca24b0" candidate_term: 1 candidate_status { last_received { term: 0 index: 0 } } ignore_live_leader: false dest_uuid: "241ec8ed6278424d9ecd2802917430ae" is_pre_election: true
I20260710 11:06:15.977905 26132 ts_tablet_manager.cc:1434] T 41855b9a0c46464e88529b5d323479bf P 5df77d77318d47d5987a474d68795453: Time spent starting tablet: real 0.028s	user 0.010s	sys 0.000s
I20260710 11:06:15.978101 26129 tablet_bootstrap.cc:492] T 6264134beb7b4e7a927def6277fb0032 P 241ec8ed6278424d9ecd2802917430ae: No bootstrap required, opened a new log
I20260710 11:06:15.978669 26129 ts_tablet_manager.cc:1403] T 6264134beb7b4e7a927def6277fb0032 P 241ec8ed6278424d9ecd2802917430ae: Time spent bootstrapping tablet: real 0.057s	user 0.021s	sys 0.011s
W20260710 11:06:15.978488 25905 leader_election.cc:343] T a355e291cfc04b8a8e7a6ab19a45aeea P d2d5891fdd0244f0be58ef5bd9ca24b0 [CANDIDATE]: Term 1 pre-election: Tablet error from VoteRequest() call to peer 241ec8ed6278424d9ecd2802917430ae (127.24.62.3:37841): Illegal state: must be running to vote when last-logged opid is not known
I20260710 11:06:15.979207 26132 tablet_bootstrap.cc:492] T a355e291cfc04b8a8e7a6ab19a45aeea P 5df77d77318d47d5987a474d68795453: Bootstrap starting.
I20260710 11:06:15.979303 25905 leader_election.cc:304] T a355e291cfc04b8a8e7a6ab19a45aeea P d2d5891fdd0244f0be58ef5bd9ca24b0 [CANDIDATE]: Term 1 pre-election: Election decided. Result: candidate lost. Election summary: received 3 responses out of 3 voters: 1 yes votes; 2 no votes. yes voters: d2d5891fdd0244f0be58ef5bd9ca24b0; no voters: 241ec8ed6278424d9ecd2802917430ae, 5df77d77318d47d5987a474d68795453
I20260710 11:06:15.981280 26131 leader_election.cc:290] T a355e291cfc04b8a8e7a6ab19a45aeea P d2d5891fdd0244f0be58ef5bd9ca24b0 [CANDIDATE]: Term 1 pre-election: Requested pre-vote from peers 5df77d77318d47d5987a474d68795453 (127.24.62.2:42121), 241ec8ed6278424d9ecd2802917430ae (127.24.62.3:37841)
I20260710 11:06:15.982025 26131 raft_consensus.cc:2749] T a355e291cfc04b8a8e7a6ab19a45aeea P d2d5891fdd0244f0be58ef5bd9ca24b0 [term 0 FOLLOWER]: Leader pre-election lost for term 1. Reason: could not achieve majority
I20260710 11:06:15.982792 26129 raft_consensus.cc:359] T 6264134beb7b4e7a927def6277fb0032 P 241ec8ed6278424d9ecd2802917430ae [term 0 FOLLOWER]: Replica starting. Triggering 0 pending ops. Active config: opid_index: -1 OBSOLETE_local: false peers { permanent_uuid: "d2d5891fdd0244f0be58ef5bd9ca24b0" member_type: VOTER last_known_addr { host: "127.24.62.1" port: 46505 } } peers { permanent_uuid: "5df77d77318d47d5987a474d68795453" member_type: VOTER last_known_addr { host: "127.24.62.2" port: 42121 } } peers { permanent_uuid: "241ec8ed6278424d9ecd2802917430ae" member_type: VOTER last_known_addr { host: "127.24.62.3" port: 37841 } }
I20260710 11:06:15.983697 26129 raft_consensus.cc:385] T 6264134beb7b4e7a927def6277fb0032 P 241ec8ed6278424d9ecd2802917430ae [term 0 FOLLOWER]: Consensus starting up: Expiring failure detector timer to make a prompt election more likely
I20260710 11:06:15.984072 26129 raft_consensus.cc:740] T 6264134beb7b4e7a927def6277fb0032 P 241ec8ed6278424d9ecd2802917430ae [term 0 FOLLOWER]: Becoming Follower/Learner. State: Replica: 241ec8ed6278424d9ecd2802917430ae, State: Initialized, Role: FOLLOWER
I20260710 11:06:15.984994 26129 consensus_queue.cc:260] T 6264134beb7b4e7a927def6277fb0032 P 241ec8ed6278424d9ecd2802917430ae [NON_LEADER]: Queue going to NON_LEADER mode. State: All replicated index: 0, Majority replicated index: 0, Committed index: 0, Last appended: 0.0, Last appended by leader: 0, Current term: 0, Majority size: -1, State: 0, Mode: NON_LEADER, active raft config: opid_index: -1 OBSOLETE_local: false peers { permanent_uuid: "d2d5891fdd0244f0be58ef5bd9ca24b0" member_type: VOTER last_known_addr { host: "127.24.62.1" port: 46505 } } peers { permanent_uuid: "5df77d77318d47d5987a474d68795453" member_type: VOTER last_known_addr { host: "127.24.62.2" port: 42121 } } peers { permanent_uuid: "241ec8ed6278424d9ecd2802917430ae" member_type: VOTER last_known_addr { host: "127.24.62.3" port: 37841 } }
I20260710 11:06:15.987962 26129 ts_tablet_manager.cc:1434] T 6264134beb7b4e7a927def6277fb0032 P 241ec8ed6278424d9ecd2802917430ae: Time spent starting tablet: real 0.009s	user 0.008s	sys 0.000s
I20260710 11:06:15.988278 26131 raft_consensus.cc:493] T b6553610681e49dfacf2986e069de734 P d2d5891fdd0244f0be58ef5bd9ca24b0 [term 0 FOLLOWER]: Starting pre-election (no leader contacted us within the election timeout)
I20260710 11:06:15.989429 26129 tablet_bootstrap.cc:492] T c0f0280e7095413c92d0789320208600 P 241ec8ed6278424d9ecd2802917430ae: Bootstrap starting.
I20260710 11:06:15.989010 26131 raft_consensus.cc:515] T b6553610681e49dfacf2986e069de734 P d2d5891fdd0244f0be58ef5bd9ca24b0 [term 0 FOLLOWER]: Starting pre-election with config: opid_index: -1 OBSOLETE_local: false peers { permanent_uuid: "d2d5891fdd0244f0be58ef5bd9ca24b0" member_type: VOTER last_known_addr { host: "127.24.62.1" port: 46505 } } peers { permanent_uuid: "5df77d77318d47d5987a474d68795453" member_type: VOTER last_known_addr { host: "127.24.62.2" port: 42121 } } peers { permanent_uuid: "241ec8ed6278424d9ecd2802917430ae" member_type: VOTER last_known_addr { host: "127.24.62.3" port: 37841 } }
I20260710 11:06:15.992712 26013 tablet_service.cc:1917] Received RequestConsensusVote() RPC: tablet_id: "b6553610681e49dfacf2986e069de734" candidate_uuid: "d2d5891fdd0244f0be58ef5bd9ca24b0" candidate_term: 1 candidate_status { last_received { term: 0 index: 0 } } ignore_live_leader: false dest_uuid: "5df77d77318d47d5987a474d68795453" is_pre_election: true
W20260710 11:06:15.994701 25903 leader_election.cc:343] T b6553610681e49dfacf2986e069de734 P d2d5891fdd0244f0be58ef5bd9ca24b0 [CANDIDATE]: Term 1 pre-election: Tablet error from VoteRequest() call to peer 5df77d77318d47d5987a474d68795453 (127.24.62.2:42121): Illegal state: must be running to vote when last-logged opid is not known
I20260710 11:06:15.995559 26132 tablet_bootstrap.cc:654] T a355e291cfc04b8a8e7a6ab19a45aeea P 5df77d77318d47d5987a474d68795453: Neither blocks nor log segments found. Creating new log.
I20260710 11:06:15.996209 26131 leader_election.cc:290] T b6553610681e49dfacf2986e069de734 P d2d5891fdd0244f0be58ef5bd9ca24b0 [CANDIDATE]: Term 1 pre-election: Requested pre-vote from peers 5df77d77318d47d5987a474d68795453 (127.24.62.2:42121), 241ec8ed6278424d9ecd2802917430ae (127.24.62.3:37841)
I20260710 11:06:15.997793 26128 tablet_bootstrap.cc:492] T 9aa3b300d1a04997a5f0110521351474 P d2d5891fdd0244f0be58ef5bd9ca24b0: No bootstrap required, opened a new log
I20260710 11:06:15.997751 26088 tablet_service.cc:1917] Received RequestConsensusVote() RPC: tablet_id: "b6553610681e49dfacf2986e069de734" candidate_uuid: "d2d5891fdd0244f0be58ef5bd9ca24b0" candidate_term: 1 candidate_status { last_received { term: 0 index: 0 } } ignore_live_leader: false dest_uuid: "241ec8ed6278424d9ecd2802917430ae" is_pre_election: true
I20260710 11:06:15.998355 26129 tablet_bootstrap.cc:654] T c0f0280e7095413c92d0789320208600 P 241ec8ed6278424d9ecd2802917430ae: Neither blocks nor log segments found. Creating new log.
I20260710 11:06:15.998389 26128 ts_tablet_manager.cc:1403] T 9aa3b300d1a04997a5f0110521351474 P d2d5891fdd0244f0be58ef5bd9ca24b0: Time spent bootstrapping tablet: real 0.049s	user 0.016s	sys 0.015s
W20260710 11:06:15.999526 25905 leader_election.cc:343] T b6553610681e49dfacf2986e069de734 P d2d5891fdd0244f0be58ef5bd9ca24b0 [CANDIDATE]: Term 1 pre-election: Tablet error from VoteRequest() call to peer 241ec8ed6278424d9ecd2802917430ae (127.24.62.3:37841): Illegal state: must be running to vote when last-logged opid is not known
I20260710 11:06:16.000010 25905 leader_election.cc:304] T b6553610681e49dfacf2986e069de734 P d2d5891fdd0244f0be58ef5bd9ca24b0 [CANDIDATE]: Term 1 pre-election: Election decided. Result: candidate lost. Election summary: received 3 responses out of 3 voters: 1 yes votes; 2 no votes. yes voters: d2d5891fdd0244f0be58ef5bd9ca24b0; no voters: 241ec8ed6278424d9ecd2802917430ae, 5df77d77318d47d5987a474d68795453
I20260710 11:06:16.001206 26131 raft_consensus.cc:2749] T b6553610681e49dfacf2986e069de734 P d2d5891fdd0244f0be58ef5bd9ca24b0 [term 0 FOLLOWER]: Leader pre-election lost for term 1. Reason: could not achieve majority
I20260710 11:06:16.001447 26128 raft_consensus.cc:359] T 9aa3b300d1a04997a5f0110521351474 P d2d5891fdd0244f0be58ef5bd9ca24b0 [term 0 FOLLOWER]: Replica starting. Triggering 0 pending ops. Active config: opid_index: -1 OBSOLETE_local: false peers { permanent_uuid: "d2d5891fdd0244f0be58ef5bd9ca24b0" member_type: VOTER last_known_addr { host: "127.24.62.1" port: 46505 } } peers { permanent_uuid: "5df77d77318d47d5987a474d68795453" member_type: VOTER last_known_addr { host: "127.24.62.2" port: 42121 } } peers { permanent_uuid: "241ec8ed6278424d9ecd2802917430ae" member_type: VOTER last_known_addr { host: "127.24.62.3" port: 37841 } }
I20260710 11:06:16.002149 26128 raft_consensus.cc:385] T 9aa3b300d1a04997a5f0110521351474 P d2d5891fdd0244f0be58ef5bd9ca24b0 [term 0 FOLLOWER]: Consensus starting up: Expiring failure detector timer to make a prompt election more likely
I20260710 11:06:16.002418 26128 raft_consensus.cc:740] T 9aa3b300d1a04997a5f0110521351474 P d2d5891fdd0244f0be58ef5bd9ca24b0 [term 0 FOLLOWER]: Becoming Follower/Learner. State: Replica: d2d5891fdd0244f0be58ef5bd9ca24b0, State: Initialized, Role: FOLLOWER
I20260710 11:06:16.003255 26128 consensus_queue.cc:260] T 9aa3b300d1a04997a5f0110521351474 P d2d5891fdd0244f0be58ef5bd9ca24b0 [NON_LEADER]: Queue going to NON_LEADER mode. State: All replicated index: 0, Majority replicated index: 0, Committed index: 0, Last appended: 0.0, Last appended by leader: 0, Current term: 0, Majority size: -1, State: 0, Mode: NON_LEADER, active raft config: opid_index: -1 OBSOLETE_local: false peers { permanent_uuid: "d2d5891fdd0244f0be58ef5bd9ca24b0" member_type: VOTER last_known_addr { host: "127.24.62.1" port: 46505 } } peers { permanent_uuid: "5df77d77318d47d5987a474d68795453" member_type: VOTER last_known_addr { host: "127.24.62.2" port: 42121 } } peers { permanent_uuid: "241ec8ed6278424d9ecd2802917430ae" member_type: VOTER last_known_addr { host: "127.24.62.3" port: 37841 } }
I20260710 11:06:16.005338 26128 ts_tablet_manager.cc:1434] T 9aa3b300d1a04997a5f0110521351474 P d2d5891fdd0244f0be58ef5bd9ca24b0: Time spent starting tablet: real 0.006s	user 0.004s	sys 0.000s
I20260710 11:06:16.006672 26128 tablet_bootstrap.cc:492] T 62762b85616d4b4cbaeb15b72c1a7c5a P d2d5891fdd0244f0be58ef5bd9ca24b0: Bootstrap starting.
I20260710 11:06:16.012730 26128 tablet_bootstrap.cc:654] T 62762b85616d4b4cbaeb15b72c1a7c5a P d2d5891fdd0244f0be58ef5bd9ca24b0: Neither blocks nor log segments found. Creating new log.
I20260710 11:06:16.017930 26132 tablet_bootstrap.cc:492] T a355e291cfc04b8a8e7a6ab19a45aeea P 5df77d77318d47d5987a474d68795453: No bootstrap required, opened a new log
I20260710 11:06:16.018772 26132 ts_tablet_manager.cc:1403] T a355e291cfc04b8a8e7a6ab19a45aeea P 5df77d77318d47d5987a474d68795453: Time spent bootstrapping tablet: real 0.040s	user 0.017s	sys 0.003s
I20260710 11:06:16.021639 26132 raft_consensus.cc:359] T a355e291cfc04b8a8e7a6ab19a45aeea P 5df77d77318d47d5987a474d68795453 [term 0 FOLLOWER]: Replica starting. Triggering 0 pending ops. Active config: opid_index: -1 OBSOLETE_local: false peers { permanent_uuid: "d2d5891fdd0244f0be58ef5bd9ca24b0" member_type: VOTER last_known_addr { host: "127.24.62.1" port: 46505 } } peers { permanent_uuid: "5df77d77318d47d5987a474d68795453" member_type: VOTER last_known_addr { host: "127.24.62.2" port: 42121 } } peers { permanent_uuid: "241ec8ed6278424d9ecd2802917430ae" member_type: VOTER last_known_addr { host: "127.24.62.3" port: 37841 } }
I20260710 11:06:16.022248 26132 raft_consensus.cc:385] T a355e291cfc04b8a8e7a6ab19a45aeea P 5df77d77318d47d5987a474d68795453 [term 0 FOLLOWER]: Consensus starting up: Expiring failure detector timer to make a prompt election more likely
I20260710 11:06:16.022537 26132 raft_consensus.cc:740] T a355e291cfc04b8a8e7a6ab19a45aeea P 5df77d77318d47d5987a474d68795453 [term 0 FOLLOWER]: Becoming Follower/Learner. State: Replica: 5df77d77318d47d5987a474d68795453, State: Initialized, Role: FOLLOWER
I20260710 11:06:16.023319 26132 consensus_queue.cc:260] T a355e291cfc04b8a8e7a6ab19a45aeea P 5df77d77318d47d5987a474d68795453 [NON_LEADER]: Queue going to NON_LEADER mode. State: All replicated index: 0, Majority replicated index: 0, Committed index: 0, Last appended: 0.0, Last appended by leader: 0, Current term: 0, Majority size: -1, State: 0, Mode: NON_LEADER, active raft config: opid_index: -1 OBSOLETE_local: false peers { permanent_uuid: "d2d5891fdd0244f0be58ef5bd9ca24b0" member_type: VOTER last_known_addr { host: "127.24.62.1" port: 46505 } } peers { permanent_uuid: "5df77d77318d47d5987a474d68795453" member_type: VOTER last_known_addr { host: "127.24.62.2" port: 42121 } } peers { permanent_uuid: "241ec8ed6278424d9ecd2802917430ae" member_type: VOTER last_known_addr { host: "127.24.62.3" port: 37841 } }
I20260710 11:06:16.025368 26129 tablet_bootstrap.cc:492] T c0f0280e7095413c92d0789320208600 P 241ec8ed6278424d9ecd2802917430ae: No bootstrap required, opened a new log
I20260710 11:06:16.025594 26132 ts_tablet_manager.cc:1434] T a355e291cfc04b8a8e7a6ab19a45aeea P 5df77d77318d47d5987a474d68795453: Time spent starting tablet: real 0.006s	user 0.004s	sys 0.000s
I20260710 11:06:16.025907 26129 ts_tablet_manager.cc:1403] T c0f0280e7095413c92d0789320208600 P 241ec8ed6278424d9ecd2802917430ae: Time spent bootstrapping tablet: real 0.037s	user 0.008s	sys 0.019s
I20260710 11:06:16.026782 26132 tablet_bootstrap.cc:492] T 6264134beb7b4e7a927def6277fb0032 P 5df77d77318d47d5987a474d68795453: Bootstrap starting.
I20260710 11:06:16.029227 26129 raft_consensus.cc:359] T c0f0280e7095413c92d0789320208600 P 241ec8ed6278424d9ecd2802917430ae [term 0 FOLLOWER]: Replica starting. Triggering 0 pending ops. Active config: opid_index: -1 OBSOLETE_local: false peers { permanent_uuid: "d2d5891fdd0244f0be58ef5bd9ca24b0" member_type: VOTER last_known_addr { host: "127.24.62.1" port: 46505 } } peers { permanent_uuid: "5df77d77318d47d5987a474d68795453" member_type: VOTER last_known_addr { host: "127.24.62.2" port: 42121 } } peers { permanent_uuid: "241ec8ed6278424d9ecd2802917430ae" member_type: VOTER last_known_addr { host: "127.24.62.3" port: 37841 } }
I20260710 11:06:16.030179 26129 raft_consensus.cc:385] T c0f0280e7095413c92d0789320208600 P 241ec8ed6278424d9ecd2802917430ae [term 0 FOLLOWER]: Consensus starting up: Expiring failure detector timer to make a prompt election more likely
I20260710 11:06:16.030571 26129 raft_consensus.cc:740] T c0f0280e7095413c92d0789320208600 P 241ec8ed6278424d9ecd2802917430ae [term 0 FOLLOWER]: Becoming Follower/Learner. State: Replica: 241ec8ed6278424d9ecd2802917430ae, State: Initialized, Role: FOLLOWER
I20260710 11:06:16.031569 26129 consensus_queue.cc:260] T c0f0280e7095413c92d0789320208600 P 241ec8ed6278424d9ecd2802917430ae [NON_LEADER]: Queue going to NON_LEADER mode. State: All replicated index: 0, Majority replicated index: 0, Committed index: 0, Last appended: 0.0, Last appended by leader: 0, Current term: 0, Majority size: -1, State: 0, Mode: NON_LEADER, active raft config: opid_index: -1 OBSOLETE_local: false peers { permanent_uuid: "d2d5891fdd0244f0be58ef5bd9ca24b0" member_type: VOTER last_known_addr { host: "127.24.62.1" port: 46505 } } peers { permanent_uuid: "5df77d77318d47d5987a474d68795453" member_type: VOTER last_known_addr { host: "127.24.62.2" port: 42121 } } peers { permanent_uuid: "241ec8ed6278424d9ecd2802917430ae" member_type: VOTER last_known_addr { host: "127.24.62.3" port: 37841 } }
I20260710 11:06:16.033107 26128 tablet_bootstrap.cc:492] T 62762b85616d4b4cbaeb15b72c1a7c5a P d2d5891fdd0244f0be58ef5bd9ca24b0: No bootstrap required, opened a new log
I20260710 11:06:16.033383 26132 tablet_bootstrap.cc:654] T 6264134beb7b4e7a927def6277fb0032 P 5df77d77318d47d5987a474d68795453: Neither blocks nor log segments found. Creating new log.
I20260710 11:06:16.033711 26128 ts_tablet_manager.cc:1403] T 62762b85616d4b4cbaeb15b72c1a7c5a P d2d5891fdd0244f0be58ef5bd9ca24b0: Time spent bootstrapping tablet: real 0.027s	user 0.007s	sys 0.007s
I20260710 11:06:16.034170 26129 ts_tablet_manager.cc:1434] T c0f0280e7095413c92d0789320208600 P 241ec8ed6278424d9ecd2802917430ae: Time spent starting tablet: real 0.008s	user 0.005s	sys 0.004s
I20260710 11:06:16.035269 26129 tablet_bootstrap.cc:492] T a355e291cfc04b8a8e7a6ab19a45aeea P 241ec8ed6278424d9ecd2802917430ae: Bootstrap starting.
I20260710 11:06:16.035755 26154 raft_consensus.cc:493] T a355e291cfc04b8a8e7a6ab19a45aeea P 5df77d77318d47d5987a474d68795453 [term 0 FOLLOWER]: Starting pre-election (no leader contacted us within the election timeout)
I20260710 11:06:16.036279 26154 raft_consensus.cc:515] T a355e291cfc04b8a8e7a6ab19a45aeea P 5df77d77318d47d5987a474d68795453 [term 0 FOLLOWER]: Starting pre-election with config: opid_index: -1 OBSOLETE_local: false peers { permanent_uuid: "d2d5891fdd0244f0be58ef5bd9ca24b0" member_type: VOTER last_known_addr { host: "127.24.62.1" port: 46505 } } peers { permanent_uuid: "5df77d77318d47d5987a474d68795453" member_type: VOTER last_known_addr { host: "127.24.62.2" port: 42121 } } peers { permanent_uuid: "241ec8ed6278424d9ecd2802917430ae" member_type: VOTER last_known_addr { host: "127.24.62.3" port: 37841 } }
I20260710 11:06:16.038606 26154 leader_election.cc:290] T a355e291cfc04b8a8e7a6ab19a45aeea P 5df77d77318d47d5987a474d68795453 [CANDIDATE]: Term 1 pre-election: Requested pre-vote from peers d2d5891fdd0244f0be58ef5bd9ca24b0 (127.24.62.1:46505), 241ec8ed6278424d9ecd2802917430ae (127.24.62.3:37841)
I20260710 11:06:16.040046 25939 tablet_service.cc:1917] Received RequestConsensusVote() RPC: tablet_id: "a355e291cfc04b8a8e7a6ab19a45aeea" candidate_uuid: "5df77d77318d47d5987a474d68795453" candidate_term: 1 candidate_status { last_received { term: 0 index: 0 } } ignore_live_leader: false dest_uuid: "d2d5891fdd0244f0be58ef5bd9ca24b0" is_pre_election: true
I20260710 11:06:16.043129 25939 raft_consensus.cc:2468] T a355e291cfc04b8a8e7a6ab19a45aeea P d2d5891fdd0244f0be58ef5bd9ca24b0 [term 0 FOLLOWER]: Leader pre-election vote request: Granting yes vote for candidate 5df77d77318d47d5987a474d68795453 in term 0.
I20260710 11:06:16.037564 26128 raft_consensus.cc:359] T 62762b85616d4b4cbaeb15b72c1a7c5a P d2d5891fdd0244f0be58ef5bd9ca24b0 [term 0 FOLLOWER]: Replica starting. Triggering 0 pending ops. Active config: opid_index: -1 OBSOLETE_local: false peers { permanent_uuid: "d2d5891fdd0244f0be58ef5bd9ca24b0" member_type: VOTER last_known_addr { host: "127.24.62.1" port: 46505 } } peers { permanent_uuid: "5df77d77318d47d5987a474d68795453" member_type: VOTER last_known_addr { host: "127.24.62.2" port: 42121 } } peers { permanent_uuid: "241ec8ed6278424d9ecd2802917430ae" member_type: VOTER last_known_addr { host: "127.24.62.3" port: 37841 } }
I20260710 11:06:16.041334 26088 tablet_service.cc:1917] Received RequestConsensusVote() RPC: tablet_id: "a355e291cfc04b8a8e7a6ab19a45aeea" candidate_uuid: "5df77d77318d47d5987a474d68795453" candidate_term: 1 candidate_status { last_received { term: 0 index: 0 } } ignore_live_leader: false dest_uuid: "241ec8ed6278424d9ecd2802917430ae" is_pre_election: true
I20260710 11:06:16.044051 26128 raft_consensus.cc:385] T 62762b85616d4b4cbaeb15b72c1a7c5a P d2d5891fdd0244f0be58ef5bd9ca24b0 [term 0 FOLLOWER]: Consensus starting up: Expiring failure detector timer to make a prompt election more likely
I20260710 11:06:16.044652 26128 raft_consensus.cc:740] T 62762b85616d4b4cbaeb15b72c1a7c5a P d2d5891fdd0244f0be58ef5bd9ca24b0 [term 0 FOLLOWER]: Becoming Follower/Learner. State: Replica: d2d5891fdd0244f0be58ef5bd9ca24b0, State: Initialized, Role: FOLLOWER
I20260710 11:06:16.045920 25978 leader_election.cc:304] T a355e291cfc04b8a8e7a6ab19a45aeea P 5df77d77318d47d5987a474d68795453 [CANDIDATE]: Term 1 pre-election: Election decided. Result: candidate won. Election summary: received 2 responses out of 3 voters: 2 yes votes; 0 no votes. yes voters: 5df77d77318d47d5987a474d68795453, d2d5891fdd0244f0be58ef5bd9ca24b0; no voters: 
I20260710 11:06:16.045846 26128 consensus_queue.cc:260] T 62762b85616d4b4cbaeb15b72c1a7c5a P d2d5891fdd0244f0be58ef5bd9ca24b0 [NON_LEADER]: Queue going to NON_LEADER mode. State: All replicated index: 0, Majority replicated index: 0, Committed index: 0, Last appended: 0.0, Last appended by leader: 0, Current term: 0, Majority size: -1, State: 0, Mode: NON_LEADER, active raft config: opid_index: -1 OBSOLETE_local: false peers { permanent_uuid: "d2d5891fdd0244f0be58ef5bd9ca24b0" member_type: VOTER last_known_addr { host: "127.24.62.1" port: 46505 } } peers { permanent_uuid: "5df77d77318d47d5987a474d68795453" member_type: VOTER last_known_addr { host: "127.24.62.2" port: 42121 } } peers { permanent_uuid: "241ec8ed6278424d9ecd2802917430ae" member_type: VOTER last_known_addr { host: "127.24.62.3" port: 37841 } }
W20260710 11:06:16.047122 25980 leader_election.cc:343] T a355e291cfc04b8a8e7a6ab19a45aeea P 5df77d77318d47d5987a474d68795453 [CANDIDATE]: Term 1 pre-election: Tablet error from VoteRequest() call to peer 241ec8ed6278424d9ecd2802917430ae (127.24.62.3:37841): Illegal state: must be running to vote when last-logged opid is not known
I20260710 11:06:16.048753 26129 tablet_bootstrap.cc:654] T a355e291cfc04b8a8e7a6ab19a45aeea P 241ec8ed6278424d9ecd2802917430ae: Neither blocks nor log segments found. Creating new log.
I20260710 11:06:16.049693 26128 ts_tablet_manager.cc:1434] T 62762b85616d4b4cbaeb15b72c1a7c5a P d2d5891fdd0244f0be58ef5bd9ca24b0: Time spent starting tablet: real 0.016s	user 0.008s	sys 0.000s
I20260710 11:06:16.051237 26128 tablet_bootstrap.cc:492] T 2da4b3ac814540c8887e43fa28c9f34c P d2d5891fdd0244f0be58ef5bd9ca24b0: Bootstrap starting.
I20260710 11:06:16.053654 26154 raft_consensus.cc:2804] T a355e291cfc04b8a8e7a6ab19a45aeea P 5df77d77318d47d5987a474d68795453 [term 0 FOLLOWER]: Leader pre-election won for term 1
I20260710 11:06:16.054118 26154 raft_consensus.cc:493] T a355e291cfc04b8a8e7a6ab19a45aeea P 5df77d77318d47d5987a474d68795453 [term 0 FOLLOWER]: Starting leader election (no leader contacted us within the election timeout)
I20260710 11:06:16.054481 26154 raft_consensus.cc:3060] T a355e291cfc04b8a8e7a6ab19a45aeea P 5df77d77318d47d5987a474d68795453 [term 0 FOLLOWER]: Advancing to term 1
I20260710 11:06:16.056406 26138 raft_consensus.cc:493] T 4a3bbc51022b49a6b68581ddfef089b8 P 5df77d77318d47d5987a474d68795453 [term 0 FOLLOWER]: Starting pre-election (no leader contacted us within the election timeout)
I20260710 11:06:16.056916 26138 raft_consensus.cc:515] T 4a3bbc51022b49a6b68581ddfef089b8 P 5df77d77318d47d5987a474d68795453 [term 0 FOLLOWER]: Starting pre-election with config: opid_index: -1 OBSOLETE_local: false peers { permanent_uuid: "d2d5891fdd0244f0be58ef5bd9ca24b0" member_type: VOTER last_known_addr { host: "127.24.62.1" port: 46505 } } peers { permanent_uuid: "5df77d77318d47d5987a474d68795453" member_type: VOTER last_known_addr { host: "127.24.62.2" port: 42121 } } peers { permanent_uuid: "241ec8ed6278424d9ecd2802917430ae" member_type: VOTER last_known_addr { host: "127.24.62.3" port: 37841 } }
I20260710 11:06:16.059165 26138 leader_election.cc:290] T 4a3bbc51022b49a6b68581ddfef089b8 P 5df77d77318d47d5987a474d68795453 [CANDIDATE]: Term 1 pre-election: Requested pre-vote from peers d2d5891fdd0244f0be58ef5bd9ca24b0 (127.24.62.1:46505), 241ec8ed6278424d9ecd2802917430ae (127.24.62.3:37841)
I20260710 11:06:16.060262 26128 tablet_bootstrap.cc:654] T 2da4b3ac814540c8887e43fa28c9f34c P d2d5891fdd0244f0be58ef5bd9ca24b0: Neither blocks nor log segments found. Creating new log.
I20260710 11:06:16.060859 25939 tablet_service.cc:1917] Received RequestConsensusVote() RPC: tablet_id: "4a3bbc51022b49a6b68581ddfef089b8" candidate_uuid: "5df77d77318d47d5987a474d68795453" candidate_term: 1 candidate_status { last_received { term: 0 index: 0 } } ignore_live_leader: false dest_uuid: "d2d5891fdd0244f0be58ef5bd9ca24b0" is_pre_election: true
W20260710 11:06:16.062444 25978 leader_election.cc:343] T 4a3bbc51022b49a6b68581ddfef089b8 P 5df77d77318d47d5987a474d68795453 [CANDIDATE]: Term 1 pre-election: Tablet error from VoteRequest() call to peer d2d5891fdd0244f0be58ef5bd9ca24b0 (127.24.62.1:46505): Illegal state: must be running to vote when last-logged opid is not known
I20260710 11:06:16.064303 26088 tablet_service.cc:1917] Received RequestConsensusVote() RPC: tablet_id: "4a3bbc51022b49a6b68581ddfef089b8" candidate_uuid: "5df77d77318d47d5987a474d68795453" candidate_term: 1 candidate_status { last_received { term: 0 index: 0 } } ignore_live_leader: false dest_uuid: "241ec8ed6278424d9ecd2802917430ae" is_pre_election: true
I20260710 11:06:16.065049 26088 raft_consensus.cc:2468] T 4a3bbc51022b49a6b68581ddfef089b8 P 241ec8ed6278424d9ecd2802917430ae [term 0 FOLLOWER]: Leader pre-election vote request: Granting yes vote for candidate 5df77d77318d47d5987a474d68795453 in term 0.
I20260710 11:06:16.066406 25980 leader_election.cc:304] T 4a3bbc51022b49a6b68581ddfef089b8 P 5df77d77318d47d5987a474d68795453 [CANDIDATE]: Term 1 pre-election: Election decided. Result: candidate won. Election summary: received 3 responses out of 3 voters: 2 yes votes; 1 no votes. yes voters: 241ec8ed6278424d9ecd2802917430ae, 5df77d77318d47d5987a474d68795453; no voters: d2d5891fdd0244f0be58ef5bd9ca24b0
I20260710 11:06:16.067678 26138 raft_consensus.cc:2804] T 4a3bbc51022b49a6b68581ddfef089b8 P 5df77d77318d47d5987a474d68795453 [term 0 FOLLOWER]: Leader pre-election won for term 1
I20260710 11:06:16.068090 26138 raft_consensus.cc:493] T 4a3bbc51022b49a6b68581ddfef089b8 P 5df77d77318d47d5987a474d68795453 [term 0 FOLLOWER]: Starting leader election (no leader contacted us within the election timeout)
I20260710 11:06:16.068432 26138 raft_consensus.cc:3060] T 4a3bbc51022b49a6b68581ddfef089b8 P 5df77d77318d47d5987a474d68795453 [term 0 FOLLOWER]: Advancing to term 1
I20260710 11:06:16.076546 26154 raft_consensus.cc:515] T a355e291cfc04b8a8e7a6ab19a45aeea P 5df77d77318d47d5987a474d68795453 [term 1 FOLLOWER]: Starting leader election with config: opid_index: -1 OBSOLETE_local: false peers { permanent_uuid: "d2d5891fdd0244f0be58ef5bd9ca24b0" member_type: VOTER last_known_addr { host: "127.24.62.1" port: 46505 } } peers { permanent_uuid: "5df77d77318d47d5987a474d68795453" member_type: VOTER last_known_addr { host: "127.24.62.2" port: 42121 } } peers { permanent_uuid: "241ec8ed6278424d9ecd2802917430ae" member_type: VOTER last_known_addr { host: "127.24.62.3" port: 37841 } }
I20260710 11:06:16.080171 25939 tablet_service.cc:1917] Received RequestConsensusVote() RPC: tablet_id: "a355e291cfc04b8a8e7a6ab19a45aeea" candidate_uuid: "5df77d77318d47d5987a474d68795453" candidate_term: 1 candidate_status { last_received { term: 0 index: 0 } } ignore_live_leader: false dest_uuid: "d2d5891fdd0244f0be58ef5bd9ca24b0"
I20260710 11:06:16.080538 26128 tablet_bootstrap.cc:492] T 2da4b3ac814540c8887e43fa28c9f34c P d2d5891fdd0244f0be58ef5bd9ca24b0: No bootstrap required, opened a new log
I20260710 11:06:16.080922 25939 raft_consensus.cc:3060] T a355e291cfc04b8a8e7a6ab19a45aeea P d2d5891fdd0244f0be58ef5bd9ca24b0 [term 0 FOLLOWER]: Advancing to term 1
I20260710 11:06:16.081471 26128 ts_tablet_manager.cc:1403] T 2da4b3ac814540c8887e43fa28c9f34c P d2d5891fdd0244f0be58ef5bd9ca24b0: Time spent bootstrapping tablet: real 0.031s	user 0.012s	sys 0.011s
I20260710 11:06:16.085445 26128 raft_consensus.cc:359] T 2da4b3ac814540c8887e43fa28c9f34c P d2d5891fdd0244f0be58ef5bd9ca24b0 [term 0 FOLLOWER]: Replica starting. Triggering 0 pending ops. Active config: opid_index: -1 OBSOLETE_local: false peers { permanent_uuid: "d2d5891fdd0244f0be58ef5bd9ca24b0" member_type: VOTER last_known_addr { host: "127.24.62.1" port: 46505 } } peers { permanent_uuid: "5df77d77318d47d5987a474d68795453" member_type: VOTER last_known_addr { host: "127.24.62.2" port: 42121 } } peers { permanent_uuid: "241ec8ed6278424d9ecd2802917430ae" member_type: VOTER last_known_addr { host: "127.24.62.3" port: 37841 } }
I20260710 11:06:16.086321 26138 raft_consensus.cc:515] T 4a3bbc51022b49a6b68581ddfef089b8 P 5df77d77318d47d5987a474d68795453 [term 1 FOLLOWER]: Starting leader election with config: opid_index: -1 OBSOLETE_local: false peers { permanent_uuid: "d2d5891fdd0244f0be58ef5bd9ca24b0" member_type: VOTER last_known_addr { host: "127.24.62.1" port: 46505 } } peers { permanent_uuid: "5df77d77318d47d5987a474d68795453" member_type: VOTER last_known_addr { host: "127.24.62.2" port: 42121 } } peers { permanent_uuid: "241ec8ed6278424d9ecd2802917430ae" member_type: VOTER last_known_addr { host: "127.24.62.3" port: 37841 } }
I20260710 11:06:16.087188 26128 raft_consensus.cc:385] T 2da4b3ac814540c8887e43fa28c9f34c P d2d5891fdd0244f0be58ef5bd9ca24b0 [term 0 FOLLOWER]: Consensus starting up: Expiring failure detector timer to make a prompt election more likely
I20260710 11:06:16.087802 26128 raft_consensus.cc:740] T 2da4b3ac814540c8887e43fa28c9f34c P d2d5891fdd0244f0be58ef5bd9ca24b0 [term 0 FOLLOWER]: Becoming Follower/Learner. State: Replica: d2d5891fdd0244f0be58ef5bd9ca24b0, State: Initialized, Role: FOLLOWER
I20260710 11:06:16.089538 25939 raft_consensus.cc:2468] T a355e291cfc04b8a8e7a6ab19a45aeea P d2d5891fdd0244f0be58ef5bd9ca24b0 [term 1 FOLLOWER]: Leader election vote request: Granting yes vote for candidate 5df77d77318d47d5987a474d68795453 in term 1.
I20260710 11:06:16.089010 26128 consensus_queue.cc:260] T 2da4b3ac814540c8887e43fa28c9f34c P d2d5891fdd0244f0be58ef5bd9ca24b0 [NON_LEADER]: Queue going to NON_LEADER mode. State: All replicated index: 0, Majority replicated index: 0, Committed index: 0, Last appended: 0.0, Last appended by leader: 0, Current term: 0, Majority size: -1, State: 0, Mode: NON_LEADER, active raft config: opid_index: -1 OBSOLETE_local: false peers { permanent_uuid: "d2d5891fdd0244f0be58ef5bd9ca24b0" member_type: VOTER last_known_addr { host: "127.24.62.1" port: 46505 } } peers { permanent_uuid: "5df77d77318d47d5987a474d68795453" member_type: VOTER last_known_addr { host: "127.24.62.2" port: 42121 } } peers { permanent_uuid: "241ec8ed6278424d9ecd2802917430ae" member_type: VOTER last_known_addr { host: "127.24.62.3" port: 37841 } }
I20260710 11:06:16.089874 25938 tablet_service.cc:1917] Received RequestConsensusVote() RPC: tablet_id: "4a3bbc51022b49a6b68581ddfef089b8" candidate_uuid: "5df77d77318d47d5987a474d68795453" candidate_term: 1 candidate_status { last_received { term: 0 index: 0 } } ignore_live_leader: false dest_uuid: "d2d5891fdd0244f0be58ef5bd9ca24b0"
I20260710 11:06:16.093775 26128 ts_tablet_manager.cc:1434] T 2da4b3ac814540c8887e43fa28c9f34c P d2d5891fdd0244f0be58ef5bd9ca24b0: Time spent starting tablet: real 0.012s	user 0.007s	sys 0.001s
I20260710 11:06:16.095412 26128 tablet_bootstrap.cc:492] T 4a3bbc51022b49a6b68581ddfef089b8 P d2d5891fdd0244f0be58ef5bd9ca24b0: Bootstrap starting.
I20260710 11:06:16.101393 26129 tablet_bootstrap.cc:492] T a355e291cfc04b8a8e7a6ab19a45aeea P 241ec8ed6278424d9ecd2802917430ae: No bootstrap required, opened a new log
I20260710 11:06:16.101631 26128 tablet_bootstrap.cc:654] T 4a3bbc51022b49a6b68581ddfef089b8 P d2d5891fdd0244f0be58ef5bd9ca24b0: Neither blocks nor log segments found. Creating new log.
I20260710 11:06:16.102056 26129 ts_tablet_manager.cc:1403] T a355e291cfc04b8a8e7a6ab19a45aeea P 241ec8ed6278424d9ecd2802917430ae: Time spent bootstrapping tablet: real 0.067s	user 0.013s	sys 0.006s
I20260710 11:06:16.091349 25978 leader_election.cc:304] T a355e291cfc04b8a8e7a6ab19a45aeea P 5df77d77318d47d5987a474d68795453 [CANDIDATE]: Term 1 election: Election decided. Result: candidate won. Election summary: received 2 responses out of 3 voters: 2 yes votes; 0 no votes. yes voters: 5df77d77318d47d5987a474d68795453, d2d5891fdd0244f0be58ef5bd9ca24b0; no voters: 
I20260710 11:06:16.104140 26132 tablet_bootstrap.cc:492] T 6264134beb7b4e7a927def6277fb0032 P 5df77d77318d47d5987a474d68795453: No bootstrap required, opened a new log
I20260710 11:06:16.104846 26132 ts_tablet_manager.cc:1403] T 6264134beb7b4e7a927def6277fb0032 P 5df77d77318d47d5987a474d68795453: Time spent bootstrapping tablet: real 0.078s	user 0.029s	sys 0.045s
I20260710 11:06:16.107872 26088 tablet_service.cc:1917] Received RequestConsensusVote() RPC: tablet_id: "4a3bbc51022b49a6b68581ddfef089b8" candidate_uuid: "5df77d77318d47d5987a474d68795453" candidate_term: 1 candidate_status { last_received { term: 0 index: 0 } } ignore_live_leader: false dest_uuid: "241ec8ed6278424d9ecd2802917430ae"
I20260710 11:06:16.108639 26088 raft_consensus.cc:3060] T 4a3bbc51022b49a6b68581ddfef089b8 P 241ec8ed6278424d9ecd2802917430ae [term 0 FOLLOWER]: Advancing to term 1
I20260710 11:06:16.109565 26087 tablet_service.cc:1917] Received RequestConsensusVote() RPC: tablet_id: "a355e291cfc04b8a8e7a6ab19a45aeea" candidate_uuid: "5df77d77318d47d5987a474d68795453" candidate_term: 1 candidate_status { last_received { term: 0 index: 0 } } ignore_live_leader: false dest_uuid: "241ec8ed6278424d9ecd2802917430ae"
I20260710 11:06:16.110522 26154 leader_election.cc:290] T a355e291cfc04b8a8e7a6ab19a45aeea P 5df77d77318d47d5987a474d68795453 [CANDIDATE]: Term 1 election: Requested vote from peers d2d5891fdd0244f0be58ef5bd9ca24b0 (127.24.62.1:46505), 241ec8ed6278424d9ecd2802917430ae (127.24.62.3:37841)
I20260710 11:06:16.111299 26154 raft_consensus.cc:2804] T a355e291cfc04b8a8e7a6ab19a45aeea P 5df77d77318d47d5987a474d68795453 [term 1 FOLLOWER]: Leader election won for term 1
I20260710 11:06:16.111882 26154 raft_consensus.cc:697] T a355e291cfc04b8a8e7a6ab19a45aeea P 5df77d77318d47d5987a474d68795453 [term 1 LEADER]: Becoming Leader. State: Replica: 5df77d77318d47d5987a474d68795453, State: Running, Role: LEADER
I20260710 11:06:16.112528 26128 tablet_bootstrap.cc:492] T 4a3bbc51022b49a6b68581ddfef089b8 P d2d5891fdd0244f0be58ef5bd9ca24b0: No bootstrap required, opened a new log
I20260710 11:06:16.113036 26128 ts_tablet_manager.cc:1403] T 4a3bbc51022b49a6b68581ddfef089b8 P d2d5891fdd0244f0be58ef5bd9ca24b0: Time spent bootstrapping tablet: real 0.018s	user 0.014s	sys 0.001s
I20260710 11:06:16.112895 26154 consensus_queue.cc:237] T a355e291cfc04b8a8e7a6ab19a45aeea P 5df77d77318d47d5987a474d68795453 [LEADER]: Queue going to LEADER mode. State: All replicated index: 0, Majority replicated index: 0, Committed index: 0, Last appended: 0.0, Last appended by leader: 0, Current term: 1, Majority size: 2, State: 0, Mode: LEADER, active raft config: opid_index: -1 OBSOLETE_local: false peers { permanent_uuid: "d2d5891fdd0244f0be58ef5bd9ca24b0" member_type: VOTER last_known_addr { host: "127.24.62.1" port: 46505 } } peers { permanent_uuid: "5df77d77318d47d5987a474d68795453" member_type: VOTER last_known_addr { host: "127.24.62.2" port: 42121 } } peers { permanent_uuid: "241ec8ed6278424d9ecd2802917430ae" member_type: VOTER last_known_addr { host: "127.24.62.3" port: 37841 } }
W20260710 11:06:16.115100 25980 leader_election.cc:343] T a355e291cfc04b8a8e7a6ab19a45aeea P 5df77d77318d47d5987a474d68795453 [CANDIDATE]: Term 1 election: Tablet error from VoteRequest() call to peer 241ec8ed6278424d9ecd2802917430ae (127.24.62.3:37841): Illegal state: must be running to vote when last-logged opid is not known
I20260710 11:06:16.116058 26128 raft_consensus.cc:359] T 4a3bbc51022b49a6b68581ddfef089b8 P d2d5891fdd0244f0be58ef5bd9ca24b0 [term 0 FOLLOWER]: Replica starting. Triggering 0 pending ops. Active config: opid_index: -1 OBSOLETE_local: false peers { permanent_uuid: "d2d5891fdd0244f0be58ef5bd9ca24b0" member_type: VOTER last_known_addr { host: "127.24.62.1" port: 46505 } } peers { permanent_uuid: "5df77d77318d47d5987a474d68795453" member_type: VOTER last_known_addr { host: "127.24.62.2" port: 42121 } } peers { permanent_uuid: "241ec8ed6278424d9ecd2802917430ae" member_type: VOTER last_known_addr { host: "127.24.62.3" port: 37841 } }
I20260710 11:06:16.109573 26132 raft_consensus.cc:359] T 6264134beb7b4e7a927def6277fb0032 P 5df77d77318d47d5987a474d68795453 [term 0 FOLLOWER]: Replica starting. Triggering 0 pending ops. Active config: opid_index: -1 OBSOLETE_local: false peers { permanent_uuid: "d2d5891fdd0244f0be58ef5bd9ca24b0" member_type: VOTER last_known_addr { host: "127.24.62.1" port: 46505 } } peers { permanent_uuid: "5df77d77318d47d5987a474d68795453" member_type: VOTER last_known_addr { host: "127.24.62.2" port: 42121 } } peers { permanent_uuid: "241ec8ed6278424d9ecd2802917430ae" member_type: VOTER last_known_addr { host: "127.24.62.3" port: 37841 } }
I20260710 11:06:16.116770 26128 raft_consensus.cc:385] T 4a3bbc51022b49a6b68581ddfef089b8 P d2d5891fdd0244f0be58ef5bd9ca24b0 [term 0 FOLLOWER]: Consensus starting up: Expiring failure detector timer to make a prompt election more likely
I20260710 11:06:16.116962 26132 raft_consensus.cc:385] T 6264134beb7b4e7a927def6277fb0032 P 5df77d77318d47d5987a474d68795453 [term 0 FOLLOWER]: Consensus starting up: Expiring failure detector timer to make a prompt election more likely
I20260710 11:06:16.117480 26132 raft_consensus.cc:740] T 6264134beb7b4e7a927def6277fb0032 P 5df77d77318d47d5987a474d68795453 [term 0 FOLLOWER]: Becoming Follower/Learner. State: Replica: 5df77d77318d47d5987a474d68795453, State: Initialized, Role: FOLLOWER
I20260710 11:06:16.117892 26088 raft_consensus.cc:2468] T 4a3bbc51022b49a6b68581ddfef089b8 P 241ec8ed6278424d9ecd2802917430ae [term 1 FOLLOWER]: Leader election vote request: Granting yes vote for candidate 5df77d77318d47d5987a474d68795453 in term 1.
I20260710 11:06:16.118021 26129 raft_consensus.cc:359] T a355e291cfc04b8a8e7a6ab19a45aeea P 241ec8ed6278424d9ecd2802917430ae [term 0 FOLLOWER]: Replica starting. Triggering 0 pending ops. Active config: opid_index: -1 OBSOLETE_local: false peers { permanent_uuid: "d2d5891fdd0244f0be58ef5bd9ca24b0" member_type: VOTER last_known_addr { host: "127.24.62.1" port: 46505 } } peers { permanent_uuid: "5df77d77318d47d5987a474d68795453" member_type: VOTER last_known_addr { host: "127.24.62.2" port: 42121 } } peers { permanent_uuid: "241ec8ed6278424d9ecd2802917430ae" member_type: VOTER last_known_addr { host: "127.24.62.3" port: 37841 } }
I20260710 11:06:16.124783 26129 raft_consensus.cc:385] T a355e291cfc04b8a8e7a6ab19a45aeea P 241ec8ed6278424d9ecd2802917430ae [term 0 FOLLOWER]: Consensus starting up: Expiring failure detector timer to make a prompt election more likely
I20260710 11:06:16.125223 26129 raft_consensus.cc:740] T a355e291cfc04b8a8e7a6ab19a45aeea P 241ec8ed6278424d9ecd2802917430ae [term 0 FOLLOWER]: Becoming Follower/Learner. State: Replica: 241ec8ed6278424d9ecd2802917430ae, State: Initialized, Role: FOLLOWER
I20260710 11:06:16.117110 26128 raft_consensus.cc:740] T 4a3bbc51022b49a6b68581ddfef089b8 P d2d5891fdd0244f0be58ef5bd9ca24b0 [term 0 FOLLOWER]: Becoming Follower/Learner. State: Replica: d2d5891fdd0244f0be58ef5bd9ca24b0, State: Initialized, Role: FOLLOWER
I20260710 11:06:16.118515 26132 consensus_queue.cc:260] T 6264134beb7b4e7a927def6277fb0032 P 5df77d77318d47d5987a474d68795453 [NON_LEADER]: Queue going to NON_LEADER mode. State: All replicated index: 0, Majority replicated index: 0, Committed index: 0, Last appended: 0.0, Last appended by leader: 0, Current term: 0, Majority size: -1, State: 0, Mode: NON_LEADER, active raft config: opid_index: -1 OBSOLETE_local: false peers { permanent_uuid: "d2d5891fdd0244f0be58ef5bd9ca24b0" member_type: VOTER last_known_addr { host: "127.24.62.1" port: 46505 } } peers { permanent_uuid: "5df77d77318d47d5987a474d68795453" member_type: VOTER last_known_addr { host: "127.24.62.2" port: 42121 } } peers { permanent_uuid: "241ec8ed6278424d9ecd2802917430ae" member_type: VOTER last_known_addr { host: "127.24.62.3" port: 37841 } }
I20260710 11:06:16.119779 26138 leader_election.cc:290] T 4a3bbc51022b49a6b68581ddfef089b8 P 5df77d77318d47d5987a474d68795453 [CANDIDATE]: Term 1 election: Requested vote from peers d2d5891fdd0244f0be58ef5bd9ca24b0 (127.24.62.1:46505), 241ec8ed6278424d9ecd2802917430ae (127.24.62.3:37841)
W20260710 11:06:16.124063 25978 leader_election.cc:343] T 4a3bbc51022b49a6b68581ddfef089b8 P 5df77d77318d47d5987a474d68795453 [CANDIDATE]: Term 1 election: Tablet error from VoteRequest() call to peer d2d5891fdd0244f0be58ef5bd9ca24b0 (127.24.62.1:46505): Illegal state: must be running to vote when last-logged opid is not known
I20260710 11:06:16.127887 26132 ts_tablet_manager.cc:1434] T 6264134beb7b4e7a927def6277fb0032 P 5df77d77318d47d5987a474d68795453: Time spent starting tablet: real 0.022s	user 0.006s	sys 0.002s
I20260710 11:06:16.128182 26128 consensus_queue.cc:260] T 4a3bbc51022b49a6b68581ddfef089b8 P d2d5891fdd0244f0be58ef5bd9ca24b0 [NON_LEADER]: Queue going to NON_LEADER mode. State: All replicated index: 0, Majority replicated index: 0, Committed index: 0, Last appended: 0.0, Last appended by leader: 0, Current term: 0, Majority size: -1, State: 0, Mode: NON_LEADER, active raft config: opid_index: -1 OBSOLETE_local: false peers { permanent_uuid: "d2d5891fdd0244f0be58ef5bd9ca24b0" member_type: VOTER last_known_addr { host: "127.24.62.1" port: 46505 } } peers { permanent_uuid: "5df77d77318d47d5987a474d68795453" member_type: VOTER last_known_addr { host: "127.24.62.2" port: 42121 } } peers { permanent_uuid: "241ec8ed6278424d9ecd2802917430ae" member_type: VOTER last_known_addr { host: "127.24.62.3" port: 37841 } }
I20260710 11:06:16.129045 26132 tablet_bootstrap.cc:492] T 7eafcdb3bfcc431aa28d6f6c9be78782 P 5df77d77318d47d5987a474d68795453: Bootstrap starting.
I20260710 11:06:16.128842 25980 leader_election.cc:304] T 4a3bbc51022b49a6b68581ddfef089b8 P 5df77d77318d47d5987a474d68795453 [CANDIDATE]: Term 1 election: Election decided. Result: candidate won. Election summary: received 3 responses out of 3 voters: 2 yes votes; 1 no votes. yes voters: 241ec8ed6278424d9ecd2802917430ae, 5df77d77318d47d5987a474d68795453; no voters: d2d5891fdd0244f0be58ef5bd9ca24b0
