I20260710 11:06:14.735323 30161 consensus_queue.cc:260] T 930fbf44b5804900a7fa4a3f12e49042 P 223a659728664af2b298e847f19379e3 [NON_LEADER]: Queue going to NON_LEADER mode. State: All replicated index: 0, Majority replicated index: 0, Committed index: 0, Last appended: 0.0, Last appended by leader: 0, Current term: 0, Majority size: -1, State: 0, Mode: NON_LEADER, active raft config: opid_index: -1 OBSOLETE_local: false peers { permanent_uuid: "c7adbc80a3934ae7baad94f8b9b3ad71" member_type: VOTER last_known_addr { host: "127.28.49.1" port: 46767 } } peers { permanent_uuid: "f0fc406e669c47e99a5948889f71202f" member_type: VOTER last_known_addr { host: "127.28.49.2" port: 36437 } } peers { permanent_uuid: "223a659728664af2b298e847f19379e3" member_type: VOTER last_known_addr { host: "127.28.49.3" port: 44419 } }
I20260710 11:06:14.738332 30161 ts_tablet_manager.cc:1434] T 930fbf44b5804900a7fa4a3f12e49042 P 223a659728664af2b298e847f19379e3: Time spent starting tablet: real 0.009s	user 0.005s	sys 0.000s
I20260710 11:06:14.739054 30184 raft_consensus.cc:493] T c0585d785c494c20b5d3e5178fd98818 P 223a659728664af2b298e847f19379e3 [term 0 FOLLOWER]: Starting pre-election (no leader contacted us within the election timeout)
I20260710 11:06:14.740031 30163 tablet_bootstrap.cc:654] T e694fde6e90b42b78b85d4f10a7a1433 P c7adbc80a3934ae7baad94f8b9b3ad71: Neither blocks nor log segments found. Creating new log.
I20260710 11:06:14.739693 30184 raft_consensus.cc:515] T c0585d785c494c20b5d3e5178fd98818 P 223a659728664af2b298e847f19379e3 [term 0 FOLLOWER]: Starting pre-election with config: opid_index: -1 OBSOLETE_local: false peers { permanent_uuid: "c7adbc80a3934ae7baad94f8b9b3ad71" member_type: VOTER last_known_addr { host: "127.28.49.1" port: 46767 } } peers { permanent_uuid: "f0fc406e669c47e99a5948889f71202f" member_type: VOTER last_known_addr { host: "127.28.49.2" port: 36437 } } peers { permanent_uuid: "223a659728664af2b298e847f19379e3" member_type: VOTER last_known_addr { host: "127.28.49.3" port: 44419 } }
I20260710 11:06:14.743673 29970 tablet_service.cc:1917] Received RequestConsensusVote() RPC: tablet_id: "c0585d785c494c20b5d3e5178fd98818" candidate_uuid: "223a659728664af2b298e847f19379e3" candidate_term: 1 candidate_status { last_received { term: 0 index: 0 } } ignore_live_leader: false dest_uuid: "c7adbc80a3934ae7baad94f8b9b3ad71" is_pre_election: true
I20260710 11:06:14.744650 29970 raft_consensus.cc:2468] T c0585d785c494c20b5d3e5178fd98818 P c7adbc80a3934ae7baad94f8b9b3ad71 [term 0 FOLLOWER]: Leader pre-election vote request: Granting yes vote for candidate 223a659728664af2b298e847f19379e3 in term 0.
I20260710 11:06:14.746436 30084 leader_election.cc:304] T c0585d785c494c20b5d3e5178fd98818 P 223a659728664af2b298e847f19379e3 [CANDIDATE]: Term 1 pre-election: Election decided. Result: candidate won. Election summary: received 2 responses out of 3 voters: 2 yes votes; 0 no votes. yes voters: 223a659728664af2b298e847f19379e3, c7adbc80a3934ae7baad94f8b9b3ad71; no voters: 
I20260710 11:06:14.747650 30166 raft_consensus.cc:2804] T c0585d785c494c20b5d3e5178fd98818 P 223a659728664af2b298e847f19379e3 [term 0 FOLLOWER]: Leader pre-election won for term 1
I20260710 11:06:14.748127 30166 raft_consensus.cc:493] T c0585d785c494c20b5d3e5178fd98818 P 223a659728664af2b298e847f19379e3 [term 0 FOLLOWER]: Starting leader election (no leader contacted us within the election timeout)
I20260710 11:06:14.748570 30166 raft_consensus.cc:3060] T c0585d785c494c20b5d3e5178fd98818 P 223a659728664af2b298e847f19379e3 [term 0 FOLLOWER]: Advancing to term 1
I20260710 11:06:14.752143 30184 leader_election.cc:290] T c0585d785c494c20b5d3e5178fd98818 P 223a659728664af2b298e847f19379e3 [CANDIDATE]: Term 1 pre-election: Requested pre-vote from peers c7adbc80a3934ae7baad94f8b9b3ad71 (127.28.49.1:46767), f0fc406e669c47e99a5948889f71202f (127.28.49.2:36437)
I20260710 11:06:14.754240 30045 tablet_service.cc:1917] Received RequestConsensusVote() RPC: tablet_id: "c0585d785c494c20b5d3e5178fd98818" candidate_uuid: "223a659728664af2b298e847f19379e3" candidate_term: 1 candidate_status { last_received { term: 0 index: 0 } } ignore_live_leader: false dest_uuid: "f0fc406e669c47e99a5948889f71202f" is_pre_election: true
I20260710 11:06:14.755106 30045 raft_consensus.cc:2468] T c0585d785c494c20b5d3e5178fd98818 P f0fc406e669c47e99a5948889f71202f [term 0 FOLLOWER]: Leader pre-election vote request: Granting yes vote for candidate 223a659728664af2b298e847f19379e3 in term 0.
I20260710 11:06:14.758425 30166 raft_consensus.cc:515] T c0585d785c494c20b5d3e5178fd98818 P 223a659728664af2b298e847f19379e3 [term 1 FOLLOWER]: Starting leader election with config: opid_index: -1 OBSOLETE_local: false peers { permanent_uuid: "c7adbc80a3934ae7baad94f8b9b3ad71" member_type: VOTER last_known_addr { host: "127.28.49.1" port: 46767 } } peers { permanent_uuid: "f0fc406e669c47e99a5948889f71202f" member_type: VOTER last_known_addr { host: "127.28.49.2" port: 36437 } } peers { permanent_uuid: "223a659728664af2b298e847f19379e3" member_type: VOTER last_known_addr { host: "127.28.49.3" port: 44419 } }
I20260710 11:06:14.762537 29970 tablet_service.cc:1917] Received RequestConsensusVote() RPC: tablet_id: "c0585d785c494c20b5d3e5178fd98818" candidate_uuid: "223a659728664af2b298e847f19379e3" candidate_term: 1 candidate_status { last_received { term: 0 index: 0 } } ignore_live_leader: false dest_uuid: "c7adbc80a3934ae7baad94f8b9b3ad71"
I20260710 11:06:14.763384 29970 raft_consensus.cc:3060] T c0585d785c494c20b5d3e5178fd98818 P c7adbc80a3934ae7baad94f8b9b3ad71 [term 0 FOLLOWER]: Advancing to term 1
I20260710 11:06:14.739261 30161 tablet_bootstrap.cc:492] T e694fde6e90b42b78b85d4f10a7a1433 P 223a659728664af2b298e847f19379e3: Bootstrap starting.
I20260710 11:06:14.777073 30166 leader_election.cc:290] T c0585d785c494c20b5d3e5178fd98818 P 223a659728664af2b298e847f19379e3 [CANDIDATE]: Term 1 election: Requested vote from peers c7adbc80a3934ae7baad94f8b9b3ad71 (127.28.49.1:46767), f0fc406e669c47e99a5948889f71202f (127.28.49.2:36437)
I20260710 11:06:14.777670 30045 tablet_service.cc:1917] Received RequestConsensusVote() RPC: tablet_id: "c0585d785c494c20b5d3e5178fd98818" candidate_uuid: "223a659728664af2b298e847f19379e3" candidate_term: 1 candidate_status { last_received { term: 0 index: 0 } } ignore_live_leader: false dest_uuid: "f0fc406e669c47e99a5948889f71202f"
I20260710 11:06:14.778352 30045 raft_consensus.cc:3060] T c0585d785c494c20b5d3e5178fd98818 P f0fc406e669c47e99a5948889f71202f [term 0 FOLLOWER]: Advancing to term 1
I20260710 11:06:14.779085 30161 tablet_bootstrap.cc:654] T e694fde6e90b42b78b85d4f10a7a1433 P 223a659728664af2b298e847f19379e3: Neither blocks nor log segments found. Creating new log.
I20260710 11:06:14.779561 30160 tablet_bootstrap.cc:492] T 744a1bd5dfcf4baabf706c96f303c05c P f0fc406e669c47e99a5948889f71202f: No bootstrap required, opened a new log
I20260710 11:06:14.780118 30160 ts_tablet_manager.cc:1403] T 744a1bd5dfcf4baabf706c96f303c05c P f0fc406e669c47e99a5948889f71202f: Time spent bootstrapping tablet: real 0.064s	user 0.038s	sys 0.021s
I20260710 11:06:14.783394 30160 raft_consensus.cc:359] T 744a1bd5dfcf4baabf706c96f303c05c P f0fc406e669c47e99a5948889f71202f [term 0 FOLLOWER]: Replica starting. Triggering 0 pending ops. Active config: opid_index: -1 OBSOLETE_local: false peers { permanent_uuid: "c7adbc80a3934ae7baad94f8b9b3ad71" member_type: VOTER last_known_addr { host: "127.28.49.1" port: 46767 } } peers { permanent_uuid: "f0fc406e669c47e99a5948889f71202f" member_type: VOTER last_known_addr { host: "127.28.49.2" port: 36437 } } peers { permanent_uuid: "223a659728664af2b298e847f19379e3" member_type: VOTER last_known_addr { host: "127.28.49.3" port: 44419 } }
I20260710 11:06:14.784193 30160 raft_consensus.cc:385] T 744a1bd5dfcf4baabf706c96f303c05c P f0fc406e669c47e99a5948889f71202f [term 0 FOLLOWER]: Consensus starting up: Expiring failure detector timer to make a prompt election more likely
I20260710 11:06:14.784518 30160 raft_consensus.cc:740] T 744a1bd5dfcf4baabf706c96f303c05c P f0fc406e669c47e99a5948889f71202f [term 0 FOLLOWER]: Becoming Follower/Learner. State: Replica: f0fc406e669c47e99a5948889f71202f, State: Initialized, Role: FOLLOWER
I20260710 11:06:14.775000 29970 raft_consensus.cc:2468] T c0585d785c494c20b5d3e5178fd98818 P c7adbc80a3934ae7baad94f8b9b3ad71 [term 1 FOLLOWER]: Leader election vote request: Granting yes vote for candidate 223a659728664af2b298e847f19379e3 in term 1.
I20260710 11:06:14.785477 30163 tablet_bootstrap.cc:492] T e694fde6e90b42b78b85d4f10a7a1433 P c7adbc80a3934ae7baad94f8b9b3ad71: No bootstrap required, opened a new log
I20260710 11:06:14.786064 30163 ts_tablet_manager.cc:1403] T e694fde6e90b42b78b85d4f10a7a1433 P c7adbc80a3934ae7baad94f8b9b3ad71: Time spent bootstrapping tablet: real 0.061s	user 0.016s	sys 0.032s
I20260710 11:06:14.785218 30160 consensus_queue.cc:260] T 744a1bd5dfcf4baabf706c96f303c05c P f0fc406e669c47e99a5948889f71202f [NON_LEADER]: Queue going to NON_LEADER mode. State: All replicated index: 0, Majority replicated index: 0, Committed index: 0, Last appended: 0.0, Last appended by leader: 0, Current term: 0, Majority size: -1, State: 0, Mode: NON_LEADER, active raft config: opid_index: -1 OBSOLETE_local: false peers { permanent_uuid: "c7adbc80a3934ae7baad94f8b9b3ad71" member_type: VOTER last_known_addr { host: "127.28.49.1" port: 46767 } } peers { permanent_uuid: "f0fc406e669c47e99a5948889f71202f" member_type: VOTER last_known_addr { host: "127.28.49.2" port: 36437 } } peers { permanent_uuid: "223a659728664af2b298e847f19379e3" member_type: VOTER last_known_addr { host: "127.28.49.3" port: 44419 } }
I20260710 11:06:14.786198 30045 raft_consensus.cc:2468] T c0585d785c494c20b5d3e5178fd98818 P f0fc406e669c47e99a5948889f71202f [term 1 FOLLOWER]: Leader election vote request: Granting yes vote for candidate 223a659728664af2b298e847f19379e3 in term 1.
I20260710 11:06:14.786659 30084 leader_election.cc:304] T c0585d785c494c20b5d3e5178fd98818 P 223a659728664af2b298e847f19379e3 [CANDIDATE]: Term 1 election: Election decided. Result: candidate won. Election summary: received 2 responses out of 3 voters: 2 yes votes; 0 no votes. yes voters: 223a659728664af2b298e847f19379e3, c7adbc80a3934ae7baad94f8b9b3ad71; no voters: 
I20260710 11:06:14.787806 30166 raft_consensus.cc:2804] T c0585d785c494c20b5d3e5178fd98818 P 223a659728664af2b298e847f19379e3 [term 1 FOLLOWER]: Leader election won for term 1
I20260710 11:06:14.788210 30160 ts_tablet_manager.cc:1434] T 744a1bd5dfcf4baabf706c96f303c05c P f0fc406e669c47e99a5948889f71202f: Time spent starting tablet: real 0.008s	user 0.003s	sys 0.004s
I20260710 11:06:14.788343 30166 raft_consensus.cc:697] T c0585d785c494c20b5d3e5178fd98818 P 223a659728664af2b298e847f19379e3 [term 1 LEADER]: Becoming Leader. State: Replica: 223a659728664af2b298e847f19379e3, State: Running, Role: LEADER
I20260710 11:06:14.789475 30160 tablet_bootstrap.cc:492] T e9db13f1929d4a92bfb8c68a74c05ad6 P f0fc406e669c47e99a5948889f71202f: Bootstrap starting.
I20260710 11:06:14.789345 30166 consensus_queue.cc:237] T c0585d785c494c20b5d3e5178fd98818 P 223a659728664af2b298e847f19379e3 [LEADER]: Queue going to LEADER mode. State: All replicated index: 0, Majority replicated index: 0, Committed index: 0, Last appended: 0.0, Last appended by leader: 0, Current term: 1, Majority size: 2, State: 0, Mode: LEADER, active raft config: opid_index: -1 OBSOLETE_local: false peers { permanent_uuid: "c7adbc80a3934ae7baad94f8b9b3ad71" member_type: VOTER last_known_addr { host: "127.28.49.1" port: 46767 } } peers { permanent_uuid: "f0fc406e669c47e99a5948889f71202f" member_type: VOTER last_known_addr { host: "127.28.49.2" port: 36437 } } peers { permanent_uuid: "223a659728664af2b298e847f19379e3" member_type: VOTER last_known_addr { host: "127.28.49.3" port: 44419 } }
I20260710 11:06:14.789705 30163 raft_consensus.cc:359] T e694fde6e90b42b78b85d4f10a7a1433 P c7adbc80a3934ae7baad94f8b9b3ad71 [term 0 FOLLOWER]: Replica starting. Triggering 0 pending ops. Active config: opid_index: -1 OBSOLETE_local: false peers { permanent_uuid: "c7adbc80a3934ae7baad94f8b9b3ad71" member_type: VOTER last_known_addr { host: "127.28.49.1" port: 46767 } } peers { permanent_uuid: "f0fc406e669c47e99a5948889f71202f" member_type: VOTER last_known_addr { host: "127.28.49.2" port: 36437 } } peers { permanent_uuid: "223a659728664af2b298e847f19379e3" member_type: VOTER last_known_addr { host: "127.28.49.3" port: 44419 } }
I20260710 11:06:14.790369 30163 raft_consensus.cc:385] T e694fde6e90b42b78b85d4f10a7a1433 P c7adbc80a3934ae7baad94f8b9b3ad71 [term 0 FOLLOWER]: Consensus starting up: Expiring failure detector timer to make a prompt election more likely
I20260710 11:06:14.790659 30163 raft_consensus.cc:740] T e694fde6e90b42b78b85d4f10a7a1433 P c7adbc80a3934ae7baad94f8b9b3ad71 [term 0 FOLLOWER]: Becoming Follower/Learner. State: Replica: c7adbc80a3934ae7baad94f8b9b3ad71, State: Initialized, Role: FOLLOWER
I20260710 11:06:14.791391 30163 consensus_queue.cc:260] T e694fde6e90b42b78b85d4f10a7a1433 P c7adbc80a3934ae7baad94f8b9b3ad71 [NON_LEADER]: Queue going to NON_LEADER mode. State: All replicated index: 0, Majority replicated index: 0, Committed index: 0, Last appended: 0.0, Last appended by leader: 0, Current term: 0, Majority size: -1, State: 0, Mode: NON_LEADER, active raft config: opid_index: -1 OBSOLETE_local: false peers { permanent_uuid: "c7adbc80a3934ae7baad94f8b9b3ad71" member_type: VOTER last_known_addr { host: "127.28.49.1" port: 46767 } } peers { permanent_uuid: "f0fc406e669c47e99a5948889f71202f" member_type: VOTER last_known_addr { host: "127.28.49.2" port: 36437 } } peers { permanent_uuid: "223a659728664af2b298e847f19379e3" member_type: VOTER last_known_addr { host: "127.28.49.3" port: 44419 } }
I20260710 11:06:14.793537 30161 tablet_bootstrap.cc:492] T e694fde6e90b42b78b85d4f10a7a1433 P 223a659728664af2b298e847f19379e3: No bootstrap required, opened a new log
I20260710 11:06:14.794021 30163 ts_tablet_manager.cc:1434] T e694fde6e90b42b78b85d4f10a7a1433 P c7adbc80a3934ae7baad94f8b9b3ad71: Time spent starting tablet: real 0.008s	user 0.008s	sys 0.000s
I20260710 11:06:14.794934 30163 tablet_bootstrap.cc:492] T 215c61dc828f4d278dc399649043796c P c7adbc80a3934ae7baad94f8b9b3ad71: Bootstrap starting.
I20260710 11:06:14.794034 30161 ts_tablet_manager.cc:1403] T e694fde6e90b42b78b85d4f10a7a1433 P 223a659728664af2b298e847f19379e3: Time spent bootstrapping tablet: real 0.055s	user 0.013s	sys 0.000s
I20260710 11:06:14.796643 30160 tablet_bootstrap.cc:654] T e9db13f1929d4a92bfb8c68a74c05ad6 P f0fc406e669c47e99a5948889f71202f: Neither blocks nor log segments found. Creating new log.
I20260710 11:06:14.799124 30161 raft_consensus.cc:359] T e694fde6e90b42b78b85d4f10a7a1433 P 223a659728664af2b298e847f19379e3 [term 0 FOLLOWER]: Replica starting. Triggering 0 pending ops. Active config: opid_index: -1 OBSOLETE_local: false peers { permanent_uuid: "c7adbc80a3934ae7baad94f8b9b3ad71" member_type: VOTER last_known_addr { host: "127.28.49.1" port: 46767 } } peers { permanent_uuid: "f0fc406e669c47e99a5948889f71202f" member_type: VOTER last_known_addr { host: "127.28.49.2" port: 36437 } } peers { permanent_uuid: "223a659728664af2b298e847f19379e3" member_type: VOTER last_known_addr { host: "127.28.49.3" port: 44419 } }
I20260710 11:06:14.800019 30161 raft_consensus.cc:385] T e694fde6e90b42b78b85d4f10a7a1433 P 223a659728664af2b298e847f19379e3 [term 0 FOLLOWER]: Consensus starting up: Expiring failure detector timer to make a prompt election more likely
I20260710 11:06:14.800361 30161 raft_consensus.cc:740] T e694fde6e90b42b78b85d4f10a7a1433 P 223a659728664af2b298e847f19379e3 [term 0 FOLLOWER]: Becoming Follower/Learner. State: Replica: 223a659728664af2b298e847f19379e3, State: Initialized, Role: FOLLOWER
I20260710 11:06:14.801555 30163 tablet_bootstrap.cc:654] T 215c61dc828f4d278dc399649043796c P c7adbc80a3934ae7baad94f8b9b3ad71: Neither blocks nor log segments found. Creating new log.
I20260710 11:06:14.801265 30161 consensus_queue.cc:260] T e694fde6e90b42b78b85d4f10a7a1433 P 223a659728664af2b298e847f19379e3 [NON_LEADER]: Queue going to NON_LEADER mode. State: All replicated index: 0, Majority replicated index: 0, Committed index: 0, Last appended: 0.0, Last appended by leader: 0, Current term: 0, Majority size: -1, State: 0, Mode: NON_LEADER, active raft config: opid_index: -1 OBSOLETE_local: false peers { permanent_uuid: "c7adbc80a3934ae7baad94f8b9b3ad71" member_type: VOTER last_known_addr { host: "127.28.49.1" port: 46767 } } peers { permanent_uuid: "f0fc406e669c47e99a5948889f71202f" member_type: VOTER last_known_addr { host: "127.28.49.2" port: 36437 } } peers { permanent_uuid: "223a659728664af2b298e847f19379e3" member_type: VOTER last_known_addr { host: "127.28.49.3" port: 44419 } }
I20260710 11:06:14.809293 30161 ts_tablet_manager.cc:1434] T e694fde6e90b42b78b85d4f10a7a1433 P 223a659728664af2b298e847f19379e3: Time spent starting tablet: real 0.013s	user 0.006s	sys 0.000s
I20260710 11:06:14.810694 30161 tablet_bootstrap.cc:492] T 44b31ab6d5ce485399df7658f910fc82 P 223a659728664af2b298e847f19379e3: Bootstrap starting.
I20260710 11:06:14.817536 30174 raft_consensus.cc:493] T 2b1a84fee4324f05a4d5eb439d3485f7 P c7adbc80a3934ae7baad94f8b9b3ad71 [term 0 FOLLOWER]: Starting pre-election (no leader contacted us within the election timeout)
I20260710 11:06:14.818289 30174 raft_consensus.cc:515] T 2b1a84fee4324f05a4d5eb439d3485f7 P c7adbc80a3934ae7baad94f8b9b3ad71 [term 0 FOLLOWER]: Starting pre-election with config: opid_index: -1 OBSOLETE_local: false peers { permanent_uuid: "c7adbc80a3934ae7baad94f8b9b3ad71" member_type: VOTER last_known_addr { host: "127.28.49.1" port: 46767 } } peers { permanent_uuid: "f0fc406e669c47e99a5948889f71202f" member_type: VOTER last_known_addr { host: "127.28.49.2" port: 36437 } } peers { permanent_uuid: "223a659728664af2b298e847f19379e3" member_type: VOTER last_known_addr { host: "127.28.49.3" port: 44419 } }
I20260710 11:06:14.826606 30120 tablet_service.cc:1917] Received RequestConsensusVote() RPC: tablet_id: "2b1a84fee4324f05a4d5eb439d3485f7" candidate_uuid: "c7adbc80a3934ae7baad94f8b9b3ad71" candidate_term: 1 candidate_status { last_received { term: 0 index: 0 } } ignore_live_leader: false dest_uuid: "223a659728664af2b298e847f19379e3" is_pre_election: true
I20260710 11:06:14.827550 30120 raft_consensus.cc:2468] T 2b1a84fee4324f05a4d5eb439d3485f7 P 223a659728664af2b298e847f19379e3 [term 0 FOLLOWER]: Leader pre-election vote request: Granting yes vote for candidate c7adbc80a3934ae7baad94f8b9b3ad71 in term 0.
I20260710 11:06:14.829382 29934 leader_election.cc:304] T 2b1a84fee4324f05a4d5eb439d3485f7 P c7adbc80a3934ae7baad94f8b9b3ad71 [CANDIDATE]: Term 1 pre-election: Election decided. Result: candidate won. Election summary: received 2 responses out of 3 voters: 2 yes votes; 0 no votes. yes voters: 223a659728664af2b298e847f19379e3, c7adbc80a3934ae7baad94f8b9b3ad71; no voters: 
I20260710 11:06:14.830632 30172 raft_consensus.cc:2804] T 2b1a84fee4324f05a4d5eb439d3485f7 P c7adbc80a3934ae7baad94f8b9b3ad71 [term 0 FOLLOWER]: Leader pre-election won for term 1
I20260710 11:06:14.831103 30172 raft_consensus.cc:493] T 2b1a84fee4324f05a4d5eb439d3485f7 P c7adbc80a3934ae7baad94f8b9b3ad71 [term 0 FOLLOWER]: Starting leader election (no leader contacted us within the election timeout)
I20260710 11:06:14.831557 30172 raft_consensus.cc:3060] T 2b1a84fee4324f05a4d5eb439d3485f7 P c7adbc80a3934ae7baad94f8b9b3ad71 [term 0 FOLLOWER]: Advancing to term 1
I20260710 11:06:14.831815 29867 catalog_manager.cc:5697] T c0585d785c494c20b5d3e5178fd98818 P 223a659728664af2b298e847f19379e3 reported cstate change: term changed from 0 to 1, leader changed from <none> to 223a659728664af2b298e847f19379e3 (127.28.49.3). New cstate: current_term: 1 leader_uuid: "223a659728664af2b298e847f19379e3" committed_config { opid_index: -1 OBSOLETE_local: false peers { permanent_uuid: "c7adbc80a3934ae7baad94f8b9b3ad71" member_type: VOTER last_known_addr { host: "127.28.49.1" port: 46767 } health_report { overall_health: UNKNOWN } } peers { permanent_uuid: "f0fc406e669c47e99a5948889f71202f" member_type: VOTER last_known_addr { host: "127.28.49.2" port: 36437 } health_report { overall_health: UNKNOWN } } peers { permanent_uuid: "223a659728664af2b298e847f19379e3" member_type: VOTER last_known_addr { host: "127.28.49.3" port: 44419 } health_report { overall_health: HEALTHY } } }
I20260710 11:06:14.837662 30174 leader_election.cc:290] T 2b1a84fee4324f05a4d5eb439d3485f7 P c7adbc80a3934ae7baad94f8b9b3ad71 [CANDIDATE]: Term 1 pre-election: Requested pre-vote from peers f0fc406e669c47e99a5948889f71202f (127.28.49.2:36437), 223a659728664af2b298e847f19379e3 (127.28.49.3:44419)
I20260710 11:06:14.841760 30045 tablet_service.cc:1917] Received RequestConsensusVote() RPC: tablet_id: "2b1a84fee4324f05a4d5eb439d3485f7" candidate_uuid: "c7adbc80a3934ae7baad94f8b9b3ad71" candidate_term: 1 candidate_status { last_received { term: 0 index: 0 } } ignore_live_leader: false dest_uuid: "f0fc406e669c47e99a5948889f71202f" is_pre_election: true
I20260710 11:06:14.842736 30045 raft_consensus.cc:2468] T 2b1a84fee4324f05a4d5eb439d3485f7 P f0fc406e669c47e99a5948889f71202f [term 0 FOLLOWER]: Leader pre-election vote request: Granting yes vote for candidate c7adbc80a3934ae7baad94f8b9b3ad71 in term 0.
I20260710 11:06:14.849396 30161 tablet_bootstrap.cc:654] T 44b31ab6d5ce485399df7658f910fc82 P 223a659728664af2b298e847f19379e3: Neither blocks nor log segments found. Creating new log.
I20260710 11:06:14.853704 30172 raft_consensus.cc:515] T 2b1a84fee4324f05a4d5eb439d3485f7 P c7adbc80a3934ae7baad94f8b9b3ad71 [term 1 FOLLOWER]: Starting leader election with config: opid_index: -1 OBSOLETE_local: false peers { permanent_uuid: "c7adbc80a3934ae7baad94f8b9b3ad71" member_type: VOTER last_known_addr { host: "127.28.49.1" port: 46767 } } peers { permanent_uuid: "f0fc406e669c47e99a5948889f71202f" member_type: VOTER last_known_addr { host: "127.28.49.2" port: 36437 } } peers { permanent_uuid: "223a659728664af2b298e847f19379e3" member_type: VOTER last_known_addr { host: "127.28.49.3" port: 44419 } }
I20260710 11:06:14.855813 30160 tablet_bootstrap.cc:492] T e9db13f1929d4a92bfb8c68a74c05ad6 P f0fc406e669c47e99a5948889f71202f: No bootstrap required, opened a new log
I20260710 11:06:14.856391 30160 ts_tablet_manager.cc:1403] T e9db13f1929d4a92bfb8c68a74c05ad6 P f0fc406e669c47e99a5948889f71202f: Time spent bootstrapping tablet: real 0.067s	user 0.038s	sys 0.027s
I20260710 11:06:14.857730 30045 tablet_service.cc:1917] Received RequestConsensusVote() RPC: tablet_id: "2b1a84fee4324f05a4d5eb439d3485f7" candidate_uuid: "c7adbc80a3934ae7baad94f8b9b3ad71" candidate_term: 1 candidate_status { last_received { term: 0 index: 0 } } ignore_live_leader: false dest_uuid: "f0fc406e669c47e99a5948889f71202f"
I20260710 11:06:14.858554 30045 raft_consensus.cc:3060] T 2b1a84fee4324f05a4d5eb439d3485f7 P f0fc406e669c47e99a5948889f71202f [term 0 FOLLOWER]: Advancing to term 1
I20260710 11:06:14.859417 30160 raft_consensus.cc:359] T e9db13f1929d4a92bfb8c68a74c05ad6 P f0fc406e669c47e99a5948889f71202f [term 0 FOLLOWER]: Replica starting. Triggering 0 pending ops. Active config: opid_index: -1 OBSOLETE_local: false peers { permanent_uuid: "c7adbc80a3934ae7baad94f8b9b3ad71" member_type: VOTER last_known_addr { host: "127.28.49.1" port: 46767 } } peers { permanent_uuid: "f0fc406e669c47e99a5948889f71202f" member_type: VOTER last_known_addr { host: "127.28.49.2" port: 36437 } } peers { permanent_uuid: "223a659728664af2b298e847f19379e3" member_type: VOTER last_known_addr { host: "127.28.49.3" port: 44419 } }
I20260710 11:06:14.860181 30160 raft_consensus.cc:385] T e9db13f1929d4a92bfb8c68a74c05ad6 P f0fc406e669c47e99a5948889f71202f [term 0 FOLLOWER]: Consensus starting up: Expiring failure detector timer to make a prompt election more likely
I20260710 11:06:14.860517 30160 raft_consensus.cc:740] T e9db13f1929d4a92bfb8c68a74c05ad6 P f0fc406e669c47e99a5948889f71202f [term 0 FOLLOWER]: Becoming Follower/Learner. State: Replica: f0fc406e669c47e99a5948889f71202f, State: Initialized, Role: FOLLOWER
I20260710 11:06:14.861261 30160 consensus_queue.cc:260] T e9db13f1929d4a92bfb8c68a74c05ad6 P f0fc406e669c47e99a5948889f71202f [NON_LEADER]: Queue going to NON_LEADER mode. State: All replicated index: 0, Majority replicated index: 0, Committed index: 0, Last appended: 0.0, Last appended by leader: 0, Current term: 0, Majority size: -1, State: 0, Mode: NON_LEADER, active raft config: opid_index: -1 OBSOLETE_local: false peers { permanent_uuid: "c7adbc80a3934ae7baad94f8b9b3ad71" member_type: VOTER last_known_addr { host: "127.28.49.1" port: 46767 } } peers { permanent_uuid: "f0fc406e669c47e99a5948889f71202f" member_type: VOTER last_known_addr { host: "127.28.49.2" port: 36437 } } peers { permanent_uuid: "223a659728664af2b298e847f19379e3" member_type: VOTER last_known_addr { host: "127.28.49.3" port: 44419 } }
I20260710 11:06:14.863722 30160 ts_tablet_manager.cc:1434] T e9db13f1929d4a92bfb8c68a74c05ad6 P f0fc406e669c47e99a5948889f71202f: Time spent starting tablet: real 0.007s	user 0.006s	sys 0.000s
I20260710 11:06:14.865790 30172 leader_election.cc:290] T 2b1a84fee4324f05a4d5eb439d3485f7 P c7adbc80a3934ae7baad94f8b9b3ad71 [CANDIDATE]: Term 1 election: Requested vote from peers f0fc406e669c47e99a5948889f71202f (127.28.49.2:36437), 223a659728664af2b298e847f19379e3 (127.28.49.3:44419)
I20260710 11:06:14.866848 30120 tablet_service.cc:1917] Received RequestConsensusVote() RPC: tablet_id: "2b1a84fee4324f05a4d5eb439d3485f7" candidate_uuid: "c7adbc80a3934ae7baad94f8b9b3ad71" candidate_term: 1 candidate_status { last_received { term: 0 index: 0 } } ignore_live_leader: false dest_uuid: "223a659728664af2b298e847f19379e3"
I20260710 11:06:14.867489 30163 tablet_bootstrap.cc:492] T 215c61dc828f4d278dc399649043796c P c7adbc80a3934ae7baad94f8b9b3ad71: No bootstrap required, opened a new log
I20260710 11:06:14.867733 30120 raft_consensus.cc:3060] T 2b1a84fee4324f05a4d5eb439d3485f7 P 223a659728664af2b298e847f19379e3 [term 0 FOLLOWER]: Advancing to term 1
I20260710 11:06:14.867980 30163 ts_tablet_manager.cc:1403] T 215c61dc828f4d278dc399649043796c P c7adbc80a3934ae7baad94f8b9b3ad71: Time spent bootstrapping tablet: real 0.073s	user 0.033s	sys 0.039s
I20260710 11:06:14.868804 30045 raft_consensus.cc:2468] T 2b1a84fee4324f05a4d5eb439d3485f7 P f0fc406e669c47e99a5948889f71202f [term 1 FOLLOWER]: Leader election vote request: Granting yes vote for candidate c7adbc80a3934ae7baad94f8b9b3ad71 in term 1.
I20260710 11:06:14.870266 29937 leader_election.cc:304] T 2b1a84fee4324f05a4d5eb439d3485f7 P c7adbc80a3934ae7baad94f8b9b3ad71 [CANDIDATE]: Term 1 election: Election decided. Result: candidate won. Election summary: received 2 responses out of 3 voters: 2 yes votes; 0 no votes. yes voters: c7adbc80a3934ae7baad94f8b9b3ad71, f0fc406e669c47e99a5948889f71202f; no voters: 
I20260710 11:06:14.871058 30163 raft_consensus.cc:359] T 215c61dc828f4d278dc399649043796c P c7adbc80a3934ae7baad94f8b9b3ad71 [term 0 FOLLOWER]: Replica starting. Triggering 0 pending ops. Active config: opid_index: -1 OBSOLETE_local: false peers { permanent_uuid: "223a659728664af2b298e847f19379e3" member_type: VOTER last_known_addr { host: "127.28.49.3" port: 44419 } } peers { permanent_uuid: "c7adbc80a3934ae7baad94f8b9b3ad71" member_type: VOTER last_known_addr { host: "127.28.49.1" port: 46767 } } peers { permanent_uuid: "f0fc406e669c47e99a5948889f71202f" member_type: VOTER last_known_addr { host: "127.28.49.2" port: 36437 } }
I20260710 11:06:14.871502 30174 raft_consensus.cc:2804] T 2b1a84fee4324f05a4d5eb439d3485f7 P c7adbc80a3934ae7baad94f8b9b3ad71 [term 1 FOLLOWER]: Leader election won for term 1
I20260710 11:06:14.871848 30163 raft_consensus.cc:385] T 215c61dc828f4d278dc399649043796c P c7adbc80a3934ae7baad94f8b9b3ad71 [term 0 FOLLOWER]: Consensus starting up: Expiring failure detector timer to make a prompt election more likely
I20260710 11:06:14.872221 30163 raft_consensus.cc:740] T 215c61dc828f4d278dc399649043796c P c7adbc80a3934ae7baad94f8b9b3ad71 [term 0 FOLLOWER]: Becoming Follower/Learner. State: Replica: c7adbc80a3934ae7baad94f8b9b3ad71, State: Initialized, Role: FOLLOWER
I20260710 11:06:14.873003 30163 consensus_queue.cc:260] T 215c61dc828f4d278dc399649043796c P c7adbc80a3934ae7baad94f8b9b3ad71 [NON_LEADER]: Queue going to NON_LEADER mode. State: All replicated index: 0, Majority replicated index: 0, Committed index: 0, Last appended: 0.0, Last appended by leader: 0, Current term: 0, Majority size: -1, State: 0, Mode: NON_LEADER, active raft config: opid_index: -1 OBSOLETE_local: false peers { permanent_uuid: "223a659728664af2b298e847f19379e3" member_type: VOTER last_known_addr { host: "127.28.49.3" port: 44419 } } peers { permanent_uuid: "c7adbc80a3934ae7baad94f8b9b3ad71" member_type: VOTER last_known_addr { host: "127.28.49.1" port: 46767 } } peers { permanent_uuid: "f0fc406e669c47e99a5948889f71202f" member_type: VOTER last_known_addr { host: "127.28.49.2" port: 36437 } }
I20260710 11:06:14.874735 30174 raft_consensus.cc:697] T 2b1a84fee4324f05a4d5eb439d3485f7 P c7adbc80a3934ae7baad94f8b9b3ad71 [term 1 LEADER]: Becoming Leader. State: Replica: c7adbc80a3934ae7baad94f8b9b3ad71, State: Running, Role: LEADER
I20260710 11:06:14.875187 30120 raft_consensus.cc:2468] T 2b1a84fee4324f05a4d5eb439d3485f7 P 223a659728664af2b298e847f19379e3 [term 1 FOLLOWER]: Leader election vote request: Granting yes vote for candidate c7adbc80a3934ae7baad94f8b9b3ad71 in term 1.
I20260710 11:06:14.876037 30174 consensus_queue.cc:237] T 2b1a84fee4324f05a4d5eb439d3485f7 P c7adbc80a3934ae7baad94f8b9b3ad71 [LEADER]: Queue going to LEADER mode. State: All replicated index: 0, Majority replicated index: 0, Committed index: 0, Last appended: 0.0, Last appended by leader: 0, Current term: 1, Majority size: 2, State: 0, Mode: LEADER, active raft config: opid_index: -1 OBSOLETE_local: false peers { permanent_uuid: "c7adbc80a3934ae7baad94f8b9b3ad71" member_type: VOTER last_known_addr { host: "127.28.49.1" port: 46767 } } peers { permanent_uuid: "f0fc406e669c47e99a5948889f71202f" member_type: VOTER last_known_addr { host: "127.28.49.2" port: 36437 } } peers { permanent_uuid: "223a659728664af2b298e847f19379e3" member_type: VOTER last_known_addr { host: "127.28.49.3" port: 44419 } }
I20260710 11:06:14.865669 30160 tablet_bootstrap.cc:492] T 930fbf44b5804900a7fa4a3f12e49042 P f0fc406e669c47e99a5948889f71202f: Bootstrap starting.
I20260710 11:06:14.879309 30161 tablet_bootstrap.cc:492] T 44b31ab6d5ce485399df7658f910fc82 P 223a659728664af2b298e847f19379e3: No bootstrap required, opened a new log
I20260710 11:06:14.882472 30161 ts_tablet_manager.cc:1403] T 44b31ab6d5ce485399df7658f910fc82 P 223a659728664af2b298e847f19379e3: Time spent bootstrapping tablet: real 0.072s	user 0.020s	sys 0.002s
I20260710 11:06:14.885499 30161 raft_consensus.cc:359] T 44b31ab6d5ce485399df7658f910fc82 P 223a659728664af2b298e847f19379e3 [term 0 FOLLOWER]: Replica starting. Triggering 0 pending ops. Active config: opid_index: -1 OBSOLETE_local: false peers { permanent_uuid: "c7adbc80a3934ae7baad94f8b9b3ad71" member_type: VOTER last_known_addr { host: "127.28.49.1" port: 46767 } } peers { permanent_uuid: "f0fc406e669c47e99a5948889f71202f" member_type: VOTER last_known_addr { host: "127.28.49.2" port: 36437 } } peers { permanent_uuid: "223a659728664af2b298e847f19379e3" member_type: VOTER last_known_addr { host: "127.28.49.3" port: 44419 } }
I20260710 11:06:14.886174 30161 raft_consensus.cc:385] T 44b31ab6d5ce485399df7658f910fc82 P 223a659728664af2b298e847f19379e3 [term 0 FOLLOWER]: Consensus starting up: Expiring failure detector timer to make a prompt election more likely
I20260710 11:06:14.881639 30163 ts_tablet_manager.cc:1434] T 215c61dc828f4d278dc399649043796c P c7adbc80a3934ae7baad94f8b9b3ad71: Time spent starting tablet: real 0.013s	user 0.007s	sys 0.001s
I20260710 11:06:14.886477 30161 raft_consensus.cc:740] T 44b31ab6d5ce485399df7658f910fc82 P 223a659728664af2b298e847f19379e3 [term 0 FOLLOWER]: Becoming Follower/Learner. State: Replica: 223a659728664af2b298e847f19379e3, State: Initialized, Role: FOLLOWER
I20260710 11:06:14.887558 30163 tablet_bootstrap.cc:492] T ee0e33e7897b41c795a54a8065db9617 P c7adbc80a3934ae7baad94f8b9b3ad71: Bootstrap starting.
I20260710 11:06:14.887715 30161 consensus_queue.cc:260] T 44b31ab6d5ce485399df7658f910fc82 P 223a659728664af2b298e847f19379e3 [NON_LEADER]: Queue going to NON_LEADER mode. State: All replicated index: 0, Majority replicated index: 0, Committed index: 0, Last appended: 0.0, Last appended by leader: 0, Current term: 0, Majority size: -1, State: 0, Mode: NON_LEADER, active raft config: opid_index: -1 OBSOLETE_local: false peers { permanent_uuid: "c7adbc80a3934ae7baad94f8b9b3ad71" member_type: VOTER last_known_addr { host: "127.28.49.1" port: 46767 } } peers { permanent_uuid: "f0fc406e669c47e99a5948889f71202f" member_type: VOTER last_known_addr { host: "127.28.49.2" port: 36437 } } peers { permanent_uuid: "223a659728664af2b298e847f19379e3" member_type: VOTER last_known_addr { host: "127.28.49.3" port: 44419 } }
I20260710 11:06:14.887748 30160 tablet_bootstrap.cc:654] T 930fbf44b5804900a7fa4a3f12e49042 P f0fc406e669c47e99a5948889f71202f: Neither blocks nor log segments found. Creating new log.
I20260710 11:06:14.893146 30161 ts_tablet_manager.cc:1434] T 44b31ab6d5ce485399df7658f910fc82 P 223a659728664af2b298e847f19379e3: Time spent starting tablet: real 0.010s	user 0.005s	sys 0.000s
I20260710 11:06:14.892791 29869 catalog_manager.cc:5697] T 2b1a84fee4324f05a4d5eb439d3485f7 P c7adbc80a3934ae7baad94f8b9b3ad71 reported cstate change: term changed from 0 to 1, leader changed from <none> to c7adbc80a3934ae7baad94f8b9b3ad71 (127.28.49.1). New cstate: current_term: 1 leader_uuid: "c7adbc80a3934ae7baad94f8b9b3ad71" committed_config { opid_index: -1 OBSOLETE_local: false peers { permanent_uuid: "c7adbc80a3934ae7baad94f8b9b3ad71" member_type: VOTER last_known_addr { host: "127.28.49.1" port: 46767 } health_report { overall_health: HEALTHY } } peers { permanent_uuid: "f0fc406e669c47e99a5948889f71202f" member_type: VOTER last_known_addr { host: "127.28.49.2" port: 36437 } health_report { overall_health: UNKNOWN } } peers { permanent_uuid: "223a659728664af2b298e847f19379e3" member_type: VOTER last_known_addr { host: "127.28.49.3" port: 44419 } health_report { overall_health: UNKNOWN } } }
I20260710 11:06:14.894120 30161 tablet_bootstrap.cc:492] T 5471dba66e354d7f8636c1bf959dbed3 P 223a659728664af2b298e847f19379e3: Bootstrap starting.
I20260710 11:06:14.894452 30163 tablet_bootstrap.cc:654] T ee0e33e7897b41c795a54a8065db9617 P c7adbc80a3934ae7baad94f8b9b3ad71: Neither blocks nor log segments found. Creating new log.
I20260710 11:06:14.902021 30161 tablet_bootstrap.cc:654] T 5471dba66e354d7f8636c1bf959dbed3 P 223a659728664af2b298e847f19379e3: Neither blocks nor log segments found. Creating new log.
I20260710 11:06:14.905547 30160 tablet_bootstrap.cc:492] T 930fbf44b5804900a7fa4a3f12e49042 P f0fc406e669c47e99a5948889f71202f: No bootstrap required, opened a new log
I20260710 11:06:14.905949 30160 ts_tablet_manager.cc:1403] T 930fbf44b5804900a7fa4a3f12e49042 P f0fc406e669c47e99a5948889f71202f: Time spent bootstrapping tablet: real 0.040s	user 0.006s	sys 0.006s
I20260710 11:06:14.907635 30161 tablet_bootstrap.cc:492] T 5471dba66e354d7f8636c1bf959dbed3 P 223a659728664af2b298e847f19379e3: No bootstrap required, opened a new log
I20260710 11:06:14.908042 30163 tablet_bootstrap.cc:492] T ee0e33e7897b41c795a54a8065db9617 P c7adbc80a3934ae7baad94f8b9b3ad71: No bootstrap required, opened a new log
I20260710 11:06:14.908083 30161 ts_tablet_manager.cc:1403] T 5471dba66e354d7f8636c1bf959dbed3 P 223a659728664af2b298e847f19379e3: Time spent bootstrapping tablet: real 0.014s	user 0.013s	sys 0.000s
I20260710 11:06:14.908582 30163 ts_tablet_manager.cc:1403] T ee0e33e7897b41c795a54a8065db9617 P c7adbc80a3934ae7baad94f8b9b3ad71: Time spent bootstrapping tablet: real 0.021s	user 0.013s	sys 0.004s
I20260710 11:06:14.908511 30160 raft_consensus.cc:359] T 930fbf44b5804900a7fa4a3f12e49042 P f0fc406e669c47e99a5948889f71202f [term 0 FOLLOWER]: Replica starting. Triggering 0 pending ops. Active config: opid_index: -1 OBSOLETE_local: false peers { permanent_uuid: "c7adbc80a3934ae7baad94f8b9b3ad71" member_type: VOTER last_known_addr { host: "127.28.49.1" port: 46767 } } peers { permanent_uuid: "f0fc406e669c47e99a5948889f71202f" member_type: VOTER last_known_addr { host: "127.28.49.2" port: 36437 } } peers { permanent_uuid: "223a659728664af2b298e847f19379e3" member_type: VOTER last_known_addr { host: "127.28.49.3" port: 44419 } }
I20260710 11:06:14.909308 30160 raft_consensus.cc:385] T 930fbf44b5804900a7fa4a3f12e49042 P f0fc406e669c47e99a5948889f71202f [term 0 FOLLOWER]: Consensus starting up: Expiring failure detector timer to make a prompt election more likely
I20260710 11:06:14.909600 30166 raft_consensus.cc:493] T e694fde6e90b42b78b85d4f10a7a1433 P 223a659728664af2b298e847f19379e3 [term 0 FOLLOWER]: Starting pre-election (no leader contacted us within the election timeout)
I20260710 11:06:14.909600 30160 raft_consensus.cc:740] T 930fbf44b5804900a7fa4a3f12e49042 P f0fc406e669c47e99a5948889f71202f [term 0 FOLLOWER]: Becoming Follower/Learner. State: Replica: f0fc406e669c47e99a5948889f71202f, State: Initialized, Role: FOLLOWER
I20260710 11:06:14.910189 30166 raft_consensus.cc:515] T e694fde6e90b42b78b85d4f10a7a1433 P 223a659728664af2b298e847f19379e3 [term 0 FOLLOWER]: Starting pre-election with config: opid_index: -1 OBSOLETE_local: false peers { permanent_uuid: "c7adbc80a3934ae7baad94f8b9b3ad71" member_type: VOTER last_known_addr { host: "127.28.49.1" port: 46767 } } peers { permanent_uuid: "f0fc406e669c47e99a5948889f71202f" member_type: VOTER last_known_addr { host: "127.28.49.2" port: 36437 } } peers { permanent_uuid: "223a659728664af2b298e847f19379e3" member_type: VOTER last_known_addr { host: "127.28.49.3" port: 44419 } }
I20260710 11:06:14.910522 30160 consensus_queue.cc:260] T 930fbf44b5804900a7fa4a3f12e49042 P f0fc406e669c47e99a5948889f71202f [NON_LEADER]: Queue going to NON_LEADER mode. State: All replicated index: 0, Majority replicated index: 0, Committed index: 0, Last appended: 0.0, Last appended by leader: 0, Current term: 0, Majority size: -1, State: 0, Mode: NON_LEADER, active raft config: opid_index: -1 OBSOLETE_local: false peers { permanent_uuid: "c7adbc80a3934ae7baad94f8b9b3ad71" member_type: VOTER last_known_addr { host: "127.28.49.1" port: 46767 } } peers { permanent_uuid: "f0fc406e669c47e99a5948889f71202f" member_type: VOTER last_known_addr { host: "127.28.49.2" port: 36437 } } peers { permanent_uuid: "223a659728664af2b298e847f19379e3" member_type: VOTER last_known_addr { host: "127.28.49.3" port: 44419 } }
I20260710 11:06:14.911574 30163 raft_consensus.cc:359] T ee0e33e7897b41c795a54a8065db9617 P c7adbc80a3934ae7baad94f8b9b3ad71 [term 0 FOLLOWER]: Replica starting. Triggering 0 pending ops. Active config: opid_index: -1 OBSOLETE_local: false peers { permanent_uuid: "c7adbc80a3934ae7baad94f8b9b3ad71" member_type: VOTER last_known_addr { host: "127.28.49.1" port: 46767 } } peers { permanent_uuid: "f0fc406e669c47e99a5948889f71202f" member_type: VOTER last_known_addr { host: "127.28.49.2" port: 36437 } } peers { permanent_uuid: "223a659728664af2b298e847f19379e3" member_type: VOTER last_known_addr { host: "127.28.49.3" port: 44419 } }
I20260710 11:06:14.912250 30163 raft_consensus.cc:385] T ee0e33e7897b41c795a54a8065db9617 P c7adbc80a3934ae7baad94f8b9b3ad71 [term 0 FOLLOWER]: Consensus starting up: Expiring failure detector timer to make a prompt election more likely
I20260710 11:06:14.912509 30160 ts_tablet_manager.cc:1434] T 930fbf44b5804900a7fa4a3f12e49042 P f0fc406e669c47e99a5948889f71202f: Time spent starting tablet: real 0.006s	user 0.003s	sys 0.004s
I20260710 11:06:14.912519 30163 raft_consensus.cc:740] T ee0e33e7897b41c795a54a8065db9617 P c7adbc80a3934ae7baad94f8b9b3ad71 [term 0 FOLLOWER]: Becoming Follower/Learner. State: Replica: c7adbc80a3934ae7baad94f8b9b3ad71, State: Initialized, Role: FOLLOWER
I20260710 11:06:14.912245 30166 leader_election.cc:290] T e694fde6e90b42b78b85d4f10a7a1433 P 223a659728664af2b298e847f19379e3 [CANDIDATE]: Term 1 pre-election: Requested pre-vote from peers c7adbc80a3934ae7baad94f8b9b3ad71 (127.28.49.1:46767), f0fc406e669c47e99a5948889f71202f (127.28.49.2:36437)
I20260710 11:06:14.913710 30163 consensus_queue.cc:260] T ee0e33e7897b41c795a54a8065db9617 P c7adbc80a3934ae7baad94f8b9b3ad71 [NON_LEADER]: Queue going to NON_LEADER mode. State: All replicated index: 0, Majority replicated index: 0, Committed index: 0, Last appended: 0.0, Last appended by leader: 0, Current term: 0, Majority size: -1, State: 0, Mode: NON_LEADER, active raft config: opid_index: -1 OBSOLETE_local: false peers { permanent_uuid: "c7adbc80a3934ae7baad94f8b9b3ad71" member_type: VOTER last_known_addr { host: "127.28.49.1" port: 46767 } } peers { permanent_uuid: "f0fc406e669c47e99a5948889f71202f" member_type: VOTER last_known_addr { host: "127.28.49.2" port: 36437 } } peers { permanent_uuid: "223a659728664af2b298e847f19379e3" member_type: VOTER last_known_addr { host: "127.28.49.3" port: 44419 } }
I20260710 11:06:14.914013 29970 tablet_service.cc:1917] Received RequestConsensusVote() RPC: tablet_id: "e694fde6e90b42b78b85d4f10a7a1433" candidate_uuid: "223a659728664af2b298e847f19379e3" candidate_term: 1 candidate_status { last_received { term: 0 index: 0 } } ignore_live_leader: false dest_uuid: "c7adbc80a3934ae7baad94f8b9b3ad71" is_pre_election: true
I20260710 11:06:14.914685 29970 raft_consensus.cc:2468] T e694fde6e90b42b78b85d4f10a7a1433 P c7adbc80a3934ae7baad94f8b9b3ad71 [term 0 FOLLOWER]: Leader pre-election vote request: Granting yes vote for candidate 223a659728664af2b298e847f19379e3 in term 0.
I20260710 11:06:14.915733 30163 ts_tablet_manager.cc:1434] T ee0e33e7897b41c795a54a8065db9617 P c7adbc80a3934ae7baad94f8b9b3ad71: Time spent starting tablet: real 0.007s	user 0.007s	sys 0.000s
I20260710 11:06:14.915972 30084 leader_election.cc:304] T e694fde6e90b42b78b85d4f10a7a1433 P 223a659728664af2b298e847f19379e3 [CANDIDATE]: Term 1 pre-election: Election decided. Result: candidate won. Election summary: received 2 responses out of 3 voters: 2 yes votes; 0 no votes. yes voters: 223a659728664af2b298e847f19379e3, c7adbc80a3934ae7baad94f8b9b3ad71; no voters: 
I20260710 11:06:14.916311 30045 tablet_service.cc:1917] Received RequestConsensusVote() RPC: tablet_id: "e694fde6e90b42b78b85d4f10a7a1433" candidate_uuid: "223a659728664af2b298e847f19379e3" candidate_term: 1 candidate_status { last_received { term: 0 index: 0 } } ignore_live_leader: false dest_uuid: "f0fc406e669c47e99a5948889f71202f" is_pre_election: true
I20260710 11:06:14.915936 30161 raft_consensus.cc:359] T 5471dba66e354d7f8636c1bf959dbed3 P 223a659728664af2b298e847f19379e3 [term 0 FOLLOWER]: Replica starting. Triggering 0 pending ops. Active config: opid_index: -1 OBSOLETE_local: false peers { permanent_uuid: "c7adbc80a3934ae7baad94f8b9b3ad71" member_type: VOTER last_known_addr { host: "127.28.49.1" port: 46767 } } peers { permanent_uuid: "f0fc406e669c47e99a5948889f71202f" member_type: VOTER last_known_addr { host: "127.28.49.2" port: 36437 } } peers { permanent_uuid: "223a659728664af2b298e847f19379e3" member_type: VOTER last_known_addr { host: "127.28.49.3" port: 44419 } }
I20260710 11:06:14.916884 30163 tablet_bootstrap.cc:492] T 930fbf44b5804900a7fa4a3f12e49042 P c7adbc80a3934ae7baad94f8b9b3ad71: Bootstrap starting.
I20260710 11:06:14.917004 30166 raft_consensus.cc:2804] T e694fde6e90b42b78b85d4f10a7a1433 P 223a659728664af2b298e847f19379e3 [term 0 FOLLOWER]: Leader pre-election won for term 1
I20260710 11:06:14.917435 30166 raft_consensus.cc:493] T e694fde6e90b42b78b85d4f10a7a1433 P 223a659728664af2b298e847f19379e3 [term 0 FOLLOWER]: Starting leader election (no leader contacted us within the election timeout)
I20260710 11:06:14.917761 30166 raft_consensus.cc:3060] T e694fde6e90b42b78b85d4f10a7a1433 P 223a659728664af2b298e847f19379e3 [term 0 FOLLOWER]: Advancing to term 1
W20260710 11:06:14.917749 30086 leader_election.cc:343] T e694fde6e90b42b78b85d4f10a7a1433 P 223a659728664af2b298e847f19379e3 [CANDIDATE]: Term 1 pre-election: Tablet error from VoteRequest() call to peer f0fc406e669c47e99a5948889f71202f (127.28.49.2:36437): Illegal state: must be running to vote when last-logged opid is not known
I20260710 11:06:14.916922 30161 raft_consensus.cc:385] T 5471dba66e354d7f8636c1bf959dbed3 P 223a659728664af2b298e847f19379e3 [term 0 FOLLOWER]: Consensus starting up: Expiring failure detector timer to make a prompt election more likely
I20260710 11:06:14.919632 30161 raft_consensus.cc:740] T 5471dba66e354d7f8636c1bf959dbed3 P 223a659728664af2b298e847f19379e3 [term 0 FOLLOWER]: Becoming Follower/Learner. State: Replica: 223a659728664af2b298e847f19379e3, State: Initialized, Role: FOLLOWER
I20260710 11:06:14.920627 30160 tablet_bootstrap.cc:492] T e694fde6e90b42b78b85d4f10a7a1433 P f0fc406e669c47e99a5948889f71202f: Bootstrap starting.
I20260710 11:06:14.920325 30161 consensus_queue.cc:260] T 5471dba66e354d7f8636c1bf959dbed3 P 223a659728664af2b298e847f19379e3 [NON_LEADER]: Queue going to NON_LEADER mode. State: All replicated index: 0, Majority replicated index: 0, Committed index: 0, Last appended: 0.0, Last appended by leader: 0, Current term: 0, Majority size: -1, State: 0, Mode: NON_LEADER, active raft config: opid_index: -1 OBSOLETE_local: false peers { permanent_uuid: "c7adbc80a3934ae7baad94f8b9b3ad71" member_type: VOTER last_known_addr { host: "127.28.49.1" port: 46767 } } peers { permanent_uuid: "f0fc406e669c47e99a5948889f71202f" member_type: VOTER last_known_addr { host: "127.28.49.2" port: 36437 } } peers { permanent_uuid: "223a659728664af2b298e847f19379e3" member_type: VOTER last_known_addr { host: "127.28.49.3" port: 44419 } }
I20260710 11:06:14.922118 30161 ts_tablet_manager.cc:1434] T 5471dba66e354d7f8636c1bf959dbed3 P 223a659728664af2b298e847f19379e3: Time spent starting tablet: real 0.014s	user 0.005s	sys 0.000s
I20260710 11:06:14.923039 30165 raft_consensus.cc:493] T 27083f3444864e91bf6553487c4e36c0 P f0fc406e669c47e99a5948889f71202f [term 0 FOLLOWER]: Starting pre-election (no leader contacted us within the election timeout)
I20260710 11:06:14.923554 30165 raft_consensus.cc:515] T 27083f3444864e91bf6553487c4e36c0 P f0fc406e669c47e99a5948889f71202f [term 0 FOLLOWER]: Starting pre-election with config: opid_index: -1 OBSOLETE_local: false peers { permanent_uuid: "c7adbc80a3934ae7baad94f8b9b3ad71" member_type: VOTER last_known_addr { host: "127.28.49.1" port: 46767 } } peers { permanent_uuid: "f0fc406e669c47e99a5948889f71202f" member_type: VOTER last_known_addr { host: "127.28.49.2" port: 36437 } } peers { permanent_uuid: "223a659728664af2b298e847f19379e3" member_type: VOTER last_known_addr { host: "127.28.49.3" port: 44419 } }
I20260710 11:06:14.925693 30165 leader_election.cc:290] T 27083f3444864e91bf6553487c4e36c0 P f0fc406e669c47e99a5948889f71202f [CANDIDATE]: Term 1 pre-election: Requested pre-vote from peers c7adbc80a3934ae7baad94f8b9b3ad71 (127.28.49.1:46767), 223a659728664af2b298e847f19379e3 (127.28.49.3:44419)
I20260710 11:06:14.926913 30163 tablet_bootstrap.cc:654] T 930fbf44b5804900a7fa4a3f12e49042 P c7adbc80a3934ae7baad94f8b9b3ad71: Neither blocks nor log segments found. Creating new log.
I20260710 11:06:14.928123 30160 tablet_bootstrap.cc:654] T e694fde6e90b42b78b85d4f10a7a1433 P f0fc406e669c47e99a5948889f71202f: Neither blocks nor log segments found. Creating new log.
I20260710 11:06:14.933809 30120 tablet_service.cc:1917] Received RequestConsensusVote() RPC: tablet_id: "27083f3444864e91bf6553487c4e36c0" candidate_uuid: "f0fc406e669c47e99a5948889f71202f" candidate_term: 1 candidate_status { last_received { term: 0 index: 0 } } ignore_live_leader: false dest_uuid: "223a659728664af2b298e847f19379e3" is_pre_election: true
I20260710 11:06:14.934538 30120 raft_consensus.cc:2468] T 27083f3444864e91bf6553487c4e36c0 P 223a659728664af2b298e847f19379e3 [term 0 FOLLOWER]: Leader pre-election vote request: Granting yes vote for candidate f0fc406e669c47e99a5948889f71202f in term 0.
I20260710 11:06:14.935642 30190 raft_consensus.cc:493] T 5471dba66e354d7f8636c1bf959dbed3 P 223a659728664af2b298e847f19379e3 [term 0 FOLLOWER]: Starting pre-election (no leader contacted us within the election timeout)
I20260710 11:06:14.936101 30190 raft_consensus.cc:515] T 5471dba66e354d7f8636c1bf959dbed3 P 223a659728664af2b298e847f19379e3 [term 0 FOLLOWER]: Starting pre-election with config: opid_index: -1 OBSOLETE_local: false peers { permanent_uuid: "c7adbc80a3934ae7baad94f8b9b3ad71" member_type: VOTER last_known_addr { host: "127.28.49.1" port: 46767 } } peers { permanent_uuid: "f0fc406e669c47e99a5948889f71202f" member_type: VOTER last_known_addr { host: "127.28.49.2" port: 36437 } } peers { permanent_uuid: "223a659728664af2b298e847f19379e3" member_type: VOTER last_known_addr { host: "127.28.49.3" port: 44419 } }
I20260710 11:06:14.938123 30190 leader_election.cc:290] T 5471dba66e354d7f8636c1bf959dbed3 P 223a659728664af2b298e847f19379e3 [CANDIDATE]: Term 1 pre-election: Requested pre-vote from peers c7adbc80a3934ae7baad94f8b9b3ad71 (127.28.49.1:46767), f0fc406e669c47e99a5948889f71202f (127.28.49.2:36437)
I20260710 11:06:14.934489 29970 tablet_service.cc:1917] Received RequestConsensusVote() RPC: tablet_id: "27083f3444864e91bf6553487c4e36c0" candidate_uuid: "f0fc406e669c47e99a5948889f71202f" candidate_term: 1 candidate_status { last_received { term: 0 index: 0 } } ignore_live_leader: false dest_uuid: "c7adbc80a3934ae7baad94f8b9b3ad71" is_pre_election: true
