I20260710 11:06:11.710733 22008 raft_consensus.cc:3060] T 631cb213c90d47a0b74e9162ceb3b006 P e3f6dbb9274947d18951b3565ee2545a [term 1 FOLLOWER]: Advancing to term 2
I20260710 11:06:11.713364 22081 raft_consensus.cc:2468] T 631cb213c90d47a0b74e9162ceb3b006 P 8300b830846847ee8e6761a80c4a8b35 [term 2 FOLLOWER]: Leader election vote request: Granting yes vote for candidate 2603c9c438784a7aaf253f0332a3b6e5 in term 2.
I20260710 11:06:11.714571 21896 leader_election.cc:304] T 631cb213c90d47a0b74e9162ceb3b006 P 2603c9c438784a7aaf253f0332a3b6e5 [CANDIDATE]: Term 2 election: Election decided. Result: candidate won. Election summary: received 2 responses out of 3 voters: 2 yes votes; 0 no votes. yes voters: 2603c9c438784a7aaf253f0332a3b6e5, 8300b830846847ee8e6761a80c4a8b35; no voters: 
I20260710 11:06:11.715545 22238 raft_consensus.cc:2804] T 631cb213c90d47a0b74e9162ceb3b006 P 2603c9c438784a7aaf253f0332a3b6e5 [term 2 FOLLOWER]: Leader election won for term 2
I20260710 11:06:11.716835 22238 raft_consensus.cc:697] T 631cb213c90d47a0b74e9162ceb3b006 P 2603c9c438784a7aaf253f0332a3b6e5 [term 2 LEADER]: Becoming Leader. State: Replica: 2603c9c438784a7aaf253f0332a3b6e5, State: Running, Role: LEADER
I20260710 11:06:11.717865 22238 consensus_queue.cc:237] T 631cb213c90d47a0b74e9162ceb3b006 P 2603c9c438784a7aaf253f0332a3b6e5 [LEADER]: Queue going to LEADER mode. State: All replicated index: 0, Majority replicated index: 1, Committed index: 1, Last appended: 1.1, Last appended by leader: 1, Current term: 2, Majority size: 2, State: 0, Mode: LEADER, active raft config: opid_index: -1 OBSOLETE_local: false peers { permanent_uuid: "2603c9c438784a7aaf253f0332a3b6e5" member_type: VOTER last_known_addr { host: "127.20.205.65" port: 36819 } } peers { permanent_uuid: "e3f6dbb9274947d18951b3565ee2545a" member_type: VOTER last_known_addr { host: "127.20.205.66" port: 35537 } } peers { permanent_uuid: "8300b830846847ee8e6761a80c4a8b35" member_type: VOTER last_known_addr { host: "127.20.205.67" port: 40517 } }
I20260710 11:06:11.718982 22008 raft_consensus.cc:2468] T 631cb213c90d47a0b74e9162ceb3b006 P e3f6dbb9274947d18951b3565ee2545a [term 2 FOLLOWER]: Leader election vote request: Granting yes vote for candidate 2603c9c438784a7aaf253f0332a3b6e5 in term 2.
I20260710 11:06:11.727115 21831 catalog_manager.cc:5697] T 631cb213c90d47a0b74e9162ceb3b006 P 2603c9c438784a7aaf253f0332a3b6e5 reported cstate change: term changed from 1 to 2, leader changed from e3f6dbb9274947d18951b3565ee2545a (127.20.205.66) to 2603c9c438784a7aaf253f0332a3b6e5 (127.20.205.65). New cstate: current_term: 2 leader_uuid: "2603c9c438784a7aaf253f0332a3b6e5" committed_config { opid_index: -1 OBSOLETE_local: false peers { permanent_uuid: "2603c9c438784a7aaf253f0332a3b6e5" member_type: VOTER last_known_addr { host: "127.20.205.65" port: 36819 } health_report { overall_health: HEALTHY } } peers { permanent_uuid: "e3f6dbb9274947d18951b3565ee2545a" member_type: VOTER last_known_addr { host: "127.20.205.66" port: 35537 } health_report { overall_health: UNKNOWN } } peers { permanent_uuid: "8300b830846847ee8e6761a80c4a8b35" member_type: VOTER last_known_addr { host: "127.20.205.67" port: 40517 } health_report { overall_health: UNKNOWN } } }
I20260710 11:06:11.822525 22081 raft_consensus.cc:1275] T 3f014446abcc4446888988d3a5c5ae20 P 8300b830846847ee8e6761a80c4a8b35 [term 3 FOLLOWER]: Refusing update from remote peer 2603c9c438784a7aaf253f0332a3b6e5: Log matching property violated. Preceding OpId in replica: term: 2 index: 2. Preceding OpId from leader: term: 3 index: 3. (index mismatch)
I20260710 11:06:11.823945 22238 consensus_queue.cc:1048] T 3f014446abcc4446888988d3a5c5ae20 P 2603c9c438784a7aaf253f0332a3b6e5 [LEADER]: Connected to new peer: Peer: permanent_uuid: "8300b830846847ee8e6761a80c4a8b35" member_type: VOTER last_known_addr { host: "127.20.205.67" port: 40517 }, Status: LMP_MISMATCH, Last received: 0.0, Next index: 3, Last known committed idx: 2, Time since last communication: 0.000s
I20260710 11:06:11.839778 22008 raft_consensus.cc:1275] T 3f014446abcc4446888988d3a5c5ae20 P e3f6dbb9274947d18951b3565ee2545a [term 3 FOLLOWER]: Refusing update from remote peer 2603c9c438784a7aaf253f0332a3b6e5: Log matching property violated. Preceding OpId in replica: term: 2 index: 2. Preceding OpId from leader: term: 3 index: 3. (index mismatch)
I20260710 11:06:11.842083 22280 consensus_queue.cc:1048] T 3f014446abcc4446888988d3a5c5ae20 P 2603c9c438784a7aaf253f0332a3b6e5 [LEADER]: Connected to new peer: Peer: permanent_uuid: "e3f6dbb9274947d18951b3565ee2545a" member_type: VOTER last_known_addr { host: "127.20.205.66" port: 35537 }, Status: LMP_MISMATCH, Last received: 0.0, Next index: 3, Last known committed idx: 2, Time since last communication: 0.001s
I20260710 11:06:12.002336 22008 raft_consensus.cc:1275] T 057eeb8a1e774cd9871aeae920bda1df P e3f6dbb9274947d18951b3565ee2545a [term 4 FOLLOWER]: Refusing update from remote peer 2603c9c438784a7aaf253f0332a3b6e5: Log matching property violated. Preceding OpId in replica: term: 3 index: 3. Preceding OpId from leader: term: 4 index: 4. (index mismatch)
I20260710 11:06:12.003751 22280 consensus_queue.cc:1048] T 057eeb8a1e774cd9871aeae920bda1df P 2603c9c438784a7aaf253f0332a3b6e5 [LEADER]: Connected to new peer: Peer: permanent_uuid: "e3f6dbb9274947d18951b3565ee2545a" member_type: VOTER last_known_addr { host: "127.20.205.66" port: 35537 }, Status: LMP_MISMATCH, Last received: 0.0, Next index: 4, Last known committed idx: 3, Time since last communication: 0.000s
I20260710 11:06:12.006636 22081 raft_consensus.cc:1275] T 057eeb8a1e774cd9871aeae920bda1df P 8300b830846847ee8e6761a80c4a8b35 [term 4 FOLLOWER]: Refusing update from remote peer 2603c9c438784a7aaf253f0332a3b6e5: Log matching property violated. Preceding OpId in replica: term: 3 index: 3. Preceding OpId from leader: term: 4 index: 4. (index mismatch)
I20260710 11:06:12.008045 22251 consensus_queue.cc:1048] T 057eeb8a1e774cd9871aeae920bda1df P 2603c9c438784a7aaf253f0332a3b6e5 [LEADER]: Connected to new peer: Peer: permanent_uuid: "8300b830846847ee8e6761a80c4a8b35" member_type: VOTER last_known_addr { host: "127.20.205.67" port: 40517 }, Status: LMP_MISMATCH, Last received: 0.0, Next index: 4, Last known committed idx: 3, Time since last communication: 0.000s
I20260710 11:06:12.094151 22008 raft_consensus.cc:1275] T 78f88b47c9a14408846b3f66eef0fcf3 P e3f6dbb9274947d18951b3565ee2545a [term 3 FOLLOWER]: Refusing update from remote peer 2603c9c438784a7aaf253f0332a3b6e5: Log matching property violated. Preceding OpId in replica: term: 2 index: 2. Preceding OpId from leader: term: 3 index: 3. (index mismatch)
I20260710 11:06:12.095610 22280 consensus_queue.cc:1048] T 78f88b47c9a14408846b3f66eef0fcf3 P 2603c9c438784a7aaf253f0332a3b6e5 [LEADER]: Connected to new peer: Peer: permanent_uuid: "e3f6dbb9274947d18951b3565ee2545a" member_type: VOTER last_known_addr { host: "127.20.205.66" port: 35537 }, Status: LMP_MISMATCH, Last received: 0.0, Next index: 3, Last known committed idx: 2, Time since last communication: 0.000s
I20260710 11:06:12.105830 22081 raft_consensus.cc:1275] T 78f88b47c9a14408846b3f66eef0fcf3 P 8300b830846847ee8e6761a80c4a8b35 [term 3 FOLLOWER]: Refusing update from remote peer 2603c9c438784a7aaf253f0332a3b6e5: Log matching property violated. Preceding OpId in replica: term: 2 index: 2. Preceding OpId from leader: term: 3 index: 3. (index mismatch)
I20260710 11:06:12.107360 22238 consensus_queue.cc:1048] T 78f88b47c9a14408846b3f66eef0fcf3 P 2603c9c438784a7aaf253f0332a3b6e5 [LEADER]: Connected to new peer: Peer: permanent_uuid: "8300b830846847ee8e6761a80c4a8b35" member_type: VOTER last_known_addr { host: "127.20.205.67" port: 40517 }, Status: LMP_MISMATCH, Last received: 0.0, Next index: 3, Last known committed idx: 2, Time since last communication: 0.000s
I20260710 11:06:12.147449 22008 raft_consensus.cc:1275] T 631cb213c90d47a0b74e9162ceb3b006 P e3f6dbb9274947d18951b3565ee2545a [term 2 FOLLOWER]: Refusing update from remote peer 2603c9c438784a7aaf253f0332a3b6e5: Log matching property violated. Preceding OpId in replica: term: 1 index: 1. Preceding OpId from leader: term: 2 index: 2. (index mismatch)
I20260710 11:06:12.148826 22280 consensus_queue.cc:1048] T 631cb213c90d47a0b74e9162ceb3b006 P 2603c9c438784a7aaf253f0332a3b6e5 [LEADER]: Connected to new peer: Peer: permanent_uuid: "e3f6dbb9274947d18951b3565ee2545a" member_type: VOTER last_known_addr { host: "127.20.205.66" port: 35537 }, Status: LMP_MISMATCH, Last received: 0.0, Next index: 2, Last known committed idx: 1, Time since last communication: 0.000s
I20260710 11:06:12.161134 22081 raft_consensus.cc:1275] T 631cb213c90d47a0b74e9162ceb3b006 P 8300b830846847ee8e6761a80c4a8b35 [term 2 FOLLOWER]: Refusing update from remote peer 2603c9c438784a7aaf253f0332a3b6e5: Log matching property violated. Preceding OpId in replica: term: 1 index: 1. Preceding OpId from leader: term: 2 index: 2. (index mismatch)
I20260710 11:06:12.162763 22238 consensus_queue.cc:1048] T 631cb213c90d47a0b74e9162ceb3b006 P 2603c9c438784a7aaf253f0332a3b6e5 [LEADER]: Connected to new peer: Peer: permanent_uuid: "8300b830846847ee8e6761a80c4a8b35" member_type: VOTER last_known_addr { host: "127.20.205.67" port: 40517 }, Status: LMP_MISMATCH, Last received: 0.0, Next index: 2, Last known committed idx: 1, Time since last communication: 0.000s
I20260710 11:06:14.262208 21301 auto_leader_rebalancer.cc:141] leader rebalance for table test-workload
I20260710 11:06:14.270176 21933 tablet_service.cc:2072] Received LeaderStepDown RPC: tablet_id: "057eeb8a1e774cd9871aeae920bda1df"
dest_uuid: "2603c9c438784a7aaf253f0332a3b6e5"
mode: GRACEFUL
new_leader_uuid: "e3f6dbb9274947d18951b3565ee2545a"
 from {username='slave'} at 127.0.0.1:33542
I20260710 11:06:14.270725 21933 raft_consensus.cc:606] T 057eeb8a1e774cd9871aeae920bda1df P 2603c9c438784a7aaf253f0332a3b6e5 [term 4 LEADER]: Received request to transfer leadership to TS e3f6dbb9274947d18951b3565ee2545a
I20260710 11:06:14.273392 21933 tablet_service.cc:2072] Received LeaderStepDown RPC: tablet_id: "2753fa45091040968635628352f8e499"
dest_uuid: "2603c9c438784a7aaf253f0332a3b6e5"
mode: GRACEFUL
new_leader_uuid: "e3f6dbb9274947d18951b3565ee2545a"
 from {username='slave'} at 127.0.0.1:33542
I20260710 11:06:14.273883 21933 raft_consensus.cc:606] T 2753fa45091040968635628352f8e499 P 2603c9c438784a7aaf253f0332a3b6e5 [term 3 LEADER]: Received request to transfer leadership to TS e3f6dbb9274947d18951b3565ee2545a
I20260710 11:06:14.276315 21933 tablet_service.cc:2072] Received LeaderStepDown RPC: tablet_id: "4c0b1803498142f3bcc6d9c933f40155"
dest_uuid: "2603c9c438784a7aaf253f0332a3b6e5"
mode: GRACEFUL
new_leader_uuid: "8300b830846847ee8e6761a80c4a8b35"
 from {username='slave'} at 127.0.0.1:33542
I20260710 11:06:14.276921 21933 raft_consensus.cc:606] T 4c0b1803498142f3bcc6d9c933f40155 P 2603c9c438784a7aaf253f0332a3b6e5 [term 1 LEADER]: Received request to transfer leadership to TS 8300b830846847ee8e6761a80c4a8b35
I20260710 11:06:14.279489 21933 tablet_service.cc:2072] Received LeaderStepDown RPC: tablet_id: "ec6c492d2b034d67a41cc4c589983dd2"
dest_uuid: "2603c9c438784a7aaf253f0332a3b6e5"
mode: GRACEFUL
new_leader_uuid: "8300b830846847ee8e6761a80c4a8b35"
 from {username='slave'} at 127.0.0.1:33542
I20260710 11:06:14.280079 21933 raft_consensus.cc:606] T ec6c492d2b034d67a41cc4c589983dd2 P 2603c9c438784a7aaf253f0332a3b6e5 [term 2 LEADER]: Received request to transfer leadership to TS 8300b830846847ee8e6761a80c4a8b35
I20260710 11:06:14.281205 21301 auto_leader_rebalancer.cc:452] table: test-workload, leader rebalance finish, leader transfer count: 4
I20260710 11:06:14.281283 22286 raft_consensus.cc:993] T 4c0b1803498142f3bcc6d9c933f40155 P 2603c9c438784a7aaf253f0332a3b6e5: : Instructing follower 8300b830846847ee8e6761a80c4a8b35 to start an election
I20260710 11:06:14.281792 22287 raft_consensus.cc:1081] T 4c0b1803498142f3bcc6d9c933f40155 P 2603c9c438784a7aaf253f0332a3b6e5 [term 1 LEADER]: Signalling peer 8300b830846847ee8e6761a80c4a8b35 to start an election
I20260710 11:06:14.282204 21301 auto_leader_rebalancer.cc:527] All tables' leader rebalancing finished this round
I20260710 11:06:14.283313 22082 tablet_service.cc:2044] Received Run Leader Election RPC: tablet_id: "4c0b1803498142f3bcc6d9c933f40155"
dest_uuid: "8300b830846847ee8e6761a80c4a8b35"
 from {username='slave'} at 127.0.0.1:51204
I20260710 11:06:14.283849 22082 raft_consensus.cc:493] T 4c0b1803498142f3bcc6d9c933f40155 P 8300b830846847ee8e6761a80c4a8b35 [term 1 FOLLOWER]: Starting forced leader election (received explicit request)
I20260710 11:06:14.284253 22082 raft_consensus.cc:3060] T 4c0b1803498142f3bcc6d9c933f40155 P 8300b830846847ee8e6761a80c4a8b35 [term 1 FOLLOWER]: Advancing to term 2
I20260710 11:06:14.285610 22287 raft_consensus.cc:993] T ec6c492d2b034d67a41cc4c589983dd2 P 2603c9c438784a7aaf253f0332a3b6e5: : Instructing follower 8300b830846847ee8e6761a80c4a8b35 to start an election
I20260710 11:06:14.286108 22287 raft_consensus.cc:1081] T ec6c492d2b034d67a41cc4c589983dd2 P 2603c9c438784a7aaf253f0332a3b6e5 [term 2 LEADER]: Signalling peer 8300b830846847ee8e6761a80c4a8b35 to start an election
I20260710 11:06:14.287822 22081 tablet_service.cc:2044] Received Run Leader Election RPC: tablet_id: "ec6c492d2b034d67a41cc4c589983dd2"
dest_uuid: "8300b830846847ee8e6761a80c4a8b35"
 from {username='slave'} at 127.0.0.1:51204
I20260710 11:06:14.288334 22081 raft_consensus.cc:493] T ec6c492d2b034d67a41cc4c589983dd2 P 8300b830846847ee8e6761a80c4a8b35 [term 2 FOLLOWER]: Starting forced leader election (received explicit request)
I20260710 11:06:14.288625 22081 raft_consensus.cc:3060] T ec6c492d2b034d67a41cc4c589983dd2 P 8300b830846847ee8e6761a80c4a8b35 [term 2 FOLLOWER]: Advancing to term 3
I20260710 11:06:14.290402 22082 raft_consensus.cc:515] T 4c0b1803498142f3bcc6d9c933f40155 P 8300b830846847ee8e6761a80c4a8b35 [term 2 FOLLOWER]: Starting forced leader election with config: opid_index: -1 OBSOLETE_local: false peers { permanent_uuid: "2603c9c438784a7aaf253f0332a3b6e5" member_type: VOTER last_known_addr { host: "127.20.205.65" port: 36819 } } peers { permanent_uuid: "e3f6dbb9274947d18951b3565ee2545a" member_type: VOTER last_known_addr { host: "127.20.205.66" port: 35537 } } peers { permanent_uuid: "8300b830846847ee8e6761a80c4a8b35" member_type: VOTER last_known_addr { host: "127.20.205.67" port: 40517 } }
I20260710 11:06:14.293005 21933 tablet_service.cc:1917] Received RequestConsensusVote() RPC: tablet_id: "4c0b1803498142f3bcc6d9c933f40155" candidate_uuid: "8300b830846847ee8e6761a80c4a8b35" candidate_term: 2 candidate_status { last_received { term: 1 index: 1 } } ignore_live_leader: true dest_uuid: "2603c9c438784a7aaf253f0332a3b6e5"
I20260710 11:06:14.292744 22081 raft_consensus.cc:515] T ec6c492d2b034d67a41cc4c589983dd2 P 8300b830846847ee8e6761a80c4a8b35 [term 3 FOLLOWER]: Starting forced leader election with config: opid_index: -1 OBSOLETE_local: false peers { permanent_uuid: "2603c9c438784a7aaf253f0332a3b6e5" member_type: VOTER last_known_addr { host: "127.20.205.65" port: 36819 } } peers { permanent_uuid: "e3f6dbb9274947d18951b3565ee2545a" member_type: VOTER last_known_addr { host: "127.20.205.66" port: 35537 } } peers { permanent_uuid: "8300b830846847ee8e6761a80c4a8b35" member_type: VOTER last_known_addr { host: "127.20.205.67" port: 40517 } }
I20260710 11:06:14.293162 22008 tablet_service.cc:1917] Received RequestConsensusVote() RPC: tablet_id: "4c0b1803498142f3bcc6d9c933f40155" candidate_uuid: "8300b830846847ee8e6761a80c4a8b35" candidate_term: 2 candidate_status { last_received { term: 1 index: 1 } } ignore_live_leader: true dest_uuid: "e3f6dbb9274947d18951b3565ee2545a"
I20260710 11:06:14.293584 21933 raft_consensus.cc:3055] T 4c0b1803498142f3bcc6d9c933f40155 P 2603c9c438784a7aaf253f0332a3b6e5 [term 1 LEADER]: Stepping down as leader of term 1
I20260710 11:06:14.293754 22008 raft_consensus.cc:3060] T 4c0b1803498142f3bcc6d9c933f40155 P e3f6dbb9274947d18951b3565ee2545a [term 1 FOLLOWER]: Advancing to term 2
I20260710 11:06:14.293889 21933 raft_consensus.cc:740] T 4c0b1803498142f3bcc6d9c933f40155 P 2603c9c438784a7aaf253f0332a3b6e5 [term 1 LEADER]: Becoming Follower/Learner. State: Replica: 2603c9c438784a7aaf253f0332a3b6e5, State: Running, Role: LEADER
I20260710 11:06:14.294812 22081 leader_election.cc:290] T ec6c492d2b034d67a41cc4c589983dd2 P 8300b830846847ee8e6761a80c4a8b35 [CANDIDATE]: Term 3 election: Requested vote from peers 2603c9c438784a7aaf253f0332a3b6e5 (127.20.205.65:36819), e3f6dbb9274947d18951b3565ee2545a (127.20.205.66:35537)
I20260710 11:06:14.294651 21933 consensus_queue.cc:260] T 4c0b1803498142f3bcc6d9c933f40155 P 2603c9c438784a7aaf253f0332a3b6e5 [NON_LEADER]: Queue going to NON_LEADER mode. State: All replicated index: 0, Majority replicated index: 1, Committed index: 1, Last appended: 1.1, Last appended by leader: 1, Current term: 1, Majority size: -1, State: 0, Mode: NON_LEADER, active raft config: opid_index: -1 OBSOLETE_local: false peers { permanent_uuid: "2603c9c438784a7aaf253f0332a3b6e5" member_type: VOTER last_known_addr { host: "127.20.205.65" port: 36819 } } peers { permanent_uuid: "e3f6dbb9274947d18951b3565ee2545a" member_type: VOTER last_known_addr { host: "127.20.205.66" port: 35537 } } peers { permanent_uuid: "8300b830846847ee8e6761a80c4a8b35" member_type: VOTER last_known_addr { host: "127.20.205.67" port: 40517 } }
I20260710 11:06:14.295622 21933 raft_consensus.cc:3060] T 4c0b1803498142f3bcc6d9c933f40155 P 2603c9c438784a7aaf253f0332a3b6e5 [term 1 FOLLOWER]: Advancing to term 2
I20260710 11:06:14.299252 22008 raft_consensus.cc:2468] T 4c0b1803498142f3bcc6d9c933f40155 P e3f6dbb9274947d18951b3565ee2545a [term 2 FOLLOWER]: Leader election vote request: Granting yes vote for candidate 8300b830846847ee8e6761a80c4a8b35 in term 2.
I20260710 11:06:14.299980 21933 raft_consensus.cc:2468] T 4c0b1803498142f3bcc6d9c933f40155 P 2603c9c438784a7aaf253f0332a3b6e5 [term 2 FOLLOWER]: Leader election vote request: Granting yes vote for candidate 8300b830846847ee8e6761a80c4a8b35 in term 2.
I20260710 11:06:14.292635 22082 leader_election.cc:290] T 4c0b1803498142f3bcc6d9c933f40155 P 8300b830846847ee8e6761a80c4a8b35 [CANDIDATE]: Term 2 election: Requested vote from peers 2603c9c438784a7aaf253f0332a3b6e5 (127.20.205.65:36819), e3f6dbb9274947d18951b3565ee2545a (127.20.205.66:35537)
I20260710 11:06:14.300295 22048 leader_election.cc:304] T 4c0b1803498142f3bcc6d9c933f40155 P 8300b830846847ee8e6761a80c4a8b35 [CANDIDATE]: Term 2 election: Election decided. Result: candidate won. Election summary: received 2 responses out of 3 voters: 2 yes votes; 0 no votes. yes voters: 8300b830846847ee8e6761a80c4a8b35, e3f6dbb9274947d18951b3565ee2545a; no voters: 
I20260710 11:06:14.300935 21932 tablet_service.cc:1917] Received RequestConsensusVote() RPC: tablet_id: "ec6c492d2b034d67a41cc4c589983dd2" candidate_uuid: "8300b830846847ee8e6761a80c4a8b35" candidate_term: 3 candidate_status { last_received { term: 2 index: 2 } } ignore_live_leader: true dest_uuid: "2603c9c438784a7aaf253f0332a3b6e5"
I20260710 11:06:14.301530 21932 raft_consensus.cc:3055] T ec6c492d2b034d67a41cc4c589983dd2 P 2603c9c438784a7aaf253f0332a3b6e5 [term 2 LEADER]: Stepping down as leader of term 2
I20260710 11:06:14.301548 22252 raft_consensus.cc:2804] T 4c0b1803498142f3bcc6d9c933f40155 P 8300b830846847ee8e6761a80c4a8b35 [term 2 FOLLOWER]: Leader election won for term 2
I20260710 11:06:14.301879 22007 tablet_service.cc:1917] Received RequestConsensusVote() RPC: tablet_id: "ec6c492d2b034d67a41cc4c589983dd2" candidate_uuid: "8300b830846847ee8e6761a80c4a8b35" candidate_term: 3 candidate_status { last_received { term: 2 index: 2 } } ignore_live_leader: true dest_uuid: "e3f6dbb9274947d18951b3565ee2545a"
I20260710 11:06:14.301945 21932 raft_consensus.cc:740] T ec6c492d2b034d67a41cc4c589983dd2 P 2603c9c438784a7aaf253f0332a3b6e5 [term 2 LEADER]: Becoming Follower/Learner. State: Replica: 2603c9c438784a7aaf253f0332a3b6e5, State: Running, Role: LEADER
I20260710 11:06:14.302460 22007 raft_consensus.cc:3060] T ec6c492d2b034d67a41cc4c589983dd2 P e3f6dbb9274947d18951b3565ee2545a [term 2 FOLLOWER]: Advancing to term 3
I20260710 11:06:14.302824 22252 raft_consensus.cc:697] T 4c0b1803498142f3bcc6d9c933f40155 P 8300b830846847ee8e6761a80c4a8b35 [term 2 LEADER]: Becoming Leader. State: Replica: 8300b830846847ee8e6761a80c4a8b35, State: Running, Role: LEADER
I20260710 11:06:14.302899 21932 consensus_queue.cc:260] T ec6c492d2b034d67a41cc4c589983dd2 P 2603c9c438784a7aaf253f0332a3b6e5 [NON_LEADER]: Queue going to NON_LEADER mode. State: All replicated index: 0, Majority replicated index: 2, Committed index: 2, Last appended: 2.2, Last appended by leader: 2, Current term: 2, Majority size: -1, State: 0, Mode: NON_LEADER, active raft config: opid_index: -1 OBSOLETE_local: false peers { permanent_uuid: "2603c9c438784a7aaf253f0332a3b6e5" member_type: VOTER last_known_addr { host: "127.20.205.65" port: 36819 } } peers { permanent_uuid: "e3f6dbb9274947d18951b3565ee2545a" member_type: VOTER last_known_addr { host: "127.20.205.66" port: 35537 } } peers { permanent_uuid: "8300b830846847ee8e6761a80c4a8b35" member_type: VOTER last_known_addr { host: "127.20.205.67" port: 40517 } }
I20260710 11:06:14.303983 21932 raft_consensus.cc:3060] T ec6c492d2b034d67a41cc4c589983dd2 P 2603c9c438784a7aaf253f0332a3b6e5 [term 2 FOLLOWER]: Advancing to term 3
I20260710 11:06:14.303858 22252 consensus_queue.cc:237] T 4c0b1803498142f3bcc6d9c933f40155 P 8300b830846847ee8e6761a80c4a8b35 [LEADER]: Queue going to LEADER mode. State: All replicated index: 0, Majority replicated index: 1, Committed index: 1, Last appended: 1.1, Last appended by leader: 1, Current term: 2, Majority size: 2, State: 0, Mode: LEADER, active raft config: opid_index: -1 OBSOLETE_local: false peers { permanent_uuid: "2603c9c438784a7aaf253f0332a3b6e5" member_type: VOTER last_known_addr { host: "127.20.205.65" port: 36819 } } peers { permanent_uuid: "e3f6dbb9274947d18951b3565ee2545a" member_type: VOTER last_known_addr { host: "127.20.205.66" port: 35537 } } peers { permanent_uuid: "8300b830846847ee8e6761a80c4a8b35" member_type: VOTER last_known_addr { host: "127.20.205.67" port: 40517 } }
I20260710 11:06:14.309829 22286 raft_consensus.cc:993] T 2753fa45091040968635628352f8e499 P 2603c9c438784a7aaf253f0332a3b6e5: : Instructing follower e3f6dbb9274947d18951b3565ee2545a to start an election
I20260710 11:06:14.310061 21932 raft_consensus.cc:2468] T ec6c492d2b034d67a41cc4c589983dd2 P 2603c9c438784a7aaf253f0332a3b6e5 [term 3 FOLLOWER]: Leader election vote request: Granting yes vote for candidate 8300b830846847ee8e6761a80c4a8b35 in term 3.
I20260710 11:06:14.310490 22286 raft_consensus.cc:1081] T 2753fa45091040968635628352f8e499 P 2603c9c438784a7aaf253f0332a3b6e5 [term 3 LEADER]: Signalling peer e3f6dbb9274947d18951b3565ee2545a to start an election
I20260710 11:06:14.311465 22007 raft_consensus.cc:2468] T ec6c492d2b034d67a41cc4c589983dd2 P e3f6dbb9274947d18951b3565ee2545a [term 3 FOLLOWER]: Leader election vote request: Granting yes vote for candidate 8300b830846847ee8e6761a80c4a8b35 in term 3.
I20260710 11:06:14.311374 22046 leader_election.cc:304] T ec6c492d2b034d67a41cc4c589983dd2 P 8300b830846847ee8e6761a80c4a8b35 [CANDIDATE]: Term 3 election: Election decided. Result: candidate won. Election summary: received 2 responses out of 3 voters: 2 yes votes; 0 no votes. yes voters: 2603c9c438784a7aaf253f0332a3b6e5, 8300b830846847ee8e6761a80c4a8b35; no voters: 
I20260710 11:06:14.312347 22008 tablet_service.cc:2044] Received Run Leader Election RPC: tablet_id: "2753fa45091040968635628352f8e499"
dest_uuid: "e3f6dbb9274947d18951b3565ee2545a"
 from {username='slave'} at 127.0.0.1:34740
I20260710 11:06:14.312879 22252 raft_consensus.cc:2804] T ec6c492d2b034d67a41cc4c589983dd2 P 8300b830846847ee8e6761a80c4a8b35 [term 3 FOLLOWER]: Leader election won for term 3
I20260710 11:06:14.312885 22008 raft_consensus.cc:493] T 2753fa45091040968635628352f8e499 P e3f6dbb9274947d18951b3565ee2545a [term 3 FOLLOWER]: Starting forced leader election (received explicit request)
I20260710 11:06:14.313488 22008 raft_consensus.cc:3060] T 2753fa45091040968635628352f8e499 P e3f6dbb9274947d18951b3565ee2545a [term 3 FOLLOWER]: Advancing to term 4
I20260710 11:06:14.313691 22252 raft_consensus.cc:697] T ec6c492d2b034d67a41cc4c589983dd2 P 8300b830846847ee8e6761a80c4a8b35 [term 3 LEADER]: Becoming Leader. State: Replica: 8300b830846847ee8e6761a80c4a8b35, State: Running, Role: LEADER
I20260710 11:06:14.314599 22252 consensus_queue.cc:237] T ec6c492d2b034d67a41cc4c589983dd2 P 8300b830846847ee8e6761a80c4a8b35 [LEADER]: Queue going to LEADER mode. State: All replicated index: 0, Majority replicated index: 2, Committed index: 2, Last appended: 2.2, Last appended by leader: 2, Current term: 3, Majority size: 2, State: 0, Mode: LEADER, active raft config: opid_index: -1 OBSOLETE_local: false peers { permanent_uuid: "2603c9c438784a7aaf253f0332a3b6e5" member_type: VOTER last_known_addr { host: "127.20.205.65" port: 36819 } } peers { permanent_uuid: "e3f6dbb9274947d18951b3565ee2545a" member_type: VOTER last_known_addr { host: "127.20.205.66" port: 35537 } } peers { permanent_uuid: "8300b830846847ee8e6761a80c4a8b35" member_type: VOTER last_known_addr { host: "127.20.205.67" port: 40517 } }
I20260710 11:06:14.317386 21828 catalog_manager.cc:5697] T 4c0b1803498142f3bcc6d9c933f40155 P 8300b830846847ee8e6761a80c4a8b35 reported cstate change: term changed from 1 to 2, leader changed from 2603c9c438784a7aaf253f0332a3b6e5 (127.20.205.65) to 8300b830846847ee8e6761a80c4a8b35 (127.20.205.67). New cstate: current_term: 2 leader_uuid: "8300b830846847ee8e6761a80c4a8b35" committed_config { opid_index: -1 OBSOLETE_local: false peers { permanent_uuid: "2603c9c438784a7aaf253f0332a3b6e5" member_type: VOTER last_known_addr { host: "127.20.205.65" port: 36819 } health_report { overall_health: UNKNOWN } } peers { permanent_uuid: "e3f6dbb9274947d18951b3565ee2545a" member_type: VOTER last_known_addr { host: "127.20.205.66" port: 35537 } health_report { overall_health: UNKNOWN } } peers { permanent_uuid: "8300b830846847ee8e6761a80c4a8b35" member_type: VOTER last_known_addr { host: "127.20.205.67" port: 40517 } health_report { overall_health: HEALTHY } } }
I20260710 11:06:14.319391 22008 raft_consensus.cc:515] T 2753fa45091040968635628352f8e499 P e3f6dbb9274947d18951b3565ee2545a [term 4 FOLLOWER]: Starting forced leader election with config: opid_index: -1 OBSOLETE_local: false peers { permanent_uuid: "2603c9c438784a7aaf253f0332a3b6e5" member_type: VOTER last_known_addr { host: "127.20.205.65" port: 36819 } } peers { permanent_uuid: "e3f6dbb9274947d18951b3565ee2545a" member_type: VOTER last_known_addr { host: "127.20.205.66" port: 35537 } } peers { permanent_uuid: "8300b830846847ee8e6761a80c4a8b35" member_type: VOTER last_known_addr { host: "127.20.205.67" port: 40517 } }
I20260710 11:06:14.321858 22008 leader_election.cc:290] T 2753fa45091040968635628352f8e499 P e3f6dbb9274947d18951b3565ee2545a [CANDIDATE]: Term 4 election: Requested vote from peers 2603c9c438784a7aaf253f0332a3b6e5 (127.20.205.65:36819), 8300b830846847ee8e6761a80c4a8b35 (127.20.205.67:40517)
I20260710 11:06:14.322255 21932 tablet_service.cc:1917] Received RequestConsensusVote() RPC: tablet_id: "2753fa45091040968635628352f8e499" candidate_uuid: "e3f6dbb9274947d18951b3565ee2545a" candidate_term: 4 candidate_status { last_received { term: 3 index: 2 } } ignore_live_leader: true dest_uuid: "2603c9c438784a7aaf253f0332a3b6e5"
I20260710 11:06:14.322461 22082 tablet_service.cc:1917] Received RequestConsensusVote() RPC: tablet_id: "2753fa45091040968635628352f8e499" candidate_uuid: "e3f6dbb9274947d18951b3565ee2545a" candidate_term: 4 candidate_status { last_received { term: 3 index: 2 } } ignore_live_leader: true dest_uuid: "8300b830846847ee8e6761a80c4a8b35"
I20260710 11:06:14.322858 21932 raft_consensus.cc:3055] T 2753fa45091040968635628352f8e499 P 2603c9c438784a7aaf253f0332a3b6e5 [term 3 LEADER]: Stepping down as leader of term 3
I20260710 11:06:14.323019 22082 raft_consensus.cc:3060] T 2753fa45091040968635628352f8e499 P 8300b830846847ee8e6761a80c4a8b35 [term 3 FOLLOWER]: Advancing to term 4
I20260710 11:06:14.323215 21932 raft_consensus.cc:740] T 2753fa45091040968635628352f8e499 P 2603c9c438784a7aaf253f0332a3b6e5 [term 3 LEADER]: Becoming Follower/Learner. State: Replica: 2603c9c438784a7aaf253f0332a3b6e5, State: Running, Role: LEADER
I20260710 11:06:14.324065 21932 consensus_queue.cc:260] T 2753fa45091040968635628352f8e499 P 2603c9c438784a7aaf253f0332a3b6e5 [NON_LEADER]: Queue going to NON_LEADER mode. State: All replicated index: 0, Majority replicated index: 2, Committed index: 2, Last appended: 3.2, Last appended by leader: 2, Current term: 3, Majority size: -1, State: 0, Mode: NON_LEADER, active raft config: opid_index: -1 OBSOLETE_local: false peers { permanent_uuid: "2603c9c438784a7aaf253f0332a3b6e5" member_type: VOTER last_known_addr { host: "127.20.205.65" port: 36819 } } peers { permanent_uuid: "e3f6dbb9274947d18951b3565ee2545a" member_type: VOTER last_known_addr { host: "127.20.205.66" port: 35537 } } peers { permanent_uuid: "8300b830846847ee8e6761a80c4a8b35" member_type: VOTER last_known_addr { host: "127.20.205.67" port: 40517 } }
I20260710 11:06:14.325191 21932 raft_consensus.cc:3060] T 2753fa45091040968635628352f8e499 P 2603c9c438784a7aaf253f0332a3b6e5 [term 3 FOLLOWER]: Advancing to term 4
I20260710 11:06:14.329200 22082 raft_consensus.cc:2468] T 2753fa45091040968635628352f8e499 P 8300b830846847ee8e6761a80c4a8b35 [term 4 FOLLOWER]: Leader election vote request: Granting yes vote for candidate e3f6dbb9274947d18951b3565ee2545a in term 4.
I20260710 11:06:14.330817 21971 leader_election.cc:304] T 2753fa45091040968635628352f8e499 P e3f6dbb9274947d18951b3565ee2545a [CANDIDATE]: Term 4 election: Election decided. Result: candidate won. Election summary: received 2 responses out of 3 voters: 2 yes votes; 0 no votes. yes voters: 8300b830846847ee8e6761a80c4a8b35, e3f6dbb9274947d18951b3565ee2545a; no voters: 
I20260710 11:06:14.331162 21932 raft_consensus.cc:2468] T 2753fa45091040968635628352f8e499 P 2603c9c438784a7aaf253f0332a3b6e5 [term 4 FOLLOWER]: Leader election vote request: Granting yes vote for candidate e3f6dbb9274947d18951b3565ee2545a in term 4.
I20260710 11:06:14.331744 22247 raft_consensus.cc:2804] T 2753fa45091040968635628352f8e499 P e3f6dbb9274947d18951b3565ee2545a [term 4 FOLLOWER]: Leader election won for term 4
I20260710 11:06:14.332960 22247 raft_consensus.cc:697] T 2753fa45091040968635628352f8e499 P e3f6dbb9274947d18951b3565ee2545a [term 4 LEADER]: Becoming Leader. State: Replica: e3f6dbb9274947d18951b3565ee2545a, State: Running, Role: LEADER
I20260710 11:06:14.333710 22247 consensus_queue.cc:237] T 2753fa45091040968635628352f8e499 P e3f6dbb9274947d18951b3565ee2545a [LEADER]: Queue going to LEADER mode. State: All replicated index: 0, Majority replicated index: 2, Committed index: 2, Last appended: 3.2, Last appended by leader: 2, Current term: 4, Majority size: 2, State: 0, Mode: LEADER, active raft config: opid_index: -1 OBSOLETE_local: false peers { permanent_uuid: "2603c9c438784a7aaf253f0332a3b6e5" member_type: VOTER last_known_addr { host: "127.20.205.65" port: 36819 } } peers { permanent_uuid: "e3f6dbb9274947d18951b3565ee2545a" member_type: VOTER last_known_addr { host: "127.20.205.66" port: 35537 } } peers { permanent_uuid: "8300b830846847ee8e6761a80c4a8b35" member_type: VOTER last_known_addr { host: "127.20.205.67" port: 40517 } }
I20260710 11:06:14.339304 21828 catalog_manager.cc:5697] T ec6c492d2b034d67a41cc4c589983dd2 P 8300b830846847ee8e6761a80c4a8b35 reported cstate change: term changed from 2 to 3, leader changed from 2603c9c438784a7aaf253f0332a3b6e5 (127.20.205.65) to 8300b830846847ee8e6761a80c4a8b35 (127.20.205.67). New cstate: current_term: 3 leader_uuid: "8300b830846847ee8e6761a80c4a8b35" committed_config { opid_index: -1 OBSOLETE_local: false peers { permanent_uuid: "2603c9c438784a7aaf253f0332a3b6e5" member_type: VOTER last_known_addr { host: "127.20.205.65" port: 36819 } health_report { overall_health: UNKNOWN } } peers { permanent_uuid: "e3f6dbb9274947d18951b3565ee2545a" member_type: VOTER last_known_addr { host: "127.20.205.66" port: 35537 } health_report { overall_health: UNKNOWN } } peers { permanent_uuid: "8300b830846847ee8e6761a80c4a8b35" member_type: VOTER last_known_addr { host: "127.20.205.67" port: 40517 } health_report { overall_health: HEALTHY } } }
I20260710 11:06:14.341657 21830 catalog_manager.cc:5697] T 2753fa45091040968635628352f8e499 P e3f6dbb9274947d18951b3565ee2545a reported cstate change: term changed from 3 to 4, leader changed from 2603c9c438784a7aaf253f0332a3b6e5 (127.20.205.65) to e3f6dbb9274947d18951b3565ee2545a (127.20.205.66). New cstate: current_term: 4 leader_uuid: "e3f6dbb9274947d18951b3565ee2545a" committed_config { opid_index: -1 OBSOLETE_local: false peers { permanent_uuid: "2603c9c438784a7aaf253f0332a3b6e5" member_type: VOTER last_known_addr { host: "127.20.205.65" port: 36819 } health_report { overall_health: UNKNOWN } } peers { permanent_uuid: "e3f6dbb9274947d18951b3565ee2545a" member_type: VOTER last_known_addr { host: "127.20.205.66" port: 35537 } health_report { overall_health: HEALTHY } } peers { permanent_uuid: "8300b830846847ee8e6761a80c4a8b35" member_type: VOTER last_known_addr { host: "127.20.205.67" port: 40517 } health_report { overall_health: UNKNOWN } } }
I20260710 11:06:14.559053 22287 raft_consensus.cc:993] T 057eeb8a1e774cd9871aeae920bda1df P 2603c9c438784a7aaf253f0332a3b6e5: : Instructing follower e3f6dbb9274947d18951b3565ee2545a to start an election
I20260710 11:06:14.559556 22286 raft_consensus.cc:1081] T 057eeb8a1e774cd9871aeae920bda1df P 2603c9c438784a7aaf253f0332a3b6e5 [term 4 LEADER]: Signalling peer e3f6dbb9274947d18951b3565ee2545a to start an election
I20260710 11:06:14.561093 22008 tablet_service.cc:2044] Received Run Leader Election RPC: tablet_id: "057eeb8a1e774cd9871aeae920bda1df"
dest_uuid: "e3f6dbb9274947d18951b3565ee2545a"
 from {username='slave'} at 127.0.0.1:34740
I20260710 11:06:14.561568 22008 raft_consensus.cc:493] T 057eeb8a1e774cd9871aeae920bda1df P e3f6dbb9274947d18951b3565ee2545a [term 4 FOLLOWER]: Starting forced leader election (received explicit request)
I20260710 11:06:14.561924 22008 raft_consensus.cc:3060] T 057eeb8a1e774cd9871aeae920bda1df P e3f6dbb9274947d18951b3565ee2545a [term 4 FOLLOWER]: Advancing to term 5
I20260710 11:06:14.566773 22008 raft_consensus.cc:515] T 057eeb8a1e774cd9871aeae920bda1df P e3f6dbb9274947d18951b3565ee2545a [term 5 FOLLOWER]: Starting forced leader election with config: opid_index: -1 OBSOLETE_local: false peers { permanent_uuid: "2603c9c438784a7aaf253f0332a3b6e5" member_type: VOTER last_known_addr { host: "127.20.205.65" port: 36819 } } peers { permanent_uuid: "e3f6dbb9274947d18951b3565ee2545a" member_type: VOTER last_known_addr { host: "127.20.205.66" port: 35537 } } peers { permanent_uuid: "8300b830846847ee8e6761a80c4a8b35" member_type: VOTER last_known_addr { host: "127.20.205.67" port: 40517 } }
I20260710 11:06:14.568553 22008 leader_election.cc:290] T 057eeb8a1e774cd9871aeae920bda1df P e3f6dbb9274947d18951b3565ee2545a [CANDIDATE]: Term 5 election: Requested vote from peers 2603c9c438784a7aaf253f0332a3b6e5 (127.20.205.65:36819), 8300b830846847ee8e6761a80c4a8b35 (127.20.205.67:40517)
I20260710 11:06:14.569166 21932 tablet_service.cc:1917] Received RequestConsensusVote() RPC: tablet_id: "057eeb8a1e774cd9871aeae920bda1df" candidate_uuid: "e3f6dbb9274947d18951b3565ee2545a" candidate_term: 5 candidate_status { last_received { term: 4 index: 4 } } ignore_live_leader: true dest_uuid: "2603c9c438784a7aaf253f0332a3b6e5"
I20260710 11:06:14.569715 21932 raft_consensus.cc:3055] T 057eeb8a1e774cd9871aeae920bda1df P 2603c9c438784a7aaf253f0332a3b6e5 [term 4 LEADER]: Stepping down as leader of term 4
I20260710 11:06:14.569708 22082 tablet_service.cc:1917] Received RequestConsensusVote() RPC: tablet_id: "057eeb8a1e774cd9871aeae920bda1df" candidate_uuid: "e3f6dbb9274947d18951b3565ee2545a" candidate_term: 5 candidate_status { last_received { term: 4 index: 4 } } ignore_live_leader: true dest_uuid: "8300b830846847ee8e6761a80c4a8b35"
I20260710 11:06:14.570153 21932 raft_consensus.cc:740] T 057eeb8a1e774cd9871aeae920bda1df P 2603c9c438784a7aaf253f0332a3b6e5 [term 4 LEADER]: Becoming Follower/Learner. State: Replica: 2603c9c438784a7aaf253f0332a3b6e5, State: Running, Role: LEADER
I20260710 11:06:14.570313 22082 raft_consensus.cc:3060] T 057eeb8a1e774cd9871aeae920bda1df P 8300b830846847ee8e6761a80c4a8b35 [term 4 FOLLOWER]: Advancing to term 5
I20260710 11:06:14.570909 21932 consensus_queue.cc:260] T 057eeb8a1e774cd9871aeae920bda1df P 2603c9c438784a7aaf253f0332a3b6e5 [NON_LEADER]: Queue going to NON_LEADER mode. State: All replicated index: 0, Majority replicated index: 4, Committed index: 4, Last appended: 4.4, Last appended by leader: 4, Current term: 4, Majority size: -1, State: 0, Mode: NON_LEADER, active raft config: opid_index: -1 OBSOLETE_local: false peers { permanent_uuid: "2603c9c438784a7aaf253f0332a3b6e5" member_type: VOTER last_known_addr { host: "127.20.205.65" port: 36819 } } peers { permanent_uuid: "e3f6dbb9274947d18951b3565ee2545a" member_type: VOTER last_known_addr { host: "127.20.205.66" port: 35537 } } peers { permanent_uuid: "8300b830846847ee8e6761a80c4a8b35" member_type: VOTER last_known_addr { host: "127.20.205.67" port: 40517 } }
I20260710 11:06:14.572021 21932 raft_consensus.cc:3060] T 057eeb8a1e774cd9871aeae920bda1df P 2603c9c438784a7aaf253f0332a3b6e5 [term 4 FOLLOWER]: Advancing to term 5
I20260710 11:06:14.576476 22082 raft_consensus.cc:2468] T 057eeb8a1e774cd9871aeae920bda1df P 8300b830846847ee8e6761a80c4a8b35 [term 5 FOLLOWER]: Leader election vote request: Granting yes vote for candidate e3f6dbb9274947d18951b3565ee2545a in term 5.
I20260710 11:06:14.577523 21971 leader_election.cc:304] T 057eeb8a1e774cd9871aeae920bda1df P e3f6dbb9274947d18951b3565ee2545a [CANDIDATE]: Term 5 election: Election decided. Result: candidate won. Election summary: received 2 responses out of 3 voters: 2 yes votes; 0 no votes. yes voters: 8300b830846847ee8e6761a80c4a8b35, e3f6dbb9274947d18951b3565ee2545a; no voters: 
I20260710 11:06:14.577868 21932 raft_consensus.cc:2468] T 057eeb8a1e774cd9871aeae920bda1df P 2603c9c438784a7aaf253f0332a3b6e5 [term 5 FOLLOWER]: Leader election vote request: Granting yes vote for candidate e3f6dbb9274947d18951b3565ee2545a in term 5.
I20260710 11:06:14.578344 22247 raft_consensus.cc:2804] T 057eeb8a1e774cd9871aeae920bda1df P e3f6dbb9274947d18951b3565ee2545a [term 5 FOLLOWER]: Leader election won for term 5
I20260710 11:06:14.578936 22247 raft_consensus.cc:697] T 057eeb8a1e774cd9871aeae920bda1df P e3f6dbb9274947d18951b3565ee2545a [term 5 LEADER]: Becoming Leader. State: Replica: e3f6dbb9274947d18951b3565ee2545a, State: Running, Role: LEADER
I20260710 11:06:14.579830 22247 consensus_queue.cc:237] T 057eeb8a1e774cd9871aeae920bda1df P e3f6dbb9274947d18951b3565ee2545a [LEADER]: Queue going to LEADER mode. State: All replicated index: 0, Majority replicated index: 4, Committed index: 4, Last appended: 4.4, Last appended by leader: 4, Current term: 5, Majority size: 2, State: 0, Mode: LEADER, active raft config: opid_index: -1 OBSOLETE_local: false peers { permanent_uuid: "2603c9c438784a7aaf253f0332a3b6e5" member_type: VOTER last_known_addr { host: "127.20.205.65" port: 36819 } } peers { permanent_uuid: "e3f6dbb9274947d18951b3565ee2545a" member_type: VOTER last_known_addr { host: "127.20.205.66" port: 35537 } } peers { permanent_uuid: "8300b830846847ee8e6761a80c4a8b35" member_type: VOTER last_known_addr { host: "127.20.205.67" port: 40517 } }
I20260710 11:06:14.588165 21830 catalog_manager.cc:5697] T 057eeb8a1e774cd9871aeae920bda1df P e3f6dbb9274947d18951b3565ee2545a reported cstate change: term changed from 4 to 5, leader changed from 2603c9c438784a7aaf253f0332a3b6e5 (127.20.205.65) to e3f6dbb9274947d18951b3565ee2545a (127.20.205.66). New cstate: current_term: 5 leader_uuid: "e3f6dbb9274947d18951b3565ee2545a" committed_config { opid_index: -1 OBSOLETE_local: false peers { permanent_uuid: "2603c9c438784a7aaf253f0332a3b6e5" member_type: VOTER last_known_addr { host: "127.20.205.65" port: 36819 } health_report { overall_health: UNKNOWN } } peers { permanent_uuid: "e3f6dbb9274947d18951b3565ee2545a" member_type: VOTER last_known_addr { host: "127.20.205.66" port: 35537 } health_report { overall_health: HEALTHY } } peers { permanent_uuid: "8300b830846847ee8e6761a80c4a8b35" member_type: VOTER last_known_addr { host: "127.20.205.67" port: 40517 } health_report { overall_health: UNKNOWN } } }
I20260710 11:06:14.701119 21932 raft_consensus.cc:1275] T 4c0b1803498142f3bcc6d9c933f40155 P 2603c9c438784a7aaf253f0332a3b6e5 [term 2 FOLLOWER]: Refusing update from remote peer 8300b830846847ee8e6761a80c4a8b35: Log matching property violated. Preceding OpId in replica: term: 1 index: 1. Preceding OpId from leader: term: 2 index: 2. (index mismatch)
I20260710 11:06:14.702610 22252 consensus_queue.cc:1048] T 4c0b1803498142f3bcc6d9c933f40155 P 8300b830846847ee8e6761a80c4a8b35 [LEADER]: Connected to new peer: Peer: permanent_uuid: "2603c9c438784a7aaf253f0332a3b6e5" member_type: VOTER last_known_addr { host: "127.20.205.65" port: 36819 }, Status: LMP_MISMATCH, Last received: 0.0, Next index: 2, Last known committed idx: 1, Time since last communication: 0.000s
I20260710 11:06:14.713583 22008 raft_consensus.cc:1275] T 4c0b1803498142f3bcc6d9c933f40155 P e3f6dbb9274947d18951b3565ee2545a [term 2 FOLLOWER]: Refusing update from remote peer 8300b830846847ee8e6761a80c4a8b35: Log matching property violated. Preceding OpId in replica: term: 1 index: 1. Preceding OpId from leader: term: 2 index: 2. (index mismatch)
I20260710 11:06:14.714996 22252 consensus_queue.cc:1048] T 4c0b1803498142f3bcc6d9c933f40155 P 8300b830846847ee8e6761a80c4a8b35 [LEADER]: Connected to new peer: Peer: permanent_uuid: "e3f6dbb9274947d18951b3565ee2545a" member_type: VOTER last_known_addr { host: "127.20.205.66" port: 35537 }, Status: LMP_MISMATCH, Last received: 0.0, Next index: 2, Last known committed idx: 1, Time since last communication: 0.000s
I20260710 11:06:14.717286 21932 raft_consensus.cc:1275] T 2753fa45091040968635628352f8e499 P 2603c9c438784a7aaf253f0332a3b6e5 [term 4 FOLLOWER]: Refusing update from remote peer e3f6dbb9274947d18951b3565ee2545a: Log matching property violated. Preceding OpId in replica: term: 3 index: 2. Preceding OpId from leader: term: 4 index: 3. (index mismatch)
I20260710 11:06:14.718992 22247 consensus_queue.cc:1048] T 2753fa45091040968635628352f8e499 P e3f6dbb9274947d18951b3565ee2545a [LEADER]: Connected to new peer: Peer: permanent_uuid: "2603c9c438784a7aaf253f0332a3b6e5" member_type: VOTER last_known_addr { host: "127.20.205.65" port: 36819 }, Status: LMP_MISMATCH, Last received: 0.0, Next index: 3, Last known committed idx: 2, Time since last communication: 0.000s
I20260710 11:06:14.728521 22082 raft_consensus.cc:1275] T 2753fa45091040968635628352f8e499 P 8300b830846847ee8e6761a80c4a8b35 [term 4 FOLLOWER]: Refusing update from remote peer e3f6dbb9274947d18951b3565ee2545a: Log matching property violated. Preceding OpId in replica: term: 3 index: 2. Preceding OpId from leader: term: 4 index: 3. (index mismatch)
I20260710 11:06:14.730032 22296 consensus_queue.cc:1048] T 2753fa45091040968635628352f8e499 P e3f6dbb9274947d18951b3565ee2545a [LEADER]: Connected to new peer: Peer: permanent_uuid: "8300b830846847ee8e6761a80c4a8b35" member_type: VOTER last_known_addr { host: "127.20.205.67" port: 40517 }, Status: LMP_MISMATCH, Last received: 0.0, Next index: 3, Last known committed idx: 2, Time since last communication: 0.000s
I20260710 11:06:14.844525 22008 raft_consensus.cc:1275] T ec6c492d2b034d67a41cc4c589983dd2 P e3f6dbb9274947d18951b3565ee2545a [term 3 FOLLOWER]: Refusing update from remote peer 8300b830846847ee8e6761a80c4a8b35: Log matching property violated. Preceding OpId in replica: term: 2 index: 2. Preceding OpId from leader: term: 3 index: 3. (index mismatch)
I20260710 11:06:14.846143 22252 consensus_queue.cc:1048] T ec6c492d2b034d67a41cc4c589983dd2 P 8300b830846847ee8e6761a80c4a8b35 [LEADER]: Connected to new peer: Peer: permanent_uuid: "e3f6dbb9274947d18951b3565ee2545a" member_type: VOTER last_known_addr { host: "127.20.205.66" port: 35537 }, Status: LMP_MISMATCH, Last received: 0.0, Next index: 3, Last known committed idx: 2, Time since last communication: 0.000s
I20260710 11:06:14.856562 21932 raft_consensus.cc:1275] T ec6c492d2b034d67a41cc4c589983dd2 P 2603c9c438784a7aaf253f0332a3b6e5 [term 3 FOLLOWER]: Refusing update from remote peer 8300b830846847ee8e6761a80c4a8b35: Log matching property violated. Preceding OpId in replica: term: 2 index: 2. Preceding OpId from leader: term: 3 index: 3. (index mismatch)
I20260710 11:06:14.858014 22308 consensus_queue.cc:1048] T ec6c492d2b034d67a41cc4c589983dd2 P 8300b830846847ee8e6761a80c4a8b35 [LEADER]: Connected to new peer: Peer: permanent_uuid: "2603c9c438784a7aaf253f0332a3b6e5" member_type: VOTER last_known_addr { host: "127.20.205.65" port: 36819 }, Status: LMP_MISMATCH, Last received: 0.0, Next index: 3, Last known committed idx: 2, Time since last communication: 0.000s
I20260710 11:06:15.050765 22082 raft_consensus.cc:1275] T 057eeb8a1e774cd9871aeae920bda1df P 8300b830846847ee8e6761a80c4a8b35 [term 5 FOLLOWER]: Refusing update from remote peer e3f6dbb9274947d18951b3565ee2545a: Log matching property violated. Preceding OpId in replica: term: 4 index: 4. Preceding OpId from leader: term: 5 index: 5. (index mismatch)
I20260710 11:06:15.052178 22305 consensus_queue.cc:1048] T 057eeb8a1e774cd9871aeae920bda1df P e3f6dbb9274947d18951b3565ee2545a [LEADER]: Connected to new peer: Peer: permanent_uuid: "8300b830846847ee8e6761a80c4a8b35" member_type: VOTER last_known_addr { host: "127.20.205.67" port: 40517 }, Status: LMP_MISMATCH, Last received: 0.0, Next index: 5, Last known committed idx: 4, Time since last communication: 0.000s
I20260710 11:06:15.062407 21932 raft_consensus.cc:1275] T 057eeb8a1e774cd9871aeae920bda1df P 2603c9c438784a7aaf253f0332a3b6e5 [term 5 FOLLOWER]: Refusing update from remote peer e3f6dbb9274947d18951b3565ee2545a: Log matching property violated. Preceding OpId in replica: term: 4 index: 4. Preceding OpId from leader: term: 5 index: 5. (index mismatch)
I20260710 11:06:15.064124 22247 consensus_queue.cc:1048] T 057eeb8a1e774cd9871aeae920bda1df P e3f6dbb9274947d18951b3565ee2545a [LEADER]: Connected to new peer: Peer: permanent_uuid: "2603c9c438784a7aaf253f0332a3b6e5" member_type: VOTER last_known_addr { host: "127.20.205.65" port: 36819 }, Status: LMP_MISMATCH, Last received: 0.0, Next index: 5, Last known committed idx: 4, Time since last communication: 0.000s
I20260710 11:06:15.283090 21301 auto_leader_rebalancer.cc:141] leader rebalance for table test-workload
I20260710 11:06:15.289002 21301 tablet_server.cc:179] TabletServer@127.20.205.65:0 shutting down...
W20260710 11:06:15.300004 22046 proxy.cc:239] Call had error, refreshing address and retrying: Remote error: Service unavailable: service kudu.consensus.ConsensusService not registered on TabletServer [suppressed 2 similar messages]
W20260710 11:06:15.305166 22046 consensus_peers.cc:597] T 2f234bbe7485488c9534867351549904 P 8300b830846847ee8e6761a80c4a8b35 -> Peer 2603c9c438784a7aaf253f0332a3b6e5 (127.20.205.65:36819): Couldn't send request to peer 2603c9c438784a7aaf253f0332a3b6e5. Status: Remote error: Service unavailable: service kudu.consensus.ConsensusService not registered on TabletServer. This is attempt 1: this message will repeat every 5th retry.
I20260710 11:06:15.317342 21301 ts_tablet_manager.cc:1507] Shutting down tablet manager...
I20260710 11:06:15.318008 21301 tablet_replica.cc:333] T 3f014446abcc4446888988d3a5c5ae20 P 2603c9c438784a7aaf253f0332a3b6e5: stopping tablet replica
I20260710 11:06:15.318673 21301 raft_consensus.cc:2243] T 3f014446abcc4446888988d3a5c5ae20 P 2603c9c438784a7aaf253f0332a3b6e5 [term 3 LEADER]: Raft consensus shutting down.
I20260710 11:06:15.319392 21301 raft_consensus.cc:2272] T 3f014446abcc4446888988d3a5c5ae20 P 2603c9c438784a7aaf253f0332a3b6e5 [term 3 FOLLOWER]: Raft consensus is shut down!
I20260710 11:06:15.321208 21301 tablet_replica.cc:333] T 43706c86845944629382c55ea32483cd P 2603c9c438784a7aaf253f0332a3b6e5: stopping tablet replica
I20260710 11:06:15.321704 21301 raft_consensus.cc:2243] T 43706c86845944629382c55ea32483cd P 2603c9c438784a7aaf253f0332a3b6e5 [term 1 FOLLOWER]: Raft consensus shutting down.
I20260710 11:06:15.322108 21301 raft_consensus.cc:2272] T 43706c86845944629382c55ea32483cd P 2603c9c438784a7aaf253f0332a3b6e5 [term 1 FOLLOWER]: Raft consensus is shut down!
I20260710 11:06:15.323653 21301 tablet_replica.cc:333] T ec6c492d2b034d67a41cc4c589983dd2 P 2603c9c438784a7aaf253f0332a3b6e5: stopping tablet replica
I20260710 11:06:15.324138 21301 raft_consensus.cc:2243] T ec6c492d2b034d67a41cc4c589983dd2 P 2603c9c438784a7aaf253f0332a3b6e5 [term 3 FOLLOWER]: Raft consensus shutting down.
I20260710 11:06:15.324520 21301 raft_consensus.cc:2272] T ec6c492d2b034d67a41cc4c589983dd2 P 2603c9c438784a7aaf253f0332a3b6e5 [term 3 FOLLOWER]: Raft consensus is shut down!
I20260710 11:06:15.326725 21301 tablet_replica.cc:333] T 4e306d571ce149fbbf2a52756dcb795e P 2603c9c438784a7aaf253f0332a3b6e5: stopping tablet replica
I20260710 11:06:15.327279 21301 raft_consensus.cc:2243] T 4e306d571ce149fbbf2a52756dcb795e P 2603c9c438784a7aaf253f0332a3b6e5 [term 1 LEADER]: Raft consensus shutting down.
I20260710 11:06:15.328009 21301 raft_consensus.cc:2272] T 4e306d571ce149fbbf2a52756dcb795e P 2603c9c438784a7aaf253f0332a3b6e5 [term 1 FOLLOWER]: Raft consensus is shut down!
I20260710 11:06:15.329648 21301 tablet_replica.cc:333] T 4c0b1803498142f3bcc6d9c933f40155 P 2603c9c438784a7aaf253f0332a3b6e5: stopping tablet replica
