I20260710 11:05:57.992051 17678 consensus_queue.cc:1048] T 9123cccfaff44fb3ac3a20522ef44fb9 P 2c698bb01a3647d48a8f8d7558cafcc1 [LEADER]: Connected to new peer: Peer: permanent_uuid: "85aede04d3654139b289f0da6fa25c78" member_type: VOTER last_known_addr { host: "127.16.211.65" port: 46507 }, Status: LMP_MISMATCH, Last received: 0.0, Next index: 3, Last known committed idx: 2, Time since last communication: 0.000s
I20260710 11:05:58.068167 17513 raft_consensus.cc:1275] T 8352f660d0fe4dac98dc2243757d234a P d1eb03522cf4441ebd283a4f0af394be [term 3 FOLLOWER]: Refusing update from remote peer 2c698bb01a3647d48a8f8d7558cafcc1: Log matching property violated. Preceding OpId in replica: term: 2 index: 2. Preceding OpId from leader: term: 3 index: 3. (index mismatch)
I20260710 11:05:58.069485 17678 consensus_queue.cc:1048] T 8352f660d0fe4dac98dc2243757d234a P 2c698bb01a3647d48a8f8d7558cafcc1 [LEADER]: Connected to new peer: Peer: permanent_uuid: "d1eb03522cf4441ebd283a4f0af394be" member_type: VOTER last_known_addr { host: "127.16.211.67" port: 44005 }, Status: LMP_MISMATCH, Last received: 0.0, Next index: 3, Last known committed idx: 2, Time since last communication: 0.000s
I20260710 11:05:58.077523 17364 raft_consensus.cc:1275] T 8352f660d0fe4dac98dc2243757d234a P 85aede04d3654139b289f0da6fa25c78 [term 3 FOLLOWER]: Refusing update from remote peer 2c698bb01a3647d48a8f8d7558cafcc1: Log matching property violated. Preceding OpId in replica: term: 2 index: 2. Preceding OpId from leader: term: 3 index: 3. (index mismatch)
I20260710 11:05:58.079198 17661 consensus_queue.cc:1048] T 8352f660d0fe4dac98dc2243757d234a P 2c698bb01a3647d48a8f8d7558cafcc1 [LEADER]: Connected to new peer: Peer: permanent_uuid: "85aede04d3654139b289f0da6fa25c78" member_type: VOTER last_known_addr { host: "127.16.211.65" port: 46507 }, Status: LMP_MISMATCH, Last received: 0.0, Next index: 3, Last known committed idx: 2, Time since last communication: 0.000s
I20260710 11:05:58.271551 17513 raft_consensus.cc:1275] T e49d6ca08e9145a490b3780b3a50d63b P d1eb03522cf4441ebd283a4f0af394be [term 3 FOLLOWER]: Refusing update from remote peer 2c698bb01a3647d48a8f8d7558cafcc1: Log matching property violated. Preceding OpId in replica: term: 2 index: 2. Preceding OpId from leader: term: 3 index: 3. (index mismatch)
I20260710 11:05:58.273020 17661 consensus_queue.cc:1048] T e49d6ca08e9145a490b3780b3a50d63b P 2c698bb01a3647d48a8f8d7558cafcc1 [LEADER]: Connected to new peer: Peer: permanent_uuid: "d1eb03522cf4441ebd283a4f0af394be" member_type: VOTER last_known_addr { host: "127.16.211.67" port: 44005 }, Status: LMP_MISMATCH, Last received: 0.0, Next index: 3, Last known committed idx: 2, Time since last communication: 0.000s
I20260710 11:05:58.281374 17364 raft_consensus.cc:1275] T e49d6ca08e9145a490b3780b3a50d63b P 85aede04d3654139b289f0da6fa25c78 [term 3 FOLLOWER]: Refusing update from remote peer 2c698bb01a3647d48a8f8d7558cafcc1: Log matching property violated. Preceding OpId in replica: term: 2 index: 2. Preceding OpId from leader: term: 3 index: 3. (index mismatch)
I20260710 11:05:58.282822 17688 consensus_queue.cc:1048] T e49d6ca08e9145a490b3780b3a50d63b P 2c698bb01a3647d48a8f8d7558cafcc1 [LEADER]: Connected to new peer: Peer: permanent_uuid: "85aede04d3654139b289f0da6fa25c78" member_type: VOTER last_known_addr { host: "127.16.211.65" port: 46507 }, Status: LMP_MISMATCH, Last received: 0.0, Next index: 3, Last known committed idx: 2, Time since last communication: 0.000s
I20260710 11:06:00.257908 17229 auto_leader_rebalancer.cc:141] leader rebalance for table test-workload
I20260710 11:06:00.265146 17438 tablet_service.cc:2072] Received LeaderStepDown RPC: tablet_id: "8352f660d0fe4dac98dc2243757d234a"
dest_uuid: "2c698bb01a3647d48a8f8d7558cafcc1"
mode: GRACEFUL
new_leader_uuid: "85aede04d3654139b289f0da6fa25c78"
 from {username='slave'} at 127.0.0.1:43066
I20260710 11:06:00.265838 17438 raft_consensus.cc:606] T 8352f660d0fe4dac98dc2243757d234a P 2c698bb01a3647d48a8f8d7558cafcc1 [term 3 LEADER]: Received request to transfer leadership to TS 85aede04d3654139b289f0da6fa25c78
I20260710 11:06:00.268985 17438 tablet_service.cc:2072] Received LeaderStepDown RPC: tablet_id: "8d0849bd83314f0fb41e052d4e97463c"
dest_uuid: "2c698bb01a3647d48a8f8d7558cafcc1"
mode: GRACEFUL
new_leader_uuid: "d1eb03522cf4441ebd283a4f0af394be"
 from {username='slave'} at 127.0.0.1:43066
I20260710 11:06:00.269534 17438 raft_consensus.cc:606] T 8d0849bd83314f0fb41e052d4e97463c P 2c698bb01a3647d48a8f8d7558cafcc1 [term 3 LEADER]: Received request to transfer leadership to TS d1eb03522cf4441ebd283a4f0af394be
I20260710 11:06:00.271867 17438 tablet_service.cc:2072] Received LeaderStepDown RPC: tablet_id: "9123cccfaff44fb3ac3a20522ef44fb9"
dest_uuid: "2c698bb01a3647d48a8f8d7558cafcc1"
mode: GRACEFUL
new_leader_uuid: "d1eb03522cf4441ebd283a4f0af394be"
 from {username='slave'} at 127.0.0.1:43066
I20260710 11:06:00.272336 17438 raft_consensus.cc:606] T 9123cccfaff44fb3ac3a20522ef44fb9 P 2c698bb01a3647d48a8f8d7558cafcc1 [term 3 LEADER]: Received request to transfer leadership to TS d1eb03522cf4441ebd283a4f0af394be
I20260710 11:06:00.274462 17438 tablet_service.cc:2072] Received LeaderStepDown RPC: tablet_id: "dc039f13b7414ce782a35e42cf9ce7f5"
dest_uuid: "2c698bb01a3647d48a8f8d7558cafcc1"
mode: GRACEFUL
new_leader_uuid: "85aede04d3654139b289f0da6fa25c78"
 from {username='slave'} at 127.0.0.1:43066
I20260710 11:06:00.274899 17438 raft_consensus.cc:606] T dc039f13b7414ce782a35e42cf9ce7f5 P 2c698bb01a3647d48a8f8d7558cafcc1 [term 2 LEADER]: Received request to transfer leadership to TS 85aede04d3654139b289f0da6fa25c78
I20260710 11:06:00.277323 17438 tablet_service.cc:2072] Received LeaderStepDown RPC: tablet_id: "e49d6ca08e9145a490b3780b3a50d63b"
dest_uuid: "2c698bb01a3647d48a8f8d7558cafcc1"
mode: GRACEFUL
new_leader_uuid: "85aede04d3654139b289f0da6fa25c78"
 from {username='slave'} at 127.0.0.1:43066
I20260710 11:06:00.277835 17438 raft_consensus.cc:606] T e49d6ca08e9145a490b3780b3a50d63b P 2c698bb01a3647d48a8f8d7558cafcc1 [term 3 LEADER]: Received request to transfer leadership to TS 85aede04d3654139b289f0da6fa25c78
I20260710 11:06:00.278963 17229 auto_leader_rebalancer.cc:452] table: test-workload, leader rebalance finish, leader transfer count: 5
I20260710 11:06:00.279582 17229 auto_leader_rebalancer.cc:527] All tables' leader rebalancing finished this round
I20260710 11:06:00.447278 17661 raft_consensus.cc:993] T e49d6ca08e9145a490b3780b3a50d63b P 2c698bb01a3647d48a8f8d7558cafcc1: : Instructing follower 85aede04d3654139b289f0da6fa25c78 to start an election
I20260710 11:06:00.447865 17699 raft_consensus.cc:1081] T e49d6ca08e9145a490b3780b3a50d63b P 2c698bb01a3647d48a8f8d7558cafcc1 [term 3 LEADER]: Signalling peer 85aede04d3654139b289f0da6fa25c78 to start an election
I20260710 11:06:00.449231 17363 tablet_service.cc:2044] Received Run Leader Election RPC: tablet_id: "e49d6ca08e9145a490b3780b3a50d63b"
dest_uuid: "85aede04d3654139b289f0da6fa25c78"
 from {username='slave'} at 127.0.0.1:45618
I20260710 11:06:00.449681 17363 raft_consensus.cc:493] T e49d6ca08e9145a490b3780b3a50d63b P 85aede04d3654139b289f0da6fa25c78 [term 3 FOLLOWER]: Starting forced leader election (received explicit request)
I20260710 11:06:00.449980 17363 raft_consensus.cc:3060] T e49d6ca08e9145a490b3780b3a50d63b P 85aede04d3654139b289f0da6fa25c78 [term 3 FOLLOWER]: Advancing to term 4
I20260710 11:06:00.456033 17363 raft_consensus.cc:515] T e49d6ca08e9145a490b3780b3a50d63b P 85aede04d3654139b289f0da6fa25c78 [term 4 FOLLOWER]: Starting forced leader election with config: opid_index: -1 OBSOLETE_local: false peers { permanent_uuid: "85aede04d3654139b289f0da6fa25c78" member_type: VOTER last_known_addr { host: "127.16.211.65" port: 46507 } } peers { permanent_uuid: "2c698bb01a3647d48a8f8d7558cafcc1" member_type: VOTER last_known_addr { host: "127.16.211.66" port: 42455 } } peers { permanent_uuid: "d1eb03522cf4441ebd283a4f0af394be" member_type: VOTER last_known_addr { host: "127.16.211.67" port: 44005 } }
I20260710 11:06:00.458077 17363 leader_election.cc:290] T e49d6ca08e9145a490b3780b3a50d63b P 85aede04d3654139b289f0da6fa25c78 [CANDIDATE]: Term 4 election: Requested vote from peers 2c698bb01a3647d48a8f8d7558cafcc1 (127.16.211.66:42455), d1eb03522cf4441ebd283a4f0af394be (127.16.211.67:44005)
I20260710 11:06:00.459005 17438 tablet_service.cc:1917] Received RequestConsensusVote() RPC: tablet_id: "e49d6ca08e9145a490b3780b3a50d63b" candidate_uuid: "85aede04d3654139b289f0da6fa25c78" candidate_term: 4 candidate_status { last_received { term: 3 index: 3 } } ignore_live_leader: true dest_uuid: "2c698bb01a3647d48a8f8d7558cafcc1"
I20260710 11:06:00.459412 17513 tablet_service.cc:1917] Received RequestConsensusVote() RPC: tablet_id: "e49d6ca08e9145a490b3780b3a50d63b" candidate_uuid: "85aede04d3654139b289f0da6fa25c78" candidate_term: 4 candidate_status { last_received { term: 3 index: 3 } } ignore_live_leader: true dest_uuid: "d1eb03522cf4441ebd283a4f0af394be"
I20260710 11:06:00.459837 17438 raft_consensus.cc:3055] T e49d6ca08e9145a490b3780b3a50d63b P 2c698bb01a3647d48a8f8d7558cafcc1 [term 3 LEADER]: Stepping down as leader of term 3
I20260710 11:06:00.459986 17513 raft_consensus.cc:3060] T e49d6ca08e9145a490b3780b3a50d63b P d1eb03522cf4441ebd283a4f0af394be [term 3 FOLLOWER]: Advancing to term 4
I20260710 11:06:00.460165 17438 raft_consensus.cc:740] T e49d6ca08e9145a490b3780b3a50d63b P 2c698bb01a3647d48a8f8d7558cafcc1 [term 3 LEADER]: Becoming Follower/Learner. State: Replica: 2c698bb01a3647d48a8f8d7558cafcc1, State: Running, Role: LEADER
I20260710 11:06:00.461000 17438 consensus_queue.cc:260] T e49d6ca08e9145a490b3780b3a50d63b P 2c698bb01a3647d48a8f8d7558cafcc1 [NON_LEADER]: Queue going to NON_LEADER mode. State: All replicated index: 0, Majority replicated index: 3, Committed index: 3, Last appended: 3.3, Last appended by leader: 3, Current term: 3, Majority size: -1, State: 0, Mode: NON_LEADER, active raft config: opid_index: -1 OBSOLETE_local: false peers { permanent_uuid: "85aede04d3654139b289f0da6fa25c78" member_type: VOTER last_known_addr { host: "127.16.211.65" port: 46507 } } peers { permanent_uuid: "2c698bb01a3647d48a8f8d7558cafcc1" member_type: VOTER last_known_addr { host: "127.16.211.66" port: 42455 } } peers { permanent_uuid: "d1eb03522cf4441ebd283a4f0af394be" member_type: VOTER last_known_addr { host: "127.16.211.67" port: 44005 } }
I20260710 11:06:00.461939 17438 raft_consensus.cc:3060] T e49d6ca08e9145a490b3780b3a50d63b P 2c698bb01a3647d48a8f8d7558cafcc1 [term 3 FOLLOWER]: Advancing to term 4
I20260710 11:06:00.464493 17513 raft_consensus.cc:2468] T e49d6ca08e9145a490b3780b3a50d63b P d1eb03522cf4441ebd283a4f0af394be [term 4 FOLLOWER]: Leader election vote request: Granting yes vote for candidate 85aede04d3654139b289f0da6fa25c78 in term 4.
I20260710 11:06:00.465626 17329 leader_election.cc:304] T e49d6ca08e9145a490b3780b3a50d63b P 85aede04d3654139b289f0da6fa25c78 [CANDIDATE]: Term 4 election: Election decided. Result: candidate won. Election summary: received 2 responses out of 3 voters: 2 yes votes; 0 no votes. yes voters: 85aede04d3654139b289f0da6fa25c78, d1eb03522cf4441ebd283a4f0af394be; no voters: 
I20260710 11:06:00.467056 17700 raft_consensus.cc:2804] T e49d6ca08e9145a490b3780b3a50d63b P 85aede04d3654139b289f0da6fa25c78 [term 4 FOLLOWER]: Leader election won for term 4
I20260710 11:06:00.467756 17438 raft_consensus.cc:2468] T e49d6ca08e9145a490b3780b3a50d63b P 2c698bb01a3647d48a8f8d7558cafcc1 [term 4 FOLLOWER]: Leader election vote request: Granting yes vote for candidate 85aede04d3654139b289f0da6fa25c78 in term 4.
I20260710 11:06:00.468219 17700 raft_consensus.cc:697] T e49d6ca08e9145a490b3780b3a50d63b P 85aede04d3654139b289f0da6fa25c78 [term 4 LEADER]: Becoming Leader. State: Replica: 85aede04d3654139b289f0da6fa25c78, State: Running, Role: LEADER
I20260710 11:06:00.469350 17700 consensus_queue.cc:237] T e49d6ca08e9145a490b3780b3a50d63b P 85aede04d3654139b289f0da6fa25c78 [LEADER]: Queue going to LEADER mode. State: All replicated index: 0, Majority replicated index: 3, Committed index: 3, Last appended: 3.3, Last appended by leader: 3, Current term: 4, Majority size: 2, State: 0, Mode: LEADER, active raft config: opid_index: -1 OBSOLETE_local: false peers { permanent_uuid: "85aede04d3654139b289f0da6fa25c78" member_type: VOTER last_known_addr { host: "127.16.211.65" port: 46507 } } peers { permanent_uuid: "2c698bb01a3647d48a8f8d7558cafcc1" member_type: VOTER last_known_addr { host: "127.16.211.66" port: 42455 } } peers { permanent_uuid: "d1eb03522cf4441ebd283a4f0af394be" member_type: VOTER last_known_addr { host: "127.16.211.67" port: 44005 } }
I20260710 11:06:00.476928 17257 catalog_manager.cc:5697] T e49d6ca08e9145a490b3780b3a50d63b P 85aede04d3654139b289f0da6fa25c78 reported cstate change: term changed from 3 to 4, leader changed from 2c698bb01a3647d48a8f8d7558cafcc1 (127.16.211.66) to 85aede04d3654139b289f0da6fa25c78 (127.16.211.65). New cstate: current_term: 4 leader_uuid: "85aede04d3654139b289f0da6fa25c78" committed_config { opid_index: -1 OBSOLETE_local: false peers { permanent_uuid: "85aede04d3654139b289f0da6fa25c78" member_type: VOTER last_known_addr { host: "127.16.211.65" port: 46507 } health_report { overall_health: HEALTHY } } peers { permanent_uuid: "2c698bb01a3647d48a8f8d7558cafcc1" member_type: VOTER last_known_addr { host: "127.16.211.66" port: 42455 } health_report { overall_health: UNKNOWN } } peers { permanent_uuid: "d1eb03522cf4441ebd283a4f0af394be" member_type: VOTER last_known_addr { host: "127.16.211.67" port: 44005 } health_report { overall_health: UNKNOWN } } }
I20260710 11:06:00.497452 17661 raft_consensus.cc:993] T 8d0849bd83314f0fb41e052d4e97463c P 2c698bb01a3647d48a8f8d7558cafcc1: : Instructing follower d1eb03522cf4441ebd283a4f0af394be to start an election
I20260710 11:06:00.497933 17699 raft_consensus.cc:1081] T 8d0849bd83314f0fb41e052d4e97463c P 2c698bb01a3647d48a8f8d7558cafcc1 [term 3 LEADER]: Signalling peer d1eb03522cf4441ebd283a4f0af394be to start an election
I20260710 11:06:00.499276 17513 tablet_service.cc:2044] Received Run Leader Election RPC: tablet_id: "8d0849bd83314f0fb41e052d4e97463c"
dest_uuid: "d1eb03522cf4441ebd283a4f0af394be"
 from {username='slave'} at 127.0.0.1:56786
I20260710 11:06:00.499749 17513 raft_consensus.cc:493] T 8d0849bd83314f0fb41e052d4e97463c P d1eb03522cf4441ebd283a4f0af394be [term 3 FOLLOWER]: Starting forced leader election (received explicit request)
I20260710 11:06:00.499984 17513 raft_consensus.cc:3060] T 8d0849bd83314f0fb41e052d4e97463c P d1eb03522cf4441ebd283a4f0af394be [term 3 FOLLOWER]: Advancing to term 4
I20260710 11:06:00.503819 17513 raft_consensus.cc:515] T 8d0849bd83314f0fb41e052d4e97463c P d1eb03522cf4441ebd283a4f0af394be [term 4 FOLLOWER]: Starting forced leader election with config: opid_index: -1 OBSOLETE_local: false peers { permanent_uuid: "85aede04d3654139b289f0da6fa25c78" member_type: VOTER last_known_addr { host: "127.16.211.65" port: 46507 } } peers { permanent_uuid: "2c698bb01a3647d48a8f8d7558cafcc1" member_type: VOTER last_known_addr { host: "127.16.211.66" port: 42455 } } peers { permanent_uuid: "d1eb03522cf4441ebd283a4f0af394be" member_type: VOTER last_known_addr { host: "127.16.211.67" port: 44005 } }
I20260710 11:06:00.505126 17513 leader_election.cc:290] T 8d0849bd83314f0fb41e052d4e97463c P d1eb03522cf4441ebd283a4f0af394be [CANDIDATE]: Term 4 election: Requested vote from peers 85aede04d3654139b289f0da6fa25c78 (127.16.211.65:46507), 2c698bb01a3647d48a8f8d7558cafcc1 (127.16.211.66:42455)
I20260710 11:06:00.506057 17363 tablet_service.cc:1917] Received RequestConsensusVote() RPC: tablet_id: "8d0849bd83314f0fb41e052d4e97463c" candidate_uuid: "d1eb03522cf4441ebd283a4f0af394be" candidate_term: 4 candidate_status { last_received { term: 3 index: 3 } } ignore_live_leader: true dest_uuid: "85aede04d3654139b289f0da6fa25c78"
I20260710 11:06:00.506192 17438 tablet_service.cc:1917] Received RequestConsensusVote() RPC: tablet_id: "8d0849bd83314f0fb41e052d4e97463c" candidate_uuid: "d1eb03522cf4441ebd283a4f0af394be" candidate_term: 4 candidate_status { last_received { term: 3 index: 3 } } ignore_live_leader: true dest_uuid: "2c698bb01a3647d48a8f8d7558cafcc1"
I20260710 11:06:00.506665 17363 raft_consensus.cc:3060] T 8d0849bd83314f0fb41e052d4e97463c P 85aede04d3654139b289f0da6fa25c78 [term 3 FOLLOWER]: Advancing to term 4
I20260710 11:06:00.506712 17438 raft_consensus.cc:3055] T 8d0849bd83314f0fb41e052d4e97463c P 2c698bb01a3647d48a8f8d7558cafcc1 [term 3 LEADER]: Stepping down as leader of term 3
I20260710 11:06:00.507121 17438 raft_consensus.cc:740] T 8d0849bd83314f0fb41e052d4e97463c P 2c698bb01a3647d48a8f8d7558cafcc1 [term 3 LEADER]: Becoming Follower/Learner. State: Replica: 2c698bb01a3647d48a8f8d7558cafcc1, State: Running, Role: LEADER
I20260710 11:06:00.508018 17438 consensus_queue.cc:260] T 8d0849bd83314f0fb41e052d4e97463c P 2c698bb01a3647d48a8f8d7558cafcc1 [NON_LEADER]: Queue going to NON_LEADER mode. State: All replicated index: 0, Majority replicated index: 3, Committed index: 3, Last appended: 3.3, Last appended by leader: 3, Current term: 3, Majority size: -1, State: 0, Mode: NON_LEADER, active raft config: opid_index: -1 OBSOLETE_local: false peers { permanent_uuid: "85aede04d3654139b289f0da6fa25c78" member_type: VOTER last_known_addr { host: "127.16.211.65" port: 46507 } } peers { permanent_uuid: "2c698bb01a3647d48a8f8d7558cafcc1" member_type: VOTER last_known_addr { host: "127.16.211.66" port: 42455 } } peers { permanent_uuid: "d1eb03522cf4441ebd283a4f0af394be" member_type: VOTER last_known_addr { host: "127.16.211.67" port: 44005 } }
I20260710 11:06:00.509145 17438 raft_consensus.cc:3060] T 8d0849bd83314f0fb41e052d4e97463c P 2c698bb01a3647d48a8f8d7558cafcc1 [term 3 FOLLOWER]: Advancing to term 4
I20260710 11:06:00.513159 17363 raft_consensus.cc:2468] T 8d0849bd83314f0fb41e052d4e97463c P 85aede04d3654139b289f0da6fa25c78 [term 4 FOLLOWER]: Leader election vote request: Granting yes vote for candidate d1eb03522cf4441ebd283a4f0af394be in term 4.
I20260710 11:06:00.513933 17364 raft_consensus.cc:1240] T 8d0849bd83314f0fb41e052d4e97463c P 85aede04d3654139b289f0da6fa25c78 [term 4 FOLLOWER]: Rejecting Update request from peer 2c698bb01a3647d48a8f8d7558cafcc1 for earlier term 3. Current term is 4. Ops: []
I20260710 11:06:00.515239 17477 leader_election.cc:304] T 8d0849bd83314f0fb41e052d4e97463c P d1eb03522cf4441ebd283a4f0af394be [CANDIDATE]: Term 4 election: Election decided. Result: candidate won. Election summary: received 2 responses out of 3 voters: 2 yes votes; 0 no votes. yes voters: 85aede04d3654139b289f0da6fa25c78, d1eb03522cf4441ebd283a4f0af394be; no voters: 
I20260710 11:06:00.516342 17662 raft_consensus.cc:2804] T 8d0849bd83314f0fb41e052d4e97463c P d1eb03522cf4441ebd283a4f0af394be [term 4 FOLLOWER]: Leader election won for term 4
I20260710 11:06:00.517447 17438 raft_consensus.cc:2468] T 8d0849bd83314f0fb41e052d4e97463c P 2c698bb01a3647d48a8f8d7558cafcc1 [term 4 FOLLOWER]: Leader election vote request: Granting yes vote for candidate d1eb03522cf4441ebd283a4f0af394be in term 4.
I20260710 11:06:00.517822 17662 raft_consensus.cc:697] T 8d0849bd83314f0fb41e052d4e97463c P d1eb03522cf4441ebd283a4f0af394be [term 4 LEADER]: Becoming Leader. State: Replica: d1eb03522cf4441ebd283a4f0af394be, State: Running, Role: LEADER
I20260710 11:06:00.518966 17662 consensus_queue.cc:237] T 8d0849bd83314f0fb41e052d4e97463c P d1eb03522cf4441ebd283a4f0af394be [LEADER]: Queue going to LEADER mode. State: All replicated index: 0, Majority replicated index: 3, Committed index: 3, Last appended: 3.3, Last appended by leader: 3, Current term: 4, Majority size: 2, State: 0, Mode: LEADER, active raft config: opid_index: -1 OBSOLETE_local: false peers { permanent_uuid: "85aede04d3654139b289f0da6fa25c78" member_type: VOTER last_known_addr { host: "127.16.211.65" port: 46507 } } peers { permanent_uuid: "2c698bb01a3647d48a8f8d7558cafcc1" member_type: VOTER last_known_addr { host: "127.16.211.66" port: 42455 } } peers { permanent_uuid: "d1eb03522cf4441ebd283a4f0af394be" member_type: VOTER last_known_addr { host: "127.16.211.67" port: 44005 } }
I20260710 11:06:00.525913 17257 catalog_manager.cc:5697] T 8d0849bd83314f0fb41e052d4e97463c P d1eb03522cf4441ebd283a4f0af394be reported cstate change: term changed from 3 to 4, leader changed from 2c698bb01a3647d48a8f8d7558cafcc1 (127.16.211.66) to d1eb03522cf4441ebd283a4f0af394be (127.16.211.67). New cstate: current_term: 4 leader_uuid: "d1eb03522cf4441ebd283a4f0af394be" committed_config { opid_index: -1 OBSOLETE_local: false peers { permanent_uuid: "85aede04d3654139b289f0da6fa25c78" member_type: VOTER last_known_addr { host: "127.16.211.65" port: 46507 } health_report { overall_health: UNKNOWN } } peers { permanent_uuid: "2c698bb01a3647d48a8f8d7558cafcc1" member_type: VOTER last_known_addr { host: "127.16.211.66" port: 42455 } health_report { overall_health: UNKNOWN } } peers { permanent_uuid: "d1eb03522cf4441ebd283a4f0af394be" member_type: VOTER last_known_addr { host: "127.16.211.67" port: 44005 } health_report { overall_health: HEALTHY } } }
I20260710 11:06:00.682822 17661 raft_consensus.cc:993] T 8352f660d0fe4dac98dc2243757d234a P 2c698bb01a3647d48a8f8d7558cafcc1: : Instructing follower 85aede04d3654139b289f0da6fa25c78 to start an election
I20260710 11:06:00.683372 17699 raft_consensus.cc:1081] T 8352f660d0fe4dac98dc2243757d234a P 2c698bb01a3647d48a8f8d7558cafcc1 [term 3 LEADER]: Signalling peer 85aede04d3654139b289f0da6fa25c78 to start an election
I20260710 11:06:00.685083 17364 tablet_service.cc:2044] Received Run Leader Election RPC: tablet_id: "8352f660d0fe4dac98dc2243757d234a"
dest_uuid: "85aede04d3654139b289f0da6fa25c78"
 from {username='slave'} at 127.0.0.1:45618
I20260710 11:06:00.685575 17364 raft_consensus.cc:493] T 8352f660d0fe4dac98dc2243757d234a P 85aede04d3654139b289f0da6fa25c78 [term 3 FOLLOWER]: Starting forced leader election (received explicit request)
I20260710 11:06:00.685926 17364 raft_consensus.cc:3060] T 8352f660d0fe4dac98dc2243757d234a P 85aede04d3654139b289f0da6fa25c78 [term 3 FOLLOWER]: Advancing to term 4
I20260710 11:06:00.688736 17661 raft_consensus.cc:993] T dc039f13b7414ce782a35e42cf9ce7f5 P 2c698bb01a3647d48a8f8d7558cafcc1: : Instructing follower 85aede04d3654139b289f0da6fa25c78 to start an election
I20260710 11:06:00.689152 17661 raft_consensus.cc:1081] T dc039f13b7414ce782a35e42cf9ce7f5 P 2c698bb01a3647d48a8f8d7558cafcc1 [term 2 LEADER]: Signalling peer 85aede04d3654139b289f0da6fa25c78 to start an election
I20260710 11:06:00.690490 17363 tablet_service.cc:2044] Received Run Leader Election RPC: tablet_id: "dc039f13b7414ce782a35e42cf9ce7f5"
dest_uuid: "85aede04d3654139b289f0da6fa25c78"
 from {username='slave'} at 127.0.0.1:45618
I20260710 11:06:00.690892 17363 raft_consensus.cc:493] T dc039f13b7414ce782a35e42cf9ce7f5 P 85aede04d3654139b289f0da6fa25c78 [term 2 FOLLOWER]: Starting forced leader election (received explicit request)
I20260710 11:06:00.691171 17363 raft_consensus.cc:3060] T dc039f13b7414ce782a35e42cf9ce7f5 P 85aede04d3654139b289f0da6fa25c78 [term 2 FOLLOWER]: Advancing to term 3
I20260710 11:06:00.694363 17364 raft_consensus.cc:515] T 8352f660d0fe4dac98dc2243757d234a P 85aede04d3654139b289f0da6fa25c78 [term 4 FOLLOWER]: Starting forced leader election with config: opid_index: -1 OBSOLETE_local: false peers { permanent_uuid: "85aede04d3654139b289f0da6fa25c78" member_type: VOTER last_known_addr { host: "127.16.211.65" port: 46507 } } peers { permanent_uuid: "2c698bb01a3647d48a8f8d7558cafcc1" member_type: VOTER last_known_addr { host: "127.16.211.66" port: 42455 } } peers { permanent_uuid: "d1eb03522cf4441ebd283a4f0af394be" member_type: VOTER last_known_addr { host: "127.16.211.67" port: 44005 } }
I20260710 11:06:00.695456 17363 raft_consensus.cc:515] T dc039f13b7414ce782a35e42cf9ce7f5 P 85aede04d3654139b289f0da6fa25c78 [term 3 FOLLOWER]: Starting forced leader election with config: opid_index: -1 OBSOLETE_local: false peers { permanent_uuid: "85aede04d3654139b289f0da6fa25c78" member_type: VOTER last_known_addr { host: "127.16.211.65" port: 46507 } } peers { permanent_uuid: "2c698bb01a3647d48a8f8d7558cafcc1" member_type: VOTER last_known_addr { host: "127.16.211.66" port: 42455 } } peers { permanent_uuid: "d1eb03522cf4441ebd283a4f0af394be" member_type: VOTER last_known_addr { host: "127.16.211.67" port: 44005 } }
I20260710 11:06:00.696807 17364 leader_election.cc:290] T 8352f660d0fe4dac98dc2243757d234a P 85aede04d3654139b289f0da6fa25c78 [CANDIDATE]: Term 4 election: Requested vote from peers 2c698bb01a3647d48a8f8d7558cafcc1 (127.16.211.66:42455), d1eb03522cf4441ebd283a4f0af394be (127.16.211.67:44005)
I20260710 11:06:00.697002 17363 leader_election.cc:290] T dc039f13b7414ce782a35e42cf9ce7f5 P 85aede04d3654139b289f0da6fa25c78 [CANDIDATE]: Term 3 election: Requested vote from peers 2c698bb01a3647d48a8f8d7558cafcc1 (127.16.211.66:42455), d1eb03522cf4441ebd283a4f0af394be (127.16.211.67:44005)
I20260710 11:06:00.698045 17513 tablet_service.cc:1917] Received RequestConsensusVote() RPC: tablet_id: "8352f660d0fe4dac98dc2243757d234a" candidate_uuid: "85aede04d3654139b289f0da6fa25c78" candidate_term: 4 candidate_status { last_received { term: 3 index: 3 } } ignore_live_leader: true dest_uuid: "d1eb03522cf4441ebd283a4f0af394be"
I20260710 11:06:00.698654 17438 tablet_service.cc:1917] Received RequestConsensusVote() RPC: tablet_id: "8352f660d0fe4dac98dc2243757d234a" candidate_uuid: "85aede04d3654139b289f0da6fa25c78" candidate_term: 4 candidate_status { last_received { term: 3 index: 3 } } ignore_live_leader: true dest_uuid: "2c698bb01a3647d48a8f8d7558cafcc1"
I20260710 11:06:00.699760 17439 tablet_service.cc:1917] Received RequestConsensusVote() RPC: tablet_id: "dc039f13b7414ce782a35e42cf9ce7f5" candidate_uuid: "85aede04d3654139b289f0da6fa25c78" candidate_term: 3 candidate_status { last_received { term: 2 index: 2 } } ignore_live_leader: true dest_uuid: "2c698bb01a3647d48a8f8d7558cafcc1"
I20260710 11:06:00.699957 17438 raft_consensus.cc:3055] T 8352f660d0fe4dac98dc2243757d234a P 2c698bb01a3647d48a8f8d7558cafcc1 [term 3 LEADER]: Stepping down as leader of term 3
I20260710 11:06:00.698877 17512 tablet_service.cc:1917] Received RequestConsensusVote() RPC: tablet_id: "dc039f13b7414ce782a35e42cf9ce7f5" candidate_uuid: "85aede04d3654139b289f0da6fa25c78" candidate_term: 3 candidate_status { last_received { term: 2 index: 2 } } ignore_live_leader: true dest_uuid: "d1eb03522cf4441ebd283a4f0af394be"
I20260710 11:06:00.700284 17439 raft_consensus.cc:3055] T dc039f13b7414ce782a35e42cf9ce7f5 P 2c698bb01a3647d48a8f8d7558cafcc1 [term 2 LEADER]: Stepping down as leader of term 2
I20260710 11:06:00.700469 17512 raft_consensus.cc:3060] T dc039f13b7414ce782a35e42cf9ce7f5 P d1eb03522cf4441ebd283a4f0af394be [term 2 FOLLOWER]: Advancing to term 3
I20260710 11:06:00.700614 17439 raft_consensus.cc:740] T dc039f13b7414ce782a35e42cf9ce7f5 P 2c698bb01a3647d48a8f8d7558cafcc1 [term 2 LEADER]: Becoming Follower/Learner. State: Replica: 2c698bb01a3647d48a8f8d7558cafcc1, State: Running, Role: LEADER
I20260710 11:06:00.701462 17439 consensus_queue.cc:260] T dc039f13b7414ce782a35e42cf9ce7f5 P 2c698bb01a3647d48a8f8d7558cafcc1 [NON_LEADER]: Queue going to NON_LEADER mode. State: All replicated index: 0, Majority replicated index: 2, Committed index: 2, Last appended: 2.2, Last appended by leader: 2, Current term: 2, Majority size: -1, State: 0, Mode: NON_LEADER, active raft config: opid_index: -1 OBSOLETE_local: false peers { permanent_uuid: "85aede04d3654139b289f0da6fa25c78" member_type: VOTER last_known_addr { host: "127.16.211.65" port: 46507 } } peers { permanent_uuid: "2c698bb01a3647d48a8f8d7558cafcc1" member_type: VOTER last_known_addr { host: "127.16.211.66" port: 42455 } } peers { permanent_uuid: "d1eb03522cf4441ebd283a4f0af394be" member_type: VOTER last_known_addr { host: "127.16.211.67" port: 44005 } }
I20260710 11:06:00.702234 17709 raft_consensus.cc:993] T 9123cccfaff44fb3ac3a20522ef44fb9 P 2c698bb01a3647d48a8f8d7558cafcc1: : Instructing follower d1eb03522cf4441ebd283a4f0af394be to start an election
I20260710 11:06:00.700285 17438 raft_consensus.cc:740] T 8352f660d0fe4dac98dc2243757d234a P 2c698bb01a3647d48a8f8d7558cafcc1 [term 3 LEADER]: Becoming Follower/Learner. State: Replica: 2c698bb01a3647d48a8f8d7558cafcc1, State: Running, Role: LEADER
I20260710 11:06:00.702632 17439 raft_consensus.cc:3060] T dc039f13b7414ce782a35e42cf9ce7f5 P 2c698bb01a3647d48a8f8d7558cafcc1 [term 2 FOLLOWER]: Advancing to term 3
I20260710 11:06:00.702702 17709 raft_consensus.cc:1081] T 9123cccfaff44fb3ac3a20522ef44fb9 P 2c698bb01a3647d48a8f8d7558cafcc1 [term 3 LEADER]: Signalling peer d1eb03522cf4441ebd283a4f0af394be to start an election
I20260710 11:06:00.699774 17513 raft_consensus.cc:3060] T 8352f660d0fe4dac98dc2243757d234a P d1eb03522cf4441ebd283a4f0af394be [term 3 FOLLOWER]: Advancing to term 4
I20260710 11:06:00.703217 17438 consensus_queue.cc:260] T 8352f660d0fe4dac98dc2243757d234a P 2c698bb01a3647d48a8f8d7558cafcc1 [NON_LEADER]: Queue going to NON_LEADER mode. State: All replicated index: 0, Majority replicated index: 3, Committed index: 3, Last appended: 3.3, Last appended by leader: 3, Current term: 3, Majority size: -1, State: 0, Mode: NON_LEADER, active raft config: opid_index: -1 OBSOLETE_local: false peers { permanent_uuid: "85aede04d3654139b289f0da6fa25c78" member_type: VOTER last_known_addr { host: "127.16.211.65" port: 46507 } } peers { permanent_uuid: "2c698bb01a3647d48a8f8d7558cafcc1" member_type: VOTER last_known_addr { host: "127.16.211.66" port: 42455 } } peers { permanent_uuid: "d1eb03522cf4441ebd283a4f0af394be" member_type: VOTER last_known_addr { host: "127.16.211.67" port: 44005 } }
I20260710 11:06:00.704232 17438 raft_consensus.cc:3060] T 8352f660d0fe4dac98dc2243757d234a P 2c698bb01a3647d48a8f8d7558cafcc1 [term 3 FOLLOWER]: Advancing to term 4
I20260710 11:06:00.706936 17511 tablet_service.cc:2044] Received Run Leader Election RPC: tablet_id: "9123cccfaff44fb3ac3a20522ef44fb9"
dest_uuid: "d1eb03522cf4441ebd283a4f0af394be"
 from {username='slave'} at 127.0.0.1:56786
I20260710 11:06:00.707682 17511 raft_consensus.cc:493] T 9123cccfaff44fb3ac3a20522ef44fb9 P d1eb03522cf4441ebd283a4f0af394be [term 3 FOLLOWER]: Starting forced leader election (received explicit request)
I20260710 11:06:00.708050 17511 raft_consensus.cc:3060] T 9123cccfaff44fb3ac3a20522ef44fb9 P d1eb03522cf4441ebd283a4f0af394be [term 3 FOLLOWER]: Advancing to term 4
I20260710 11:06:00.708913 17512 raft_consensus.cc:2468] T dc039f13b7414ce782a35e42cf9ce7f5 P d1eb03522cf4441ebd283a4f0af394be [term 3 FOLLOWER]: Leader election vote request: Granting yes vote for candidate 85aede04d3654139b289f0da6fa25c78 in term 3.
I20260710 11:06:00.709010 17439 raft_consensus.cc:2468] T dc039f13b7414ce782a35e42cf9ce7f5 P 2c698bb01a3647d48a8f8d7558cafcc1 [term 3 FOLLOWER]: Leader election vote request: Granting yes vote for candidate 85aede04d3654139b289f0da6fa25c78 in term 3.
I20260710 11:06:00.710196 17329 leader_election.cc:304] T dc039f13b7414ce782a35e42cf9ce7f5 P 85aede04d3654139b289f0da6fa25c78 [CANDIDATE]: Term 3 election: Election decided. Result: candidate won. Election summary: received 2 responses out of 3 voters: 2 yes votes; 0 no votes. yes voters: 85aede04d3654139b289f0da6fa25c78, d1eb03522cf4441ebd283a4f0af394be; no voters: 
I20260710 11:06:00.711233 17700 raft_consensus.cc:2804] T dc039f13b7414ce782a35e42cf9ce7f5 P 85aede04d3654139b289f0da6fa25c78 [term 3 FOLLOWER]: Leader election won for term 3
I20260710 11:06:00.711726 17700 raft_consensus.cc:697] T dc039f13b7414ce782a35e42cf9ce7f5 P 85aede04d3654139b289f0da6fa25c78 [term 3 LEADER]: Becoming Leader. State: Replica: 85aede04d3654139b289f0da6fa25c78, State: Running, Role: LEADER
I20260710 11:06:00.712561 17700 consensus_queue.cc:237] T dc039f13b7414ce782a35e42cf9ce7f5 P 85aede04d3654139b289f0da6fa25c78 [LEADER]: Queue going to LEADER mode. State: All replicated index: 0, Majority replicated index: 2, Committed index: 2, Last appended: 2.2, Last appended by leader: 2, Current term: 3, Majority size: 2, State: 0, Mode: LEADER, active raft config: opid_index: -1 OBSOLETE_local: false peers { permanent_uuid: "85aede04d3654139b289f0da6fa25c78" member_type: VOTER last_known_addr { host: "127.16.211.65" port: 46507 } } peers { permanent_uuid: "2c698bb01a3647d48a8f8d7558cafcc1" member_type: VOTER last_known_addr { host: "127.16.211.66" port: 42455 } } peers { permanent_uuid: "d1eb03522cf4441ebd283a4f0af394be" member_type: VOTER last_known_addr { host: "127.16.211.67" port: 44005 } }
I20260710 11:06:00.713052 17513 raft_consensus.cc:2468] T 8352f660d0fe4dac98dc2243757d234a P d1eb03522cf4441ebd283a4f0af394be [term 4 FOLLOWER]: Leader election vote request: Granting yes vote for candidate 85aede04d3654139b289f0da6fa25c78 in term 4.
I20260710 11:06:00.713919 17329 leader_election.cc:304] T 8352f660d0fe4dac98dc2243757d234a P 85aede04d3654139b289f0da6fa25c78 [CANDIDATE]: Term 4 election: Election decided. Result: candidate won. Election summary: received 2 responses out of 3 voters: 2 yes votes; 0 no votes. yes voters: 85aede04d3654139b289f0da6fa25c78, d1eb03522cf4441ebd283a4f0af394be; no voters: 
I20260710 11:06:00.714169 17438 raft_consensus.cc:2468] T 8352f660d0fe4dac98dc2243757d234a P 2c698bb01a3647d48a8f8d7558cafcc1 [term 4 FOLLOWER]: Leader election vote request: Granting yes vote for candidate 85aede04d3654139b289f0da6fa25c78 in term 4.
I20260710 11:06:00.714695 17701 raft_consensus.cc:2804] T 8352f660d0fe4dac98dc2243757d234a P 85aede04d3654139b289f0da6fa25c78 [term 4 FOLLOWER]: Leader election won for term 4
I20260710 11:06:00.716150 17701 raft_consensus.cc:697] T 8352f660d0fe4dac98dc2243757d234a P 85aede04d3654139b289f0da6fa25c78 [term 4 LEADER]: Becoming Leader. State: Replica: 85aede04d3654139b289f0da6fa25c78, State: Running, Role: LEADER
I20260710 11:06:00.716881 17701 consensus_queue.cc:237] T 8352f660d0fe4dac98dc2243757d234a P 85aede04d3654139b289f0da6fa25c78 [LEADER]: Queue going to LEADER mode. State: All replicated index: 0, Majority replicated index: 3, Committed index: 3, Last appended: 3.3, Last appended by leader: 3, Current term: 4, Majority size: 2, State: 0, Mode: LEADER, active raft config: opid_index: -1 OBSOLETE_local: false peers { permanent_uuid: "85aede04d3654139b289f0da6fa25c78" member_type: VOTER last_known_addr { host: "127.16.211.65" port: 46507 } } peers { permanent_uuid: "2c698bb01a3647d48a8f8d7558cafcc1" member_type: VOTER last_known_addr { host: "127.16.211.66" port: 42455 } } peers { permanent_uuid: "d1eb03522cf4441ebd283a4f0af394be" member_type: VOTER last_known_addr { host: "127.16.211.67" port: 44005 } }
I20260710 11:06:00.722081 17511 raft_consensus.cc:515] T 9123cccfaff44fb3ac3a20522ef44fb9 P d1eb03522cf4441ebd283a4f0af394be [term 4 FOLLOWER]: Starting forced leader election with config: opid_index: -1 OBSOLETE_local: false peers { permanent_uuid: "85aede04d3654139b289f0da6fa25c78" member_type: VOTER last_known_addr { host: "127.16.211.65" port: 46507 } } peers { permanent_uuid: "2c698bb01a3647d48a8f8d7558cafcc1" member_type: VOTER last_known_addr { host: "127.16.211.66" port: 42455 } } peers { permanent_uuid: "d1eb03522cf4441ebd283a4f0af394be" member_type: VOTER last_known_addr { host: "127.16.211.67" port: 44005 } }
I20260710 11:06:00.723914 17511 leader_election.cc:290] T 9123cccfaff44fb3ac3a20522ef44fb9 P d1eb03522cf4441ebd283a4f0af394be [CANDIDATE]: Term 4 election: Requested vote from peers 85aede04d3654139b289f0da6fa25c78 (127.16.211.65:46507), 2c698bb01a3647d48a8f8d7558cafcc1 (127.16.211.66:42455)
I20260710 11:06:00.724800 17363 tablet_service.cc:1917] Received RequestConsensusVote() RPC: tablet_id: "9123cccfaff44fb3ac3a20522ef44fb9" candidate_uuid: "d1eb03522cf4441ebd283a4f0af394be" candidate_term: 4 candidate_status { last_received { term: 3 index: 3 } } ignore_live_leader: true dest_uuid: "85aede04d3654139b289f0da6fa25c78"
I20260710 11:06:00.724973 17438 tablet_service.cc:1917] Received RequestConsensusVote() RPC: tablet_id: "9123cccfaff44fb3ac3a20522ef44fb9" candidate_uuid: "d1eb03522cf4441ebd283a4f0af394be" candidate_term: 4 candidate_status { last_received { term: 3 index: 3 } } ignore_live_leader: true dest_uuid: "2c698bb01a3647d48a8f8d7558cafcc1"
I20260710 11:06:00.725347 17363 raft_consensus.cc:3060] T 9123cccfaff44fb3ac3a20522ef44fb9 P 85aede04d3654139b289f0da6fa25c78 [term 3 FOLLOWER]: Advancing to term 4
I20260710 11:06:00.725600 17438 raft_consensus.cc:3055] T 9123cccfaff44fb3ac3a20522ef44fb9 P 2c698bb01a3647d48a8f8d7558cafcc1 [term 3 LEADER]: Stepping down as leader of term 3
I20260710 11:06:00.725942 17438 raft_consensus.cc:740] T 9123cccfaff44fb3ac3a20522ef44fb9 P 2c698bb01a3647d48a8f8d7558cafcc1 [term 3 LEADER]: Becoming Follower/Learner. State: Replica: 2c698bb01a3647d48a8f8d7558cafcc1, State: Running, Role: LEADER
I20260710 11:06:00.726796 17438 consensus_queue.cc:260] T 9123cccfaff44fb3ac3a20522ef44fb9 P 2c698bb01a3647d48a8f8d7558cafcc1 [NON_LEADER]: Queue going to NON_LEADER mode. State: All replicated index: 0, Majority replicated index: 3, Committed index: 3, Last appended: 3.3, Last appended by leader: 3, Current term: 3, Majority size: -1, State: 0, Mode: NON_LEADER, active raft config: opid_index: -1 OBSOLETE_local: false peers { permanent_uuid: "85aede04d3654139b289f0da6fa25c78" member_type: VOTER last_known_addr { host: "127.16.211.65" port: 46507 } } peers { permanent_uuid: "2c698bb01a3647d48a8f8d7558cafcc1" member_type: VOTER last_known_addr { host: "127.16.211.66" port: 42455 } } peers { permanent_uuid: "d1eb03522cf4441ebd283a4f0af394be" member_type: VOTER last_known_addr { host: "127.16.211.67" port: 44005 } }
I20260710 11:06:00.727193 17257 catalog_manager.cc:5697] T dc039f13b7414ce782a35e42cf9ce7f5 P 85aede04d3654139b289f0da6fa25c78 reported cstate change: term changed from 2 to 3, leader changed from 2c698bb01a3647d48a8f8d7558cafcc1 (127.16.211.66) to 85aede04d3654139b289f0da6fa25c78 (127.16.211.65). New cstate: current_term: 3 leader_uuid: "85aede04d3654139b289f0da6fa25c78" committed_config { opid_index: -1 OBSOLETE_local: false peers { permanent_uuid: "85aede04d3654139b289f0da6fa25c78" member_type: VOTER last_known_addr { host: "127.16.211.65" port: 46507 } health_report { overall_health: HEALTHY } } peers { permanent_uuid: "2c698bb01a3647d48a8f8d7558cafcc1" member_type: VOTER last_known_addr { host: "127.16.211.66" port: 42455 } health_report { overall_health: UNKNOWN } } peers { permanent_uuid: "d1eb03522cf4441ebd283a4f0af394be" member_type: VOTER last_known_addr { host: "127.16.211.67" port: 44005 } health_report { overall_health: UNKNOWN } } }
I20260710 11:06:00.728149 17438 raft_consensus.cc:3060] T 9123cccfaff44fb3ac3a20522ef44fb9 P 2c698bb01a3647d48a8f8d7558cafcc1 [term 3 FOLLOWER]: Advancing to term 4
I20260710 11:06:00.729729 17363 raft_consensus.cc:2468] T 9123cccfaff44fb3ac3a20522ef44fb9 P 85aede04d3654139b289f0da6fa25c78 [term 4 FOLLOWER]: Leader election vote request: Granting yes vote for candidate d1eb03522cf4441ebd283a4f0af394be in term 4.
I20260710 11:06:00.730713 17477 leader_election.cc:304] T 9123cccfaff44fb3ac3a20522ef44fb9 P d1eb03522cf4441ebd283a4f0af394be [CANDIDATE]: Term 4 election: Election decided. Result: candidate won. Election summary: received 2 responses out of 3 voters: 2 yes votes; 0 no votes. yes voters: 85aede04d3654139b289f0da6fa25c78, d1eb03522cf4441ebd283a4f0af394be; no voters: 
I20260710 11:06:00.731513 17662 raft_consensus.cc:2804] T 9123cccfaff44fb3ac3a20522ef44fb9 P d1eb03522cf4441ebd283a4f0af394be [term 4 FOLLOWER]: Leader election won for term 4
I20260710 11:06:00.732023 17662 raft_consensus.cc:697] T 9123cccfaff44fb3ac3a20522ef44fb9 P d1eb03522cf4441ebd283a4f0af394be [term 4 LEADER]: Becoming Leader. State: Replica: d1eb03522cf4441ebd283a4f0af394be, State: Running, Role: LEADER
I20260710 11:06:00.732921 17662 consensus_queue.cc:237] T 9123cccfaff44fb3ac3a20522ef44fb9 P d1eb03522cf4441ebd283a4f0af394be [LEADER]: Queue going to LEADER mode. State: All replicated index: 0, Majority replicated index: 3, Committed index: 3, Last appended: 3.3, Last appended by leader: 3, Current term: 4, Majority size: 2, State: 0, Mode: LEADER, active raft config: opid_index: -1 OBSOLETE_local: false peers { permanent_uuid: "85aede04d3654139b289f0da6fa25c78" member_type: VOTER last_known_addr { host: "127.16.211.65" port: 46507 } } peers { permanent_uuid: "2c698bb01a3647d48a8f8d7558cafcc1" member_type: VOTER last_known_addr { host: "127.16.211.66" port: 42455 } } peers { permanent_uuid: "d1eb03522cf4441ebd283a4f0af394be" member_type: VOTER last_known_addr { host: "127.16.211.67" port: 44005 } }
I20260710 11:06:00.735082 17438 raft_consensus.cc:2468] T 9123cccfaff44fb3ac3a20522ef44fb9 P 2c698bb01a3647d48a8f8d7558cafcc1 [term 4 FOLLOWER]: Leader election vote request: Granting yes vote for candidate d1eb03522cf4441ebd283a4f0af394be in term 4.
I20260710 11:06:00.740337 17257 catalog_manager.cc:5697] T 8352f660d0fe4dac98dc2243757d234a P 85aede04d3654139b289f0da6fa25c78 reported cstate change: term changed from 3 to 4, leader changed from 2c698bb01a3647d48a8f8d7558cafcc1 (127.16.211.66) to 85aede04d3654139b289f0da6fa25c78 (127.16.211.65). New cstate: current_term: 4 leader_uuid: "85aede04d3654139b289f0da6fa25c78" committed_config { opid_index: -1 OBSOLETE_local: false peers { permanent_uuid: "85aede04d3654139b289f0da6fa25c78" member_type: VOTER last_known_addr { host: "127.16.211.65" port: 46507 } health_report { overall_health: HEALTHY } } peers { permanent_uuid: "2c698bb01a3647d48a8f8d7558cafcc1" member_type: VOTER last_known_addr { host: "127.16.211.66" port: 42455 } health_report { overall_health: UNKNOWN } } peers { permanent_uuid: "d1eb03522cf4441ebd283a4f0af394be" member_type: VOTER last_known_addr { host: "127.16.211.67" port: 44005 } health_report { overall_health: UNKNOWN } } }
I20260710 11:06:00.741843 17260 catalog_manager.cc:5697] T 9123cccfaff44fb3ac3a20522ef44fb9 P d1eb03522cf4441ebd283a4f0af394be reported cstate change: term changed from 3 to 4, leader changed from 2c698bb01a3647d48a8f8d7558cafcc1 (127.16.211.66) to d1eb03522cf4441ebd283a4f0af394be (127.16.211.67). New cstate: current_term: 4 leader_uuid: "d1eb03522cf4441ebd283a4f0af394be" committed_config { opid_index: -1 OBSOLETE_local: false peers { permanent_uuid: "85aede04d3654139b289f0da6fa25c78" member_type: VOTER last_known_addr { host: "127.16.211.65" port: 46507 } health_report { overall_health: UNKNOWN } } peers { permanent_uuid: "2c698bb01a3647d48a8f8d7558cafcc1" member_type: VOTER last_known_addr { host: "127.16.211.66" port: 42455 } health_report { overall_health: UNKNOWN } } peers { permanent_uuid: "d1eb03522cf4441ebd283a4f0af394be" member_type: VOTER last_known_addr { host: "127.16.211.67" port: 44005 } health_report { overall_health: HEALTHY } } }
I20260710 11:06:00.921914 17363 raft_consensus.cc:1275] T 8d0849bd83314f0fb41e052d4e97463c P 85aede04d3654139b289f0da6fa25c78 [term 4 FOLLOWER]: Refusing update from remote peer d1eb03522cf4441ebd283a4f0af394be: Log matching property violated. Preceding OpId in replica: term: 3 index: 3. Preceding OpId from leader: term: 4 index: 4. (index mismatch)
I20260710 11:06:00.923269 17662 consensus_queue.cc:1048] T 8d0849bd83314f0fb41e052d4e97463c P d1eb03522cf4441ebd283a4f0af394be [LEADER]: Connected to new peer: Peer: permanent_uuid: "85aede04d3654139b289f0da6fa25c78" member_type: VOTER last_known_addr { host: "127.16.211.65" port: 46507 }, Status: LMP_MISMATCH, Last received: 0.0, Next index: 4, Last known committed idx: 3, Time since last communication: 0.000s
I20260710 11:06:00.938046 17438 raft_consensus.cc:1275] T 8d0849bd83314f0fb41e052d4e97463c P 2c698bb01a3647d48a8f8d7558cafcc1 [term 4 FOLLOWER]: Refusing update from remote peer d1eb03522cf4441ebd283a4f0af394be: Log matching property violated. Preceding OpId in replica: term: 3 index: 3. Preceding OpId from leader: term: 4 index: 4. (index mismatch)
I20260710 11:06:00.939596 17717 consensus_queue.cc:1048] T 8d0849bd83314f0fb41e052d4e97463c P d1eb03522cf4441ebd283a4f0af394be [LEADER]: Connected to new peer: Peer: permanent_uuid: "2c698bb01a3647d48a8f8d7558cafcc1" member_type: VOTER last_known_addr { host: "127.16.211.66" port: 42455 }, Status: LMP_MISMATCH, Last received: 0.0, Next index: 4, Last known committed idx: 3, Time since last communication: 0.001s
I20260710 11:06:00.952579 17511 raft_consensus.cc:1275] T e49d6ca08e9145a490b3780b3a50d63b P d1eb03522cf4441ebd283a4f0af394be [term 4 FOLLOWER]: Refusing update from remote peer 85aede04d3654139b289f0da6fa25c78: Log matching property violated. Preceding OpId in replica: term: 3 index: 3. Preceding OpId from leader: term: 4 index: 4. (index mismatch)
I20260710 11:06:00.953699 17700 consensus_queue.cc:1048] T e49d6ca08e9145a490b3780b3a50d63b P 85aede04d3654139b289f0da6fa25c78 [LEADER]: Connected to new peer: Peer: permanent_uuid: "d1eb03522cf4441ebd283a4f0af394be" member_type: VOTER last_known_addr { host: "127.16.211.67" port: 44005 }, Status: LMP_MISMATCH, Last received: 0.0, Next index: 4, Last known committed idx: 3, Time since last communication: 0.000s
I20260710 11:06:00.963568 17438 raft_consensus.cc:1275] T e49d6ca08e9145a490b3780b3a50d63b P 2c698bb01a3647d48a8f8d7558cafcc1 [term 4 FOLLOWER]: Refusing update from remote peer 85aede04d3654139b289f0da6fa25c78: Log matching property violated. Preceding OpId in replica: term: 3 index: 3. Preceding OpId from leader: term: 4 index: 4. (index mismatch)
I20260710 11:06:00.965087 17701 consensus_queue.cc:1048] T e49d6ca08e9145a490b3780b3a50d63b P 85aede04d3654139b289f0da6fa25c78 [LEADER]: Connected to new peer: Peer: permanent_uuid: "2c698bb01a3647d48a8f8d7558cafcc1" member_type: VOTER last_known_addr { host: "127.16.211.66" port: 42455 }, Status: LMP_MISMATCH, Last received: 0.0, Next index: 4, Last known committed idx: 3, Time since last communication: 0.000s
I20260710 11:06:01.107326 17511 raft_consensus.cc:1275] T dc039f13b7414ce782a35e42cf9ce7f5 P d1eb03522cf4441ebd283a4f0af394be [term 3 FOLLOWER]: Refusing update from remote peer 85aede04d3654139b289f0da6fa25c78: Log matching property violated. Preceding OpId in replica: term: 2 index: 2. Preceding OpId from leader: term: 3 index: 3. (index mismatch)
I20260710 11:06:01.108940 17701 consensus_queue.cc:1048] T dc039f13b7414ce782a35e42cf9ce7f5 P 85aede04d3654139b289f0da6fa25c78 [LEADER]: Connected to new peer: Peer: permanent_uuid: "d1eb03522cf4441ebd283a4f0af394be" member_type: VOTER last_known_addr { host: "127.16.211.67" port: 44005 }, Status: LMP_MISMATCH, Last received: 0.0, Next index: 3, Last known committed idx: 2, Time since last communication: 0.000s
I20260710 11:06:01.117398 17438 raft_consensus.cc:1275] T 8352f660d0fe4dac98dc2243757d234a P 2c698bb01a3647d48a8f8d7558cafcc1 [term 4 FOLLOWER]: Refusing update from remote peer 85aede04d3654139b289f0da6fa25c78: Log matching property violated. Preceding OpId in replica: term: 3 index: 3. Preceding OpId from leader: term: 4 index: 4. (index mismatch)
I20260710 11:06:01.123010 17701 consensus_queue.cc:1048] T 8352f660d0fe4dac98dc2243757d234a P 85aede04d3654139b289f0da6fa25c78 [LEADER]: Connected to new peer: Peer: permanent_uuid: "2c698bb01a3647d48a8f8d7558cafcc1" member_type: VOTER last_known_addr { host: "127.16.211.66" port: 42455 }, Status: LMP_MISMATCH, Last received: 0.0, Next index: 4, Last known committed idx: 3, Time since last communication: 0.001s
I20260710 11:06:01.123745 17439 raft_consensus.cc:1275] T dc039f13b7414ce782a35e42cf9ce7f5 P 2c698bb01a3647d48a8f8d7558cafcc1 [term 3 FOLLOWER]: Refusing update from remote peer 85aede04d3654139b289f0da6fa25c78: Log matching property violated. Preceding OpId in replica: term: 2 index: 2. Preceding OpId from leader: term: 3 index: 3. (index mismatch)
I20260710 11:06:01.128382 17701 consensus_queue.cc:1048] T dc039f13b7414ce782a35e42cf9ce7f5 P 85aede04d3654139b289f0da6fa25c78 [LEADER]: Connected to new peer: Peer: permanent_uuid: "2c698bb01a3647d48a8f8d7558cafcc1" member_type: VOTER last_known_addr { host: "127.16.211.66" port: 42455 }, Status: LMP_MISMATCH, Last received: 0.0, Next index: 3, Last known committed idx: 2, Time since last communication: 0.001s
I20260710 11:06:01.139703 17511 raft_consensus.cc:1275] T 8352f660d0fe4dac98dc2243757d234a P d1eb03522cf4441ebd283a4f0af394be [term 4 FOLLOWER]: Refusing update from remote peer 85aede04d3654139b289f0da6fa25c78: Log matching property violated. Preceding OpId in replica: term: 3 index: 3. Preceding OpId from leader: term: 4 index: 4. (index mismatch)
I20260710 11:06:01.141068 17725 consensus_queue.cc:1048] T 8352f660d0fe4dac98dc2243757d234a P 85aede04d3654139b289f0da6fa25c78 [LEADER]: Connected to new peer: Peer: permanent_uuid: "d1eb03522cf4441ebd283a4f0af394be" member_type: VOTER last_known_addr { host: "127.16.211.67" port: 44005 }, Status: LMP_MISMATCH, Last received: 0.0, Next index: 4, Last known committed idx: 3, Time since last communication: 0.001s
I20260710 11:06:01.207058 17438 raft_consensus.cc:1275] T 9123cccfaff44fb3ac3a20522ef44fb9 P 2c698bb01a3647d48a8f8d7558cafcc1 [term 4 FOLLOWER]: Refusing update from remote peer d1eb03522cf4441ebd283a4f0af394be: Log matching property violated. Preceding OpId in replica: term: 3 index: 3. Preceding OpId from leader: term: 4 index: 4. (index mismatch)
I20260710 11:06:01.208268 17662 consensus_queue.cc:1048] T 9123cccfaff44fb3ac3a20522ef44fb9 P d1eb03522cf4441ebd283a4f0af394be [LEADER]: Connected to new peer: Peer: permanent_uuid: "2c698bb01a3647d48a8f8d7558cafcc1" member_type: VOTER last_known_addr { host: "127.16.211.66" port: 42455 }, Status: LMP_MISMATCH, Last received: 0.0, Next index: 4, Last known committed idx: 3, Time since last communication: 0.000s
