W20260710 11:06:20.454066 25812 consensus_peers.cc:597] T 4653c6ae5cba4768bc576c6a37810b9a P 96d036c7759a48b4a031ea2ab08538fa -> Peer ec490296eabe4979baa7424b25bc0a1c (127.24.3.4:38617): Couldn't send request to peer ec490296eabe4979baa7424b25bc0a1c. Error code: TABLET_NOT_FOUND (6). Status: Not found: Tablet not found: 4653c6ae5cba4768bc576c6a37810b9a. This is attempt 1: this message will repeat every 5th retry.
I20260710 11:06:20.454370 25771 raft_consensus.cc:1275] T 4653c6ae5cba4768bc576c6a37810b9a P 2049900bf8254761b406a2c5fc0ec70f [term 1 FOLLOWER]: Refusing update from remote peer 96d036c7759a48b4a031ea2ab08538fa: Log matching property violated. Preceding OpId in replica: term: 1 index: 1. Preceding OpId from leader: term: 1 index: 2. (index mismatch)
I20260710 11:06:20.454644 25695 raft_consensus.cc:1275] T 4653c6ae5cba4768bc576c6a37810b9a P 1648bb97a8284deb8d03fef6eea925cb [term 1 FOLLOWER]: Refusing update from remote peer 96d036c7759a48b4a031ea2ab08538fa: Log matching property violated. Preceding OpId in replica: term: 1 index: 1. Preceding OpId from leader: term: 1 index: 2. (index mismatch)
I20260710 11:06:20.455986 26238 consensus_queue.cc:1048] T 4653c6ae5cba4768bc576c6a37810b9a P 96d036c7759a48b4a031ea2ab08538fa [LEADER]: Connected to new peer: Peer: permanent_uuid: "1648bb97a8284deb8d03fef6eea925cb" member_type: VOTER last_known_addr { host: "127.24.3.1" port: 33085 }, Status: LMP_MISMATCH, Last received: 0.0, Next index: 2, Last known committed idx: 1, Time since last communication: 0.000s
I20260710 11:06:20.456817 26205 consensus_queue.cc:1048] T 4653c6ae5cba4768bc576c6a37810b9a P 96d036c7759a48b4a031ea2ab08538fa [LEADER]: Connected to new peer: Peer: permanent_uuid: "2049900bf8254761b406a2c5fc0ec70f" member_type: VOTER last_known_addr { host: "127.24.3.2" port: 38173 } attrs { replace: true }, Status: LMP_MISMATCH, Last received: 0.0, Next index: 2, Last known committed idx: 1, Time since last communication: 0.000s
I20260710 11:06:20.465935 26205 raft_consensus.cc:2955] T 4653c6ae5cba4768bc576c6a37810b9a P 96d036c7759a48b4a031ea2ab08538fa [term 1 LEADER]: Committing config change with OpId 1.2: config changed from index -1 to 2, NON_VOTER ec490296eabe4979baa7424b25bc0a1c (127.24.3.4) added. New config: { opid_index: 2 OBSOLETE_local: false peers { permanent_uuid: "1648bb97a8284deb8d03fef6eea925cb" member_type: VOTER last_known_addr { host: "127.24.3.1" port: 33085 } } peers { permanent_uuid: "2049900bf8254761b406a2c5fc0ec70f" member_type: VOTER last_known_addr { host: "127.24.3.2" port: 38173 } attrs { replace: true } } peers { permanent_uuid: "96d036c7759a48b4a031ea2ab08538fa" member_type: VOTER last_known_addr { host: "127.24.3.3" port: 45193 } } peers { permanent_uuid: "ec490296eabe4979baa7424b25bc0a1c" member_type: NON_VOTER last_known_addr { host: "127.24.3.4" port: 38617 } attrs { promote: true } } }
I20260710 11:06:20.467823 25696 raft_consensus.cc:2955] T 4653c6ae5cba4768bc576c6a37810b9a P 1648bb97a8284deb8d03fef6eea925cb [term 1 FOLLOWER]: Committing config change with OpId 1.2: config changed from index -1 to 2, NON_VOTER ec490296eabe4979baa7424b25bc0a1c (127.24.3.4) added. New config: { opid_index: 2 OBSOLETE_local: false peers { permanent_uuid: "1648bb97a8284deb8d03fef6eea925cb" member_type: VOTER last_known_addr { host: "127.24.3.1" port: 33085 } } peers { permanent_uuid: "2049900bf8254761b406a2c5fc0ec70f" member_type: VOTER last_known_addr { host: "127.24.3.2" port: 38173 } attrs { replace: true } } peers { permanent_uuid: "96d036c7759a48b4a031ea2ab08538fa" member_type: VOTER last_known_addr { host: "127.24.3.3" port: 45193 } } peers { permanent_uuid: "ec490296eabe4979baa7424b25bc0a1c" member_type: NON_VOTER last_known_addr { host: "127.24.3.4" port: 38617 } attrs { promote: true } } }
I20260710 11:06:20.468880 25771 raft_consensus.cc:2955] T 4653c6ae5cba4768bc576c6a37810b9a P 2049900bf8254761b406a2c5fc0ec70f [term 1 FOLLOWER]: Committing config change with OpId 1.2: config changed from index -1 to 2, NON_VOTER ec490296eabe4979baa7424b25bc0a1c (127.24.3.4) added. New config: { opid_index: 2 OBSOLETE_local: false peers { permanent_uuid: "1648bb97a8284deb8d03fef6eea925cb" member_type: VOTER last_known_addr { host: "127.24.3.1" port: 33085 } } peers { permanent_uuid: "2049900bf8254761b406a2c5fc0ec70f" member_type: VOTER last_known_addr { host: "127.24.3.2" port: 38173 } attrs { replace: true } } peers { permanent_uuid: "96d036c7759a48b4a031ea2ab08538fa" member_type: VOTER last_known_addr { host: "127.24.3.3" port: 45193 } } peers { permanent_uuid: "ec490296eabe4979baa7424b25bc0a1c" member_type: NON_VOTER last_known_addr { host: "127.24.3.4" port: 38617 } attrs { promote: true } } }
I20260710 11:06:20.478945 25593 catalog_manager.cc:5697] T 4653c6ae5cba4768bc576c6a37810b9a P 1648bb97a8284deb8d03fef6eea925cb reported cstate change: config changed from index -1 to 2, NON_VOTER ec490296eabe4979baa7424b25bc0a1c (127.24.3.4) added. New cstate: current_term: 1 leader_uuid: "96d036c7759a48b4a031ea2ab08538fa" committed_config { opid_index: 2 OBSOLETE_local: false peers { permanent_uuid: "1648bb97a8284deb8d03fef6eea925cb" member_type: VOTER last_known_addr { host: "127.24.3.1" port: 33085 } } peers { permanent_uuid: "2049900bf8254761b406a2c5fc0ec70f" member_type: VOTER last_known_addr { host: "127.24.3.2" port: 38173 } attrs { replace: true } } peers { permanent_uuid: "96d036c7759a48b4a031ea2ab08538fa" member_type: VOTER last_known_addr { host: "127.24.3.3" port: 45193 } } peers { permanent_uuid: "ec490296eabe4979baa7424b25bc0a1c" member_type: NON_VOTER last_known_addr { host: "127.24.3.4" port: 38617 } attrs { promote: true } } }
I20260710 11:06:20.783416 26256 ts_tablet_manager.cc:933] T 8079c2bee3b44f93a2ea35b8311fa73b P ec490296eabe4979baa7424b25bc0a1c: Initiating tablet copy from peer 2049900bf8254761b406a2c5fc0ec70f (127.24.3.2:38173)
I20260710 11:06:20.785948 26256 tablet_copy_client.cc:323] T 8079c2bee3b44f93a2ea35b8311fa73b P ec490296eabe4979baa7424b25bc0a1c: tablet copy: Beginning tablet copy session from remote peer at address 127.24.3.2:38173
I20260710 11:06:20.788585 26258 ts_tablet_manager.cc:933] T 20955a2490a3419d8f1cd191f58c860a P ec490296eabe4979baa7424b25bc0a1c: Initiating tablet copy from peer 1648bb97a8284deb8d03fef6eea925cb (127.24.3.1:33085)
I20260710 11:06:20.788842 25783 tablet_copy_service.cc:140] P 2049900bf8254761b406a2c5fc0ec70f: Received BeginTabletCopySession request for tablet 8079c2bee3b44f93a2ea35b8311fa73b from peer ec490296eabe4979baa7424b25bc0a1c ({username='slave'} at 127.0.0.1:36780)
I20260710 11:06:20.789650 25783 tablet_copy_service.cc:161] P 2049900bf8254761b406a2c5fc0ec70f: Beginning new tablet copy session on tablet 8079c2bee3b44f93a2ea35b8311fa73b from peer ec490296eabe4979baa7424b25bc0a1c at {username='slave'} at 127.0.0.1:36780: session id = ec490296eabe4979baa7424b25bc0a1c-8079c2bee3b44f93a2ea35b8311fa73b
I20260710 11:06:20.791709 26258 tablet_copy_client.cc:323] T 20955a2490a3419d8f1cd191f58c860a P ec490296eabe4979baa7424b25bc0a1c: tablet copy: Beginning tablet copy session from remote peer at address 127.24.3.1:33085
I20260710 11:06:20.813572 25783 tablet_copy_source_session.cc:215] T 8079c2bee3b44f93a2ea35b8311fa73b P 2049900bf8254761b406a2c5fc0ec70f: Tablet Copy: opened 0 blocks and 1 log segments
I20260710 11:06:20.820983 26256 data_dirs.cc:400] Could only allocate 1 dirs of requested 3 for tablet 8079c2bee3b44f93a2ea35b8311fa73b. 1 dirs total, 0 dirs full, 0 dirs failed
I20260710 11:06:20.831837 25709 tablet_copy_service.cc:140] P 1648bb97a8284deb8d03fef6eea925cb: Received BeginTabletCopySession request for tablet 20955a2490a3419d8f1cd191f58c860a from peer ec490296eabe4979baa7424b25bc0a1c ({username='slave'} at 127.0.0.1:39672)
I20260710 11:06:20.832500 25709 tablet_copy_service.cc:161] P 1648bb97a8284deb8d03fef6eea925cb: Beginning new tablet copy session on tablet 20955a2490a3419d8f1cd191f58c860a from peer ec490296eabe4979baa7424b25bc0a1c at {username='slave'} at 127.0.0.1:39672: session id = ec490296eabe4979baa7424b25bc0a1c-20955a2490a3419d8f1cd191f58c860a
I20260710 11:06:20.842229 25709 tablet_copy_source_session.cc:215] T 20955a2490a3419d8f1cd191f58c860a P 1648bb97a8284deb8d03fef6eea925cb: Tablet Copy: opened 0 blocks and 1 log segments
I20260710 11:06:20.844705 26256 tablet_copy_client.cc:806] T 8079c2bee3b44f93a2ea35b8311fa73b P ec490296eabe4979baa7424b25bc0a1c: tablet copy: Starting download of 0 data blocks...
I20260710 11:06:20.845456 26256 tablet_copy_client.cc:670] T 8079c2bee3b44f93a2ea35b8311fa73b P ec490296eabe4979baa7424b25bc0a1c: tablet copy: Starting download of 1 WAL segments...
I20260710 11:06:20.846062 26258 data_dirs.cc:400] Could only allocate 1 dirs of requested 3 for tablet 20955a2490a3419d8f1cd191f58c860a. 1 dirs total, 0 dirs full, 0 dirs failed
I20260710 11:06:20.850399 26256 tablet_copy_client.cc:538] T 8079c2bee3b44f93a2ea35b8311fa73b P ec490296eabe4979baa7424b25bc0a1c: tablet copy: Tablet Copy complete. Replacing tablet superblock.
I20260710 11:06:20.861159 26256 tablet_bootstrap.cc:492] T 8079c2bee3b44f93a2ea35b8311fa73b P ec490296eabe4979baa7424b25bc0a1c: Bootstrap starting.
I20260710 11:06:20.864327 26258 tablet_copy_client.cc:806] T 20955a2490a3419d8f1cd191f58c860a P ec490296eabe4979baa7424b25bc0a1c: tablet copy: Starting download of 0 data blocks...
I20260710 11:06:20.865139 26258 tablet_copy_client.cc:670] T 20955a2490a3419d8f1cd191f58c860a P ec490296eabe4979baa7424b25bc0a1c: tablet copy: Starting download of 1 WAL segments...
I20260710 11:06:20.869964 26258 tablet_copy_client.cc:538] T 20955a2490a3419d8f1cd191f58c860a P ec490296eabe4979baa7424b25bc0a1c: tablet copy: Tablet Copy complete. Replacing tablet superblock.
I20260710 11:06:20.879558 26258 tablet_bootstrap.cc:492] T 20955a2490a3419d8f1cd191f58c860a P ec490296eabe4979baa7424b25bc0a1c: Bootstrap starting.
I20260710 11:06:20.881619 26256 tablet_bootstrap.cc:492] T 8079c2bee3b44f93a2ea35b8311fa73b P ec490296eabe4979baa7424b25bc0a1c: Bootstrap replayed 1/1 log segments. Stats: ops{read=2 overwritten=0 applied=2 ignored=0} inserts{seen=0 ignored=0} mutations{seen=0 ignored=0} orphaned_commits=0. Pending: 0 replicates
I20260710 11:06:20.882542 26256 tablet_bootstrap.cc:492] T 8079c2bee3b44f93a2ea35b8311fa73b P ec490296eabe4979baa7424b25bc0a1c: Bootstrap complete.
I20260710 11:06:20.883227 26256 ts_tablet_manager.cc:1403] T 8079c2bee3b44f93a2ea35b8311fa73b P ec490296eabe4979baa7424b25bc0a1c: Time spent bootstrapping tablet: real 0.022s	user 0.012s	sys 0.011s
I20260710 11:06:20.886260 26256 raft_consensus.cc:359] T 8079c2bee3b44f93a2ea35b8311fa73b P ec490296eabe4979baa7424b25bc0a1c [term 1 LEARNER]: Replica starting. Triggering 0 pending ops. Active config: opid_index: 2 OBSOLETE_local: false peers { permanent_uuid: "1648bb97a8284deb8d03fef6eea925cb" member_type: VOTER last_known_addr { host: "127.24.3.1" port: 33085 } } peers { permanent_uuid: "2049900bf8254761b406a2c5fc0ec70f" member_type: VOTER last_known_addr { host: "127.24.3.2" port: 38173 } } peers { permanent_uuid: "96d036c7759a48b4a031ea2ab08538fa" member_type: VOTER last_known_addr { host: "127.24.3.3" port: 45193 } attrs { replace: true } } peers { permanent_uuid: "ec490296eabe4979baa7424b25bc0a1c" member_type: NON_VOTER last_known_addr { host: "127.24.3.4" port: 38617 } attrs { promote: true } }
I20260710 11:06:20.887034 26256 raft_consensus.cc:740] T 8079c2bee3b44f93a2ea35b8311fa73b P ec490296eabe4979baa7424b25bc0a1c [term 1 LEARNER]: Becoming Follower/Learner. State: Replica: ec490296eabe4979baa7424b25bc0a1c, State: Initialized, Role: LEARNER
I20260710 11:06:20.887648 26256 consensus_queue.cc:260] T 8079c2bee3b44f93a2ea35b8311fa73b P ec490296eabe4979baa7424b25bc0a1c [NON_LEADER]: Queue going to NON_LEADER mode. State: All replicated index: 0, Majority replicated index: 0, Committed index: 2, Last appended: 1.2, Last appended by leader: 2, Current term: 0, Majority size: -1, State: 0, Mode: NON_LEADER, active raft config: opid_index: 2 OBSOLETE_local: false peers { permanent_uuid: "1648bb97a8284deb8d03fef6eea925cb" member_type: VOTER last_known_addr { host: "127.24.3.1" port: 33085 } } peers { permanent_uuid: "2049900bf8254761b406a2c5fc0ec70f" member_type: VOTER last_known_addr { host: "127.24.3.2" port: 38173 } } peers { permanent_uuid: "96d036c7759a48b4a031ea2ab08538fa" member_type: VOTER last_known_addr { host: "127.24.3.3" port: 45193 } attrs { replace: true } } peers { permanent_uuid: "ec490296eabe4979baa7424b25bc0a1c" member_type: NON_VOTER last_known_addr { host: "127.24.3.4" port: 38617 } attrs { promote: true } }
I20260710 11:06:20.895397 26256 ts_tablet_manager.cc:1434] T 8079c2bee3b44f93a2ea35b8311fa73b P ec490296eabe4979baa7424b25bc0a1c: Time spent starting tablet: real 0.012s	user 0.003s	sys 0.005s
I20260710 11:06:20.897470 25783 tablet_copy_service.cc:342] P 2049900bf8254761b406a2c5fc0ec70f: Request end of tablet copy session ec490296eabe4979baa7424b25bc0a1c-8079c2bee3b44f93a2ea35b8311fa73b received from {username='slave'} at 127.0.0.1:36780
I20260710 11:06:20.897990 25783 tablet_copy_service.cc:434] P 2049900bf8254761b406a2c5fc0ec70f: ending tablet copy session ec490296eabe4979baa7424b25bc0a1c-8079c2bee3b44f93a2ea35b8311fa73b on tablet 8079c2bee3b44f93a2ea35b8311fa73b with peer ec490296eabe4979baa7424b25bc0a1c
I20260710 11:06:20.901473 26265 ts_tablet_manager.cc:933] T cf97764b11994100ab3d821d08b82c6f P ec490296eabe4979baa7424b25bc0a1c: Initiating tablet copy from peer 2049900bf8254761b406a2c5fc0ec70f (127.24.3.2:38173)
I20260710 11:06:20.915627 26258 tablet_bootstrap.cc:492] T 20955a2490a3419d8f1cd191f58c860a P ec490296eabe4979baa7424b25bc0a1c: Bootstrap replayed 1/1 log segments. Stats: ops{read=2 overwritten=0 applied=2 ignored=0} inserts{seen=0 ignored=0} mutations{seen=0 ignored=0} orphaned_commits=0. Pending: 0 replicates
I20260710 11:06:20.916415 26265 tablet_copy_client.cc:323] T cf97764b11994100ab3d821d08b82c6f P ec490296eabe4979baa7424b25bc0a1c: tablet copy: Beginning tablet copy session from remote peer at address 127.24.3.2:38173
I20260710 11:06:20.916738 26258 tablet_bootstrap.cc:492] T 20955a2490a3419d8f1cd191f58c860a P ec490296eabe4979baa7424b25bc0a1c: Bootstrap complete.
I20260710 11:06:20.917466 26258 ts_tablet_manager.cc:1403] T 20955a2490a3419d8f1cd191f58c860a P ec490296eabe4979baa7424b25bc0a1c: Time spent bootstrapping tablet: real 0.038s	user 0.024s	sys 0.006s
I20260710 11:06:20.920737 25783 tablet_copy_service.cc:140] P 2049900bf8254761b406a2c5fc0ec70f: Received BeginTabletCopySession request for tablet cf97764b11994100ab3d821d08b82c6f from peer ec490296eabe4979baa7424b25bc0a1c ({username='slave'} at 127.0.0.1:36780)
I20260710 11:06:20.920594 26258 raft_consensus.cc:359] T 20955a2490a3419d8f1cd191f58c860a P ec490296eabe4979baa7424b25bc0a1c [term 1 LEARNER]: Replica starting. Triggering 0 pending ops. Active config: opid_index: 2 OBSOLETE_local: false peers { permanent_uuid: "1648bb97a8284deb8d03fef6eea925cb" member_type: VOTER last_known_addr { host: "127.24.3.1" port: 33085 } } peers { permanent_uuid: "2049900bf8254761b406a2c5fc0ec70f" member_type: VOTER last_known_addr { host: "127.24.3.2" port: 38173 } attrs { replace: true } } peers { permanent_uuid: "96d036c7759a48b4a031ea2ab08538fa" member_type: VOTER last_known_addr { host: "127.24.3.3" port: 45193 } } peers { permanent_uuid: "ec490296eabe4979baa7424b25bc0a1c" member_type: NON_VOTER last_known_addr { host: "127.24.3.4" port: 38617 } attrs { promote: true } }
I20260710 11:06:20.921329 25783 tablet_copy_service.cc:161] P 2049900bf8254761b406a2c5fc0ec70f: Beginning new tablet copy session on tablet cf97764b11994100ab3d821d08b82c6f from peer ec490296eabe4979baa7424b25bc0a1c at {username='slave'} at 127.0.0.1:36780: session id = ec490296eabe4979baa7424b25bc0a1c-cf97764b11994100ab3d821d08b82c6f
I20260710 11:06:20.921494 26258 raft_consensus.cc:740] T 20955a2490a3419d8f1cd191f58c860a P ec490296eabe4979baa7424b25bc0a1c [term 1 LEARNER]: Becoming Follower/Learner. State: Replica: ec490296eabe4979baa7424b25bc0a1c, State: Initialized, Role: LEARNER
I20260710 11:06:20.922762 26258 consensus_queue.cc:260] T 20955a2490a3419d8f1cd191f58c860a P ec490296eabe4979baa7424b25bc0a1c [NON_LEADER]: Queue going to NON_LEADER mode. State: All replicated index: 0, Majority replicated index: 0, Committed index: 2, Last appended: 1.2, Last appended by leader: 2, Current term: 0, Majority size: -1, State: 0, Mode: NON_LEADER, active raft config: opid_index: 2 OBSOLETE_local: false peers { permanent_uuid: "1648bb97a8284deb8d03fef6eea925cb" member_type: VOTER last_known_addr { host: "127.24.3.1" port: 33085 } } peers { permanent_uuid: "2049900bf8254761b406a2c5fc0ec70f" member_type: VOTER last_known_addr { host: "127.24.3.2" port: 38173 } attrs { replace: true } } peers { permanent_uuid: "96d036c7759a48b4a031ea2ab08538fa" member_type: VOTER last_known_addr { host: "127.24.3.3" port: 45193 } } peers { permanent_uuid: "ec490296eabe4979baa7424b25bc0a1c" member_type: NON_VOTER last_known_addr { host: "127.24.3.4" port: 38617 } attrs { promote: true } }
I20260710 11:06:20.925110 26258 ts_tablet_manager.cc:1434] T 20955a2490a3419d8f1cd191f58c860a P ec490296eabe4979baa7424b25bc0a1c: Time spent starting tablet: real 0.007s	user 0.005s	sys 0.000s
I20260710 11:06:20.927011 25709 tablet_copy_service.cc:342] P 1648bb97a8284deb8d03fef6eea925cb: Request end of tablet copy session ec490296eabe4979baa7424b25bc0a1c-20955a2490a3419d8f1cd191f58c860a received from {username='slave'} at 127.0.0.1:39672
I20260710 11:06:20.927556 25709 tablet_copy_service.cc:434] P 1648bb97a8284deb8d03fef6eea925cb: ending tablet copy session ec490296eabe4979baa7424b25bc0a1c-20955a2490a3419d8f1cd191f58c860a on tablet 20955a2490a3419d8f1cd191f58c860a with peer ec490296eabe4979baa7424b25bc0a1c
I20260710 11:06:20.929234 25783 tablet_copy_source_session.cc:215] T cf97764b11994100ab3d821d08b82c6f P 2049900bf8254761b406a2c5fc0ec70f: Tablet Copy: opened 0 blocks and 1 log segments
I20260710 11:06:20.935566 26265 data_dirs.cc:400] Could only allocate 1 dirs of requested 3 for tablet cf97764b11994100ab3d821d08b82c6f. 1 dirs total, 0 dirs full, 0 dirs failed
I20260710 11:06:20.950007 26265 tablet_copy_client.cc:806] T cf97764b11994100ab3d821d08b82c6f P ec490296eabe4979baa7424b25bc0a1c: tablet copy: Starting download of 0 data blocks...
I20260710 11:06:20.950766 26265 tablet_copy_client.cc:670] T cf97764b11994100ab3d821d08b82c6f P ec490296eabe4979baa7424b25bc0a1c: tablet copy: Starting download of 1 WAL segments...
I20260710 11:06:20.954675 26265 tablet_copy_client.cc:538] T cf97764b11994100ab3d821d08b82c6f P ec490296eabe4979baa7424b25bc0a1c: tablet copy: Tablet Copy complete. Replacing tablet superblock.
I20260710 11:06:20.962420 26265 tablet_bootstrap.cc:492] T cf97764b11994100ab3d821d08b82c6f P ec490296eabe4979baa7424b25bc0a1c: Bootstrap starting.
I20260710 11:06:20.982599 26265 tablet_bootstrap.cc:492] T cf97764b11994100ab3d821d08b82c6f P ec490296eabe4979baa7424b25bc0a1c: Bootstrap replayed 1/1 log segments. Stats: ops{read=2 overwritten=0 applied=2 ignored=0} inserts{seen=0 ignored=0} mutations{seen=0 ignored=0} orphaned_commits=0. Pending: 0 replicates
I20260710 11:06:20.983726 26265 tablet_bootstrap.cc:492] T cf97764b11994100ab3d821d08b82c6f P ec490296eabe4979baa7424b25bc0a1c: Bootstrap complete.
I20260710 11:06:20.984539 26265 ts_tablet_manager.cc:1403] T cf97764b11994100ab3d821d08b82c6f P ec490296eabe4979baa7424b25bc0a1c: Time spent bootstrapping tablet: real 0.022s	user 0.020s	sys 0.004s
I20260710 11:06:20.991024 26265 raft_consensus.cc:359] T cf97764b11994100ab3d821d08b82c6f P ec490296eabe4979baa7424b25bc0a1c [term 1 LEARNER]: Replica starting. Triggering 0 pending ops. Active config: opid_index: 2 OBSOLETE_local: false peers { permanent_uuid: "1648bb97a8284deb8d03fef6eea925cb" member_type: VOTER last_known_addr { host: "127.24.3.1" port: 33085 } attrs { replace: true } } peers { permanent_uuid: "2049900bf8254761b406a2c5fc0ec70f" member_type: VOTER last_known_addr { host: "127.24.3.2" port: 38173 } } peers { permanent_uuid: "96d036c7759a48b4a031ea2ab08538fa" member_type: VOTER last_known_addr { host: "127.24.3.3" port: 45193 } } peers { permanent_uuid: "ec490296eabe4979baa7424b25bc0a1c" member_type: NON_VOTER last_known_addr { host: "127.24.3.4" port: 38617 } attrs { promote: true } }
I20260710 11:06:20.992064 26265 raft_consensus.cc:740] T cf97764b11994100ab3d821d08b82c6f P ec490296eabe4979baa7424b25bc0a1c [term 1 LEARNER]: Becoming Follower/Learner. State: Replica: ec490296eabe4979baa7424b25bc0a1c, State: Initialized, Role: LEARNER
I20260710 11:06:20.992833 26265 consensus_queue.cc:260] T cf97764b11994100ab3d821d08b82c6f P ec490296eabe4979baa7424b25bc0a1c [NON_LEADER]: Queue going to NON_LEADER mode. State: All replicated index: 0, Majority replicated index: 0, Committed index: 2, Last appended: 1.2, Last appended by leader: 2, Current term: 0, Majority size: -1, State: 0, Mode: NON_LEADER, active raft config: opid_index: 2 OBSOLETE_local: false peers { permanent_uuid: "1648bb97a8284deb8d03fef6eea925cb" member_type: VOTER last_known_addr { host: "127.24.3.1" port: 33085 } attrs { replace: true } } peers { permanent_uuid: "2049900bf8254761b406a2c5fc0ec70f" member_type: VOTER last_known_addr { host: "127.24.3.2" port: 38173 } } peers { permanent_uuid: "96d036c7759a48b4a031ea2ab08538fa" member_type: VOTER last_known_addr { host: "127.24.3.3" port: 45193 } } peers { permanent_uuid: "ec490296eabe4979baa7424b25bc0a1c" member_type: NON_VOTER last_known_addr { host: "127.24.3.4" port: 38617 } attrs { promote: true } }
I20260710 11:06:20.995570 26265 ts_tablet_manager.cc:1434] T cf97764b11994100ab3d821d08b82c6f P ec490296eabe4979baa7424b25bc0a1c: Time spent starting tablet: real 0.010s	user 0.005s	sys 0.002s
I20260710 11:06:21.000077 25783 tablet_copy_service.cc:342] P 2049900bf8254761b406a2c5fc0ec70f: Request end of tablet copy session ec490296eabe4979baa7424b25bc0a1c-cf97764b11994100ab3d821d08b82c6f received from {username='slave'} at 127.0.0.1:36780
I20260710 11:06:21.000828 25783 tablet_copy_service.cc:434] P 2049900bf8254761b406a2c5fc0ec70f: ending tablet copy session ec490296eabe4979baa7424b25bc0a1c-cf97764b11994100ab3d821d08b82c6f on tablet cf97764b11994100ab3d821d08b82c6f with peer ec490296eabe4979baa7424b25bc0a1c
I20260710 11:06:21.034977 26265 ts_tablet_manager.cc:933] T 4653c6ae5cba4768bc576c6a37810b9a P ec490296eabe4979baa7424b25bc0a1c: Initiating tablet copy from peer 96d036c7759a48b4a031ea2ab08538fa (127.24.3.3:45193)
I20260710 11:06:21.036665 26265 tablet_copy_client.cc:323] T 4653c6ae5cba4768bc576c6a37810b9a P ec490296eabe4979baa7424b25bc0a1c: tablet copy: Beginning tablet copy session from remote peer at address 127.24.3.3:45193
I20260710 11:06:21.038960 25858 tablet_copy_service.cc:140] P 96d036c7759a48b4a031ea2ab08538fa: Received BeginTabletCopySession request for tablet 4653c6ae5cba4768bc576c6a37810b9a from peer ec490296eabe4979baa7424b25bc0a1c ({username='slave'} at 127.0.0.1:58182)
I20260710 11:06:21.039489 25858 tablet_copy_service.cc:161] P 96d036c7759a48b4a031ea2ab08538fa: Beginning new tablet copy session on tablet 4653c6ae5cba4768bc576c6a37810b9a from peer ec490296eabe4979baa7424b25bc0a1c at {username='slave'} at 127.0.0.1:58182: session id = ec490296eabe4979baa7424b25bc0a1c-4653c6ae5cba4768bc576c6a37810b9a
I20260710 11:06:21.047159 25858 tablet_copy_source_session.cc:215] T 4653c6ae5cba4768bc576c6a37810b9a P 96d036c7759a48b4a031ea2ab08538fa: Tablet Copy: opened 0 blocks and 1 log segments
I20260710 11:06:21.050624 26265 data_dirs.cc:400] Could only allocate 1 dirs of requested 3 for tablet 4653c6ae5cba4768bc576c6a37810b9a. 1 dirs total, 0 dirs full, 0 dirs failed
I20260710 11:06:21.066040 26265 tablet_copy_client.cc:806] T 4653c6ae5cba4768bc576c6a37810b9a P ec490296eabe4979baa7424b25bc0a1c: tablet copy: Starting download of 0 data blocks...
I20260710 11:06:21.066705 26265 tablet_copy_client.cc:670] T 4653c6ae5cba4768bc576c6a37810b9a P ec490296eabe4979baa7424b25bc0a1c: tablet copy: Starting download of 1 WAL segments...
I20260710 11:06:21.071391 26265 tablet_copy_client.cc:538] T 4653c6ae5cba4768bc576c6a37810b9a P ec490296eabe4979baa7424b25bc0a1c: tablet copy: Tablet Copy complete. Replacing tablet superblock.
I20260710 11:06:21.080060 26265 tablet_bootstrap.cc:492] T 4653c6ae5cba4768bc576c6a37810b9a P ec490296eabe4979baa7424b25bc0a1c: Bootstrap starting.
I20260710 11:06:21.098387 26265 tablet_bootstrap.cc:492] T 4653c6ae5cba4768bc576c6a37810b9a P ec490296eabe4979baa7424b25bc0a1c: Bootstrap replayed 1/1 log segments. Stats: ops{read=2 overwritten=0 applied=2 ignored=0} inserts{seen=0 ignored=0} mutations{seen=0 ignored=0} orphaned_commits=0. Pending: 0 replicates
I20260710 11:06:21.099359 26265 tablet_bootstrap.cc:492] T 4653c6ae5cba4768bc576c6a37810b9a P ec490296eabe4979baa7424b25bc0a1c: Bootstrap complete.
I20260710 11:06:21.100041 26265 ts_tablet_manager.cc:1403] T 4653c6ae5cba4768bc576c6a37810b9a P ec490296eabe4979baa7424b25bc0a1c: Time spent bootstrapping tablet: real 0.020s	user 0.006s	sys 0.013s
I20260710 11:06:21.102723 26265 raft_consensus.cc:359] T 4653c6ae5cba4768bc576c6a37810b9a P ec490296eabe4979baa7424b25bc0a1c [term 1 LEARNER]: Replica starting. Triggering 0 pending ops. Active config: opid_index: 2 OBSOLETE_local: false peers { permanent_uuid: "1648bb97a8284deb8d03fef6eea925cb" member_type: VOTER last_known_addr { host: "127.24.3.1" port: 33085 } } peers { permanent_uuid: "2049900bf8254761b406a2c5fc0ec70f" member_type: VOTER last_known_addr { host: "127.24.3.2" port: 38173 } attrs { replace: true } } peers { permanent_uuid: "96d036c7759a48b4a031ea2ab08538fa" member_type: VOTER last_known_addr { host: "127.24.3.3" port: 45193 } } peers { permanent_uuid: "ec490296eabe4979baa7424b25bc0a1c" member_type: NON_VOTER last_known_addr { host: "127.24.3.4" port: 38617 } attrs { promote: true } }
I20260710 11:06:21.103394 26265 raft_consensus.cc:740] T 4653c6ae5cba4768bc576c6a37810b9a P ec490296eabe4979baa7424b25bc0a1c [term 1 LEARNER]: Becoming Follower/Learner. State: Replica: ec490296eabe4979baa7424b25bc0a1c, State: Initialized, Role: LEARNER
I20260710 11:06:21.104034 26265 consensus_queue.cc:260] T 4653c6ae5cba4768bc576c6a37810b9a P ec490296eabe4979baa7424b25bc0a1c [NON_LEADER]: Queue going to NON_LEADER mode. State: All replicated index: 0, Majority replicated index: 0, Committed index: 2, Last appended: 1.2, Last appended by leader: 2, Current term: 0, Majority size: -1, State: 0, Mode: NON_LEADER, active raft config: opid_index: 2 OBSOLETE_local: false peers { permanent_uuid: "1648bb97a8284deb8d03fef6eea925cb" member_type: VOTER last_known_addr { host: "127.24.3.1" port: 33085 } } peers { permanent_uuid: "2049900bf8254761b406a2c5fc0ec70f" member_type: VOTER last_known_addr { host: "127.24.3.2" port: 38173 } attrs { replace: true } } peers { permanent_uuid: "96d036c7759a48b4a031ea2ab08538fa" member_type: VOTER last_known_addr { host: "127.24.3.3" port: 45193 } } peers { permanent_uuid: "ec490296eabe4979baa7424b25bc0a1c" member_type: NON_VOTER last_known_addr { host: "127.24.3.4" port: 38617 } attrs { promote: true } }
I20260710 11:06:21.107041 26265 ts_tablet_manager.cc:1434] T 4653c6ae5cba4768bc576c6a37810b9a P ec490296eabe4979baa7424b25bc0a1c: Time spent starting tablet: real 0.007s	user 0.008s	sys 0.000s
I20260710 11:06:21.109370 25858 tablet_copy_service.cc:342] P 96d036c7759a48b4a031ea2ab08538fa: Request end of tablet copy session ec490296eabe4979baa7424b25bc0a1c-4653c6ae5cba4768bc576c6a37810b9a received from {username='slave'} at 127.0.0.1:58182
I20260710 11:06:21.109912 25858 tablet_copy_service.cc:434] P 96d036c7759a48b4a031ea2ab08538fa: ending tablet copy session ec490296eabe4979baa7424b25bc0a1c-4653c6ae5cba4768bc576c6a37810b9a on tablet 4653c6ae5cba4768bc576c6a37810b9a with peer ec490296eabe4979baa7424b25bc0a1c
I20260710 11:06:21.220095 26122 raft_consensus.cc:1217] T 20955a2490a3419d8f1cd191f58c860a P ec490296eabe4979baa7424b25bc0a1c [term 1 LEARNER]: Deduplicated request from leader. Original: 1.1->[1.2-1.2]   Dedup: 1.2->[]
I20260710 11:06:21.328975 26122 raft_consensus.cc:1217] T 8079c2bee3b44f93a2ea35b8311fa73b P ec490296eabe4979baa7424b25bc0a1c [term 1 LEARNER]: Deduplicated request from leader. Original: 1.1->[1.2-1.2]   Dedup: 1.2->[]
I20260710 11:06:21.437368 26122 raft_consensus.cc:1217] T cf97764b11994100ab3d821d08b82c6f P ec490296eabe4979baa7424b25bc0a1c [term 1 LEARNER]: Deduplicated request from leader. Original: 1.1->[1.2-1.2]   Dedup: 1.2->[]
I20260710 11:06:21.573462 26122 raft_consensus.cc:1217] T 4653c6ae5cba4768bc576c6a37810b9a P ec490296eabe4979baa7424b25bc0a1c [term 1 LEARNER]: Deduplicated request from leader. Original: 1.1->[1.2-1.2]   Dedup: 1.2->[]
I20260710 11:06:21.772244 26249 raft_consensus.cc:1064] T 8079c2bee3b44f93a2ea35b8311fa73b P 2049900bf8254761b406a2c5fc0ec70f: attempting to promote NON_VOTER ec490296eabe4979baa7424b25bc0a1c to VOTER
I20260710 11:06:21.775942 26249 consensus_queue.cc:237] T 8079c2bee3b44f93a2ea35b8311fa73b P 2049900bf8254761b406a2c5fc0ec70f [LEADER]: Queue going to LEADER mode. State: All replicated index: 0, Majority replicated index: 2, Committed index: 2, Last appended: 1.2, Last appended by leader: 0, Current term: 1, Majority size: 3, State: 0, Mode: LEADER, active raft config: opid_index: 3 OBSOLETE_local: false peers { permanent_uuid: "1648bb97a8284deb8d03fef6eea925cb" member_type: VOTER last_known_addr { host: "127.24.3.1" port: 33085 } } peers { permanent_uuid: "2049900bf8254761b406a2c5fc0ec70f" member_type: VOTER last_known_addr { host: "127.24.3.2" port: 38173 } } peers { permanent_uuid: "96d036c7759a48b4a031ea2ab08538fa" member_type: VOTER last_known_addr { host: "127.24.3.3" port: 45193 } attrs { replace: true } } peers { permanent_uuid: "ec490296eabe4979baa7424b25bc0a1c" member_type: VOTER last_known_addr { host: "127.24.3.4" port: 38617 } attrs { promote: false } }
I20260710 11:06:21.864434 25694 raft_consensus.cc:1275] T 8079c2bee3b44f93a2ea35b8311fa73b P 1648bb97a8284deb8d03fef6eea925cb [term 1 FOLLOWER]: Refusing update from remote peer 2049900bf8254761b406a2c5fc0ec70f: Log matching property violated. Preceding OpId in replica: term: 1 index: 2. Preceding OpId from leader: term: 1 index: 3. (index mismatch)
I20260710 11:06:21.866366 26249 consensus_queue.cc:1048] T 8079c2bee3b44f93a2ea35b8311fa73b P 2049900bf8254761b406a2c5fc0ec70f [LEADER]: Connected to new peer: Peer: permanent_uuid: "1648bb97a8284deb8d03fef6eea925cb" member_type: VOTER last_known_addr { host: "127.24.3.1" port: 33085 }, Status: LMP_MISMATCH, Last received: 0.0, Next index: 3, Last known committed idx: 2, Time since last communication: 0.001s
I20260710 11:06:22.085525 26279 raft_consensus.cc:1064] T cf97764b11994100ab3d821d08b82c6f P 2049900bf8254761b406a2c5fc0ec70f: attempting to promote NON_VOTER ec490296eabe4979baa7424b25bc0a1c to VOTER
I20260710 11:06:22.099460 26279 consensus_queue.cc:237] T cf97764b11994100ab3d821d08b82c6f P 2049900bf8254761b406a2c5fc0ec70f [LEADER]: Queue going to LEADER mode. State: All replicated index: 0, Majority replicated index: 2, Committed index: 2, Last appended: 1.2, Last appended by leader: 0, Current term: 1, Majority size: 3, State: 0, Mode: LEADER, active raft config: opid_index: 3 OBSOLETE_local: false peers { permanent_uuid: "1648bb97a8284deb8d03fef6eea925cb" member_type: VOTER last_known_addr { host: "127.24.3.1" port: 33085 } attrs { replace: true } } peers { permanent_uuid: "2049900bf8254761b406a2c5fc0ec70f" member_type: VOTER last_known_addr { host: "127.24.3.2" port: 38173 } } peers { permanent_uuid: "96d036c7759a48b4a031ea2ab08538fa" member_type: VOTER last_known_addr { host: "127.24.3.3" port: 45193 } } peers { permanent_uuid: "ec490296eabe4979baa7424b25bc0a1c" member_type: VOTER last_known_addr { host: "127.24.3.4" port: 38617 } attrs { promote: false } }
I20260710 11:06:22.104808 26116 raft_consensus.cc:1275] T 8079c2bee3b44f93a2ea35b8311fa73b P ec490296eabe4979baa7424b25bc0a1c [term 1 LEARNER]: Refusing update from remote peer 2049900bf8254761b406a2c5fc0ec70f: Log matching property violated. Preceding OpId in replica: term: 1 index: 2. Preceding OpId from leader: term: 1 index: 3. (index mismatch)
I20260710 11:06:22.105393 26229 raft_consensus.cc:1064] T 20955a2490a3419d8f1cd191f58c860a P 1648bb97a8284deb8d03fef6eea925cb: attempting to promote NON_VOTER ec490296eabe4979baa7424b25bc0a1c to VOTER
I20260710 11:06:22.108492 26229 consensus_queue.cc:237] T 20955a2490a3419d8f1cd191f58c860a P 1648bb97a8284deb8d03fef6eea925cb [LEADER]: Queue going to LEADER mode. State: All replicated index: 0, Majority replicated index: 2, Committed index: 2, Last appended: 1.2, Last appended by leader: 0, Current term: 1, Majority size: 3, State: 0, Mode: LEADER, active raft config: opid_index: 3 OBSOLETE_local: false peers { permanent_uuid: "1648bb97a8284deb8d03fef6eea925cb" member_type: VOTER last_known_addr { host: "127.24.3.1" port: 33085 } } peers { permanent_uuid: "2049900bf8254761b406a2c5fc0ec70f" member_type: VOTER last_known_addr { host: "127.24.3.2" port: 38173 } attrs { replace: true } } peers { permanent_uuid: "96d036c7759a48b4a031ea2ab08538fa" member_type: VOTER last_known_addr { host: "127.24.3.3" port: 45193 } } peers { permanent_uuid: "ec490296eabe4979baa7424b25bc0a1c" member_type: VOTER last_known_addr { host: "127.24.3.4" port: 38617 } attrs { promote: false } }
I20260710 11:06:22.110203 26273 consensus_queue.cc:1048] T 8079c2bee3b44f93a2ea35b8311fa73b P 2049900bf8254761b406a2c5fc0ec70f [LEADER]: Connected to new peer: Peer: permanent_uuid: "ec490296eabe4979baa7424b25bc0a1c" member_type: VOTER last_known_addr { host: "127.24.3.4" port: 38617 } attrs { promote: false }, Status: LMP_MISMATCH, Last received: 0.0, Next index: 3, Last known committed idx: 2, Time since last communication: 0.001s
I20260710 11:06:22.151151 25695 raft_consensus.cc:1275] T cf97764b11994100ab3d821d08b82c6f P 1648bb97a8284deb8d03fef6eea925cb [term 1 FOLLOWER]: Refusing update from remote peer 2049900bf8254761b406a2c5fc0ec70f: Log matching property violated. Preceding OpId in replica: term: 1 index: 2. Preceding OpId from leader: term: 1 index: 3. (index mismatch)
I20260710 11:06:22.150323 26279 raft_consensus.cc:2955] T 8079c2bee3b44f93a2ea35b8311fa73b P 2049900bf8254761b406a2c5fc0ec70f [term 1 LEADER]: Committing config change with OpId 1.3: config changed from index 2 to 3, ec490296eabe4979baa7424b25bc0a1c (127.24.3.4) changed from NON_VOTER to VOTER. New config: { opid_index: 3 OBSOLETE_local: false peers { permanent_uuid: "1648bb97a8284deb8d03fef6eea925cb" member_type: VOTER last_known_addr { host: "127.24.3.1" port: 33085 } } peers { permanent_uuid: "2049900bf8254761b406a2c5fc0ec70f" member_type: VOTER last_known_addr { host: "127.24.3.2" port: 38173 } } peers { permanent_uuid: "96d036c7759a48b4a031ea2ab08538fa" member_type: VOTER last_known_addr { host: "127.24.3.3" port: 45193 } attrs { replace: true } } peers { permanent_uuid: "ec490296eabe4979baa7424b25bc0a1c" member_type: VOTER last_known_addr { host: "127.24.3.4" port: 38617 } attrs { promote: false } } }
I20260710 11:06:22.152760 26273 consensus_queue.cc:1048] T cf97764b11994100ab3d821d08b82c6f P 2049900bf8254761b406a2c5fc0ec70f [LEADER]: Connected to new peer: Peer: permanent_uuid: "1648bb97a8284deb8d03fef6eea925cb" member_type: VOTER last_known_addr { host: "127.24.3.1" port: 33085 } attrs { replace: true }, Status: LMP_MISMATCH, Last received: 0.0, Next index: 3, Last known committed idx: 2, Time since last communication: 0.000s
I20260710 11:06:22.156889 26120 raft_consensus.cc:2955] T 8079c2bee3b44f93a2ea35b8311fa73b P ec490296eabe4979baa7424b25bc0a1c [term 1 FOLLOWER]: Committing config change with OpId 1.3: config changed from index 2 to 3, ec490296eabe4979baa7424b25bc0a1c (127.24.3.4) changed from NON_VOTER to VOTER. New config: { opid_index: 3 OBSOLETE_local: false peers { permanent_uuid: "1648bb97a8284deb8d03fef6eea925cb" member_type: VOTER last_known_addr { host: "127.24.3.1" port: 33085 } } peers { permanent_uuid: "2049900bf8254761b406a2c5fc0ec70f" member_type: VOTER last_known_addr { host: "127.24.3.2" port: 38173 } } peers { permanent_uuid: "96d036c7759a48b4a031ea2ab08538fa" member_type: VOTER last_known_addr { host: "127.24.3.3" port: 45193 } attrs { replace: true } } peers { permanent_uuid: "ec490296eabe4979baa7424b25bc0a1c" member_type: VOTER last_known_addr { host: "127.24.3.4" port: 38617 } attrs { promote: false } } }
I20260710 11:06:22.172917 26116 raft_consensus.cc:1275] T cf97764b11994100ab3d821d08b82c6f P ec490296eabe4979baa7424b25bc0a1c [term 1 LEARNER]: Refusing update from remote peer 2049900bf8254761b406a2c5fc0ec70f: Log matching property violated. Preceding OpId in replica: term: 1 index: 2. Preceding OpId from leader: term: 1 index: 3. (index mismatch)
I20260710 11:06:22.175770 26246 consensus_queue.cc:1048] T cf97764b11994100ab3d821d08b82c6f P 2049900bf8254761b406a2c5fc0ec70f [LEADER]: Connected to new peer: Peer: permanent_uuid: "ec490296eabe4979baa7424b25bc0a1c" member_type: VOTER last_known_addr { host: "127.24.3.4" port: 38617 } attrs { promote: false }, Status: LMP_MISMATCH, Last received: 0.0, Next index: 3, Last known committed idx: 2, Time since last communication: 0.001s
I20260710 11:06:22.209969 25845 raft_consensus.cc:1275] T 8079c2bee3b44f93a2ea35b8311fa73b P 96d036c7759a48b4a031ea2ab08538fa [term 1 FOLLOWER]: Refusing update from remote peer 2049900bf8254761b406a2c5fc0ec70f: Log matching property violated. Preceding OpId in replica: term: 1 index: 2. Preceding OpId from leader: term: 1 index: 3. (index mismatch)
I20260710 11:06:22.199339 26116 raft_consensus.cc:1275] T 20955a2490a3419d8f1cd191f58c860a P ec490296eabe4979baa7424b25bc0a1c [term 1 LEARNER]: Refusing update from remote peer 1648bb97a8284deb8d03fef6eea925cb: Log matching property violated. Preceding OpId in replica: term: 1 index: 2. Preceding OpId from leader: term: 1 index: 3. (index mismatch)
I20260710 11:06:22.218459 26229 consensus_queue.cc:1048] T 20955a2490a3419d8f1cd191f58c860a P 1648bb97a8284deb8d03fef6eea925cb [LEADER]: Connected to new peer: Peer: permanent_uuid: "ec490296eabe4979baa7424b25bc0a1c" member_type: VOTER last_known_addr { host: "127.24.3.4" port: 38617 } attrs { promote: false }, Status: LMP_MISMATCH, Last received: 0.0, Next index: 3, Last known committed idx: 2, Time since last communication: 0.001s
I20260710 11:06:22.220515 26052 raft_consensus.cc:1064] T 4653c6ae5cba4768bc576c6a37810b9a P 96d036c7759a48b4a031ea2ab08538fa: attempting to promote NON_VOTER ec490296eabe4979baa7424b25bc0a1c to VOTER
I20260710 11:06:22.225673 25696 raft_consensus.cc:2955] T 8079c2bee3b44f93a2ea35b8311fa73b P 1648bb97a8284deb8d03fef6eea925cb [term 1 FOLLOWER]: Committing config change with OpId 1.3: config changed from index 2 to 3, ec490296eabe4979baa7424b25bc0a1c (127.24.3.4) changed from NON_VOTER to VOTER. New config: { opid_index: 3 OBSOLETE_local: false peers { permanent_uuid: "1648bb97a8284deb8d03fef6eea925cb" member_type: VOTER last_known_addr { host: "127.24.3.1" port: 33085 } } peers { permanent_uuid: "2049900bf8254761b406a2c5fc0ec70f" member_type: VOTER last_known_addr { host: "127.24.3.2" port: 38173 } } peers { permanent_uuid: "96d036c7759a48b4a031ea2ab08538fa" member_type: VOTER last_known_addr { host: "127.24.3.3" port: 45193 } attrs { replace: true } } peers { permanent_uuid: "ec490296eabe4979baa7424b25bc0a1c" member_type: VOTER last_known_addr { host: "127.24.3.4" port: 38617 } attrs { promote: false } } }
I20260710 11:06:22.224257 26052 consensus_queue.cc:237] T 4653c6ae5cba4768bc576c6a37810b9a P 96d036c7759a48b4a031ea2ab08538fa [LEADER]: Queue going to LEADER mode. State: All replicated index: 0, Majority replicated index: 2, Committed index: 2, Last appended: 1.2, Last appended by leader: 0, Current term: 1, Majority size: 3, State: 0, Mode: LEADER, active raft config: opid_index: 3 OBSOLETE_local: false peers { permanent_uuid: "1648bb97a8284deb8d03fef6eea925cb" member_type: VOTER last_known_addr { host: "127.24.3.1" port: 33085 } } peers { permanent_uuid: "2049900bf8254761b406a2c5fc0ec70f" member_type: VOTER last_known_addr { host: "127.24.3.2" port: 38173 } attrs { replace: true } } peers { permanent_uuid: "96d036c7759a48b4a031ea2ab08538fa" member_type: VOTER last_known_addr { host: "127.24.3.3" port: 45193 } } peers { permanent_uuid: "ec490296eabe4979baa7424b25bc0a1c" member_type: VOTER last_known_addr { host: "127.24.3.4" port: 38617 } attrs { promote: false } }
I20260710 11:06:22.237027 25845 raft_consensus.cc:1275] T 20955a2490a3419d8f1cd191f58c860a P 96d036c7759a48b4a031ea2ab08538fa [term 1 FOLLOWER]: Refusing update from remote peer 1648bb97a8284deb8d03fef6eea925cb: Log matching property violated. Preceding OpId in replica: term: 1 index: 2. Preceding OpId from leader: term: 1 index: 3. (index mismatch)
I20260710 11:06:22.246980 26287 consensus_queue.cc:1048] T 20955a2490a3419d8f1cd191f58c860a P 1648bb97a8284deb8d03fef6eea925cb [LEADER]: Connected to new peer: Peer: permanent_uuid: "96d036c7759a48b4a031ea2ab08538fa" member_type: VOTER last_known_addr { host: "127.24.3.3" port: 45193 }, Status: LMP_MISMATCH, Last received: 0.0, Next index: 3, Last known committed idx: 2, Time since last communication: 0.000s
I20260710 11:06:22.252128 25845 raft_consensus.cc:1275] T cf97764b11994100ab3d821d08b82c6f P 96d036c7759a48b4a031ea2ab08538fa [term 1 FOLLOWER]: Refusing update from remote peer 2049900bf8254761b406a2c5fc0ec70f: Log matching property violated. Preceding OpId in replica: term: 1 index: 2. Preceding OpId from leader: term: 1 index: 3. (index mismatch)
I20260710 11:06:22.249007 26249 raft_consensus.cc:2955] T cf97764b11994100ab3d821d08b82c6f P 2049900bf8254761b406a2c5fc0ec70f [term 1 LEADER]: Committing config change with OpId 1.3: config changed from index 2 to 3, ec490296eabe4979baa7424b25bc0a1c (127.24.3.4) changed from NON_VOTER to VOTER. New config: { opid_index: 3 OBSOLETE_local: false peers { permanent_uuid: "1648bb97a8284deb8d03fef6eea925cb" member_type: VOTER last_known_addr { host: "127.24.3.1" port: 33085 } attrs { replace: true } } peers { permanent_uuid: "2049900bf8254761b406a2c5fc0ec70f" member_type: VOTER last_known_addr { host: "127.24.3.2" port: 38173 } } peers { permanent_uuid: "96d036c7759a48b4a031ea2ab08538fa" member_type: VOTER last_known_addr { host: "127.24.3.3" port: 45193 } } peers { permanent_uuid: "ec490296eabe4979baa7424b25bc0a1c" member_type: VOTER last_known_addr { host: "127.24.3.4" port: 38617 } attrs { promote: false } } }
I20260710 11:06:22.255374 26279 consensus_queue.cc:1048] T 8079c2bee3b44f93a2ea35b8311fa73b P 2049900bf8254761b406a2c5fc0ec70f [LEADER]: Connected to new peer: Peer: permanent_uuid: "96d036c7759a48b4a031ea2ab08538fa" member_type: VOTER last_known_addr { host: "127.24.3.3" port: 45193 } attrs { replace: true }, Status: LMP_MISMATCH, Last received: 0.0, Next index: 3, Last known committed idx: 2, Time since last communication: 0.018s
I20260710 11:06:22.299266 26292 consensus_queue.cc:1048] T cf97764b11994100ab3d821d08b82c6f P 2049900bf8254761b406a2c5fc0ec70f [LEADER]: Connected to new peer: Peer: permanent_uuid: "96d036c7759a48b4a031ea2ab08538fa" member_type: VOTER last_known_addr { host: "127.24.3.3" port: 45193 }, Status: LMP_MISMATCH, Last received: 0.0, Next index: 3, Last known committed idx: 2, Time since last communication: 0.001s
I20260710 11:06:22.335614 25771 raft_consensus.cc:1275] T 20955a2490a3419d8f1cd191f58c860a P 2049900bf8254761b406a2c5fc0ec70f [term 1 FOLLOWER]: Refusing update from remote peer 1648bb97a8284deb8d03fef6eea925cb: Log matching property violated. Preceding OpId in replica: term: 1 index: 2. Preceding OpId from leader: term: 1 index: 3. (index mismatch)
I20260710 11:06:22.339726 25774 raft_consensus.cc:1275] T 4653c6ae5cba4768bc576c6a37810b9a P 2049900bf8254761b406a2c5fc0ec70f [term 1 FOLLOWER]: Refusing update from remote peer 96d036c7759a48b4a031ea2ab08538fa: Log matching property violated. Preceding OpId in replica: term: 1 index: 2. Preceding OpId from leader: term: 1 index: 3. (index mismatch)
I20260710 11:06:22.258061 26118 raft_consensus.cc:2955] T cf97764b11994100ab3d821d08b82c6f P ec490296eabe4979baa7424b25bc0a1c [term 1 FOLLOWER]: Committing config change with OpId 1.3: config changed from index 2 to 3, ec490296eabe4979baa7424b25bc0a1c (127.24.3.4) changed from NON_VOTER to VOTER. New config: { opid_index: 3 OBSOLETE_local: false peers { permanent_uuid: "1648bb97a8284deb8d03fef6eea925cb" member_type: VOTER last_known_addr { host: "127.24.3.1" port: 33085 } attrs { replace: true } } peers { permanent_uuid: "2049900bf8254761b406a2c5fc0ec70f" member_type: VOTER last_known_addr { host: "127.24.3.2" port: 38173 } } peers { permanent_uuid: "96d036c7759a48b4a031ea2ab08538fa" member_type: VOTER last_known_addr { host: "127.24.3.3" port: 45193 } } peers { permanent_uuid: "ec490296eabe4979baa7424b25bc0a1c" member_type: VOTER last_known_addr { host: "127.24.3.4" port: 38617 } attrs { promote: false } } }
I20260710 11:06:22.341799 26281 consensus_queue.cc:1048] T 4653c6ae5cba4768bc576c6a37810b9a P 96d036c7759a48b4a031ea2ab08538fa [LEADER]: Connected to new peer: Peer: permanent_uuid: "2049900bf8254761b406a2c5fc0ec70f" member_type: VOTER last_known_addr { host: "127.24.3.2" port: 38173 } attrs { replace: true }, Status: LMP_MISMATCH, Last received: 0.0, Next index: 3, Last known committed idx: 2, Time since last communication: 0.000s
I20260710 11:06:22.344818 26122 raft_consensus.cc:2955] T 20955a2490a3419d8f1cd191f58c860a P ec490296eabe4979baa7424b25bc0a1c [term 1 FOLLOWER]: Committing config change with OpId 1.3: config changed from index 2 to 3, ec490296eabe4979baa7424b25bc0a1c (127.24.3.4) changed from NON_VOTER to VOTER. New config: { opid_index: 3 OBSOLETE_local: false peers { permanent_uuid: "1648bb97a8284deb8d03fef6eea925cb" member_type: VOTER last_known_addr { host: "127.24.3.1" port: 33085 } } peers { permanent_uuid: "2049900bf8254761b406a2c5fc0ec70f" member_type: VOTER last_known_addr { host: "127.24.3.2" port: 38173 } attrs { replace: true } } peers { permanent_uuid: "96d036c7759a48b4a031ea2ab08538fa" member_type: VOTER last_known_addr { host: "127.24.3.3" port: 45193 } } peers { permanent_uuid: "ec490296eabe4979baa7424b25bc0a1c" member_type: VOTER last_known_addr { host: "127.24.3.4" port: 38617 } attrs { promote: false } } }
I20260710 11:06:22.343590 26116 raft_consensus.cc:1275] T 4653c6ae5cba4768bc576c6a37810b9a P ec490296eabe4979baa7424b25bc0a1c [term 1 LEARNER]: Refusing update from remote peer 96d036c7759a48b4a031ea2ab08538fa: Log matching property violated. Preceding OpId in replica: term: 1 index: 2. Preceding OpId from leader: term: 1 index: 3. (index mismatch)
I20260710 11:06:22.346691 25847 raft_consensus.cc:2955] T 8079c2bee3b44f93a2ea35b8311fa73b P 96d036c7759a48b4a031ea2ab08538fa [term 1 FOLLOWER]: Committing config change with OpId 1.3: config changed from index 2 to 3, ec490296eabe4979baa7424b25bc0a1c (127.24.3.4) changed from NON_VOTER to VOTER. New config: { opid_index: 3 OBSOLETE_local: false peers { permanent_uuid: "1648bb97a8284deb8d03fef6eea925cb" member_type: VOTER last_known_addr { host: "127.24.3.1" port: 33085 } } peers { permanent_uuid: "2049900bf8254761b406a2c5fc0ec70f" member_type: VOTER last_known_addr { host: "127.24.3.2" port: 38173 } } peers { permanent_uuid: "96d036c7759a48b4a031ea2ab08538fa" member_type: VOTER last_known_addr { host: "127.24.3.3" port: 45193 } attrs { replace: true } } peers { permanent_uuid: "ec490296eabe4979baa7424b25bc0a1c" member_type: VOTER last_known_addr { host: "127.24.3.4" port: 38617 } attrs { promote: false } } }
I20260710 11:06:22.351405 25695 raft_consensus.cc:1275] T 4653c6ae5cba4768bc576c6a37810b9a P 1648bb97a8284deb8d03fef6eea925cb [term 1 FOLLOWER]: Refusing update from remote peer 96d036c7759a48b4a031ea2ab08538fa: Log matching property violated. Preceding OpId in replica: term: 1 index: 2. Preceding OpId from leader: term: 1 index: 3. (index mismatch)
I20260710 11:06:22.337222 26271 raft_consensus.cc:2955] T 20955a2490a3419d8f1cd191f58c860a P 1648bb97a8284deb8d03fef6eea925cb [term 1 LEADER]: Committing config change with OpId 1.3: config changed from index 2 to 3, ec490296eabe4979baa7424b25bc0a1c (127.24.3.4) changed from NON_VOTER to VOTER. New config: { opid_index: 3 OBSOLETE_local: false peers { permanent_uuid: "1648bb97a8284deb8d03fef6eea925cb" member_type: VOTER last_known_addr { host: "127.24.3.1" port: 33085 } } peers { permanent_uuid: "2049900bf8254761b406a2c5fc0ec70f" member_type: VOTER last_known_addr { host: "127.24.3.2" port: 38173 } attrs { replace: true } } peers { permanent_uuid: "96d036c7759a48b4a031ea2ab08538fa" member_type: VOTER last_known_addr { host: "127.24.3.3" port: 45193 } } peers { permanent_uuid: "ec490296eabe4979baa7424b25bc0a1c" member_type: VOTER last_known_addr { host: "127.24.3.4" port: 38617 } attrs { promote: false } } }
I20260710 11:06:22.358220 25595 catalog_manager.cc:5697] T 8079c2bee3b44f93a2ea35b8311fa73b P ec490296eabe4979baa7424b25bc0a1c reported cstate change: config changed from index 2 to 3, ec490296eabe4979baa7424b25bc0a1c (127.24.3.4) changed from NON_VOTER to VOTER. New cstate: current_term: 1 leader_uuid: "2049900bf8254761b406a2c5fc0ec70f" committed_config { opid_index: 3 OBSOLETE_local: false peers { permanent_uuid: "1648bb97a8284deb8d03fef6eea925cb" member_type: VOTER last_known_addr { host: "127.24.3.1" port: 33085 } } peers { permanent_uuid: "2049900bf8254761b406a2c5fc0ec70f" member_type: VOTER last_known_addr { host: "127.24.3.2" port: 38173 } } peers { permanent_uuid: "96d036c7759a48b4a031ea2ab08538fa" member_type: VOTER last_known_addr { host: "127.24.3.3" port: 45193 } attrs { replace: true } } peers { permanent_uuid: "ec490296eabe4979baa7424b25bc0a1c" member_type: VOTER last_known_addr { host: "127.24.3.4" port: 38617 } attrs { promote: false } } }
