I20260710 11:06:22.183087 19766 raft_consensus.cc:2955] T 6f0285da4669410ba101628b49272148 P 4740ac5ef6194447823a9b9587bde70c [term 1 LEADER]: Committing config change with OpId 1.2: config changed from index -1 to 2, NON_VOTER 94d496d701f742c496095a7545933fe0 (127.17.175.68) added. New config: { opid_index: 2 OBSOLETE_local: false peers { permanent_uuid: "4740ac5ef6194447823a9b9587bde70c" member_type: VOTER last_known_addr { host: "127.17.175.65" port: 39379 } } peers { permanent_uuid: "2361e4a5f3aa499a8297b238d07b121f" member_type: VOTER last_known_addr { host: "127.17.175.66" port: 45145 } } peers { permanent_uuid: "7a343d868baa450398d8085ce3179498" member_type: VOTER last_known_addr { host: "127.17.175.67" port: 34781 } attrs { replace: true } } peers { permanent_uuid: "94d496d701f742c496095a7545933fe0" member_type: NON_VOTER last_known_addr { host: "127.17.175.68" port: 34773 } attrs { promote: true } } }
I20260710 11:06:22.184873 19377 raft_consensus.cc:2955] T 6f0285da4669410ba101628b49272148 P 7a343d868baa450398d8085ce3179498 [term 1 FOLLOWER]: Committing config change with OpId 1.2: config changed from index -1 to 2, NON_VOTER 94d496d701f742c496095a7545933fe0 (127.17.175.68) added. New config: { opid_index: 2 OBSOLETE_local: false peers { permanent_uuid: "4740ac5ef6194447823a9b9587bde70c" member_type: VOTER last_known_addr { host: "127.17.175.65" port: 39379 } } peers { permanent_uuid: "2361e4a5f3aa499a8297b238d07b121f" member_type: VOTER last_known_addr { host: "127.17.175.66" port: 45145 } } peers { permanent_uuid: "7a343d868baa450398d8085ce3179498" member_type: VOTER last_known_addr { host: "127.17.175.67" port: 34781 } attrs { replace: true } } peers { permanent_uuid: "94d496d701f742c496095a7545933fe0" member_type: NON_VOTER last_known_addr { host: "127.17.175.68" port: 34773 } attrs { promote: true } } }
I20260710 11:06:22.186962 19303 raft_consensus.cc:2955] T 6f0285da4669410ba101628b49272148 P 2361e4a5f3aa499a8297b238d07b121f [term 1 FOLLOWER]: Committing config change with OpId 1.2: config changed from index -1 to 2, NON_VOTER 94d496d701f742c496095a7545933fe0 (127.17.175.68) added. New config: { opid_index: 2 OBSOLETE_local: false peers { permanent_uuid: "4740ac5ef6194447823a9b9587bde70c" member_type: VOTER last_known_addr { host: "127.17.175.65" port: 39379 } } peers { permanent_uuid: "2361e4a5f3aa499a8297b238d07b121f" member_type: VOTER last_known_addr { host: "127.17.175.66" port: 45145 } } peers { permanent_uuid: "7a343d868baa450398d8085ce3179498" member_type: VOTER last_known_addr { host: "127.17.175.67" port: 34781 } attrs { replace: true } } peers { permanent_uuid: "94d496d701f742c496095a7545933fe0" member_type: NON_VOTER last_known_addr { host: "127.17.175.68" port: 34773 } attrs { promote: true } } }
I20260710 11:06:22.201584 19126 catalog_manager.cc:5697] T 6f0285da4669410ba101628b49272148 P 2361e4a5f3aa499a8297b238d07b121f reported cstate change: config changed from index -1 to 2, NON_VOTER 94d496d701f742c496095a7545933fe0 (127.17.175.68) added. New cstate: current_term: 1 leader_uuid: "4740ac5ef6194447823a9b9587bde70c" committed_config { opid_index: 2 OBSOLETE_local: false peers { permanent_uuid: "4740ac5ef6194447823a9b9587bde70c" member_type: VOTER last_known_addr { host: "127.17.175.65" port: 39379 } } peers { permanent_uuid: "2361e4a5f3aa499a8297b238d07b121f" member_type: VOTER last_known_addr { host: "127.17.175.66" port: 45145 } } peers { permanent_uuid: "7a343d868baa450398d8085ce3179498" member_type: VOTER last_known_addr { host: "127.17.175.67" port: 34781 } attrs { replace: true } } peers { permanent_uuid: "94d496d701f742c496095a7545933fe0" member_type: NON_VOTER last_known_addr { host: "127.17.175.68" port: 34773 } attrs { promote: true } } }
I20260710 11:06:22.394836 19845 ts_tablet_manager.cc:933] T 7c4f1952201444f98bfe6491697ab684 P 94d496d701f742c496095a7545933fe0: Initiating tablet copy from peer 4740ac5ef6194447823a9b9587bde70c (127.17.175.65:39379)
I20260710 11:06:22.397037 19845 tablet_copy_client.cc:323] T 7c4f1952201444f98bfe6491697ab684 P 94d496d701f742c496095a7545933fe0: tablet copy: Beginning tablet copy session from remote peer at address 127.17.175.65:39379
I20260710 11:06:22.399035 19238 tablet_copy_service.cc:140] P 4740ac5ef6194447823a9b9587bde70c: Received BeginTabletCopySession request for tablet 7c4f1952201444f98bfe6491697ab684 from peer 94d496d701f742c496095a7545933fe0 ({username='slave'} at 127.0.0.1:44582)
I20260710 11:06:22.399564 19238 tablet_copy_service.cc:161] P 4740ac5ef6194447823a9b9587bde70c: Beginning new tablet copy session on tablet 7c4f1952201444f98bfe6491697ab684 from peer 94d496d701f742c496095a7545933fe0 at {username='slave'} at 127.0.0.1:44582: session id = 94d496d701f742c496095a7545933fe0-7c4f1952201444f98bfe6491697ab684
I20260710 11:06:22.408203 19238 tablet_copy_source_session.cc:215] T 7c4f1952201444f98bfe6491697ab684 P 4740ac5ef6194447823a9b9587bde70c: Tablet Copy: opened 0 blocks and 1 log segments
I20260710 11:06:22.412741 19845 data_dirs.cc:400] Could only allocate 1 dirs of requested 3 for tablet 7c4f1952201444f98bfe6491697ab684. 1 dirs total, 0 dirs full, 0 dirs failed
I20260710 11:06:22.435724 19845 tablet_copy_client.cc:806] T 7c4f1952201444f98bfe6491697ab684 P 94d496d701f742c496095a7545933fe0: tablet copy: Starting download of 0 data blocks...
I20260710 11:06:22.436427 19845 tablet_copy_client.cc:670] T 7c4f1952201444f98bfe6491697ab684 P 94d496d701f742c496095a7545933fe0: tablet copy: Starting download of 1 WAL segments...
I20260710 11:06:22.440888 19845 tablet_copy_client.cc:538] T 7c4f1952201444f98bfe6491697ab684 P 94d496d701f742c496095a7545933fe0: tablet copy: Tablet Copy complete. Replacing tablet superblock.
I20260710 11:06:22.451403 19845 tablet_bootstrap.cc:492] T 7c4f1952201444f98bfe6491697ab684 P 94d496d701f742c496095a7545933fe0: Bootstrap starting.
I20260710 11:06:22.473599 19845 tablet_bootstrap.cc:492] T 7c4f1952201444f98bfe6491697ab684 P 94d496d701f742c496095a7545933fe0: Bootstrap replayed 1/1 log segments. Stats: ops{read=2 overwritten=0 applied=2 ignored=0} inserts{seen=0 ignored=0} mutations{seen=0 ignored=0} orphaned_commits=0. Pending: 0 replicates
I20260710 11:06:22.474597 19845 tablet_bootstrap.cc:492] T 7c4f1952201444f98bfe6491697ab684 P 94d496d701f742c496095a7545933fe0: Bootstrap complete.
I20260710 11:06:22.475337 19845 ts_tablet_manager.cc:1403] T 7c4f1952201444f98bfe6491697ab684 P 94d496d701f742c496095a7545933fe0: Time spent bootstrapping tablet: real 0.024s	user 0.014s	sys 0.009s
I20260710 11:06:22.478462 19845 raft_consensus.cc:359] T 7c4f1952201444f98bfe6491697ab684 P 94d496d701f742c496095a7545933fe0 [term 1 LEARNER]: Replica starting. Triggering 0 pending ops. Active config: opid_index: 2 OBSOLETE_local: false peers { permanent_uuid: "4740ac5ef6194447823a9b9587bde70c" member_type: VOTER last_known_addr { host: "127.17.175.65" port: 39379 } } peers { permanent_uuid: "2361e4a5f3aa499a8297b238d07b121f" member_type: VOTER last_known_addr { host: "127.17.175.66" port: 45145 } attrs { replace: true } } peers { permanent_uuid: "7a343d868baa450398d8085ce3179498" member_type: VOTER last_known_addr { host: "127.17.175.67" port: 34781 } } peers { permanent_uuid: "94d496d701f742c496095a7545933fe0" member_type: NON_VOTER last_known_addr { host: "127.17.175.68" port: 34773 } attrs { promote: true } }
I20260710 11:06:22.479404 19845 raft_consensus.cc:740] T 7c4f1952201444f98bfe6491697ab684 P 94d496d701f742c496095a7545933fe0 [term 1 LEARNER]: Becoming Follower/Learner. State: Replica: 94d496d701f742c496095a7545933fe0, State: Initialized, Role: LEARNER
I20260710 11:06:22.480114 19845 consensus_queue.cc:260] T 7c4f1952201444f98bfe6491697ab684 P 94d496d701f742c496095a7545933fe0 [NON_LEADER]: Queue going to NON_LEADER mode. State: All replicated index: 0, Majority replicated index: 0, Committed index: 2, Last appended: 1.2, Last appended by leader: 2, Current term: 0, Majority size: -1, State: 0, Mode: NON_LEADER, active raft config: opid_index: 2 OBSOLETE_local: false peers { permanent_uuid: "4740ac5ef6194447823a9b9587bde70c" member_type: VOTER last_known_addr { host: "127.17.175.65" port: 39379 } } peers { permanent_uuid: "2361e4a5f3aa499a8297b238d07b121f" member_type: VOTER last_known_addr { host: "127.17.175.66" port: 45145 } attrs { replace: true } } peers { permanent_uuid: "7a343d868baa450398d8085ce3179498" member_type: VOTER last_known_addr { host: "127.17.175.67" port: 34781 } } peers { permanent_uuid: "94d496d701f742c496095a7545933fe0" member_type: NON_VOTER last_known_addr { host: "127.17.175.68" port: 34773 } attrs { promote: true } }
I20260710 11:06:22.497812 19845 ts_tablet_manager.cc:1434] T 7c4f1952201444f98bfe6491697ab684 P 94d496d701f742c496095a7545933fe0: Time spent starting tablet: real 0.022s	user 0.021s	sys 0.000s
I20260710 11:06:22.499845 19238 tablet_copy_service.cc:342] P 4740ac5ef6194447823a9b9587bde70c: Request end of tablet copy session 94d496d701f742c496095a7545933fe0-7c4f1952201444f98bfe6491697ab684 received from {username='slave'} at 127.0.0.1:44582
I20260710 11:06:22.500344 19238 tablet_copy_service.cc:434] P 4740ac5ef6194447823a9b9587bde70c: ending tablet copy session 94d496d701f742c496095a7545933fe0-7c4f1952201444f98bfe6491697ab684 on tablet 7c4f1952201444f98bfe6491697ab684 with peer 94d496d701f742c496095a7545933fe0
I20260710 11:06:22.558503 19845 ts_tablet_manager.cc:933] T 330c463eb3d7404b9f1e8cdc4058c533 P 94d496d701f742c496095a7545933fe0: Initiating tablet copy from peer 7a343d868baa450398d8085ce3179498 (127.17.175.67:34781)
I20260710 11:06:22.560410 19845 tablet_copy_client.cc:323] T 330c463eb3d7404b9f1e8cdc4058c533 P 94d496d701f742c496095a7545933fe0: tablet copy: Beginning tablet copy session from remote peer at address 127.17.175.67:34781
I20260710 11:06:22.562132 19387 tablet_copy_service.cc:140] P 7a343d868baa450398d8085ce3179498: Received BeginTabletCopySession request for tablet 330c463eb3d7404b9f1e8cdc4058c533 from peer 94d496d701f742c496095a7545933fe0 ({username='slave'} at 127.0.0.1:34390)
I20260710 11:06:22.562716 19387 tablet_copy_service.cc:161] P 7a343d868baa450398d8085ce3179498: Beginning new tablet copy session on tablet 330c463eb3d7404b9f1e8cdc4058c533 from peer 94d496d701f742c496095a7545933fe0 at {username='slave'} at 127.0.0.1:34390: session id = 94d496d701f742c496095a7545933fe0-330c463eb3d7404b9f1e8cdc4058c533
I20260710 11:06:22.573079 19387 tablet_copy_source_session.cc:215] T 330c463eb3d7404b9f1e8cdc4058c533 P 7a343d868baa450398d8085ce3179498: Tablet Copy: opened 0 blocks and 1 log segments
I20260710 11:06:22.580842 19845 data_dirs.cc:400] Could only allocate 1 dirs of requested 3 for tablet 330c463eb3d7404b9f1e8cdc4058c533. 1 dirs total, 0 dirs full, 0 dirs failed
I20260710 11:06:22.598448 19845 tablet_copy_client.cc:806] T 330c463eb3d7404b9f1e8cdc4058c533 P 94d496d701f742c496095a7545933fe0: tablet copy: Starting download of 0 data blocks...
I20260710 11:06:22.599314 19845 tablet_copy_client.cc:670] T 330c463eb3d7404b9f1e8cdc4058c533 P 94d496d701f742c496095a7545933fe0: tablet copy: Starting download of 1 WAL segments...
I20260710 11:06:22.603200 19845 tablet_copy_client.cc:538] T 330c463eb3d7404b9f1e8cdc4058c533 P 94d496d701f742c496095a7545933fe0: tablet copy: Tablet Copy complete. Replacing tablet superblock.
I20260710 11:06:22.612465 19845 tablet_bootstrap.cc:492] T 330c463eb3d7404b9f1e8cdc4058c533 P 94d496d701f742c496095a7545933fe0: Bootstrap starting.
I20260710 11:06:22.633533 19845 tablet_bootstrap.cc:492] T 330c463eb3d7404b9f1e8cdc4058c533 P 94d496d701f742c496095a7545933fe0: Bootstrap replayed 1/1 log segments. Stats: ops{read=2 overwritten=0 applied=2 ignored=0} inserts{seen=0 ignored=0} mutations{seen=0 ignored=0} orphaned_commits=0. Pending: 0 replicates
I20260710 11:06:22.635346 19845 tablet_bootstrap.cc:492] T 330c463eb3d7404b9f1e8cdc4058c533 P 94d496d701f742c496095a7545933fe0: Bootstrap complete.
I20260710 11:06:22.636266 19845 ts_tablet_manager.cc:1403] T 330c463eb3d7404b9f1e8cdc4058c533 P 94d496d701f742c496095a7545933fe0: Time spent bootstrapping tablet: real 0.024s	user 0.022s	sys 0.001s
I20260710 11:06:22.639341 19845 raft_consensus.cc:359] T 330c463eb3d7404b9f1e8cdc4058c533 P 94d496d701f742c496095a7545933fe0 [term 1 LEARNER]: Replica starting. Triggering 0 pending ops. Active config: opid_index: 2 OBSOLETE_local: false peers { permanent_uuid: "4740ac5ef6194447823a9b9587bde70c" member_type: VOTER last_known_addr { host: "127.17.175.65" port: 39379 } attrs { replace: true } } peers { permanent_uuid: "2361e4a5f3aa499a8297b238d07b121f" member_type: VOTER last_known_addr { host: "127.17.175.66" port: 45145 } } peers { permanent_uuid: "7a343d868baa450398d8085ce3179498" member_type: VOTER last_known_addr { host: "127.17.175.67" port: 34781 } } peers { permanent_uuid: "94d496d701f742c496095a7545933fe0" member_type: NON_VOTER last_known_addr { host: "127.17.175.68" port: 34773 } attrs { promote: true } }
I20260710 11:06:22.640333 19845 raft_consensus.cc:740] T 330c463eb3d7404b9f1e8cdc4058c533 P 94d496d701f742c496095a7545933fe0 [term 1 LEARNER]: Becoming Follower/Learner. State: Replica: 94d496d701f742c496095a7545933fe0, State: Initialized, Role: LEARNER
I20260710 11:06:22.641247 19845 consensus_queue.cc:260] T 330c463eb3d7404b9f1e8cdc4058c533 P 94d496d701f742c496095a7545933fe0 [NON_LEADER]: Queue going to NON_LEADER mode. State: All replicated index: 0, Majority replicated index: 0, Committed index: 2, Last appended: 1.2, Last appended by leader: 2, Current term: 0, Majority size: -1, State: 0, Mode: NON_LEADER, active raft config: opid_index: 2 OBSOLETE_local: false peers { permanent_uuid: "4740ac5ef6194447823a9b9587bde70c" member_type: VOTER last_known_addr { host: "127.17.175.65" port: 39379 } attrs { replace: true } } peers { permanent_uuid: "2361e4a5f3aa499a8297b238d07b121f" member_type: VOTER last_known_addr { host: "127.17.175.66" port: 45145 } } peers { permanent_uuid: "7a343d868baa450398d8085ce3179498" member_type: VOTER last_known_addr { host: "127.17.175.67" port: 34781 } } peers { permanent_uuid: "94d496d701f742c496095a7545933fe0" member_type: NON_VOTER last_known_addr { host: "127.17.175.68" port: 34773 } attrs { promote: true } }
I20260710 11:06:22.644639 19845 ts_tablet_manager.cc:1434] T 330c463eb3d7404b9f1e8cdc4058c533 P 94d496d701f742c496095a7545933fe0: Time spent starting tablet: real 0.008s	user 0.007s	sys 0.000s
I20260710 11:06:22.646660 19387 tablet_copy_service.cc:342] P 7a343d868baa450398d8085ce3179498: Request end of tablet copy session 94d496d701f742c496095a7545933fe0-330c463eb3d7404b9f1e8cdc4058c533 received from {username='slave'} at 127.0.0.1:34390
I20260710 11:06:22.647120 19387 tablet_copy_service.cc:434] P 7a343d868baa450398d8085ce3179498: ending tablet copy session 94d496d701f742c496095a7545933fe0-330c463eb3d7404b9f1e8cdc4058c533 on tablet 330c463eb3d7404b9f1e8cdc4058c533 with peer 94d496d701f742c496095a7545933fe0
I20260710 11:06:22.666347 19845 ts_tablet_manager.cc:933] T e96e1060d52c4323a37351c29b23cf39 P 94d496d701f742c496095a7545933fe0: Initiating tablet copy from peer 7a343d868baa450398d8085ce3179498 (127.17.175.67:34781)
I20260710 11:06:22.668087 19845 tablet_copy_client.cc:323] T e96e1060d52c4323a37351c29b23cf39 P 94d496d701f742c496095a7545933fe0: tablet copy: Beginning tablet copy session from remote peer at address 127.17.175.67:34781
I20260710 11:06:22.669771 19387 tablet_copy_service.cc:140] P 7a343d868baa450398d8085ce3179498: Received BeginTabletCopySession request for tablet e96e1060d52c4323a37351c29b23cf39 from peer 94d496d701f742c496095a7545933fe0 ({username='slave'} at 127.0.0.1:34390)
I20260710 11:06:22.670356 19387 tablet_copy_service.cc:161] P 7a343d868baa450398d8085ce3179498: Beginning new tablet copy session on tablet e96e1060d52c4323a37351c29b23cf39 from peer 94d496d701f742c496095a7545933fe0 at {username='slave'} at 127.0.0.1:34390: session id = 94d496d701f742c496095a7545933fe0-e96e1060d52c4323a37351c29b23cf39
I20260710 11:06:22.678588 19387 tablet_copy_source_session.cc:215] T e96e1060d52c4323a37351c29b23cf39 P 7a343d868baa450398d8085ce3179498: Tablet Copy: opened 0 blocks and 1 log segments
I20260710 11:06:22.681943 19845 data_dirs.cc:400] Could only allocate 1 dirs of requested 3 for tablet e96e1060d52c4323a37351c29b23cf39. 1 dirs total, 0 dirs full, 0 dirs failed
I20260710 11:06:22.703851 19845 tablet_copy_client.cc:806] T e96e1060d52c4323a37351c29b23cf39 P 94d496d701f742c496095a7545933fe0: tablet copy: Starting download of 0 data blocks...
I20260710 11:06:22.704512 19845 tablet_copy_client.cc:670] T e96e1060d52c4323a37351c29b23cf39 P 94d496d701f742c496095a7545933fe0: tablet copy: Starting download of 1 WAL segments...
I20260710 11:06:22.708606 19845 tablet_copy_client.cc:538] T e96e1060d52c4323a37351c29b23cf39 P 94d496d701f742c496095a7545933fe0: tablet copy: Tablet Copy complete. Replacing tablet superblock.
I20260710 11:06:22.719674 19845 tablet_bootstrap.cc:492] T e96e1060d52c4323a37351c29b23cf39 P 94d496d701f742c496095a7545933fe0: Bootstrap starting.
I20260710 11:06:22.739125 19845 tablet_bootstrap.cc:492] T e96e1060d52c4323a37351c29b23cf39 P 94d496d701f742c496095a7545933fe0: Bootstrap replayed 1/1 log segments. Stats: ops{read=2 overwritten=0 applied=2 ignored=0} inserts{seen=0 ignored=0} mutations{seen=0 ignored=0} orphaned_commits=0. Pending: 0 replicates
I20260710 11:06:22.740017 19845 tablet_bootstrap.cc:492] T e96e1060d52c4323a37351c29b23cf39 P 94d496d701f742c496095a7545933fe0: Bootstrap complete.
I20260710 11:06:22.740697 19845 ts_tablet_manager.cc:1403] T e96e1060d52c4323a37351c29b23cf39 P 94d496d701f742c496095a7545933fe0: Time spent bootstrapping tablet: real 0.021s	user 0.016s	sys 0.003s
I20260710 11:06:22.743501 19845 raft_consensus.cc:359] T e96e1060d52c4323a37351c29b23cf39 P 94d496d701f742c496095a7545933fe0 [term 1 LEARNER]: Replica starting. Triggering 0 pending ops. Active config: opid_index: 2 OBSOLETE_local: false peers { permanent_uuid: "4740ac5ef6194447823a9b9587bde70c" member_type: VOTER last_known_addr { host: "127.17.175.65" port: 39379 } } peers { permanent_uuid: "2361e4a5f3aa499a8297b238d07b121f" member_type: VOTER last_known_addr { host: "127.17.175.66" port: 45145 } attrs { replace: true } } peers { permanent_uuid: "7a343d868baa450398d8085ce3179498" member_type: VOTER last_known_addr { host: "127.17.175.67" port: 34781 } } peers { permanent_uuid: "94d496d701f742c496095a7545933fe0" member_type: NON_VOTER last_known_addr { host: "127.17.175.68" port: 34773 } attrs { promote: true } }
I20260710 11:06:22.744333 19845 raft_consensus.cc:740] T e96e1060d52c4323a37351c29b23cf39 P 94d496d701f742c496095a7545933fe0 [term 1 LEARNER]: Becoming Follower/Learner. State: Replica: 94d496d701f742c496095a7545933fe0, State: Initialized, Role: LEARNER
I20260710 11:06:22.744966 19845 consensus_queue.cc:260] T e96e1060d52c4323a37351c29b23cf39 P 94d496d701f742c496095a7545933fe0 [NON_LEADER]: Queue going to NON_LEADER mode. State: All replicated index: 0, Majority replicated index: 0, Committed index: 2, Last appended: 1.2, Last appended by leader: 2, Current term: 0, Majority size: -1, State: 0, Mode: NON_LEADER, active raft config: opid_index: 2 OBSOLETE_local: false peers { permanent_uuid: "4740ac5ef6194447823a9b9587bde70c" member_type: VOTER last_known_addr { host: "127.17.175.65" port: 39379 } } peers { permanent_uuid: "2361e4a5f3aa499a8297b238d07b121f" member_type: VOTER last_known_addr { host: "127.17.175.66" port: 45145 } attrs { replace: true } } peers { permanent_uuid: "7a343d868baa450398d8085ce3179498" member_type: VOTER last_known_addr { host: "127.17.175.67" port: 34781 } } peers { permanent_uuid: "94d496d701f742c496095a7545933fe0" member_type: NON_VOTER last_known_addr { host: "127.17.175.68" port: 34773 } attrs { promote: true } }
I20260710 11:06:22.747318 19845 ts_tablet_manager.cc:1434] T e96e1060d52c4323a37351c29b23cf39 P 94d496d701f742c496095a7545933fe0: Time spent starting tablet: real 0.006s	user 0.008s	sys 0.000s
I20260710 11:06:22.749719 19387 tablet_copy_service.cc:342] P 7a343d868baa450398d8085ce3179498: Request end of tablet copy session 94d496d701f742c496095a7545933fe0-e96e1060d52c4323a37351c29b23cf39 received from {username='slave'} at 127.0.0.1:34390
I20260710 11:06:22.750147 19387 tablet_copy_service.cc:434] P 7a343d868baa450398d8085ce3179498: ending tablet copy session 94d496d701f742c496095a7545933fe0-e96e1060d52c4323a37351c29b23cf39 on tablet e96e1060d52c4323a37351c29b23cf39 with peer 94d496d701f742c496095a7545933fe0
I20260710 11:06:22.774269 19845 ts_tablet_manager.cc:933] T 6f0285da4669410ba101628b49272148 P 94d496d701f742c496095a7545933fe0: Initiating tablet copy from peer 4740ac5ef6194447823a9b9587bde70c (127.17.175.65:39379)
I20260710 11:06:22.776964 19845 tablet_copy_client.cc:323] T 6f0285da4669410ba101628b49272148 P 94d496d701f742c496095a7545933fe0: tablet copy: Beginning tablet copy session from remote peer at address 127.17.175.65:39379
I20260710 11:06:22.778604 19238 tablet_copy_service.cc:140] P 4740ac5ef6194447823a9b9587bde70c: Received BeginTabletCopySession request for tablet 6f0285da4669410ba101628b49272148 from peer 94d496d701f742c496095a7545933fe0 ({username='slave'} at 127.0.0.1:44582)
I20260710 11:06:22.779160 19238 tablet_copy_service.cc:161] P 4740ac5ef6194447823a9b9587bde70c: Beginning new tablet copy session on tablet 6f0285da4669410ba101628b49272148 from peer 94d496d701f742c496095a7545933fe0 at {username='slave'} at 127.0.0.1:44582: session id = 94d496d701f742c496095a7545933fe0-6f0285da4669410ba101628b49272148
I20260710 11:06:22.785291 19238 tablet_copy_source_session.cc:215] T 6f0285da4669410ba101628b49272148 P 4740ac5ef6194447823a9b9587bde70c: Tablet Copy: opened 0 blocks and 1 log segments
I20260710 11:06:22.788314 19845 data_dirs.cc:400] Could only allocate 1 dirs of requested 3 for tablet 6f0285da4669410ba101628b49272148. 1 dirs total, 0 dirs full, 0 dirs failed
I20260710 11:06:22.803884 19845 tablet_copy_client.cc:806] T 6f0285da4669410ba101628b49272148 P 94d496d701f742c496095a7545933fe0: tablet copy: Starting download of 0 data blocks...
I20260710 11:06:22.804440 19845 tablet_copy_client.cc:670] T 6f0285da4669410ba101628b49272148 P 94d496d701f742c496095a7545933fe0: tablet copy: Starting download of 1 WAL segments...
I20260710 11:06:22.808525 19845 tablet_copy_client.cc:538] T 6f0285da4669410ba101628b49272148 P 94d496d701f742c496095a7545933fe0: tablet copy: Tablet Copy complete. Replacing tablet superblock.
I20260710 11:06:22.817421 19845 tablet_bootstrap.cc:492] T 6f0285da4669410ba101628b49272148 P 94d496d701f742c496095a7545933fe0: Bootstrap starting.
I20260710 11:06:22.840132 19845 tablet_bootstrap.cc:492] T 6f0285da4669410ba101628b49272148 P 94d496d701f742c496095a7545933fe0: Bootstrap replayed 1/1 log segments. Stats: ops{read=2 overwritten=0 applied=2 ignored=0} inserts{seen=0 ignored=0} mutations{seen=0 ignored=0} orphaned_commits=0. Pending: 0 replicates
I20260710 11:06:22.841061 19845 tablet_bootstrap.cc:492] T 6f0285da4669410ba101628b49272148 P 94d496d701f742c496095a7545933fe0: Bootstrap complete.
I20260710 11:06:22.841733 19845 ts_tablet_manager.cc:1403] T 6f0285da4669410ba101628b49272148 P 94d496d701f742c496095a7545933fe0: Time spent bootstrapping tablet: real 0.025s	user 0.023s	sys 0.000s
I20260710 11:06:22.844619 19845 raft_consensus.cc:359] T 6f0285da4669410ba101628b49272148 P 94d496d701f742c496095a7545933fe0 [term 1 LEARNER]: Replica starting. Triggering 0 pending ops. Active config: opid_index: 2 OBSOLETE_local: false peers { permanent_uuid: "4740ac5ef6194447823a9b9587bde70c" member_type: VOTER last_known_addr { host: "127.17.175.65" port: 39379 } } peers { permanent_uuid: "2361e4a5f3aa499a8297b238d07b121f" member_type: VOTER last_known_addr { host: "127.17.175.66" port: 45145 } } peers { permanent_uuid: "7a343d868baa450398d8085ce3179498" member_type: VOTER last_known_addr { host: "127.17.175.67" port: 34781 } attrs { replace: true } } peers { permanent_uuid: "94d496d701f742c496095a7545933fe0" member_type: NON_VOTER last_known_addr { host: "127.17.175.68" port: 34773 } attrs { promote: true } }
I20260710 11:06:22.845449 19845 raft_consensus.cc:740] T 6f0285da4669410ba101628b49272148 P 94d496d701f742c496095a7545933fe0 [term 1 LEARNER]: Becoming Follower/Learner. State: Replica: 94d496d701f742c496095a7545933fe0, State: Initialized, Role: LEARNER
I20260710 11:06:22.846112 19845 consensus_queue.cc:260] T 6f0285da4669410ba101628b49272148 P 94d496d701f742c496095a7545933fe0 [NON_LEADER]: Queue going to NON_LEADER mode. State: All replicated index: 0, Majority replicated index: 0, Committed index: 2, Last appended: 1.2, Last appended by leader: 2, Current term: 0, Majority size: -1, State: 0, Mode: NON_LEADER, active raft config: opid_index: 2 OBSOLETE_local: false peers { permanent_uuid: "4740ac5ef6194447823a9b9587bde70c" member_type: VOTER last_known_addr { host: "127.17.175.65" port: 39379 } } peers { permanent_uuid: "2361e4a5f3aa499a8297b238d07b121f" member_type: VOTER last_known_addr { host: "127.17.175.66" port: 45145 } } peers { permanent_uuid: "7a343d868baa450398d8085ce3179498" member_type: VOTER last_known_addr { host: "127.17.175.67" port: 34781 } attrs { replace: true } } peers { permanent_uuid: "94d496d701f742c496095a7545933fe0" member_type: NON_VOTER last_known_addr { host: "127.17.175.68" port: 34773 } attrs { promote: true } }
I20260710 11:06:22.848766 19845 ts_tablet_manager.cc:1434] T 6f0285da4669410ba101628b49272148 P 94d496d701f742c496095a7545933fe0: Time spent starting tablet: real 0.007s	user 0.005s	sys 0.004s
I20260710 11:06:22.852330 19238 tablet_copy_service.cc:342] P 4740ac5ef6194447823a9b9587bde70c: Request end of tablet copy session 94d496d701f742c496095a7545933fe0-6f0285da4669410ba101628b49272148 received from {username='slave'} at 127.0.0.1:44582
I20260710 11:06:22.852698 19238 tablet_copy_service.cc:434] P 4740ac5ef6194447823a9b9587bde70c: ending tablet copy session 94d496d701f742c496095a7545933fe0-6f0285da4669410ba101628b49272148 on tablet 6f0285da4669410ba101628b49272148 with peer 94d496d701f742c496095a7545933fe0
I20260710 11:06:22.900965 19642 raft_consensus.cc:1217] T 7c4f1952201444f98bfe6491697ab684 P 94d496d701f742c496095a7545933fe0 [term 1 LEARNER]: Deduplicated request from leader. Original: 1.1->[1.2-1.2]   Dedup: 1.2->[]
I20260710 11:06:23.286164 19642 raft_consensus.cc:1217] T 330c463eb3d7404b9f1e8cdc4058c533 P 94d496d701f742c496095a7545933fe0 [term 1 LEARNER]: Deduplicated request from leader. Original: 1.1->[1.2-1.2]   Dedup: 1.2->[]
I20260710 11:06:23.325014 19642 raft_consensus.cc:1217] T e96e1060d52c4323a37351c29b23cf39 P 94d496d701f742c496095a7545933fe0 [term 1 LEARNER]: Deduplicated request from leader. Original: 1.1->[1.2-1.2]   Dedup: 1.2->[]
I20260710 11:06:23.328187 19642 raft_consensus.cc:1217] T 6f0285da4669410ba101628b49272148 P 94d496d701f742c496095a7545933fe0 [term 1 LEARNER]: Deduplicated request from leader. Original: 1.1->[1.2-1.2]   Dedup: 1.2->[]
I20260710 11:06:23.478616 19766 raft_consensus.cc:1064] T 7c4f1952201444f98bfe6491697ab684 P 4740ac5ef6194447823a9b9587bde70c: attempting to promote NON_VOTER 94d496d701f742c496095a7545933fe0 to VOTER
I20260710 11:06:23.481786 19766 consensus_queue.cc:237] T 7c4f1952201444f98bfe6491697ab684 P 4740ac5ef6194447823a9b9587bde70c [LEADER]: Queue going to LEADER mode. State: All replicated index: 0, Majority replicated index: 2, Committed index: 2, Last appended: 1.2, Last appended by leader: 0, Current term: 1, Majority size: 3, State: 0, Mode: LEADER, active raft config: opid_index: 3 OBSOLETE_local: false peers { permanent_uuid: "4740ac5ef6194447823a9b9587bde70c" member_type: VOTER last_known_addr { host: "127.17.175.65" port: 39379 } } peers { permanent_uuid: "2361e4a5f3aa499a8297b238d07b121f" member_type: VOTER last_known_addr { host: "127.17.175.66" port: 45145 } attrs { replace: true } } peers { permanent_uuid: "7a343d868baa450398d8085ce3179498" member_type: VOTER last_known_addr { host: "127.17.175.67" port: 34781 } } peers { permanent_uuid: "94d496d701f742c496095a7545933fe0" member_type: VOTER last_known_addr { host: "127.17.175.68" port: 34773 } attrs { promote: false } }
I20260710 11:06:23.495288 19644 raft_consensus.cc:1275] T 7c4f1952201444f98bfe6491697ab684 P 94d496d701f742c496095a7545933fe0 [term 1 LEARNER]: Refusing update from remote peer 4740ac5ef6194447823a9b9587bde70c: Log matching property violated. Preceding OpId in replica: term: 1 index: 2. Preceding OpId from leader: term: 1 index: 3. (index mismatch)
I20260710 11:06:23.496341 19375 raft_consensus.cc:1275] T 7c4f1952201444f98bfe6491697ab684 P 7a343d868baa450398d8085ce3179498 [term 1 FOLLOWER]: Refusing update from remote peer 4740ac5ef6194447823a9b9587bde70c: Log matching property violated. Preceding OpId in replica: term: 1 index: 2. Preceding OpId from leader: term: 1 index: 3. (index mismatch)
I20260710 11:06:23.496802 19303 raft_consensus.cc:1275] T 7c4f1952201444f98bfe6491697ab684 P 2361e4a5f3aa499a8297b238d07b121f [term 1 FOLLOWER]: Refusing update from remote peer 4740ac5ef6194447823a9b9587bde70c: Log matching property violated. Preceding OpId in replica: term: 1 index: 2. Preceding OpId from leader: term: 1 index: 3. (index mismatch)
I20260710 11:06:23.497932 19766 consensus_queue.cc:1048] T 7c4f1952201444f98bfe6491697ab684 P 4740ac5ef6194447823a9b9587bde70c [LEADER]: Connected to new peer: Peer: permanent_uuid: "7a343d868baa450398d8085ce3179498" member_type: VOTER last_known_addr { host: "127.17.175.67" port: 34781 }, Status: LMP_MISMATCH, Last received: 0.0, Next index: 3, Last known committed idx: 2, Time since last communication: 0.000s
I20260710 11:06:23.498915 19853 consensus_queue.cc:1048] T 7c4f1952201444f98bfe6491697ab684 P 4740ac5ef6194447823a9b9587bde70c [LEADER]: Connected to new peer: Peer: permanent_uuid: "94d496d701f742c496095a7545933fe0" member_type: VOTER last_known_addr { host: "127.17.175.68" port: 34773 } attrs { promote: false }, Status: LMP_MISMATCH, Last received: 0.0, Next index: 3, Last known committed idx: 2, Time since last communication: 0.000s
I20260710 11:06:23.499691 19861 consensus_queue.cc:1048] T 7c4f1952201444f98bfe6491697ab684 P 4740ac5ef6194447823a9b9587bde70c [LEADER]: Connected to new peer: Peer: permanent_uuid: "2361e4a5f3aa499a8297b238d07b121f" member_type: VOTER last_known_addr { host: "127.17.175.66" port: 45145 } attrs { replace: true }, Status: LMP_MISMATCH, Last received: 0.0, Next index: 3, Last known committed idx: 2, Time since last communication: 0.000s
I20260710 11:06:23.525410 19861 raft_consensus.cc:2955] T 7c4f1952201444f98bfe6491697ab684 P 4740ac5ef6194447823a9b9587bde70c [term 1 LEADER]: Committing config change with OpId 1.3: config changed from index 2 to 3, 94d496d701f742c496095a7545933fe0 (127.17.175.68) changed from NON_VOTER to VOTER. New config: { opid_index: 3 OBSOLETE_local: false peers { permanent_uuid: "4740ac5ef6194447823a9b9587bde70c" member_type: VOTER last_known_addr { host: "127.17.175.65" port: 39379 } } peers { permanent_uuid: "2361e4a5f3aa499a8297b238d07b121f" member_type: VOTER last_known_addr { host: "127.17.175.66" port: 45145 } attrs { replace: true } } peers { permanent_uuid: "7a343d868baa450398d8085ce3179498" member_type: VOTER last_known_addr { host: "127.17.175.67" port: 34781 } } peers { permanent_uuid: "94d496d701f742c496095a7545933fe0" member_type: VOTER last_known_addr { host: "127.17.175.68" port: 34773 } attrs { promote: false } } }
I20260710 11:06:23.527361 19375 raft_consensus.cc:2955] T 7c4f1952201444f98bfe6491697ab684 P 7a343d868baa450398d8085ce3179498 [term 1 FOLLOWER]: Committing config change with OpId 1.3: config changed from index 2 to 3, 94d496d701f742c496095a7545933fe0 (127.17.175.68) changed from NON_VOTER to VOTER. New config: { opid_index: 3 OBSOLETE_local: false peers { permanent_uuid: "4740ac5ef6194447823a9b9587bde70c" member_type: VOTER last_known_addr { host: "127.17.175.65" port: 39379 } } peers { permanent_uuid: "2361e4a5f3aa499a8297b238d07b121f" member_type: VOTER last_known_addr { host: "127.17.175.66" port: 45145 } attrs { replace: true } } peers { permanent_uuid: "7a343d868baa450398d8085ce3179498" member_type: VOTER last_known_addr { host: "127.17.175.67" port: 34781 } } peers { permanent_uuid: "94d496d701f742c496095a7545933fe0" member_type: VOTER last_known_addr { host: "127.17.175.68" port: 34773 } attrs { promote: false } } }
I20260710 11:06:23.534518 19301 raft_consensus.cc:2955] T 7c4f1952201444f98bfe6491697ab684 P 2361e4a5f3aa499a8297b238d07b121f [term 1 FOLLOWER]: Committing config change with OpId 1.3: config changed from index 2 to 3, 94d496d701f742c496095a7545933fe0 (127.17.175.68) changed from NON_VOTER to VOTER. New config: { opid_index: 3 OBSOLETE_local: false peers { permanent_uuid: "4740ac5ef6194447823a9b9587bde70c" member_type: VOTER last_known_addr { host: "127.17.175.65" port: 39379 } } peers { permanent_uuid: "2361e4a5f3aa499a8297b238d07b121f" member_type: VOTER last_known_addr { host: "127.17.175.66" port: 45145 } attrs { replace: true } } peers { permanent_uuid: "7a343d868baa450398d8085ce3179498" member_type: VOTER last_known_addr { host: "127.17.175.67" port: 34781 } } peers { permanent_uuid: "94d496d701f742c496095a7545933fe0" member_type: VOTER last_known_addr { host: "127.17.175.68" port: 34773 } attrs { promote: false } } }
I20260710 11:06:23.538978 19644 raft_consensus.cc:2955] T 7c4f1952201444f98bfe6491697ab684 P 94d496d701f742c496095a7545933fe0 [term 1 FOLLOWER]: Committing config change with OpId 1.3: config changed from index 2 to 3, 94d496d701f742c496095a7545933fe0 (127.17.175.68) changed from NON_VOTER to VOTER. New config: { opid_index: 3 OBSOLETE_local: false peers { permanent_uuid: "4740ac5ef6194447823a9b9587bde70c" member_type: VOTER last_known_addr { host: "127.17.175.65" port: 39379 } } peers { permanent_uuid: "2361e4a5f3aa499a8297b238d07b121f" member_type: VOTER last_known_addr { host: "127.17.175.66" port: 45145 } attrs { replace: true } } peers { permanent_uuid: "7a343d868baa450398d8085ce3179498" member_type: VOTER last_known_addr { host: "127.17.175.67" port: 34781 } } peers { permanent_uuid: "94d496d701f742c496095a7545933fe0" member_type: VOTER last_known_addr { host: "127.17.175.68" port: 34773 } attrs { promote: false } } }
I20260710 11:06:23.544139 19125 catalog_manager.cc:5697] T 7c4f1952201444f98bfe6491697ab684 P 4740ac5ef6194447823a9b9587bde70c reported cstate change: config changed from index 2 to 3, 94d496d701f742c496095a7545933fe0 (127.17.175.68) changed from NON_VOTER to VOTER. New cstate: current_term: 1 leader_uuid: "4740ac5ef6194447823a9b9587bde70c" committed_config { opid_index: 3 OBSOLETE_local: false peers { permanent_uuid: "4740ac5ef6194447823a9b9587bde70c" member_type: VOTER last_known_addr { host: "127.17.175.65" port: 39379 } health_report { overall_health: HEALTHY } } peers { permanent_uuid: "2361e4a5f3aa499a8297b238d07b121f" member_type: VOTER last_known_addr { host: "127.17.175.66" port: 45145 } attrs { replace: true } health_report { overall_health: HEALTHY } } peers { permanent_uuid: "7a343d868baa450398d8085ce3179498" member_type: VOTER last_known_addr { host: "127.17.175.67" port: 34781 } health_report { overall_health: HEALTHY } } peers { permanent_uuid: "94d496d701f742c496095a7545933fe0" member_type: VOTER last_known_addr { host: "127.17.175.68" port: 34773 } attrs { promote: false } health_report { overall_health: HEALTHY } } }
I20260710 11:06:23.587991 19224 consensus_queue.cc:237] T 7c4f1952201444f98bfe6491697ab684 P 4740ac5ef6194447823a9b9587bde70c [LEADER]: Queue going to LEADER mode. State: All replicated index: 0, Majority replicated index: 3, Committed index: 3, Last appended: 1.3, Last appended by leader: 0, Current term: 1, Majority size: 2, State: 0, Mode: LEADER, active raft config: opid_index: 4 OBSOLETE_local: false peers { permanent_uuid: "4740ac5ef6194447823a9b9587bde70c" member_type: VOTER last_known_addr { host: "127.17.175.65" port: 39379 } } peers { permanent_uuid: "7a343d868baa450398d8085ce3179498" member_type: VOTER last_known_addr { host: "127.17.175.67" port: 34781 } } peers { permanent_uuid: "94d496d701f742c496095a7545933fe0" member_type: VOTER last_known_addr { host: "127.17.175.68" port: 34773 } attrs { promote: false } }
I20260710 11:06:23.597502 19644 raft_consensus.cc:1275] T 7c4f1952201444f98bfe6491697ab684 P 94d496d701f742c496095a7545933fe0 [term 1 FOLLOWER]: Refusing update from remote peer 4740ac5ef6194447823a9b9587bde70c: Log matching property violated. Preceding OpId in replica: term: 1 index: 3. Preceding OpId from leader: term: 1 index: 4. (index mismatch)
I20260710 11:06:23.599004 19766 consensus_queue.cc:1048] T 7c4f1952201444f98bfe6491697ab684 P 4740ac5ef6194447823a9b9587bde70c [LEADER]: Connected to new peer: Peer: permanent_uuid: "94d496d701f742c496095a7545933fe0" member_type: VOTER last_known_addr { host: "127.17.175.68" port: 34773 } attrs { promote: false }, Status: LMP_MISMATCH, Last received: 0.0, Next index: 4, Last known committed idx: 3, Time since last communication: 0.000s
I20260710 11:06:23.606024 19766 raft_consensus.cc:2955] T 7c4f1952201444f98bfe6491697ab684 P 4740ac5ef6194447823a9b9587bde70c [term 1 LEADER]: Committing config change with OpId 1.4: config changed from index 3 to 4, VOTER 2361e4a5f3aa499a8297b238d07b121f (127.17.175.66) evicted. New config: { opid_index: 4 OBSOLETE_local: false peers { permanent_uuid: "4740ac5ef6194447823a9b9587bde70c" member_type: VOTER last_known_addr { host: "127.17.175.65" port: 39379 } } peers { permanent_uuid: "7a343d868baa450398d8085ce3179498" member_type: VOTER last_known_addr { host: "127.17.175.67" port: 34781 } } peers { permanent_uuid: "94d496d701f742c496095a7545933fe0" member_type: VOTER last_known_addr { host: "127.17.175.68" port: 34773 } attrs { promote: false } } }
I20260710 11:06:23.607352 19375 raft_consensus.cc:1275] T 7c4f1952201444f98bfe6491697ab684 P 7a343d868baa450398d8085ce3179498 [term 1 FOLLOWER]: Refusing update from remote peer 4740ac5ef6194447823a9b9587bde70c: Log matching property violated. Preceding OpId in replica: term: 1 index: 3. Preceding OpId from leader: term: 1 index: 4. (index mismatch)
I20260710 11:06:23.608942 19826 consensus_queue.cc:1048] T 7c4f1952201444f98bfe6491697ab684 P 4740ac5ef6194447823a9b9587bde70c [LEADER]: Connected to new peer: Peer: permanent_uuid: "7a343d868baa450398d8085ce3179498" member_type: VOTER last_known_addr { host: "127.17.175.67" port: 34781 }, Status: LMP_MISMATCH, Last received: 0.0, Next index: 4, Last known committed idx: 3, Time since last communication: 0.001s
I20260710 11:06:23.614104 19375 raft_consensus.cc:2955] T 7c4f1952201444f98bfe6491697ab684 P 7a343d868baa450398d8085ce3179498 [term 1 FOLLOWER]: Committing config change with OpId 1.4: config changed from index 3 to 4, VOTER 2361e4a5f3aa499a8297b238d07b121f (127.17.175.66) evicted. New config: { opid_index: 4 OBSOLETE_local: false peers { permanent_uuid: "4740ac5ef6194447823a9b9587bde70c" member_type: VOTER last_known_addr { host: "127.17.175.65" port: 39379 } } peers { permanent_uuid: "7a343d868baa450398d8085ce3179498" member_type: VOTER last_known_addr { host: "127.17.175.67" port: 34781 } } peers { permanent_uuid: "94d496d701f742c496095a7545933fe0" member_type: VOTER last_known_addr { host: "127.17.175.68" port: 34773 } attrs { promote: false } } }
I20260710 11:06:23.617949 19110 catalog_manager.cc:5210] ChangeConfig:REMOVE_PEER RPC for tablet 7c4f1952201444f98bfe6491697ab684 with cas_config_opid_index 3: ChangeConfig:REMOVE_PEER succeeded (attempt 1)
I20260710 11:06:23.607899 19644 raft_consensus.cc:2955] T 7c4f1952201444f98bfe6491697ab684 P 94d496d701f742c496095a7545933fe0 [term 1 FOLLOWER]: Committing config change with OpId 1.4: config changed from index 3 to 4, VOTER 2361e4a5f3aa499a8297b238d07b121f (127.17.175.66) evicted. New config: { opid_index: 4 OBSOLETE_local: false peers { permanent_uuid: "4740ac5ef6194447823a9b9587bde70c" member_type: VOTER last_known_addr { host: "127.17.175.65" port: 39379 } } peers { permanent_uuid: "7a343d868baa450398d8085ce3179498" member_type: VOTER last_known_addr { host: "127.17.175.67" port: 34781 } } peers { permanent_uuid: "94d496d701f742c496095a7545933fe0" member_type: VOTER last_known_addr { host: "127.17.175.68" port: 34773 } attrs { promote: false } } }
I20260710 11:06:23.632401 19123 catalog_manager.cc:5697] T 7c4f1952201444f98bfe6491697ab684 P 4740ac5ef6194447823a9b9587bde70c reported cstate change: config changed from index 3 to 4, VOTER 2361e4a5f3aa499a8297b238d07b121f (127.17.175.66) evicted. New cstate: current_term: 1 leader_uuid: "4740ac5ef6194447823a9b9587bde70c" committed_config { opid_index: 4 OBSOLETE_local: false peers { permanent_uuid: "4740ac5ef6194447823a9b9587bde70c" member_type: VOTER last_known_addr { host: "127.17.175.65" port: 39379 } health_report { overall_health: HEALTHY } } peers { permanent_uuid: "7a343d868baa450398d8085ce3179498" member_type: VOTER last_known_addr { host: "127.17.175.67" port: 34781 } health_report { overall_health: UNKNOWN } } peers { permanent_uuid: "94d496d701f742c496095a7545933fe0" member_type: VOTER last_known_addr { host: "127.17.175.68" port: 34773 } attrs { promote: false } health_report { overall_health: HEALTHY } } }
I20260710 11:06:23.650096 19289 tablet_service.cc:1558] Processing DeleteTablet for tablet 7c4f1952201444f98bfe6491697ab684 with delete_type TABLET_DATA_TOMBSTONED (TS 2361e4a5f3aa499a8297b238d07b121f not found in new config with opid_index 4) from {username='slave'} at 127.0.0.1:48104
I20260710 11:06:23.668004 19870 tablet_replica.cc:333] T 7c4f1952201444f98bfe6491697ab684 P 2361e4a5f3aa499a8297b238d07b121f: stopping tablet replica
I20260710 11:06:23.669353 19870 raft_consensus.cc:2243] T 7c4f1952201444f98bfe6491697ab684 P 2361e4a5f3aa499a8297b238d07b121f [term 1 FOLLOWER]: Raft consensus shutting down.
I20260710 11:06:23.670287 19870 raft_consensus.cc:2272] T 7c4f1952201444f98bfe6491697ab684 P 2361e4a5f3aa499a8297b238d07b121f [term 1 FOLLOWER]: Raft consensus is shut down!
I20260710 11:06:23.673861 19870 ts_tablet_manager.cc:1916] T 7c4f1952201444f98bfe6491697ab684 P 2361e4a5f3aa499a8297b238d07b121f: Deleting tablet data with delete state TABLET_DATA_TOMBSTONED
I20260710 11:06:23.686574 19870 ts_tablet_manager.cc:1929] T 7c4f1952201444f98bfe6491697ab684 P 2361e4a5f3aa499a8297b238d07b121f: tablet deleted with delete type TABLET_DATA_TOMBSTONED: last-logged OpId 1.3
I20260710 11:06:23.687011 19870 log.cc:1199] T 7c4f1952201444f98bfe6491697ab684 P 2361e4a5f3aa499a8297b238d07b121f: Deleting WAL directory at /tmp/dist-test-taskT716h1/test-tmp/auto_leader_rebalancer-test.0.LeaderRebalancerTest.AddTserver.1783681546478404-18109-0/minicluster-data/ts-1-root/wals/7c4f1952201444f98bfe6491697ab684
I20260710 11:06:23.688621 19113 catalog_manager.cc:5028] TS 2361e4a5f3aa499a8297b238d07b121f (127.17.175.66:45145): tablet 7c4f1952201444f98bfe6491697ab684 (table test-workload [id=df9aa04fdfc7460bba0ae9695d7f9ce8]) successfully deleted
I20260710 11:06:23.744637 19826 raft_consensus.cc:1064] T 6f0285da4669410ba101628b49272148 P 4740ac5ef6194447823a9b9587bde70c: attempting to promote NON_VOTER 94d496d701f742c496095a7545933fe0 to VOTER
I20260710 11:06:23.747394 19826 consensus_queue.cc:237] T 6f0285da4669410ba101628b49272148 P 4740ac5ef6194447823a9b9587bde70c [LEADER]: Queue going to LEADER mode. State: All replicated index: 0, Majority replicated index: 2, Committed index: 2, Last appended: 1.2, Last appended by leader: 0, Current term: 1, Majority size: 3, State: 0, Mode: LEADER, active raft config: opid_index: 3 OBSOLETE_local: false peers { permanent_uuid: "4740ac5ef6194447823a9b9587bde70c" member_type: VOTER last_known_addr { host: "127.17.175.65" port: 39379 } } peers { permanent_uuid: "2361e4a5f3aa499a8297b238d07b121f" member_type: VOTER last_known_addr { host: "127.17.175.66" port: 45145 } } peers { permanent_uuid: "7a343d868baa450398d8085ce3179498" member_type: VOTER last_known_addr { host: "127.17.175.67" port: 34781 } attrs { replace: true } } peers { permanent_uuid: "94d496d701f742c496095a7545933fe0" member_type: VOTER last_known_addr { host: "127.17.175.68" port: 34773 } attrs { promote: false } }
I20260710 11:06:23.757198 19644 raft_consensus.cc:1275] T 6f0285da4669410ba101628b49272148 P 94d496d701f742c496095a7545933fe0 [term 1 LEARNER]: Refusing update from remote peer 4740ac5ef6194447823a9b9587bde70c: Log matching property violated. Preceding OpId in replica: term: 1 index: 2. Preceding OpId from leader: term: 1 index: 3. (index mismatch)
I20260710 11:06:23.757561 19301 raft_consensus.cc:1275] T 6f0285da4669410ba101628b49272148 P 2361e4a5f3aa499a8297b238d07b121f [term 1 FOLLOWER]: Refusing update from remote peer 4740ac5ef6194447823a9b9587bde70c: Log matching property violated. Preceding OpId in replica: term: 1 index: 2. Preceding OpId from leader: term: 1 index: 3. (index mismatch)
I20260710 11:06:23.759037 19853 consensus_queue.cc:1048] T 6f0285da4669410ba101628b49272148 P 4740ac5ef6194447823a9b9587bde70c [LEADER]: Connected to new peer: Peer: permanent_uuid: "2361e4a5f3aa499a8297b238d07b121f" member_type: VOTER last_known_addr { host: "127.17.175.66" port: 45145 }, Status: LMP_MISMATCH, Last received: 0.0, Next index: 3, Last known committed idx: 2, Time since last communication: 0.000s
I20260710 11:06:23.760999 19853 consensus_queue.cc:1048] T 6f0285da4669410ba101628b49272148 P 4740ac5ef6194447823a9b9587bde70c [LEADER]: Connected to new peer: Peer: permanent_uuid: "94d496d701f742c496095a7545933fe0" member_type: VOTER last_known_addr { host: "127.17.175.68" port: 34773 } attrs { promote: false }, Status: LMP_MISMATCH, Last received: 0.0, Next index: 3, Last known committed idx: 2, Time since last communication: 0.000s
I20260710 11:06:23.768654 19375 raft_consensus.cc:1275] T 6f0285da4669410ba101628b49272148 P 7a343d868baa450398d8085ce3179498 [term 1 FOLLOWER]: Refusing update from remote peer 4740ac5ef6194447823a9b9587bde70c: Log matching property violated. Preceding OpId in replica: term: 1 index: 2. Preceding OpId from leader: term: 1 index: 3. (index mismatch)
I20260710 11:06:23.773450 19861 consensus_queue.cc:1048] T 6f0285da4669410ba101628b49272148 P 4740ac5ef6194447823a9b9587bde70c [LEADER]: Connected to new peer: Peer: permanent_uuid: "7a343d868baa450398d8085ce3179498" member_type: VOTER last_known_addr { host: "127.17.175.67" port: 34781 } attrs { replace: true }, Status: LMP_MISMATCH, Last received: 0.0, Next index: 3, Last known committed idx: 2, Time since last communication: 0.000s
I20260710 11:06:23.807284 19861 raft_consensus.cc:2955] T 6f0285da4669410ba101628b49272148 P 4740ac5ef6194447823a9b9587bde70c [term 1 LEADER]: Committing config change with OpId 1.3: config changed from index 2 to 3, 94d496d701f742c496095a7545933fe0 (127.17.175.68) changed from NON_VOTER to VOTER. New config: { opid_index: 3 OBSOLETE_local: false peers { permanent_uuid: "4740ac5ef6194447823a9b9587bde70c" member_type: VOTER last_known_addr { host: "127.17.175.65" port: 39379 } } peers { permanent_uuid: "2361e4a5f3aa499a8297b238d07b121f" member_type: VOTER last_known_addr { host: "127.17.175.66" port: 45145 } } peers { permanent_uuid: "7a343d868baa450398d8085ce3179498" member_type: VOTER last_known_addr { host: "127.17.175.67" port: 34781 } attrs { replace: true } } peers { permanent_uuid: "94d496d701f742c496095a7545933fe0" member_type: VOTER last_known_addr { host: "127.17.175.68" port: 34773 } attrs { promote: false } } }
I20260710 11:06:23.810745 19859 raft_consensus.cc:1064] T e96e1060d52c4323a37351c29b23cf39 P 7a343d868baa450398d8085ce3179498: attempting to promote NON_VOTER 94d496d701f742c496095a7545933fe0 to VOTER
I20260710 11:06:23.814565 19376 raft_consensus.cc:2955] T 6f0285da4669410ba101628b49272148 P 7a343d868baa450398d8085ce3179498 [term 1 FOLLOWER]: Committing config change with OpId 1.3: config changed from index 2 to 3, 94d496d701f742c496095a7545933fe0 (127.17.175.68) changed from NON_VOTER to VOTER. New config: { opid_index: 3 OBSOLETE_local: false peers { permanent_uuid: "4740ac5ef6194447823a9b9587bde70c" member_type: VOTER last_known_addr { host: "127.17.175.65" port: 39379 } } peers { permanent_uuid: "2361e4a5f3aa499a8297b238d07b121f" member_type: VOTER last_known_addr { host: "127.17.175.66" port: 45145 } } peers { permanent_uuid: "7a343d868baa450398d8085ce3179498" member_type: VOTER last_known_addr { host: "127.17.175.67" port: 34781 } attrs { replace: true } } peers { permanent_uuid: "94d496d701f742c496095a7545933fe0" member_type: VOTER last_known_addr { host: "127.17.175.68" port: 34773 } attrs { promote: false } } }
I20260710 11:06:23.813717 19859 consensus_queue.cc:237] T e96e1060d52c4323a37351c29b23cf39 P 7a343d868baa450398d8085ce3179498 [LEADER]: Queue going to LEADER mode. State: All replicated index: 0, Majority replicated index: 2, Committed index: 2, Last appended: 1.2, Last appended by leader: 0, Current term: 1, Majority size: 3, State: 0, Mode: LEADER, active raft config: opid_index: 3 OBSOLETE_local: false peers { permanent_uuid: "4740ac5ef6194447823a9b9587bde70c" member_type: VOTER last_known_addr { host: "127.17.175.65" port: 39379 } } peers { permanent_uuid: "2361e4a5f3aa499a8297b238d07b121f" member_type: VOTER last_known_addr { host: "127.17.175.66" port: 45145 } attrs { replace: true } } peers { permanent_uuid: "7a343d868baa450398d8085ce3179498" member_type: VOTER last_known_addr { host: "127.17.175.67" port: 34781 } } peers { permanent_uuid: "94d496d701f742c496095a7545933fe0" member_type: VOTER last_known_addr { host: "127.17.175.68" port: 34773 } attrs { promote: false } }
