I20260710 11:06:11.206079 10322 raft_consensus.cc:359] T 00000000000000000000000000000000 P 069bd2f109164812b2c980e740e8c4c7 [term 0 FOLLOWER]: Replica starting. Triggering 0 pending ops. Active config: opid_index: -1 OBSOLETE_local: true peers { permanent_uuid: "069bd2f109164812b2c980e740e8c4c7" member_type: VOTER }
I20260710 11:06:11.206480 10322 raft_consensus.cc:385] T 00000000000000000000000000000000 P 069bd2f109164812b2c980e740e8c4c7 [term 0 FOLLOWER]: Consensus starting up: Expiring failure detector timer to make a prompt election more likely
I20260710 11:06:11.206715 10322 raft_consensus.cc:740] T 00000000000000000000000000000000 P 069bd2f109164812b2c980e740e8c4c7 [term 0 FOLLOWER]: Becoming Follower/Learner. State: Replica: 069bd2f109164812b2c980e740e8c4c7, State: Initialized, Role: FOLLOWER
I20260710 11:06:11.207361 10322 consensus_queue.cc:260] T 00000000000000000000000000000000 P 069bd2f109164812b2c980e740e8c4c7 [NON_LEADER]: Queue going to NON_LEADER mode. State: All replicated index: 0, Majority replicated index: 0, Committed index: 0, Last appended: 0.0, Last appended by leader: 0, Current term: 0, Majority size: -1, State: 0, Mode: NON_LEADER, active raft config: opid_index: -1 OBSOLETE_local: true peers { permanent_uuid: "069bd2f109164812b2c980e740e8c4c7" member_type: VOTER }
I20260710 11:06:11.207808 10322 raft_consensus.cc:399] T 00000000000000000000000000000000 P 069bd2f109164812b2c980e740e8c4c7 [term 0 FOLLOWER]: Only one voter in the Raft config. Triggering election immediately
I20260710 11:06:11.208039 10322 raft_consensus.cc:493] T 00000000000000000000000000000000 P 069bd2f109164812b2c980e740e8c4c7 [term 0 FOLLOWER]: Starting leader election (initial election of a single-replica configuration)
I20260710 11:06:11.208302 10322 raft_consensus.cc:3060] T 00000000000000000000000000000000 P 069bd2f109164812b2c980e740e8c4c7 [term 0 FOLLOWER]: Advancing to term 1
I20260710 11:06:11.213203 10322 raft_consensus.cc:515] T 00000000000000000000000000000000 P 069bd2f109164812b2c980e740e8c4c7 [term 1 FOLLOWER]: Starting leader election with config: opid_index: -1 OBSOLETE_local: true peers { permanent_uuid: "069bd2f109164812b2c980e740e8c4c7" member_type: VOTER }
I20260710 11:06:11.213750 10322 leader_election.cc:304] T 00000000000000000000000000000000 P 069bd2f109164812b2c980e740e8c4c7 [CANDIDATE]: Term 1 election: Election decided. Result: candidate won. Election summary: received 1 responses out of 1 voters: 1 yes votes; 0 no votes. yes voters: 069bd2f109164812b2c980e740e8c4c7; no voters: 
I20260710 11:06:11.214833 10322 leader_election.cc:290] T 00000000000000000000000000000000 P 069bd2f109164812b2c980e740e8c4c7 [CANDIDATE]: Term 1 election: Requested vote from peers 
I20260710 11:06:11.215277 10325 raft_consensus.cc:2804] T 00000000000000000000000000000000 P 069bd2f109164812b2c980e740e8c4c7 [term 1 FOLLOWER]: Leader election won for term 1
I20260710 11:06:11.216617 10325 raft_consensus.cc:697] T 00000000000000000000000000000000 P 069bd2f109164812b2c980e740e8c4c7 [term 1 LEADER]: Becoming Leader. State: Replica: 069bd2f109164812b2c980e740e8c4c7, State: Running, Role: LEADER
I20260710 11:06:11.217314 10325 consensus_queue.cc:237] T 00000000000000000000000000000000 P 069bd2f109164812b2c980e740e8c4c7 [LEADER]: Queue going to LEADER mode. State: All replicated index: 0, Majority replicated index: 0, Committed index: 0, Last appended: 0.0, Last appended by leader: 0, Current term: 1, Majority size: 1, State: 0, Mode: LEADER, active raft config: opid_index: -1 OBSOLETE_local: true peers { permanent_uuid: "069bd2f109164812b2c980e740e8c4c7" member_type: VOTER }
I20260710 11:06:11.217657 10322 sys_catalog.cc:565] T 00000000000000000000000000000000 P 069bd2f109164812b2c980e740e8c4c7 [sys.catalog]: configured and running, proceeding with master startup.
I20260710 11:06:11.221628 10326 sys_catalog.cc:455] T 00000000000000000000000000000000 P 069bd2f109164812b2c980e740e8c4c7 [sys.catalog]: SysCatalogTable state changed. Reason: RaftConsensus started. Latest consensus state: current_term: 1 leader_uuid: "069bd2f109164812b2c980e740e8c4c7" committed_config { opid_index: -1 OBSOLETE_local: true peers { permanent_uuid: "069bd2f109164812b2c980e740e8c4c7" member_type: VOTER } }
I20260710 11:06:11.222218 10326 sys_catalog.cc:458] T 00000000000000000000000000000000 P 069bd2f109164812b2c980e740e8c4c7 [sys.catalog]: This master's current role is: LEADER
I20260710 11:06:11.223249 10327 sys_catalog.cc:455] T 00000000000000000000000000000000 P 069bd2f109164812b2c980e740e8c4c7 [sys.catalog]: SysCatalogTable state changed. Reason: New leader 069bd2f109164812b2c980e740e8c4c7. Latest consensus state: current_term: 1 leader_uuid: "069bd2f109164812b2c980e740e8c4c7" committed_config { opid_index: -1 OBSOLETE_local: true peers { permanent_uuid: "069bd2f109164812b2c980e740e8c4c7" member_type: VOTER } }
I20260710 11:06:11.223785 10327 sys_catalog.cc:458] T 00000000000000000000000000000000 P 069bd2f109164812b2c980e740e8c4c7 [sys.catalog]: This master's current role is: LEADER
I20260710 11:06:11.227035 10332 catalog_manager.cc:1511] Loading table and tablet metadata into memory...
I20260710 11:06:11.234647 10332 catalog_manager.cc:1520] Initializing Kudu cluster ID...
I20260710 11:06:11.235716  9243 internal_mini_cluster.cc:184] Waiting to initialize catalog manager on master 0
I20260710 11:06:11.243140 10332 catalog_manager.cc:1383] Generated new cluster ID: ac4dc6ece3c94e1abb53c81de7800b70
I20260710 11:06:11.243420 10332 catalog_manager.cc:1531] Initializing Kudu internal certificate authority...
I20260710 11:06:11.259553 10332 catalog_manager.cc:1406] Generated new certificate authority record
I20260710 11:06:11.260753 10332 catalog_manager.cc:1540] Loading token signing keys...
I20260710 11:06:11.276888 10332 catalog_manager.cc:6070] T 00000000000000000000000000000000 P 069bd2f109164812b2c980e740e8c4c7: Generated new TSK 0
I20260710 11:06:11.277504 10332 catalog_manager.cc:1550] Initializing in-progress tserver states...
I20260710 11:06:11.302644  9243 file_cache.cc:504] Constructed file cache file cache with capacity 419430
W20260710 11:06:11.308854 10343 instance_detector.cc:116] could not retrieve AWS instance metadata: Network error: curl error: HTTP response code said error: The requested URL returned error: 404
W20260710 11:06:11.310751 10344 instance_detector.cc:116] could not retrieve Azure instance metadata: Network error: curl error: HTTP response code said error: The requested URL returned error: 404
I20260710 11:06:11.314153  9243 server_base.cc:1061] running on GCE node
W20260710 11:06:11.315011 10346 instance_detector.cc:116] could not retrieve OpenStack instance metadata: Network error: curl error: HTTP response code said error: The requested URL returned error: 404
I20260710 11:06:11.315930  9243 hybrid_clock.cc:584] initializing the hybrid clock with 'system_unsync' time source
W20260710 11:06:11.316130  9243 system_unsync_time.cc:38] NTP support is disabled. Clock error bounds will not be accurate. This configuration is not suitable for distributed clusters.
I20260710 11:06:11.316300  9243 hybrid_clock.cc:648] HybridClock initialized: now 1783681571316281 us; error 0 us; skew 500 ppm
I20260710 11:06:11.316821  9243 server_base.cc:861] Flag tcmalloc_max_total_thread_cache_bytes is not working since tcmalloc is not enabled.
I20260710 11:06:11.319264  9243 webserver.cc:533] Webserver started at http://127.9.6.193:45193/ using document root <none> and password file <none>
I20260710 11:06:11.319792  9243 fs_manager.cc:362] Metadata directory not provided
I20260710 11:06:11.319999  9243 fs_manager.cc:368] Using write-ahead log directory (fs_wal_dir) as metadata directory
I20260710 11:06:11.320331  9243 server_base.cc:909] This appears to be a new deployment of Kudu; creating new FS layout
I20260710 11:06:11.321903  9243 fs_manager.cc:1068] Generated new instance metadata in path /tmp/dist-test-taskHn67DV/test-tmp/auto_leader_rebalancer-test.0.LeaderRebalancerTest.AddTserver.1783681546040333-9243-0/minicluster-data/ts-0-root/instance:
uuid: "69cce52d6a884bf385fefe8d85e6d96b"
format_stamp: "Formatted at 2026-07-10 11:06:11 on dist-test-slave-chx7"
I20260710 11:06:11.327769  9243 fs_manager.cc:696] Time spent creating directory manager: real 0.005s	user 0.001s	sys 0.004s
I20260710 11:06:11.331393 10351 log_block_manager.cc:4127] Time spent loading block containers with low live blocks: real 0.000s	user 0.000s	sys 0.000s
I20260710 11:06:11.332155  9243 fs_manager.cc:730] Time spent opening block manager: real 0.002s	user 0.002s	sys 0.000s
I20260710 11:06:11.332446  9243 fs_manager.cc:647] Opened local filesystem: /tmp/dist-test-taskHn67DV/test-tmp/auto_leader_rebalancer-test.0.LeaderRebalancerTest.AddTserver.1783681546040333-9243-0/minicluster-data/ts-0-root
uuid: "69cce52d6a884bf385fefe8d85e6d96b"
format_stamp: "Formatted at 2026-07-10 11:06:11 on dist-test-slave-chx7"
I20260710 11:06:11.332742  9243 fs_report.cc:389] FS layout report
--------------------
wal directory: /tmp/dist-test-taskHn67DV/test-tmp/auto_leader_rebalancer-test.0.LeaderRebalancerTest.AddTserver.1783681546040333-9243-0/minicluster-data/ts-0-root
metadata directory: /tmp/dist-test-taskHn67DV/test-tmp/auto_leader_rebalancer-test.0.LeaderRebalancerTest.AddTserver.1783681546040333-9243-0/minicluster-data/ts-0-root
1 data directories: /tmp/dist-test-taskHn67DV/test-tmp/auto_leader_rebalancer-test.0.LeaderRebalancerTest.AddTserver.1783681546040333-9243-0/minicluster-data/ts-0-root/data
Total live blocks: 0
Total live bytes: 0
Total live bytes (after alignment): 0
Total number of LBM containers: 0 (0 full)
Did not check for missing blocks
Did not check for orphaned blocks
Total full LBM containers with extra space: 0 (0 repaired)
Total full LBM container extra space in bytes: 0 (0 repaired)
Total incomplete LBM containers: 0 (0 repaired)
Total LBM partial records: 0 (0 repaired)
Total corrupted LBM metadata records in RocksDB: 0 (0 repaired)
I20260710 11:06:11.350620  9243 rpc_server.cc:225] running with OpenSSL 1.1.1  11 Sep 2018
I20260710 11:06:11.351867  9243 kserver.cc:163] Server-wide thread pool size limit: 3276
I20260710 11:06:11.353320  9243 txn_system_client.cc:432] TxnSystemClient initialization is disabled...
I20260710 11:06:11.355645  9243 ts_tablet_manager.cc:585] Loaded tablet metadata (0 total tablets, 0 live tablets)
I20260710 11:06:11.355867  9243 ts_tablet_manager.cc:531] Time spent load tablet metadata: real 0.000s	user 0.000s	sys 0.000s
I20260710 11:06:11.356112  9243 ts_tablet_manager.cc:616] Registered 0 tablets
I20260710 11:06:11.356320  9243 ts_tablet_manager.cc:595] Time spent register tablets: real 0.000s	user 0.000s	sys 0.000s
I20260710 11:06:11.395761  9243 rpc_server.cc:307] RPC server started. Bound to: 127.9.6.193:44843
I20260710 11:06:11.395922 10413 acceptor_pool.cc:272] collecting diagnostics on the listening RPC socket 127.9.6.193:44843 every 8 connection(s)
I20260710 11:06:11.400697  9243 file_cache.cc:504] Constructed file cache file cache with capacity 419430
W20260710 11:06:11.407500 10418 instance_detector.cc:116] could not retrieve AWS instance metadata: Network error: curl error: HTTP response code said error: The requested URL returned error: 404
W20260710 11:06:11.409507 10419 instance_detector.cc:116] could not retrieve Azure instance metadata: Network error: curl error: HTTP response code said error: The requested URL returned error: 404
W20260710 11:06:11.410596 10421 instance_detector.cc:116] could not retrieve OpenStack instance metadata: Network error: curl error: HTTP response code said error: The requested URL returned error: 404
I20260710 11:06:11.411345  9243 server_base.cc:1061] running on GCE node
I20260710 11:06:11.412173  9243 hybrid_clock.cc:584] initializing the hybrid clock with 'system_unsync' time source
W20260710 11:06:11.412395  9243 system_unsync_time.cc:38] NTP support is disabled. Clock error bounds will not be accurate. This configuration is not suitable for distributed clusters.
I20260710 11:06:11.412566  9243 hybrid_clock.cc:648] HybridClock initialized: now 1783681571412544 us; error 0 us; skew 500 ppm
I20260710 11:06:11.413190  9243 server_base.cc:861] Flag tcmalloc_max_total_thread_cache_bytes is not working since tcmalloc is not enabled.
I20260710 11:06:11.415352  9243 webserver.cc:533] Webserver started at http://127.9.6.194:37523/ using document root <none> and password file <none>
I20260710 11:06:11.415843  9243 fs_manager.cc:362] Metadata directory not provided
I20260710 11:06:11.416045  9243 fs_manager.cc:368] Using write-ahead log directory (fs_wal_dir) as metadata directory
I20260710 11:06:11.416311  9243 server_base.cc:909] This appears to be a new deployment of Kudu; creating new FS layout
I20260710 11:06:11.417438  9243 fs_manager.cc:1068] Generated new instance metadata in path /tmp/dist-test-taskHn67DV/test-tmp/auto_leader_rebalancer-test.0.LeaderRebalancerTest.AddTserver.1783681546040333-9243-0/minicluster-data/ts-1-root/instance:
uuid: "cb74b42b9a164b19922738fd2e539593"
format_stamp: "Formatted at 2026-07-10 11:06:11 on dist-test-slave-chx7"
I20260710 11:06:11.421918  9243 fs_manager.cc:696] Time spent creating directory manager: real 0.004s	user 0.001s	sys 0.003s
I20260710 11:06:11.424757 10414 heartbeater.cc:344] Connected to a master server at 127.9.6.254:35571
I20260710 11:06:11.425137 10414 heartbeater.cc:461] Registering TS with master...
I20260710 11:06:11.425925 10414 heartbeater.cc:507] Master 127.9.6.254:35571 requested a full tablet report, sending...
I20260710 11:06:11.426213 10426 log_block_manager.cc:4127] Time spent loading block containers with low live blocks: real 0.000s	user 0.000s	sys 0.000s
I20260710 11:06:11.427063  9243 fs_manager.cc:730] Time spent opening block manager: real 0.003s	user 0.003s	sys 0.001s
I20260710 11:06:11.427361  9243 fs_manager.cc:647] Opened local filesystem: /tmp/dist-test-taskHn67DV/test-tmp/auto_leader_rebalancer-test.0.LeaderRebalancerTest.AddTserver.1783681546040333-9243-0/minicluster-data/ts-1-root
uuid: "cb74b42b9a164b19922738fd2e539593"
format_stamp: "Formatted at 2026-07-10 11:06:11 on dist-test-slave-chx7"
I20260710 11:06:11.427711  9243 fs_report.cc:389] FS layout report
--------------------
wal directory: /tmp/dist-test-taskHn67DV/test-tmp/auto_leader_rebalancer-test.0.LeaderRebalancerTest.AddTserver.1783681546040333-9243-0/minicluster-data/ts-1-root
metadata directory: /tmp/dist-test-taskHn67DV/test-tmp/auto_leader_rebalancer-test.0.LeaderRebalancerTest.AddTserver.1783681546040333-9243-0/minicluster-data/ts-1-root
1 data directories: /tmp/dist-test-taskHn67DV/test-tmp/auto_leader_rebalancer-test.0.LeaderRebalancerTest.AddTserver.1783681546040333-9243-0/minicluster-data/ts-1-root/data
Total live blocks: 0
Total live bytes: 0
Total live bytes (after alignment): 0
Total number of LBM containers: 0 (0 full)
Did not check for missing blocks
Did not check for orphaned blocks
Total full LBM containers with extra space: 0 (0 repaired)
Total full LBM container extra space in bytes: 0 (0 repaired)
Total incomplete LBM containers: 0 (0 repaired)
Total LBM partial records: 0 (0 repaired)
Total corrupted LBM metadata records in RocksDB: 0 (0 repaired)
I20260710 11:06:11.428293 10287 ts_manager.cc:194] Registered new tserver with Master: 69cce52d6a884bf385fefe8d85e6d96b (127.9.6.193:44843)
I20260710 11:06:11.430660 10287 master_service.cc:502] Signed X509 certificate for tserver {username='slave'} at 127.0.0.1:50138
I20260710 11:06:11.446555  9243 rpc_server.cc:225] running with OpenSSL 1.1.1  11 Sep 2018
I20260710 11:06:11.447716  9243 kserver.cc:163] Server-wide thread pool size limit: 3276
I20260710 11:06:11.449018  9243 txn_system_client.cc:432] TxnSystemClient initialization is disabled...
I20260710 11:06:11.451164  9243 ts_tablet_manager.cc:585] Loaded tablet metadata (0 total tablets, 0 live tablets)
I20260710 11:06:11.451330  9243 ts_tablet_manager.cc:531] Time spent load tablet metadata: real 0.000s	user 0.000s	sys 0.000s
I20260710 11:06:11.451584  9243 ts_tablet_manager.cc:616] Registered 0 tablets
I20260710 11:06:11.451783  9243 ts_tablet_manager.cc:595] Time spent register tablets: real 0.000s	user 0.000s	sys 0.000s
I20260710 11:06:11.491205  9243 rpc_server.cc:307] RPC server started. Bound to: 127.9.6.194:36257
I20260710 11:06:11.491377 10488 acceptor_pool.cc:272] collecting diagnostics on the listening RPC socket 127.9.6.194:36257 every 8 connection(s)
I20260710 11:06:11.495797  9243 file_cache.cc:504] Constructed file cache file cache with capacity 419430
W20260710 11:06:11.502717 10492 instance_detector.cc:116] could not retrieve AWS instance metadata: Network error: curl error: HTTP response code said error: The requested URL returned error: 404
W20260710 11:06:11.503717 10493 instance_detector.cc:116] could not retrieve Azure instance metadata: Network error: curl error: HTTP response code said error: The requested URL returned error: 404
W20260710 11:06:11.508347 10495 instance_detector.cc:116] could not retrieve OpenStack instance metadata: Network error: curl error: HTTP response code said error: The requested URL returned error: 404
I20260710 11:06:11.509295 10489 heartbeater.cc:344] Connected to a master server at 127.9.6.254:35571
I20260710 11:06:11.509768 10489 heartbeater.cc:461] Registering TS with master...
I20260710 11:06:11.509953  9243 server_base.cc:1061] running on GCE node
I20260710 11:06:11.510710 10489 heartbeater.cc:507] Master 127.9.6.254:35571 requested a full tablet report, sending...
I20260710 11:06:11.510957  9243 hybrid_clock.cc:584] initializing the hybrid clock with 'system_unsync' time source
W20260710 11:06:11.511214  9243 system_unsync_time.cc:38] NTP support is disabled. Clock error bounds will not be accurate. This configuration is not suitable for distributed clusters.
I20260710 11:06:11.511404  9243 hybrid_clock.cc:648] HybridClock initialized: now 1783681571511386 us; error 0 us; skew 500 ppm
I20260710 11:06:11.511996  9243 server_base.cc:861] Flag tcmalloc_max_total_thread_cache_bytes is not working since tcmalloc is not enabled.
I20260710 11:06:11.512990 10287 ts_manager.cc:194] Registered new tserver with Master: cb74b42b9a164b19922738fd2e539593 (127.9.6.194:36257)
I20260710 11:06:11.514750  9243 webserver.cc:533] Webserver started at http://127.9.6.195:45799/ using document root <none> and password file <none>
I20260710 11:06:11.514842 10287 master_service.cc:502] Signed X509 certificate for tserver {username='slave'} at 127.0.0.1:50144
I20260710 11:06:11.515441  9243 fs_manager.cc:362] Metadata directory not provided
I20260710 11:06:11.515695  9243 fs_manager.cc:368] Using write-ahead log directory (fs_wal_dir) as metadata directory
I20260710 11:06:11.516026  9243 server_base.cc:909] This appears to be a new deployment of Kudu; creating new FS layout
I20260710 11:06:11.517494  9243 fs_manager.cc:1068] Generated new instance metadata in path /tmp/dist-test-taskHn67DV/test-tmp/auto_leader_rebalancer-test.0.LeaderRebalancerTest.AddTserver.1783681546040333-9243-0/minicluster-data/ts-2-root/instance:
uuid: "e9a75cb61d8146659304b842cca07441"
format_stamp: "Formatted at 2026-07-10 11:06:11 on dist-test-slave-chx7"
I20260710 11:06:11.521801  9243 fs_manager.cc:696] Time spent creating directory manager: real 0.004s	user 0.004s	sys 0.000s
I20260710 11:06:11.524927 10500 log_block_manager.cc:4127] Time spent loading block containers with low live blocks: real 0.000s	user 0.000s	sys 0.000s
I20260710 11:06:11.525722  9243 fs_manager.cc:730] Time spent opening block manager: real 0.002s	user 0.002s	sys 0.001s
I20260710 11:06:11.526014  9243 fs_manager.cc:647] Opened local filesystem: /tmp/dist-test-taskHn67DV/test-tmp/auto_leader_rebalancer-test.0.LeaderRebalancerTest.AddTserver.1783681546040333-9243-0/minicluster-data/ts-2-root
uuid: "e9a75cb61d8146659304b842cca07441"
format_stamp: "Formatted at 2026-07-10 11:06:11 on dist-test-slave-chx7"
I20260710 11:06:11.526278  9243 fs_report.cc:389] FS layout report
--------------------
wal directory: /tmp/dist-test-taskHn67DV/test-tmp/auto_leader_rebalancer-test.0.LeaderRebalancerTest.AddTserver.1783681546040333-9243-0/minicluster-data/ts-2-root
metadata directory: /tmp/dist-test-taskHn67DV/test-tmp/auto_leader_rebalancer-test.0.LeaderRebalancerTest.AddTserver.1783681546040333-9243-0/minicluster-data/ts-2-root
1 data directories: /tmp/dist-test-taskHn67DV/test-tmp/auto_leader_rebalancer-test.0.LeaderRebalancerTest.AddTserver.1783681546040333-9243-0/minicluster-data/ts-2-root/data
Total live blocks: 0
Total live bytes: 0
Total live bytes (after alignment): 0
Total number of LBM containers: 0 (0 full)
Did not check for missing blocks
Did not check for orphaned blocks
Total full LBM containers with extra space: 0 (0 repaired)
Total full LBM container extra space in bytes: 0 (0 repaired)
Total incomplete LBM containers: 0 (0 repaired)
Total LBM partial records: 0 (0 repaired)
Total corrupted LBM metadata records in RocksDB: 0 (0 repaired)
I20260710 11:06:11.539227  9243 rpc_server.cc:225] running with OpenSSL 1.1.1  11 Sep 2018
I20260710 11:06:11.540377  9243 kserver.cc:163] Server-wide thread pool size limit: 3276
I20260710 11:06:11.541880  9243 txn_system_client.cc:432] TxnSystemClient initialization is disabled...
I20260710 11:06:11.544049  9243 ts_tablet_manager.cc:585] Loaded tablet metadata (0 total tablets, 0 live tablets)
I20260710 11:06:11.544247  9243 ts_tablet_manager.cc:531] Time spent load tablet metadata: real 0.000s	user 0.000s	sys 0.000s
I20260710 11:06:11.544505  9243 ts_tablet_manager.cc:616] Registered 0 tablets
I20260710 11:06:11.544663  9243 ts_tablet_manager.cc:595] Time spent register tablets: real 0.000s	user 0.000s	sys 0.000s
I20260710 11:06:11.583916  9243 rpc_server.cc:307] RPC server started. Bound to: 127.9.6.195:33221
I20260710 11:06:11.584026 10562 acceptor_pool.cc:272] collecting diagnostics on the listening RPC socket 127.9.6.195:33221 every 8 connection(s)
I20260710 11:06:11.597043 10563 heartbeater.cc:344] Connected to a master server at 127.9.6.254:35571
I20260710 11:06:11.597455 10563 heartbeater.cc:461] Registering TS with master...
I20260710 11:06:11.598170 10563 heartbeater.cc:507] Master 127.9.6.254:35571 requested a full tablet report, sending...
I20260710 11:06:11.599977 10287 ts_manager.cc:194] Registered new tserver with Master: e9a75cb61d8146659304b842cca07441 (127.9.6.195:33221)
I20260710 11:06:11.600284  9243 internal_mini_cluster.cc:371] 3 TS(s) registered with all masters after 0.013225195s
I20260710 11:06:11.601303 10287 master_service.cc:502] Signed X509 certificate for tserver {username='slave'} at 127.0.0.1:50148
I20260710 11:06:11.624794 10287 catalog_manager.cc:2283] Servicing CreateTable request from {username='slave'} at 127.0.0.1:50164:
name: "test-workload"
schema {
  columns {
    name: "key"
    type: INT32
    is_key: true
    is_nullable: false
    encoding: AUTO_ENCODING
    compression: DEFAULT_COMPRESSION
    cfile_block_size: 0
    immutable: false
  }
  columns {
    name: "int_val"
    type: INT32
    is_key: false
    is_nullable: false
    encoding: AUTO_ENCODING
    compression: DEFAULT_COMPRESSION
    cfile_block_size: 0
    immutable: false
  }
  columns {
    name: "string_val"
    type: STRING
    is_key: false
    is_nullable: true
    encoding: AUTO_ENCODING
    compression: DEFAULT_COMPRESSION
    cfile_block_size: 0
    immutable: false
  }
}
num_replicas: 3
split_rows_range_bounds {
  rows: "\004\001\000UUU\005\004\001\000\252\252\252\n\004\001\000\377\377\377\017\004\001\000TUU\025\004\001\000\251\252\252\032\004\001\000\376\377\377\037\004\001\000SUU%\004\001\000\250\252\252*\004\001\000\375\377\377/\004\001\000RUU5\004\001\000\247\252\252:\004\001\000\374\377\377?\004\001\000QUUE\004\001\000\246\252\252J\004\001\000\373\377\377O\004\001\000PUUU\004\001\000\245\252\252Z\004\001\000\372\377\377_\004\001\000OUUe\004\001\000\244\252\252j\004\001\000\371\377\377o\004\001\000NUUu\004\001\000\243\252\252z""\004\001\000UUU\005\004\001\000\252\252\252\n\004\001\000\377\377\377\017\004\001\000TUU\025\004\001\000\251\252\252\032\004\001\000\376\377\377\037\004\001\000SUU%\004\001\000\250\252\252*\004\001\000\375\377\377/\004\001\000RUU5\004\001\000\247\252\252:\004\001\000\374\377\377?\004\001\000QUUE\004\001\000\246\252\252J\004\001\000\373\377\377O\004\001\000PUUU\004\001\000\245\252\252Z\004\001\000\372\377\377_\004\001\000OUUe\004\001\000\244\252\252j\004\001\000\371\377\377o\004\001\000NUUu\004\001\000\243\252\252z"
  indirect_data: """"
}
partition_schema {
  range_schema {
    columns {
      name: "key"
    }
  }
}
W20260710 11:06:11.628722 10287 catalog_manager.cc:7077] The number of live tablet servers is not enough to re-replicate a tablet replica of the newly created table test-workload in case of a server failure: 4 tablet servers would be needed, 3 are available. Consider bringing up more tablet servers.
I20260710 11:06:11.745981 10454 tablet_service.cc:1511] Processing CreateTablet for tablet 7c730d81b07d4d1692a226d4b089dc63 (DEFAULT_TABLE table=test-workload [id=5ea36d12ff1c4e76ad4b1be4d110cb1e]), partition=RANGE (key) PARTITION VALUES < 89478485
I20260710 11:06:11.747478 10454 data_dirs.cc:400] Could only allocate 1 dirs of requested 3 for tablet 7c730d81b07d4d1692a226d4b089dc63. 1 dirs total, 0 dirs full, 0 dirs failed
I20260710 11:06:11.747794 10451 tablet_service.cc:1511] Processing CreateTablet for tablet b7667e4962714c6fb6d9bd83805f3dd3 (DEFAULT_TABLE table=test-workload [id=5ea36d12ff1c4e76ad4b1be4d110cb1e]), partition=RANGE (key) PARTITION 268435455 <= VALUES < 357913940
I20260710 11:06:11.749097 10451 data_dirs.cc:400] Could only allocate 1 dirs of requested 3 for tablet b7667e4962714c6fb6d9bd83805f3dd3. 1 dirs total, 0 dirs full, 0 dirs failed
I20260710 11:06:11.752027 10452 tablet_service.cc:1511] Processing CreateTablet for tablet 7fc8d9c6988f4cea873108656644874c (DEFAULT_TABLE table=test-workload [id=5ea36d12ff1c4e76ad4b1be4d110cb1e]), partition=RANGE (key) PARTITION 178956970 <= VALUES < 268435455
I20260710 11:06:11.754431 10453 tablet_service.cc:1511] Processing CreateTablet for tablet ec80a300a72142c4b06628af9e857278 (DEFAULT_TABLE table=test-workload [id=5ea36d12ff1c4e76ad4b1be4d110cb1e]), partition=RANGE (key) PARTITION 89478485 <= VALUES < 178956970
I20260710 11:06:11.755892 10528 tablet_service.cc:1511] Processing CreateTablet for tablet 7c730d81b07d4d1692a226d4b089dc63 (DEFAULT_TABLE table=test-workload [id=5ea36d12ff1c4e76ad4b1be4d110cb1e]), partition=RANGE (key) PARTITION VALUES < 89478485
I20260710 11:06:11.753317 10452 data_dirs.cc:400] Could only allocate 1 dirs of requested 3 for tablet 7fc8d9c6988f4cea873108656644874c. 1 dirs total, 0 dirs full, 0 dirs failed
I20260710 11:06:11.757153 10528 data_dirs.cc:400] Could only allocate 1 dirs of requested 3 for tablet 7c730d81b07d4d1692a226d4b089dc63. 1 dirs total, 0 dirs full, 0 dirs failed
I20260710 11:06:11.758670 10379 tablet_service.cc:1511] Processing CreateTablet for tablet 7c730d81b07d4d1692a226d4b089dc63 (DEFAULT_TABLE table=test-workload [id=5ea36d12ff1c4e76ad4b1be4d110cb1e]), partition=RANGE (key) PARTITION VALUES < 89478485
I20260710 11:06:11.759918 10379 data_dirs.cc:400] Could only allocate 1 dirs of requested 3 for tablet 7c730d81b07d4d1692a226d4b089dc63. 1 dirs total, 0 dirs full, 0 dirs failed
I20260710 11:06:11.760778 10525 tablet_service.cc:1511] Processing CreateTablet for tablet b7667e4962714c6fb6d9bd83805f3dd3 (DEFAULT_TABLE table=test-workload [id=5ea36d12ff1c4e76ad4b1be4d110cb1e]), partition=RANGE (key) PARTITION 268435455 <= VALUES < 357913940
I20260710 11:06:11.761674 10453 data_dirs.cc:400] Could only allocate 1 dirs of requested 3 for tablet ec80a300a72142c4b06628af9e857278. 1 dirs total, 0 dirs full, 0 dirs failed
I20260710 11:06:11.762130 10525 data_dirs.cc:400] Could only allocate 1 dirs of requested 3 for tablet b7667e4962714c6fb6d9bd83805f3dd3. 1 dirs total, 0 dirs full, 0 dirs failed
I20260710 11:06:11.762063 10526 tablet_service.cc:1511] Processing CreateTablet for tablet 7fc8d9c6988f4cea873108656644874c (DEFAULT_TABLE table=test-workload [id=5ea36d12ff1c4e76ad4b1be4d110cb1e]), partition=RANGE (key) PARTITION 178956970 <= VALUES < 268435455
I20260710 11:06:11.762517 10378 tablet_service.cc:1511] Processing CreateTablet for tablet ec80a300a72142c4b06628af9e857278 (DEFAULT_TABLE table=test-workload [id=5ea36d12ff1c4e76ad4b1be4d110cb1e]), partition=RANGE (key) PARTITION 89478485 <= VALUES < 178956970
I20260710 11:06:11.763461 10526 data_dirs.cc:400] Could only allocate 1 dirs of requested 3 for tablet 7fc8d9c6988f4cea873108656644874c. 1 dirs total, 0 dirs full, 0 dirs failed
I20260710 11:06:11.763792 10378 data_dirs.cc:400] Could only allocate 1 dirs of requested 3 for tablet ec80a300a72142c4b06628af9e857278. 1 dirs total, 0 dirs full, 0 dirs failed
I20260710 11:06:11.766515 10377 tablet_service.cc:1511] Processing CreateTablet for tablet 7fc8d9c6988f4cea873108656644874c (DEFAULT_TABLE table=test-workload [id=5ea36d12ff1c4e76ad4b1be4d110cb1e]), partition=RANGE (key) PARTITION 178956970 <= VALUES < 268435455
I20260710 11:06:11.767793 10377 data_dirs.cc:400] Could only allocate 1 dirs of requested 3 for tablet 7fc8d9c6988f4cea873108656644874c. 1 dirs total, 0 dirs full, 0 dirs failed
I20260710 11:06:11.768064 10375 tablet_service.cc:1511] Processing CreateTablet for tablet 23cf0d131af54cb7944ddeee3b9adcae (DEFAULT_TABLE table=test-workload [id=5ea36d12ff1c4e76ad4b1be4d110cb1e]), partition=RANGE (key) PARTITION 357913940 <= VALUES < 447392425
I20260710 11:06:11.760774 10527 tablet_service.cc:1511] Processing CreateTablet for tablet ec80a300a72142c4b06628af9e857278 (DEFAULT_TABLE table=test-workload [id=5ea36d12ff1c4e76ad4b1be4d110cb1e]), partition=RANGE (key) PARTITION 89478485 <= VALUES < 178956970
I20260710 11:06:11.766551 10376 tablet_service.cc:1511] Processing CreateTablet for tablet b7667e4962714c6fb6d9bd83805f3dd3 (DEFAULT_TABLE table=test-workload [id=5ea36d12ff1c4e76ad4b1be4d110cb1e]), partition=RANGE (key) PARTITION 268435455 <= VALUES < 357913940
I20260710 11:06:11.770763 10527 data_dirs.cc:400] Could only allocate 1 dirs of requested 3 for tablet ec80a300a72142c4b06628af9e857278. 1 dirs total, 0 dirs full, 0 dirs failed
I20260710 11:06:11.769312 10375 data_dirs.cc:400] Could only allocate 1 dirs of requested 3 for tablet 23cf0d131af54cb7944ddeee3b9adcae. 1 dirs total, 0 dirs full, 0 dirs failed
I20260710 11:06:11.777632 10376 data_dirs.cc:400] Could only allocate 1 dirs of requested 3 for tablet b7667e4962714c6fb6d9bd83805f3dd3. 1 dirs total, 0 dirs full, 0 dirs failed
I20260710 11:06:11.798861 10578 tablet_bootstrap.cc:492] T b7667e4962714c6fb6d9bd83805f3dd3 P cb74b42b9a164b19922738fd2e539593: Bootstrap starting.
I20260710 11:06:11.806517 10578 tablet_bootstrap.cc:654] T b7667e4962714c6fb6d9bd83805f3dd3 P cb74b42b9a164b19922738fd2e539593: Neither blocks nor log segments found. Creating new log.
I20260710 11:06:11.809877 10451 tablet_service.cc:1511] Processing CreateTablet for tablet 23cf0d131af54cb7944ddeee3b9adcae (DEFAULT_TABLE table=test-workload [id=5ea36d12ff1c4e76ad4b1be4d110cb1e]), partition=RANGE (key) PARTITION 357913940 <= VALUES < 447392425
I20260710 11:06:11.811152 10451 data_dirs.cc:400] Could only allocate 1 dirs of requested 3 for tablet 23cf0d131af54cb7944ddeee3b9adcae. 1 dirs total, 0 dirs full, 0 dirs failed
I20260710 11:06:11.814522 10374 tablet_service.cc:1511] Processing CreateTablet for tablet 0afd9b9e5d0a43d38ba8833477de53c5 (DEFAULT_TABLE table=test-workload [id=5ea36d12ff1c4e76ad4b1be4d110cb1e]), partition=RANGE (key) PARTITION 447392425 <= VALUES < 536870910
I20260710 11:06:11.815872 10374 data_dirs.cc:400] Could only allocate 1 dirs of requested 3 for tablet 0afd9b9e5d0a43d38ba8833477de53c5. 1 dirs total, 0 dirs full, 0 dirs failed
I20260710 11:06:11.820940 10524 tablet_service.cc:1511] Processing CreateTablet for tablet 23cf0d131af54cb7944ddeee3b9adcae (DEFAULT_TABLE table=test-workload [id=5ea36d12ff1c4e76ad4b1be4d110cb1e]), partition=RANGE (key) PARTITION 357913940 <= VALUES < 447392425
I20260710 11:06:11.822688 10524 data_dirs.cc:400] Could only allocate 1 dirs of requested 3 for tablet 23cf0d131af54cb7944ddeee3b9adcae. 1 dirs total, 0 dirs full, 0 dirs failed
I20260710 11:06:11.832626 10450 tablet_service.cc:1511] Processing CreateTablet for tablet 0afd9b9e5d0a43d38ba8833477de53c5 (DEFAULT_TABLE table=test-workload [id=5ea36d12ff1c4e76ad4b1be4d110cb1e]), partition=RANGE (key) PARTITION 447392425 <= VALUES < 536870910
I20260710 11:06:11.834020 10450 data_dirs.cc:400] Could only allocate 1 dirs of requested 3 for tablet 0afd9b9e5d0a43d38ba8833477de53c5. 1 dirs total, 0 dirs full, 0 dirs failed
I20260710 11:06:11.834432 10579 tablet_bootstrap.cc:492] T 23cf0d131af54cb7944ddeee3b9adcae P 69cce52d6a884bf385fefe8d85e6d96b: Bootstrap starting.
I20260710 11:06:11.837481 10373 tablet_service.cc:1511] Processing CreateTablet for tablet fb47777a5d7649289813dc7b0a3236a2 (DEFAULT_TABLE table=test-workload [id=5ea36d12ff1c4e76ad4b1be4d110cb1e]), partition=RANGE (key) PARTITION 536870910 <= VALUES < 626349395
I20260710 11:06:11.838788 10373 data_dirs.cc:400] Could only allocate 1 dirs of requested 3 for tablet fb47777a5d7649289813dc7b0a3236a2. 1 dirs total, 0 dirs full, 0 dirs failed
I20260710 11:06:11.840966 10579 tablet_bootstrap.cc:654] T 23cf0d131af54cb7944ddeee3b9adcae P 69cce52d6a884bf385fefe8d85e6d96b: Neither blocks nor log segments found. Creating new log.
I20260710 11:06:11.841938 10580 tablet_bootstrap.cc:492] T 7fc8d9c6988f4cea873108656644874c P e9a75cb61d8146659304b842cca07441: Bootstrap starting.
I20260710 11:06:11.849862 10580 tablet_bootstrap.cc:654] T 7fc8d9c6988f4cea873108656644874c P e9a75cb61d8146659304b842cca07441: Neither blocks nor log segments found. Creating new log.
I20260710 11:06:11.852404 10454 tablet_service.cc:1511] Processing CreateTablet for tablet fb47777a5d7649289813dc7b0a3236a2 (DEFAULT_TABLE table=test-workload [id=5ea36d12ff1c4e76ad4b1be4d110cb1e]), partition=RANGE (key) PARTITION 536870910 <= VALUES < 626349395
I20260710 11:06:11.855587 10454 data_dirs.cc:400] Could only allocate 1 dirs of requested 3 for tablet fb47777a5d7649289813dc7b0a3236a2. 1 dirs total, 0 dirs full, 0 dirs failed
I20260710 11:06:11.856015 10526 tablet_service.cc:1511] Processing CreateTablet for tablet fb47777a5d7649289813dc7b0a3236a2 (DEFAULT_TABLE table=test-workload [id=5ea36d12ff1c4e76ad4b1be4d110cb1e]), partition=RANGE (key) PARTITION 536870910 <= VALUES < 626349395
I20260710 11:06:11.857226 10526 data_dirs.cc:400] Could only allocate 1 dirs of requested 3 for tablet fb47777a5d7649289813dc7b0a3236a2. 1 dirs total, 0 dirs full, 0 dirs failed
I20260710 11:06:11.862227 10375 tablet_service.cc:1511] Processing CreateTablet for tablet f356484820014eb89f300f3ddf68e4f2 (DEFAULT_TABLE table=test-workload [id=5ea36d12ff1c4e76ad4b1be4d110cb1e]), partition=RANGE (key) PARTITION 626349395 <= VALUES < 715827880
I20260710 11:06:11.863489 10375 data_dirs.cc:400] Could only allocate 1 dirs of requested 3 for tablet f356484820014eb89f300f3ddf68e4f2. 1 dirs total, 0 dirs full, 0 dirs failed
I20260710 11:06:11.869802 10579 tablet_bootstrap.cc:492] T 23cf0d131af54cb7944ddeee3b9adcae P 69cce52d6a884bf385fefe8d85e6d96b: No bootstrap required, opened a new log
I20260710 11:06:11.870324 10579 ts_tablet_manager.cc:1403] T 23cf0d131af54cb7944ddeee3b9adcae P 69cce52d6a884bf385fefe8d85e6d96b: Time spent bootstrapping tablet: real 0.036s	user 0.010s	sys 0.008s
I20260710 11:06:11.873217 10579 raft_consensus.cc:359] T 23cf0d131af54cb7944ddeee3b9adcae P 69cce52d6a884bf385fefe8d85e6d96b [term 0 FOLLOWER]: Replica starting. Triggering 0 pending ops. Active config: opid_index: -1 OBSOLETE_local: false peers { permanent_uuid: "69cce52d6a884bf385fefe8d85e6d96b" member_type: VOTER last_known_addr { host: "127.9.6.193" port: 44843 } } peers { permanent_uuid: "cb74b42b9a164b19922738fd2e539593" member_type: VOTER last_known_addr { host: "127.9.6.194" port: 36257 } } peers { permanent_uuid: "e9a75cb61d8146659304b842cca07441" member_type: VOTER last_known_addr { host: "127.9.6.195" port: 33221 } }
I20260710 11:06:11.874076 10579 raft_consensus.cc:385] T 23cf0d131af54cb7944ddeee3b9adcae P 69cce52d6a884bf385fefe8d85e6d96b [term 0 FOLLOWER]: Consensus starting up: Expiring failure detector timer to make a prompt election more likely
I20260710 11:06:11.874430 10579 raft_consensus.cc:740] T 23cf0d131af54cb7944ddeee3b9adcae P 69cce52d6a884bf385fefe8d85e6d96b [term 0 FOLLOWER]: Becoming Follower/Learner. State: Replica: 69cce52d6a884bf385fefe8d85e6d96b, State: Initialized, Role: FOLLOWER
I20260710 11:06:11.875481 10579 consensus_queue.cc:260] T 23cf0d131af54cb7944ddeee3b9adcae P 69cce52d6a884bf385fefe8d85e6d96b [NON_LEADER]: Queue going to NON_LEADER mode. State: All replicated index: 0, Majority replicated index: 0, Committed index: 0, Last appended: 0.0, Last appended by leader: 0, Current term: 0, Majority size: -1, State: 0, Mode: NON_LEADER, active raft config: opid_index: -1 OBSOLETE_local: false peers { permanent_uuid: "69cce52d6a884bf385fefe8d85e6d96b" member_type: VOTER last_known_addr { host: "127.9.6.193" port: 44843 } } peers { permanent_uuid: "cb74b42b9a164b19922738fd2e539593" member_type: VOTER last_known_addr { host: "127.9.6.194" port: 36257 } } peers { permanent_uuid: "e9a75cb61d8146659304b842cca07441" member_type: VOTER last_known_addr { host: "127.9.6.195" port: 33221 } }
I20260710 11:06:11.878805 10452 tablet_service.cc:1511] Processing CreateTablet for tablet f356484820014eb89f300f3ddf68e4f2 (DEFAULT_TABLE table=test-workload [id=5ea36d12ff1c4e76ad4b1be4d110cb1e]), partition=RANGE (key) PARTITION 626349395 <= VALUES < 715827880
I20260710 11:06:11.882077 10452 data_dirs.cc:400] Could only allocate 1 dirs of requested 3 for tablet f356484820014eb89f300f3ddf68e4f2. 1 dirs total, 0 dirs full, 0 dirs failed
I20260710 11:06:11.886319 10524 tablet_service.cc:1511] Processing CreateTablet for tablet f356484820014eb89f300f3ddf68e4f2 (DEFAULT_TABLE table=test-workload [id=5ea36d12ff1c4e76ad4b1be4d110cb1e]), partition=RANGE (key) PARTITION 626349395 <= VALUES < 715827880
I20260710 11:06:11.889410 10373 tablet_service.cc:1511] Processing CreateTablet for tablet 37a3a8006de34c2181efb7f88f96f64b (DEFAULT_TABLE table=test-workload [id=5ea36d12ff1c4e76ad4b1be4d110cb1e]), partition=RANGE (key) PARTITION 715827880 <= VALUES < 805306365
I20260710 11:06:11.889786 10453 tablet_service.cc:1511] Processing CreateTablet for tablet 37a3a8006de34c2181efb7f88f96f64b (DEFAULT_TABLE table=test-workload [id=5ea36d12ff1c4e76ad4b1be4d110cb1e]), partition=RANGE (key) PARTITION 715827880 <= VALUES < 805306365
I20260710 11:06:11.874965 10528 tablet_service.cc:1511] Processing CreateTablet for tablet 0afd9b9e5d0a43d38ba8833477de53c5 (DEFAULT_TABLE table=test-workload [id=5ea36d12ff1c4e76ad4b1be4d110cb1e]), partition=RANGE (key) PARTITION 447392425 <= VALUES < 536870910
I20260710 11:06:11.895888 10578 tablet_bootstrap.cc:492] T b7667e4962714c6fb6d9bd83805f3dd3 P cb74b42b9a164b19922738fd2e539593: No bootstrap required, opened a new log
I20260710 11:06:11.898672 10453 data_dirs.cc:400] Could only allocate 1 dirs of requested 3 for tablet 37a3a8006de34c2181efb7f88f96f64b. 1 dirs total, 0 dirs full, 0 dirs failed
I20260710 11:06:11.901968 10524 data_dirs.cc:400] Could only allocate 1 dirs of requested 3 for tablet f356484820014eb89f300f3ddf68e4f2. 1 dirs total, 0 dirs full, 0 dirs failed
I20260710 11:06:11.915784 10373 data_dirs.cc:400] Could only allocate 1 dirs of requested 3 for tablet 37a3a8006de34c2181efb7f88f96f64b. 1 dirs total, 0 dirs full, 0 dirs failed
I20260710 11:06:11.915822 10527 tablet_service.cc:1511] Processing CreateTablet for tablet 5f8e0ca4984e4295a88992f84a9f22f7 (DEFAULT_TABLE table=test-workload [id=5ea36d12ff1c4e76ad4b1be4d110cb1e]), partition=RANGE (key) PARTITION 805306365 <= VALUES < 894784850
I20260710 11:06:11.917642 10527 data_dirs.cc:400] Could only allocate 1 dirs of requested 3 for tablet 5f8e0ca4984e4295a88992f84a9f22f7. 1 dirs total, 0 dirs full, 0 dirs failed
I20260710 11:06:11.918334 10451 tablet_service.cc:1511] Processing CreateTablet for tablet 5f8e0ca4984e4295a88992f84a9f22f7 (DEFAULT_TABLE table=test-workload [id=5ea36d12ff1c4e76ad4b1be4d110cb1e]), partition=RANGE (key) PARTITION 805306365 <= VALUES < 894784850
I20260710 11:06:11.919657 10451 data_dirs.cc:400] Could only allocate 1 dirs of requested 3 for tablet 5f8e0ca4984e4295a88992f84a9f22f7. 1 dirs total, 0 dirs full, 0 dirs failed
I20260710 11:06:11.922312 10374 tablet_service.cc:1511] Processing CreateTablet for tablet 5f8e0ca4984e4295a88992f84a9f22f7 (DEFAULT_TABLE table=test-workload [id=5ea36d12ff1c4e76ad4b1be4d110cb1e]), partition=RANGE (key) PARTITION 805306365 <= VALUES < 894784850
I20260710 11:06:11.923513 10374 data_dirs.cc:400] Could only allocate 1 dirs of requested 3 for tablet 5f8e0ca4984e4295a88992f84a9f22f7. 1 dirs total, 0 dirs full, 0 dirs failed
I20260710 11:06:11.925200 10578 ts_tablet_manager.cc:1403] T b7667e4962714c6fb6d9bd83805f3dd3 P cb74b42b9a164b19922738fd2e539593: Time spent bootstrapping tablet: real 0.127s	user 0.012s	sys 0.000s
I20260710 11:06:11.942154 10375 tablet_service.cc:1511] Processing CreateTablet for tablet fb12fbc5096a4b6ea3e81c31932759d0 (DEFAULT_TABLE table=test-workload [id=5ea36d12ff1c4e76ad4b1be4d110cb1e]), partition=RANGE (key) PARTITION 894784850 <= VALUES < 984263335
I20260710 11:06:11.946622 10375 data_dirs.cc:400] Could only allocate 1 dirs of requested 3 for tablet fb12fbc5096a4b6ea3e81c31932759d0. 1 dirs total, 0 dirs full, 0 dirs failed
I20260710 11:06:11.946184 10450 tablet_service.cc:1511] Processing CreateTablet for tablet fb12fbc5096a4b6ea3e81c31932759d0 (DEFAULT_TABLE table=test-workload [id=5ea36d12ff1c4e76ad4b1be4d110cb1e]), partition=RANGE (key) PARTITION 894784850 <= VALUES < 984263335
I20260710 11:06:11.948112 10450 data_dirs.cc:400] Could only allocate 1 dirs of requested 3 for tablet fb12fbc5096a4b6ea3e81c31932759d0. 1 dirs total, 0 dirs full, 0 dirs failed
I20260710 11:06:11.952451 10525 tablet_service.cc:1511] Processing CreateTablet for tablet fb12fbc5096a4b6ea3e81c31932759d0 (DEFAULT_TABLE table=test-workload [id=5ea36d12ff1c4e76ad4b1be4d110cb1e]), partition=RANGE (key) PARTITION 894784850 <= VALUES < 984263335
I20260710 11:06:11.954002 10526 tablet_service.cc:1511] Processing CreateTablet for tablet 37a3a8006de34c2181efb7f88f96f64b (DEFAULT_TABLE table=test-workload [id=5ea36d12ff1c4e76ad4b1be4d110cb1e]), partition=RANGE (key) PARTITION 715827880 <= VALUES < 805306365
I20260710 11:06:11.945286 10578 raft_consensus.cc:359] T b7667e4962714c6fb6d9bd83805f3dd3 P cb74b42b9a164b19922738fd2e539593 [term 0 FOLLOWER]: Replica starting. Triggering 0 pending ops. Active config: opid_index: -1 OBSOLETE_local: false peers { permanent_uuid: "69cce52d6a884bf385fefe8d85e6d96b" member_type: VOTER last_known_addr { host: "127.9.6.193" port: 44843 } } peers { permanent_uuid: "cb74b42b9a164b19922738fd2e539593" member_type: VOTER last_known_addr { host: "127.9.6.194" port: 36257 } } peers { permanent_uuid: "e9a75cb61d8146659304b842cca07441" member_type: VOTER last_known_addr { host: "127.9.6.195" port: 33221 } }
I20260710 11:06:11.946995 10528 data_dirs.cc:400] Could only allocate 1 dirs of requested 3 for tablet 0afd9b9e5d0a43d38ba8833477de53c5. 1 dirs total, 0 dirs full, 0 dirs failed
I20260710 11:06:11.955497 10578 raft_consensus.cc:385] T b7667e4962714c6fb6d9bd83805f3dd3 P cb74b42b9a164b19922738fd2e539593 [term 0 FOLLOWER]: Consensus starting up: Expiring failure detector timer to make a prompt election more likely
I20260710 11:06:11.957325 10578 raft_consensus.cc:740] T b7667e4962714c6fb6d9bd83805f3dd3 P cb74b42b9a164b19922738fd2e539593 [term 0 FOLLOWER]: Becoming Follower/Learner. State: Replica: cb74b42b9a164b19922738fd2e539593, State: Initialized, Role: FOLLOWER
I20260710 11:06:11.959396 10379 tablet_service.cc:1511] Processing CreateTablet for tablet 9ebe29e9980e4bd18e20192868ddfd16 (DEFAULT_TABLE table=test-workload [id=5ea36d12ff1c4e76ad4b1be4d110cb1e]), partition=RANGE (key) PARTITION 984263335 <= VALUES < 1073741820
I20260710 11:06:11.958830 10578 consensus_queue.cc:260] T b7667e4962714c6fb6d9bd83805f3dd3 P cb74b42b9a164b19922738fd2e539593 [NON_LEADER]: Queue going to NON_LEADER mode. State: All replicated index: 0, Majority replicated index: 0, Committed index: 0, Last appended: 0.0, Last appended by leader: 0, Current term: 0, Majority size: -1, State: 0, Mode: NON_LEADER, active raft config: opid_index: -1 OBSOLETE_local: false peers { permanent_uuid: "69cce52d6a884bf385fefe8d85e6d96b" member_type: VOTER last_known_addr { host: "127.9.6.193" port: 44843 } } peers { permanent_uuid: "cb74b42b9a164b19922738fd2e539593" member_type: VOTER last_known_addr { host: "127.9.6.194" port: 36257 } } peers { permanent_uuid: "e9a75cb61d8146659304b842cca07441" member_type: VOTER last_known_addr { host: "127.9.6.195" port: 33221 } }
I20260710 11:06:11.961102 10379 data_dirs.cc:400] Could only allocate 1 dirs of requested 3 for tablet 9ebe29e9980e4bd18e20192868ddfd16. 1 dirs total, 0 dirs full, 0 dirs failed
I20260710 11:06:11.962975 10525 data_dirs.cc:400] Could only allocate 1 dirs of requested 3 for tablet fb12fbc5096a4b6ea3e81c31932759d0. 1 dirs total, 0 dirs full, 0 dirs failed
I20260710 11:06:11.966357 10453 tablet_service.cc:1511] Processing CreateTablet for tablet 9ebe29e9980e4bd18e20192868ddfd16 (DEFAULT_TABLE table=test-workload [id=5ea36d12ff1c4e76ad4b1be4d110cb1e]), partition=RANGE (key) PARTITION 984263335 <= VALUES < 1073741820
I20260710 11:06:11.970353 10579 ts_tablet_manager.cc:1434] T 23cf0d131af54cb7944ddeee3b9adcae P 69cce52d6a884bf385fefe8d85e6d96b: Time spent starting tablet: real 0.100s	user 0.028s	sys 0.039s
I20260710 11:06:11.971352 10524 tablet_service.cc:1511] Processing CreateTablet for tablet 9ebe29e9980e4bd18e20192868ddfd16 (DEFAULT_TABLE table=test-workload [id=5ea36d12ff1c4e76ad4b1be4d110cb1e]), partition=RANGE (key) PARTITION 984263335 <= VALUES < 1073741820
I20260710 11:06:11.972110 10526 data_dirs.cc:400] Could only allocate 1 dirs of requested 3 for tablet 37a3a8006de34c2181efb7f88f96f64b. 1 dirs total, 0 dirs full, 0 dirs failed
I20260710 11:06:11.973645 10524 data_dirs.cc:400] Could only allocate 1 dirs of requested 3 for tablet 9ebe29e9980e4bd18e20192868ddfd16. 1 dirs total, 0 dirs full, 0 dirs failed
I20260710 11:06:11.976586 10414 heartbeater.cc:499] Master 127.9.6.254:35571 was elected leader, sending a full tablet report...
I20260710 11:06:11.978533 10453 data_dirs.cc:400] Could only allocate 1 dirs of requested 3 for tablet 9ebe29e9980e4bd18e20192868ddfd16. 1 dirs total, 0 dirs full, 0 dirs failed
I20260710 11:06:11.979265 10584 raft_consensus.cc:493] T 23cf0d131af54cb7944ddeee3b9adcae P 69cce52d6a884bf385fefe8d85e6d96b [term 0 FOLLOWER]: Starting pre-election (no leader contacted us within the election timeout)
I20260710 11:06:11.979730 10584 raft_consensus.cc:515] T 23cf0d131af54cb7944ddeee3b9adcae P 69cce52d6a884bf385fefe8d85e6d96b [term 0 FOLLOWER]: Starting pre-election with config: opid_index: -1 OBSOLETE_local: false peers { permanent_uuid: "69cce52d6a884bf385fefe8d85e6d96b" member_type: VOTER last_known_addr { host: "127.9.6.193" port: 44843 } } peers { permanent_uuid: "cb74b42b9a164b19922738fd2e539593" member_type: VOTER last_known_addr { host: "127.9.6.194" port: 36257 } } peers { permanent_uuid: "e9a75cb61d8146659304b842cca07441" member_type: VOTER last_known_addr { host: "127.9.6.195" port: 33221 } }
I20260710 11:06:11.987514 10584 leader_election.cc:290] T 23cf0d131af54cb7944ddeee3b9adcae P 69cce52d6a884bf385fefe8d85e6d96b [CANDIDATE]: Term 1 pre-election: Requested pre-vote from peers cb74b42b9a164b19922738fd2e539593 (127.9.6.194:36257), e9a75cb61d8146659304b842cca07441 (127.9.6.195:33221)
I20260710 11:06:11.989881 10378 tablet_service.cc:1511] Processing CreateTablet for tablet 7a4d68257ec04b66ab0ab7f990f177bc (DEFAULT_TABLE table=test-workload [id=5ea36d12ff1c4e76ad4b1be4d110cb1e]), partition=RANGE (key) PARTITION 1073741820 <= VALUES < 1163220305
I20260710 11:06:11.991108 10378 data_dirs.cc:400] Could only allocate 1 dirs of requested 3 for tablet 7a4d68257ec04b66ab0ab7f990f177bc. 1 dirs total, 0 dirs full, 0 dirs failed
I20260710 11:06:11.996754 10579 tablet_bootstrap.cc:492] T 7fc8d9c6988f4cea873108656644874c P 69cce52d6a884bf385fefe8d85e6d96b: Bootstrap starting.
I20260710 11:06:11.998503 10580 tablet_bootstrap.cc:492] T 7fc8d9c6988f4cea873108656644874c P e9a75cb61d8146659304b842cca07441: No bootstrap required, opened a new log
I20260710 11:06:11.998974 10580 ts_tablet_manager.cc:1403] T 7fc8d9c6988f4cea873108656644874c P e9a75cb61d8146659304b842cca07441: Time spent bootstrapping tablet: real 0.157s	user 0.024s	sys 0.031s
I20260710 11:06:12.001854 10580 raft_consensus.cc:359] T 7fc8d9c6988f4cea873108656644874c P e9a75cb61d8146659304b842cca07441 [term 0 FOLLOWER]: Replica starting. Triggering 0 pending ops. Active config: opid_index: -1 OBSOLETE_local: false peers { permanent_uuid: "69cce52d6a884bf385fefe8d85e6d96b" member_type: VOTER last_known_addr { host: "127.9.6.193" port: 44843 } } peers { permanent_uuid: "cb74b42b9a164b19922738fd2e539593" member_type: VOTER last_known_addr { host: "127.9.6.194" port: 36257 } } peers { permanent_uuid: "e9a75cb61d8146659304b842cca07441" member_type: VOTER last_known_addr { host: "127.9.6.195" port: 33221 } }
I20260710 11:06:12.002588 10580 raft_consensus.cc:385] T 7fc8d9c6988f4cea873108656644874c P e9a75cb61d8146659304b842cca07441 [term 0 FOLLOWER]: Consensus starting up: Expiring failure detector timer to make a prompt election more likely
I20260710 11:06:12.002895 10580 raft_consensus.cc:740] T 7fc8d9c6988f4cea873108656644874c P e9a75cb61d8146659304b842cca07441 [term 0 FOLLOWER]: Becoming Follower/Learner. State: Replica: e9a75cb61d8146659304b842cca07441, State: Initialized, Role: FOLLOWER
