I20260710 11:06:15.768218 32394 tablet_service.cc:1917] Received RequestConsensusVote() RPC: tablet_id: "f3515ffe7edf4a72a82cf8b15160bee9" candidate_uuid: "957e2720a8d1440991fcf628506174b0" candidate_term: 1 candidate_status { last_received { term: 0 index: 0 } } ignore_live_leader: false dest_uuid: "cc3d775e90234a60b77b2b8ff3cf4838" is_pre_election: true
I20260710 11:06:15.770009 32394 raft_consensus.cc:2468] T f3515ffe7edf4a72a82cf8b15160bee9 P cc3d775e90234a60b77b2b8ff3cf4838 [term 0 FOLLOWER]: Leader pre-election vote request: Granting yes vote for candidate 957e2720a8d1440991fcf628506174b0 in term 0.
I20260710 11:06:15.772526 32541 raft_consensus.cc:2804] T f3515ffe7edf4a72a82cf8b15160bee9 P 957e2720a8d1440991fcf628506174b0 [term 0 FOLLOWER]: Leader pre-election won for term 1
I20260710 11:06:15.773183 32541 raft_consensus.cc:493] T f3515ffe7edf4a72a82cf8b15160bee9 P 957e2720a8d1440991fcf628506174b0 [term 0 FOLLOWER]: Starting leader election (no leader contacted us within the election timeout)
I20260710 11:06:15.773694 32541 raft_consensus.cc:3060] T f3515ffe7edf4a72a82cf8b15160bee9 P 957e2720a8d1440991fcf628506174b0 [term 0 FOLLOWER]: Advancing to term 1
I20260710 11:06:15.779946 32515 raft_consensus.cc:493] T f3515ffe7edf4a72a82cf8b15160bee9 P cc3d775e90234a60b77b2b8ff3cf4838 [term 0 FOLLOWER]: Starting pre-election (no leader contacted us within the election timeout)
I20260710 11:06:15.780807 32515 raft_consensus.cc:515] T f3515ffe7edf4a72a82cf8b15160bee9 P cc3d775e90234a60b77b2b8ff3cf4838 [term 0 FOLLOWER]: Starting pre-election with config: opid_index: -1 OBSOLETE_local: false peers { permanent_uuid: "957e2720a8d1440991fcf628506174b0" member_type: VOTER last_known_addr { host: "127.30.108.129" port: 38341 } } peers { permanent_uuid: "cc3d775e90234a60b77b2b8ff3cf4838" member_type: VOTER last_known_addr { host: "127.30.108.130" port: 44181 } } peers { permanent_uuid: "aaa96f7d3fe24d6c93f18db03d57fb9b" member_type: VOTER last_known_addr { host: "127.30.108.131" port: 38455 } }
I20260710 11:06:15.784827 32318 tablet_service.cc:1917] Received RequestConsensusVote() RPC: tablet_id: "f3515ffe7edf4a72a82cf8b15160bee9" candidate_uuid: "cc3d775e90234a60b77b2b8ff3cf4838" candidate_term: 1 candidate_status { last_received { term: 0 index: 0 } } ignore_live_leader: false dest_uuid: "957e2720a8d1440991fcf628506174b0" is_pre_election: true
I20260710 11:06:15.788133 32468 tablet_service.cc:1917] Received RequestConsensusVote() RPC: tablet_id: "f3515ffe7edf4a72a82cf8b15160bee9" candidate_uuid: "cc3d775e90234a60b77b2b8ff3cf4838" candidate_term: 1 candidate_status { last_received { term: 0 index: 0 } } ignore_live_leader: false dest_uuid: "aaa96f7d3fe24d6c93f18db03d57fb9b" is_pre_election: true
I20260710 11:06:15.789417 32468 raft_consensus.cc:2468] T f3515ffe7edf4a72a82cf8b15160bee9 P aaa96f7d3fe24d6c93f18db03d57fb9b [term 0 FOLLOWER]: Leader pre-election vote request: Granting yes vote for candidate cc3d775e90234a60b77b2b8ff3cf4838 in term 0.
I20260710 11:06:15.791100 32358 leader_election.cc:304] T f3515ffe7edf4a72a82cf8b15160bee9 P cc3d775e90234a60b77b2b8ff3cf4838 [CANDIDATE]: Term 1 pre-election: Election decided. Result: candidate won. Election summary: received 2 responses out of 3 voters: 2 yes votes; 0 no votes. yes voters: aaa96f7d3fe24d6c93f18db03d57fb9b, cc3d775e90234a60b77b2b8ff3cf4838; no voters: 
I20260710 11:06:15.794006 32564 raft_consensus.cc:2804] T f3515ffe7edf4a72a82cf8b15160bee9 P cc3d775e90234a60b77b2b8ff3cf4838 [term 0 FOLLOWER]: Leader pre-election won for term 1
I20260710 11:06:15.794416 32564 raft_consensus.cc:493] T f3515ffe7edf4a72a82cf8b15160bee9 P cc3d775e90234a60b77b2b8ff3cf4838 [term 0 FOLLOWER]: Starting leader election (no leader contacted us within the election timeout)
I20260710 11:06:15.794785 32564 raft_consensus.cc:3060] T f3515ffe7edf4a72a82cf8b15160bee9 P cc3d775e90234a60b77b2b8ff3cf4838 [term 0 FOLLOWER]: Advancing to term 1
I20260710 11:06:15.796125 32508 tablet_bootstrap.cc:492] T 9eef190837f04befa447ee4caea8bc31 P aaa96f7d3fe24d6c93f18db03d57fb9b: No bootstrap required, opened a new log
I20260710 11:06:15.796676 32508 ts_tablet_manager.cc:1403] T 9eef190837f04befa447ee4caea8bc31 P aaa96f7d3fe24d6c93f18db03d57fb9b: Time spent bootstrapping tablet: real 0.185s	user 0.052s	sys 0.101s
I20260710 11:06:15.797139 32510 tablet_bootstrap.cc:492] T 9eef190837f04befa447ee4caea8bc31 P 957e2720a8d1440991fcf628506174b0: No bootstrap required, opened a new log
I20260710 11:06:15.797665 32510 ts_tablet_manager.cc:1403] T 9eef190837f04befa447ee4caea8bc31 P 957e2720a8d1440991fcf628506174b0: Time spent bootstrapping tablet: real 0.192s	user 0.062s	sys 0.123s
I20260710 11:06:15.800230 32508 raft_consensus.cc:359] T 9eef190837f04befa447ee4caea8bc31 P aaa96f7d3fe24d6c93f18db03d57fb9b [term 0 FOLLOWER]: Replica starting. Triggering 0 pending ops. Active config: opid_index: -1 OBSOLETE_local: false peers { permanent_uuid: "957e2720a8d1440991fcf628506174b0" member_type: VOTER last_known_addr { host: "127.30.108.129" port: 38341 } } peers { permanent_uuid: "cc3d775e90234a60b77b2b8ff3cf4838" member_type: VOTER last_known_addr { host: "127.30.108.130" port: 44181 } } peers { permanent_uuid: "aaa96f7d3fe24d6c93f18db03d57fb9b" member_type: VOTER last_known_addr { host: "127.30.108.131" port: 38455 } }
I20260710 11:06:15.800112 32468 tablet_service.cc:1917] Received RequestConsensusVote() RPC: tablet_id: "1c5d55614d504a7ab47ceb6b43751d90" candidate_uuid: "957e2720a8d1440991fcf628506174b0" candidate_term: 1 candidate_status { last_received { term: 0 index: 0 } } ignore_live_leader: false dest_uuid: "aaa96f7d3fe24d6c93f18db03d57fb9b"
I20260710 11:06:15.801395 32508 raft_consensus.cc:385] T 9eef190837f04befa447ee4caea8bc31 P aaa96f7d3fe24d6c93f18db03d57fb9b [term 0 FOLLOWER]: Consensus starting up: Expiring failure detector timer to make a prompt election more likely
I20260710 11:06:15.801113 32510 raft_consensus.cc:359] T 9eef190837f04befa447ee4caea8bc31 P 957e2720a8d1440991fcf628506174b0 [term 0 FOLLOWER]: Replica starting. Triggering 0 pending ops. Active config: opid_index: -1 OBSOLETE_local: false peers { permanent_uuid: "957e2720a8d1440991fcf628506174b0" member_type: VOTER last_known_addr { host: "127.30.108.129" port: 38341 } } peers { permanent_uuid: "cc3d775e90234a60b77b2b8ff3cf4838" member_type: VOTER last_known_addr { host: "127.30.108.130" port: 44181 } } peers { permanent_uuid: "aaa96f7d3fe24d6c93f18db03d57fb9b" member_type: VOTER last_known_addr { host: "127.30.108.131" port: 38455 } }
I20260710 11:06:15.801952 32508 raft_consensus.cc:740] T 9eef190837f04befa447ee4caea8bc31 P aaa96f7d3fe24d6c93f18db03d57fb9b [term 0 FOLLOWER]: Becoming Follower/Learner. State: Replica: aaa96f7d3fe24d6c93f18db03d57fb9b, State: Initialized, Role: FOLLOWER
I20260710 11:06:15.802484 32510 raft_consensus.cc:385] T 9eef190837f04befa447ee4caea8bc31 P 957e2720a8d1440991fcf628506174b0 [term 0 FOLLOWER]: Consensus starting up: Expiring failure detector timer to make a prompt election more likely
I20260710 11:06:15.802820 32510 raft_consensus.cc:740] T 9eef190837f04befa447ee4caea8bc31 P 957e2720a8d1440991fcf628506174b0 [term 0 FOLLOWER]: Becoming Follower/Learner. State: Replica: 957e2720a8d1440991fcf628506174b0, State: Initialized, Role: FOLLOWER
I20260710 11:06:15.803548 32508 consensus_queue.cc:260] T 9eef190837f04befa447ee4caea8bc31 P aaa96f7d3fe24d6c93f18db03d57fb9b [NON_LEADER]: Queue going to NON_LEADER mode. State: All replicated index: 0, Majority replicated index: 0, Committed index: 0, Last appended: 0.0, Last appended by leader: 0, Current term: 0, Majority size: -1, State: 0, Mode: NON_LEADER, active raft config: opid_index: -1 OBSOLETE_local: false peers { permanent_uuid: "957e2720a8d1440991fcf628506174b0" member_type: VOTER last_known_addr { host: "127.30.108.129" port: 38341 } } peers { permanent_uuid: "cc3d775e90234a60b77b2b8ff3cf4838" member_type: VOTER last_known_addr { host: "127.30.108.130" port: 44181 } } peers { permanent_uuid: "aaa96f7d3fe24d6c93f18db03d57fb9b" member_type: VOTER last_known_addr { host: "127.30.108.131" port: 38455 } }
I20260710 11:06:15.803548 32510 consensus_queue.cc:260] T 9eef190837f04befa447ee4caea8bc31 P 957e2720a8d1440991fcf628506174b0 [NON_LEADER]: Queue going to NON_LEADER mode. State: All replicated index: 0, Majority replicated index: 0, Committed index: 0, Last appended: 0.0, Last appended by leader: 0, Current term: 0, Majority size: -1, State: 0, Mode: NON_LEADER, active raft config: opid_index: -1 OBSOLETE_local: false peers { permanent_uuid: "957e2720a8d1440991fcf628506174b0" member_type: VOTER last_known_addr { host: "127.30.108.129" port: 38341 } } peers { permanent_uuid: "cc3d775e90234a60b77b2b8ff3cf4838" member_type: VOTER last_known_addr { host: "127.30.108.130" port: 44181 } } peers { permanent_uuid: "aaa96f7d3fe24d6c93f18db03d57fb9b" member_type: VOTER last_known_addr { host: "127.30.108.131" port: 38455 } }
I20260710 11:06:15.803905 32564 raft_consensus.cc:515] T f3515ffe7edf4a72a82cf8b15160bee9 P cc3d775e90234a60b77b2b8ff3cf4838 [term 1 FOLLOWER]: Starting leader election with config: opid_index: -1 OBSOLETE_local: false peers { permanent_uuid: "957e2720a8d1440991fcf628506174b0" member_type: VOTER last_known_addr { host: "127.30.108.129" port: 38341 } } peers { permanent_uuid: "cc3d775e90234a60b77b2b8ff3cf4838" member_type: VOTER last_known_addr { host: "127.30.108.130" port: 44181 } } peers { permanent_uuid: "aaa96f7d3fe24d6c93f18db03d57fb9b" member_type: VOTER last_known_addr { host: "127.30.108.131" port: 38455 } }
I20260710 11:06:15.803328 32283 leader_election.cc:304] T 1c5d55614d504a7ab47ceb6b43751d90 P 957e2720a8d1440991fcf628506174b0 [CANDIDATE]: Term 1 election: Election decided. Result: candidate lost. Election summary: received 3 responses out of 3 voters: 1 yes votes; 2 no votes. yes voters: 957e2720a8d1440991fcf628506174b0; no voters: aaa96f7d3fe24d6c93f18db03d57fb9b, cc3d775e90234a60b77b2b8ff3cf4838
I20260710 11:06:15.806141 32510 ts_tablet_manager.cc:1434] T 9eef190837f04befa447ee4caea8bc31 P 957e2720a8d1440991fcf628506174b0: Time spent starting tablet: real 0.008s	user 0.006s	sys 0.000s
I20260710 11:06:15.806556 32564 leader_election.cc:290] T f3515ffe7edf4a72a82cf8b15160bee9 P cc3d775e90234a60b77b2b8ff3cf4838 [CANDIDATE]: Term 1 election: Requested vote from peers 957e2720a8d1440991fcf628506174b0 (127.30.108.129:38341), aaa96f7d3fe24d6c93f18db03d57fb9b (127.30.108.131:38455)
I20260710 11:06:15.806797 32516 raft_consensus.cc:2749] T 1c5d55614d504a7ab47ceb6b43751d90 P 957e2720a8d1440991fcf628506174b0 [term 1 FOLLOWER]: Leader election lost for term 1. Reason: could not achieve majority
I20260710 11:06:15.807101 32564 raft_consensus.cc:493] T 8466af33d1cb49b09678172cd777285b P cc3d775e90234a60b77b2b8ff3cf4838 [term 0 FOLLOWER]: Starting pre-election (no leader contacted us within the election timeout)
I20260710 11:06:15.807915 32510 tablet_bootstrap.cc:492] T 91fdf65bc4f14836b1308ec03a2191a5 P 957e2720a8d1440991fcf628506174b0: Bootstrap starting.
I20260710 11:06:15.807516 32564 raft_consensus.cc:515] T 8466af33d1cb49b09678172cd777285b P cc3d775e90234a60b77b2b8ff3cf4838 [term 0 FOLLOWER]: Starting pre-election with config: opid_index: -1 OBSOLETE_local: false peers { permanent_uuid: "957e2720a8d1440991fcf628506174b0" member_type: VOTER last_known_addr { host: "127.30.108.129" port: 38341 } } peers { permanent_uuid: "cc3d775e90234a60b77b2b8ff3cf4838" member_type: VOTER last_known_addr { host: "127.30.108.130" port: 44181 } } peers { permanent_uuid: "aaa96f7d3fe24d6c93f18db03d57fb9b" member_type: VOTER last_known_addr { host: "127.30.108.131" port: 38455 } }
I20260710 11:06:15.808357 32467 tablet_service.cc:1917] Received RequestConsensusVote() RPC: tablet_id: "f3515ffe7edf4a72a82cf8b15160bee9" candidate_uuid: "cc3d775e90234a60b77b2b8ff3cf4838" candidate_term: 1 candidate_status { last_received { term: 0 index: 0 } } ignore_live_leader: false dest_uuid: "aaa96f7d3fe24d6c93f18db03d57fb9b"
I20260710 11:06:15.809176 32467 raft_consensus.cc:3060] T f3515ffe7edf4a72a82cf8b15160bee9 P aaa96f7d3fe24d6c93f18db03d57fb9b [term 0 FOLLOWER]: Advancing to term 1
I20260710 11:06:15.809197 32508 ts_tablet_manager.cc:1434] T 9eef190837f04befa447ee4caea8bc31 P aaa96f7d3fe24d6c93f18db03d57fb9b: Time spent starting tablet: real 0.012s	user 0.008s	sys 0.000s
I20260710 11:06:15.810921 32508 tablet_bootstrap.cc:492] T 91fdf65bc4f14836b1308ec03a2191a5 P aaa96f7d3fe24d6c93f18db03d57fb9b: Bootstrap starting.
I20260710 11:06:15.811015 32564 leader_election.cc:290] T 8466af33d1cb49b09678172cd777285b P cc3d775e90234a60b77b2b8ff3cf4838 [CANDIDATE]: Term 1 pre-election: Requested pre-vote from peers 957e2720a8d1440991fcf628506174b0 (127.30.108.129:38341), aaa96f7d3fe24d6c93f18db03d57fb9b (127.30.108.131:38455)
I20260710 11:06:15.812760 32466 tablet_service.cc:1917] Received RequestConsensusVote() RPC: tablet_id: "8466af33d1cb49b09678172cd777285b" candidate_uuid: "cc3d775e90234a60b77b2b8ff3cf4838" candidate_term: 1 candidate_status { last_received { term: 0 index: 0 } } ignore_live_leader: false dest_uuid: "aaa96f7d3fe24d6c93f18db03d57fb9b" is_pre_election: true
I20260710 11:06:15.813465 32466 raft_consensus.cc:2468] T 8466af33d1cb49b09678172cd777285b P aaa96f7d3fe24d6c93f18db03d57fb9b [term 0 FOLLOWER]: Leader pre-election vote request: Granting yes vote for candidate cc3d775e90234a60b77b2b8ff3cf4838 in term 0.
I20260710 11:06:15.816226 32358 leader_election.cc:304] T 8466af33d1cb49b09678172cd777285b P cc3d775e90234a60b77b2b8ff3cf4838 [CANDIDATE]: Term 1 pre-election: Election decided. Result: candidate won. Election summary: received 2 responses out of 3 voters: 2 yes votes; 0 no votes. yes voters: aaa96f7d3fe24d6c93f18db03d57fb9b, cc3d775e90234a60b77b2b8ff3cf4838; no voters: 
I20260710 11:06:15.817164 32564 raft_consensus.cc:2804] T 8466af33d1cb49b09678172cd777285b P cc3d775e90234a60b77b2b8ff3cf4838 [term 0 FOLLOWER]: Leader pre-election won for term 1
I20260710 11:06:15.817602 32564 raft_consensus.cc:493] T 8466af33d1cb49b09678172cd777285b P cc3d775e90234a60b77b2b8ff3cf4838 [term 0 FOLLOWER]: Starting leader election (no leader contacted us within the election timeout)
I20260710 11:06:15.817998 32564 raft_consensus.cc:3060] T 8466af33d1cb49b09678172cd777285b P cc3d775e90234a60b77b2b8ff3cf4838 [term 0 FOLLOWER]: Advancing to term 1
I20260710 11:06:15.825165 32510 tablet_bootstrap.cc:654] T 91fdf65bc4f14836b1308ec03a2191a5 P 957e2720a8d1440991fcf628506174b0: Neither blocks nor log segments found. Creating new log.
I20260710 11:06:15.827147 32508 tablet_bootstrap.cc:654] T 91fdf65bc4f14836b1308ec03a2191a5 P aaa96f7d3fe24d6c93f18db03d57fb9b: Neither blocks nor log segments found. Creating new log.
I20260710 11:06:15.828928 32564 raft_consensus.cc:515] T 8466af33d1cb49b09678172cd777285b P cc3d775e90234a60b77b2b8ff3cf4838 [term 1 FOLLOWER]: Starting leader election with config: opid_index: -1 OBSOLETE_local: false peers { permanent_uuid: "957e2720a8d1440991fcf628506174b0" member_type: VOTER last_known_addr { host: "127.30.108.129" port: 38341 } } peers { permanent_uuid: "cc3d775e90234a60b77b2b8ff3cf4838" member_type: VOTER last_known_addr { host: "127.30.108.130" port: 44181 } } peers { permanent_uuid: "aaa96f7d3fe24d6c93f18db03d57fb9b" member_type: VOTER last_known_addr { host: "127.30.108.131" port: 38455 } }
I20260710 11:06:15.831852 32564 leader_election.cc:290] T 8466af33d1cb49b09678172cd777285b P cc3d775e90234a60b77b2b8ff3cf4838 [CANDIDATE]: Term 1 election: Requested vote from peers 957e2720a8d1440991fcf628506174b0 (127.30.108.129:38341), aaa96f7d3fe24d6c93f18db03d57fb9b (127.30.108.131:38455)
I20260710 11:06:15.834278 32466 tablet_service.cc:1917] Received RequestConsensusVote() RPC: tablet_id: "8466af33d1cb49b09678172cd777285b" candidate_uuid: "cc3d775e90234a60b77b2b8ff3cf4838" candidate_term: 1 candidate_status { last_received { term: 0 index: 0 } } ignore_live_leader: false dest_uuid: "aaa96f7d3fe24d6c93f18db03d57fb9b"
I20260710 11:06:15.834836 32466 raft_consensus.cc:3060] T 8466af33d1cb49b09678172cd777285b P aaa96f7d3fe24d6c93f18db03d57fb9b [term 0 FOLLOWER]: Advancing to term 1
I20260710 11:06:15.836869 32319 tablet_service.cc:1917] Received RequestConsensusVote() RPC: tablet_id: "8466af33d1cb49b09678172cd777285b" candidate_uuid: "cc3d775e90234a60b77b2b8ff3cf4838" candidate_term: 1 candidate_status { last_received { term: 0 index: 0 } } ignore_live_leader: false dest_uuid: "957e2720a8d1440991fcf628506174b0" is_pre_election: true
I20260710 11:06:15.837764 32319 raft_consensus.cc:2468] T 8466af33d1cb49b09678172cd777285b P 957e2720a8d1440991fcf628506174b0 [term 0 FOLLOWER]: Leader pre-election vote request: Granting yes vote for candidate cc3d775e90234a60b77b2b8ff3cf4838 in term 0.
I20260710 11:06:15.839231 32316 tablet_service.cc:1917] Received RequestConsensusVote() RPC: tablet_id: "8466af33d1cb49b09678172cd777285b" candidate_uuid: "cc3d775e90234a60b77b2b8ff3cf4838" candidate_term: 1 candidate_status { last_received { term: 0 index: 0 } } ignore_live_leader: false dest_uuid: "957e2720a8d1440991fcf628506174b0"
I20260710 11:06:15.840093 32316 raft_consensus.cc:3060] T 8466af33d1cb49b09678172cd777285b P 957e2720a8d1440991fcf628506174b0 [term 0 FOLLOWER]: Advancing to term 1
I20260710 11:06:15.843093 32317 tablet_service.cc:1917] Received RequestConsensusVote() RPC: tablet_id: "f3515ffe7edf4a72a82cf8b15160bee9" candidate_uuid: "cc3d775e90234a60b77b2b8ff3cf4838" candidate_term: 1 candidate_status { last_received { term: 0 index: 0 } } ignore_live_leader: false dest_uuid: "957e2720a8d1440991fcf628506174b0"
I20260710 11:06:15.844477 32467 raft_consensus.cc:2468] T f3515ffe7edf4a72a82cf8b15160bee9 P aaa96f7d3fe24d6c93f18db03d57fb9b [term 1 FOLLOWER]: Leader election vote request: Granting yes vote for candidate cc3d775e90234a60b77b2b8ff3cf4838 in term 1.
I20260710 11:06:15.847213 32358 leader_election.cc:304] T f3515ffe7edf4a72a82cf8b15160bee9 P cc3d775e90234a60b77b2b8ff3cf4838 [CANDIDATE]: Term 1 election: Election decided. Result: candidate won. Election summary: received 2 responses out of 3 voters: 2 yes votes; 0 no votes. yes voters: aaa96f7d3fe24d6c93f18db03d57fb9b, cc3d775e90234a60b77b2b8ff3cf4838; no voters: 
I20260710 11:06:15.848567 32509 tablet_bootstrap.cc:492] T 800cf72c931b4457a7784ce475f09708 P cc3d775e90234a60b77b2b8ff3cf4838: No bootstrap required, opened a new log
I20260710 11:06:15.849143 32509 ts_tablet_manager.cc:1403] T 800cf72c931b4457a7784ce475f09708 P cc3d775e90234a60b77b2b8ff3cf4838: Time spent bootstrapping tablet: real 0.190s	user 0.038s	sys 0.092s
I20260710 11:06:15.848651 32217 catalog_manager.cc:5697] T 1c5d55614d504a7ab47ceb6b43751d90 P aaa96f7d3fe24d6c93f18db03d57fb9b reported cstate change: term changed from 0 to 1, leader changed from <none> to aaa96f7d3fe24d6c93f18db03d57fb9b (127.30.108.131). New cstate: current_term: 1 leader_uuid: "aaa96f7d3fe24d6c93f18db03d57fb9b" committed_config { opid_index: -1 OBSOLETE_local: false peers { permanent_uuid: "957e2720a8d1440991fcf628506174b0" member_type: VOTER last_known_addr { host: "127.30.108.129" port: 38341 } health_report { overall_health: UNKNOWN } } peers { permanent_uuid: "cc3d775e90234a60b77b2b8ff3cf4838" member_type: VOTER last_known_addr { host: "127.30.108.130" port: 44181 } health_report { overall_health: UNKNOWN } } peers { permanent_uuid: "aaa96f7d3fe24d6c93f18db03d57fb9b" member_type: VOTER last_known_addr { host: "127.30.108.131" port: 38455 } health_report { overall_health: HEALTHY } } }
I20260710 11:06:15.852139 32466 raft_consensus.cc:2468] T 8466af33d1cb49b09678172cd777285b P aaa96f7d3fe24d6c93f18db03d57fb9b [term 1 FOLLOWER]: Leader election vote request: Granting yes vote for candidate cc3d775e90234a60b77b2b8ff3cf4838 in term 1.
I20260710 11:06:15.852069 32509 raft_consensus.cc:359] T 800cf72c931b4457a7784ce475f09708 P cc3d775e90234a60b77b2b8ff3cf4838 [term 0 FOLLOWER]: Replica starting. Triggering 0 pending ops. Active config: opid_index: -1 OBSOLETE_local: false peers { permanent_uuid: "957e2720a8d1440991fcf628506174b0" member_type: VOTER last_known_addr { host: "127.30.108.129" port: 38341 } } peers { permanent_uuid: "cc3d775e90234a60b77b2b8ff3cf4838" member_type: VOTER last_known_addr { host: "127.30.108.130" port: 44181 } } peers { permanent_uuid: "aaa96f7d3fe24d6c93f18db03d57fb9b" member_type: VOTER last_known_addr { host: "127.30.108.131" port: 38455 } }
I20260710 11:06:15.852909 32509 raft_consensus.cc:385] T 800cf72c931b4457a7784ce475f09708 P cc3d775e90234a60b77b2b8ff3cf4838 [term 0 FOLLOWER]: Consensus starting up: Expiring failure detector timer to make a prompt election more likely
I20260710 11:06:15.853236 32509 raft_consensus.cc:740] T 800cf72c931b4457a7784ce475f09708 P cc3d775e90234a60b77b2b8ff3cf4838 [term 0 FOLLOWER]: Becoming Follower/Learner. State: Replica: cc3d775e90234a60b77b2b8ff3cf4838, State: Initialized, Role: FOLLOWER
I20260710 11:06:15.853356 32358 leader_election.cc:304] T 8466af33d1cb49b09678172cd777285b P cc3d775e90234a60b77b2b8ff3cf4838 [CANDIDATE]: Term 1 election: Election decided. Result: candidate won. Election summary: received 2 responses out of 3 voters: 2 yes votes; 0 no votes. yes voters: aaa96f7d3fe24d6c93f18db03d57fb9b, cc3d775e90234a60b77b2b8ff3cf4838; no voters: 
I20260710 11:06:15.854321 32564 raft_consensus.cc:2804] T f3515ffe7edf4a72a82cf8b15160bee9 P cc3d775e90234a60b77b2b8ff3cf4838 [term 1 FOLLOWER]: Leader election won for term 1
I20260710 11:06:15.854018 32509 consensus_queue.cc:260] T 800cf72c931b4457a7784ce475f09708 P cc3d775e90234a60b77b2b8ff3cf4838 [NON_LEADER]: Queue going to NON_LEADER mode. State: All replicated index: 0, Majority replicated index: 0, Committed index: 0, Last appended: 0.0, Last appended by leader: 0, Current term: 0, Majority size: -1, State: 0, Mode: NON_LEADER, active raft config: opid_index: -1 OBSOLETE_local: false peers { permanent_uuid: "957e2720a8d1440991fcf628506174b0" member_type: VOTER last_known_addr { host: "127.30.108.129" port: 38341 } } peers { permanent_uuid: "cc3d775e90234a60b77b2b8ff3cf4838" member_type: VOTER last_known_addr { host: "127.30.108.130" port: 44181 } } peers { permanent_uuid: "aaa96f7d3fe24d6c93f18db03d57fb9b" member_type: VOTER last_known_addr { host: "127.30.108.131" port: 38455 } }
I20260710 11:06:15.859470 32316 raft_consensus.cc:2468] T 8466af33d1cb49b09678172cd777285b P 957e2720a8d1440991fcf628506174b0 [term 1 FOLLOWER]: Leader election vote request: Granting yes vote for candidate cc3d775e90234a60b77b2b8ff3cf4838 in term 1.
I20260710 11:06:15.864288 32508 tablet_bootstrap.cc:492] T 91fdf65bc4f14836b1308ec03a2191a5 P aaa96f7d3fe24d6c93f18db03d57fb9b: No bootstrap required, opened a new log
I20260710 11:06:15.865008 32508 ts_tablet_manager.cc:1403] T 91fdf65bc4f14836b1308ec03a2191a5 P aaa96f7d3fe24d6c93f18db03d57fb9b: Time spent bootstrapping tablet: real 0.054s	user 0.020s	sys 0.007s
I20260710 11:06:15.865607 32515 leader_election.cc:290] T f3515ffe7edf4a72a82cf8b15160bee9 P cc3d775e90234a60b77b2b8ff3cf4838 [CANDIDATE]: Term 1 pre-election: Requested pre-vote from peers 957e2720a8d1440991fcf628506174b0 (127.30.108.129:38341), aaa96f7d3fe24d6c93f18db03d57fb9b (127.30.108.131:38455)
I20260710 11:06:15.868471 32508 raft_consensus.cc:359] T 91fdf65bc4f14836b1308ec03a2191a5 P aaa96f7d3fe24d6c93f18db03d57fb9b [term 0 FOLLOWER]: Replica starting. Triggering 0 pending ops. Active config: opid_index: -1 OBSOLETE_local: false peers { permanent_uuid: "957e2720a8d1440991fcf628506174b0" member_type: VOTER last_known_addr { host: "127.30.108.129" port: 38341 } } peers { permanent_uuid: "cc3d775e90234a60b77b2b8ff3cf4838" member_type: VOTER last_known_addr { host: "127.30.108.130" port: 44181 } } peers { permanent_uuid: "aaa96f7d3fe24d6c93f18db03d57fb9b" member_type: VOTER last_known_addr { host: "127.30.108.131" port: 38455 } }
I20260710 11:06:15.870734 32508 raft_consensus.cc:385] T 91fdf65bc4f14836b1308ec03a2191a5 P aaa96f7d3fe24d6c93f18db03d57fb9b [term 0 FOLLOWER]: Consensus starting up: Expiring failure detector timer to make a prompt election more likely
I20260710 11:06:15.871165 32508 raft_consensus.cc:740] T 91fdf65bc4f14836b1308ec03a2191a5 P aaa96f7d3fe24d6c93f18db03d57fb9b [term 0 FOLLOWER]: Becoming Follower/Learner. State: Replica: aaa96f7d3fe24d6c93f18db03d57fb9b, State: Initialized, Role: FOLLOWER
I20260710 11:06:15.871654 32515 raft_consensus.cc:2804] T 8466af33d1cb49b09678172cd777285b P cc3d775e90234a60b77b2b8ff3cf4838 [term 1 FOLLOWER]: Leader election won for term 1
I20260710 11:06:15.872291 32508 consensus_queue.cc:260] T 91fdf65bc4f14836b1308ec03a2191a5 P aaa96f7d3fe24d6c93f18db03d57fb9b [NON_LEADER]: Queue going to NON_LEADER mode. State: All replicated index: 0, Majority replicated index: 0, Committed index: 0, Last appended: 0.0, Last appended by leader: 0, Current term: 0, Majority size: -1, State: 0, Mode: NON_LEADER, active raft config: opid_index: -1 OBSOLETE_local: false peers { permanent_uuid: "957e2720a8d1440991fcf628506174b0" member_type: VOTER last_known_addr { host: "127.30.108.129" port: 38341 } } peers { permanent_uuid: "cc3d775e90234a60b77b2b8ff3cf4838" member_type: VOTER last_known_addr { host: "127.30.108.130" port: 44181 } } peers { permanent_uuid: "aaa96f7d3fe24d6c93f18db03d57fb9b" member_type: VOTER last_known_addr { host: "127.30.108.131" port: 38455 } }
I20260710 11:06:15.873006 32515 raft_consensus.cc:697] T 8466af33d1cb49b09678172cd777285b P cc3d775e90234a60b77b2b8ff3cf4838 [term 1 LEADER]: Becoming Leader. State: Replica: cc3d775e90234a60b77b2b8ff3cf4838, State: Running, Role: LEADER
I20260710 11:06:15.875383 32508 ts_tablet_manager.cc:1434] T 91fdf65bc4f14836b1308ec03a2191a5 P aaa96f7d3fe24d6c93f18db03d57fb9b: Time spent starting tablet: real 0.010s	user 0.007s	sys 0.000s
I20260710 11:06:15.876662 32508 tablet_bootstrap.cc:492] T 800cf72c931b4457a7784ce475f09708 P aaa96f7d3fe24d6c93f18db03d57fb9b: Bootstrap starting.
I20260710 11:06:15.875308 32515 consensus_queue.cc:237] T 8466af33d1cb49b09678172cd777285b P cc3d775e90234a60b77b2b8ff3cf4838 [LEADER]: Queue going to LEADER mode. State: All replicated index: 0, Majority replicated index: 0, Committed index: 0, Last appended: 0.0, Last appended by leader: 0, Current term: 1, Majority size: 2, State: 0, Mode: LEADER, active raft config: opid_index: -1 OBSOLETE_local: false peers { permanent_uuid: "957e2720a8d1440991fcf628506174b0" member_type: VOTER last_known_addr { host: "127.30.108.129" port: 38341 } } peers { permanent_uuid: "cc3d775e90234a60b77b2b8ff3cf4838" member_type: VOTER last_known_addr { host: "127.30.108.130" port: 44181 } } peers { permanent_uuid: "aaa96f7d3fe24d6c93f18db03d57fb9b" member_type: VOTER last_known_addr { host: "127.30.108.131" port: 38455 } }
I20260710 11:06:15.869444 32541 raft_consensus.cc:515] T f3515ffe7edf4a72a82cf8b15160bee9 P 957e2720a8d1440991fcf628506174b0 [term 1 FOLLOWER]: Starting leader election with config: opid_index: -1 OBSOLETE_local: false peers { permanent_uuid: "957e2720a8d1440991fcf628506174b0" member_type: VOTER last_known_addr { host: "127.30.108.129" port: 38341 } } peers { permanent_uuid: "cc3d775e90234a60b77b2b8ff3cf4838" member_type: VOTER last_known_addr { host: "127.30.108.130" port: 44181 } } peers { permanent_uuid: "aaa96f7d3fe24d6c93f18db03d57fb9b" member_type: VOTER last_known_addr { host: "127.30.108.131" port: 38455 } }
I20260710 11:06:15.884567 32318 raft_consensus.cc:2393] T f3515ffe7edf4a72a82cf8b15160bee9 P 957e2720a8d1440991fcf628506174b0 [term 1 FOLLOWER]: Leader pre-election vote request: Denying vote to candidate cc3d775e90234a60b77b2b8ff3cf4838 in current term 1: Already voted for candidate 957e2720a8d1440991fcf628506174b0 in this term.
I20260710 11:06:15.885176 32540 leader_election.cc:290] T 1c5d55614d504a7ab47ceb6b43751d90 P 957e2720a8d1440991fcf628506174b0 [CANDIDATE]: Term 1 election: Requested vote from peers cc3d775e90234a60b77b2b8ff3cf4838 (127.30.108.130:44181), aaa96f7d3fe24d6c93f18db03d57fb9b (127.30.108.131:38455)
I20260710 11:06:15.890362 32509 ts_tablet_manager.cc:1434] T 800cf72c931b4457a7784ce475f09708 P cc3d775e90234a60b77b2b8ff3cf4838: Time spent starting tablet: real 0.041s	user 0.006s	sys 0.011s
I20260710 11:06:15.890826 32564 raft_consensus.cc:697] T f3515ffe7edf4a72a82cf8b15160bee9 P cc3d775e90234a60b77b2b8ff3cf4838 [term 1 LEADER]: Becoming Leader. State: Replica: cc3d775e90234a60b77b2b8ff3cf4838, State: Running, Role: LEADER
I20260710 11:06:15.894569 32509 tablet_bootstrap.cc:492] T 60e084c09a66477dab9c199a2f29f252 P cc3d775e90234a60b77b2b8ff3cf4838: Bootstrap starting.
I20260710 11:06:15.894816 32510 tablet_bootstrap.cc:492] T 91fdf65bc4f14836b1308ec03a2191a5 P 957e2720a8d1440991fcf628506174b0: No bootstrap required, opened a new log
I20260710 11:06:15.894485 32564 consensus_queue.cc:237] T f3515ffe7edf4a72a82cf8b15160bee9 P cc3d775e90234a60b77b2b8ff3cf4838 [LEADER]: Queue going to LEADER mode. State: All replicated index: 0, Majority replicated index: 0, Committed index: 0, Last appended: 0.0, Last appended by leader: 0, Current term: 1, Majority size: 2, State: 0, Mode: LEADER, active raft config: opid_index: -1 OBSOLETE_local: false peers { permanent_uuid: "957e2720a8d1440991fcf628506174b0" member_type: VOTER last_known_addr { host: "127.30.108.129" port: 38341 } } peers { permanent_uuid: "cc3d775e90234a60b77b2b8ff3cf4838" member_type: VOTER last_known_addr { host: "127.30.108.130" port: 44181 } } peers { permanent_uuid: "aaa96f7d3fe24d6c93f18db03d57fb9b" member_type: VOTER last_known_addr { host: "127.30.108.131" port: 38455 } }
I20260710 11:06:15.895275 32510 ts_tablet_manager.cc:1403] T 91fdf65bc4f14836b1308ec03a2191a5 P 957e2720a8d1440991fcf628506174b0: Time spent bootstrapping tablet: real 0.088s	user 0.033s	sys 0.049s
I20260710 11:06:15.895231 32542 consensus_queue.cc:1048] T e8b8275a8dcd49b893dfc0021e0aa112 P aaa96f7d3fe24d6c93f18db03d57fb9b [LEADER]: Connected to new peer: Peer: permanent_uuid: "cc3d775e90234a60b77b2b8ff3cf4838" member_type: VOTER last_known_addr { host: "127.30.108.130" port: 44181 }, Status: LMP_MISMATCH, Last received: 0.0, Next index: 1, Last known committed idx: 0, Time since last communication: 0.001s
I20260710 11:06:15.891835 32541 leader_election.cc:290] T f3515ffe7edf4a72a82cf8b15160bee9 P 957e2720a8d1440991fcf628506174b0 [CANDIDATE]: Term 1 election: Requested vote from peers cc3d775e90234a60b77b2b8ff3cf4838 (127.30.108.130:44181), aaa96f7d3fe24d6c93f18db03d57fb9b (127.30.108.131:38455)
I20260710 11:06:15.892307 32466 tablet_service.cc:1917] Received RequestConsensusVote() RPC: tablet_id: "f3515ffe7edf4a72a82cf8b15160bee9" candidate_uuid: "957e2720a8d1440991fcf628506174b0" candidate_term: 1 candidate_status { last_received { term: 0 index: 0 } } ignore_live_leader: false dest_uuid: "aaa96f7d3fe24d6c93f18db03d57fb9b"
I20260710 11:06:15.897902 32510 raft_consensus.cc:359] T 91fdf65bc4f14836b1308ec03a2191a5 P 957e2720a8d1440991fcf628506174b0 [term 0 FOLLOWER]: Replica starting. Triggering 0 pending ops. Active config: opid_index: -1 OBSOLETE_local: false peers { permanent_uuid: "957e2720a8d1440991fcf628506174b0" member_type: VOTER last_known_addr { host: "127.30.108.129" port: 38341 } } peers { permanent_uuid: "cc3d775e90234a60b77b2b8ff3cf4838" member_type: VOTER last_known_addr { host: "127.30.108.130" port: 44181 } } peers { permanent_uuid: "aaa96f7d3fe24d6c93f18db03d57fb9b" member_type: VOTER last_known_addr { host: "127.30.108.131" port: 38455 } }
I20260710 11:06:15.893381 32393 tablet_service.cc:1917] Received RequestConsensusVote() RPC: tablet_id: "f3515ffe7edf4a72a82cf8b15160bee9" candidate_uuid: "957e2720a8d1440991fcf628506174b0" candidate_term: 1 candidate_status { last_received { term: 0 index: 0 } } ignore_live_leader: false dest_uuid: "cc3d775e90234a60b77b2b8ff3cf4838"
I20260710 11:06:15.898597 32510 raft_consensus.cc:385] T 91fdf65bc4f14836b1308ec03a2191a5 P 957e2720a8d1440991fcf628506174b0 [term 0 FOLLOWER]: Consensus starting up: Expiring failure detector timer to make a prompt election more likely
I20260710 11:06:15.898918 32510 raft_consensus.cc:740] T 91fdf65bc4f14836b1308ec03a2191a5 P 957e2720a8d1440991fcf628506174b0 [term 0 FOLLOWER]: Becoming Follower/Learner. State: Replica: 957e2720a8d1440991fcf628506174b0, State: Initialized, Role: FOLLOWER
I20260710 11:06:15.898305 32466 raft_consensus.cc:2393] T f3515ffe7edf4a72a82cf8b15160bee9 P aaa96f7d3fe24d6c93f18db03d57fb9b [term 1 FOLLOWER]: Leader election vote request: Denying vote to candidate 957e2720a8d1440991fcf628506174b0 in current term 1: Already voted for candidate cc3d775e90234a60b77b2b8ff3cf4838 in this term.
I20260710 11:06:15.899971 32510 consensus_queue.cc:260] T 91fdf65bc4f14836b1308ec03a2191a5 P 957e2720a8d1440991fcf628506174b0 [NON_LEADER]: Queue going to NON_LEADER mode. State: All replicated index: 0, Majority replicated index: 0, Committed index: 0, Last appended: 0.0, Last appended by leader: 0, Current term: 0, Majority size: -1, State: 0, Mode: NON_LEADER, active raft config: opid_index: -1 OBSOLETE_local: false peers { permanent_uuid: "957e2720a8d1440991fcf628506174b0" member_type: VOTER last_known_addr { host: "127.30.108.129" port: 38341 } } peers { permanent_uuid: "cc3d775e90234a60b77b2b8ff3cf4838" member_type: VOTER last_known_addr { host: "127.30.108.130" port: 44181 } } peers { permanent_uuid: "aaa96f7d3fe24d6c93f18db03d57fb9b" member_type: VOTER last_known_addr { host: "127.30.108.131" port: 38455 } }
I20260710 11:06:15.892573 32508 tablet_bootstrap.cc:654] T 800cf72c931b4457a7784ce475f09708 P aaa96f7d3fe24d6c93f18db03d57fb9b: Neither blocks nor log segments found. Creating new log.
I20260710 11:06:15.901714 32283 leader_election.cc:304] T f3515ffe7edf4a72a82cf8b15160bee9 P 957e2720a8d1440991fcf628506174b0 [CANDIDATE]: Term 1 election: Election decided. Result: candidate lost. Election summary: received 3 responses out of 3 voters: 1 yes votes; 2 no votes. yes voters: 957e2720a8d1440991fcf628506174b0; no voters: aaa96f7d3fe24d6c93f18db03d57fb9b, cc3d775e90234a60b77b2b8ff3cf4838
I20260710 11:06:15.902819 32541 raft_consensus.cc:2749] T f3515ffe7edf4a72a82cf8b15160bee9 P 957e2720a8d1440991fcf628506174b0 [term 1 FOLLOWER]: Leader election lost for term 1. Reason: could not achieve majority
I20260710 11:06:15.912145 32510 ts_tablet_manager.cc:1434] T 91fdf65bc4f14836b1308ec03a2191a5 P 957e2720a8d1440991fcf628506174b0: Time spent starting tablet: real 0.016s	user 0.009s	sys 0.000s
I20260710 11:06:15.921244 32541 consensus_queue.cc:1048] T 5d5d141eb5eb4589adaad10fde66cdc8 P 957e2720a8d1440991fcf628506174b0 [LEADER]: Connected to new peer: Peer: permanent_uuid: "cc3d775e90234a60b77b2b8ff3cf4838" member_type: VOTER last_known_addr { host: "127.30.108.130" port: 44181 }, Status: LMP_MISMATCH, Last received: 0.0, Next index: 1, Last known committed idx: 0, Time since last communication: 0.000s
I20260710 11:06:15.921947 32510 tablet_bootstrap.cc:492] T 93ab29d41b9e42d4b5973d9e8890f277 P 957e2720a8d1440991fcf628506174b0: Bootstrap starting.
I20260710 11:06:15.931064 32542 consensus_queue.cc:1048] T e8b8275a8dcd49b893dfc0021e0aa112 P aaa96f7d3fe24d6c93f18db03d57fb9b [LEADER]: Connected to new peer: Peer: permanent_uuid: "957e2720a8d1440991fcf628506174b0" member_type: VOTER last_known_addr { host: "127.30.108.129" port: 38341 }, Status: LMP_MISMATCH, Last received: 0.0, Next index: 1, Last known committed idx: 0, Time since last communication: 0.001s
I20260710 11:06:15.940311 32215 catalog_manager.cc:5697] T f3515ffe7edf4a72a82cf8b15160bee9 P cc3d775e90234a60b77b2b8ff3cf4838 reported cstate change: term changed from 0 to 1, leader changed from <none> to cc3d775e90234a60b77b2b8ff3cf4838 (127.30.108.130). New cstate: current_term: 1 leader_uuid: "cc3d775e90234a60b77b2b8ff3cf4838" committed_config { opid_index: -1 OBSOLETE_local: false peers { permanent_uuid: "957e2720a8d1440991fcf628506174b0" member_type: VOTER last_known_addr { host: "127.30.108.129" port: 38341 } health_report { overall_health: UNKNOWN } } peers { permanent_uuid: "cc3d775e90234a60b77b2b8ff3cf4838" member_type: VOTER last_known_addr { host: "127.30.108.130" port: 44181 } health_report { overall_health: HEALTHY } } peers { permanent_uuid: "aaa96f7d3fe24d6c93f18db03d57fb9b" member_type: VOTER last_known_addr { host: "127.30.108.131" port: 38455 } health_report { overall_health: UNKNOWN } } }
I20260710 11:06:15.942263 32509 tablet_bootstrap.cc:654] T 60e084c09a66477dab9c199a2f29f252 P cc3d775e90234a60b77b2b8ff3cf4838: Neither blocks nor log segments found. Creating new log.
I20260710 11:06:15.946733 32510 tablet_bootstrap.cc:654] T 93ab29d41b9e42d4b5973d9e8890f277 P 957e2720a8d1440991fcf628506174b0: Neither blocks nor log segments found. Creating new log.
W20260710 11:06:15.947539 32265 auto_rebalancer.cc:288] Could not retrieve cluster info: Service unavailable: Tablet not running
I20260710 11:06:15.956946 32508 tablet_bootstrap.cc:492] T 800cf72c931b4457a7784ce475f09708 P aaa96f7d3fe24d6c93f18db03d57fb9b: No bootstrap required, opened a new log
I20260710 11:06:15.957402 32508 ts_tablet_manager.cc:1403] T 800cf72c931b4457a7784ce475f09708 P aaa96f7d3fe24d6c93f18db03d57fb9b: Time spent bootstrapping tablet: real 0.081s	user 0.011s	sys 0.021s
I20260710 11:06:15.959347 32508 raft_consensus.cc:359] T 800cf72c931b4457a7784ce475f09708 P aaa96f7d3fe24d6c93f18db03d57fb9b [term 0 FOLLOWER]: Replica starting. Triggering 0 pending ops. Active config: opid_index: -1 OBSOLETE_local: false peers { permanent_uuid: "957e2720a8d1440991fcf628506174b0" member_type: VOTER last_known_addr { host: "127.30.108.129" port: 38341 } } peers { permanent_uuid: "cc3d775e90234a60b77b2b8ff3cf4838" member_type: VOTER last_known_addr { host: "127.30.108.130" port: 44181 } } peers { permanent_uuid: "aaa96f7d3fe24d6c93f18db03d57fb9b" member_type: VOTER last_known_addr { host: "127.30.108.131" port: 38455 } }
I20260710 11:06:15.962812 32509 tablet_bootstrap.cc:492] T 60e084c09a66477dab9c199a2f29f252 P cc3d775e90234a60b77b2b8ff3cf4838: No bootstrap required, opened a new log
I20260710 11:06:15.971241 32509 ts_tablet_manager.cc:1403] T 60e084c09a66477dab9c199a2f29f252 P cc3d775e90234a60b77b2b8ff3cf4838: Time spent bootstrapping tablet: real 0.077s	user 0.011s	sys 0.003s
I20260710 11:06:15.974866 32509 raft_consensus.cc:359] T 60e084c09a66477dab9c199a2f29f252 P cc3d775e90234a60b77b2b8ff3cf4838 [term 0 FOLLOWER]: Replica starting. Triggering 0 pending ops. Active config: opid_index: -1 OBSOLETE_local: false peers { permanent_uuid: "957e2720a8d1440991fcf628506174b0" member_type: VOTER last_known_addr { host: "127.30.108.129" port: 38341 } } peers { permanent_uuid: "cc3d775e90234a60b77b2b8ff3cf4838" member_type: VOTER last_known_addr { host: "127.30.108.130" port: 44181 } } peers { permanent_uuid: "aaa96f7d3fe24d6c93f18db03d57fb9b" member_type: VOTER last_known_addr { host: "127.30.108.131" port: 38455 } }
I20260710 11:06:15.975652 32509 raft_consensus.cc:385] T 60e084c09a66477dab9c199a2f29f252 P cc3d775e90234a60b77b2b8ff3cf4838 [term 0 FOLLOWER]: Consensus starting up: Expiring failure detector timer to make a prompt election more likely
I20260710 11:06:15.975986 32509 raft_consensus.cc:740] T 60e084c09a66477dab9c199a2f29f252 P cc3d775e90234a60b77b2b8ff3cf4838 [term 0 FOLLOWER]: Becoming Follower/Learner. State: Replica: cc3d775e90234a60b77b2b8ff3cf4838, State: Initialized, Role: FOLLOWER
I20260710 11:06:15.976456 32516 consensus_queue.cc:1048] T 5d5d141eb5eb4589adaad10fde66cdc8 P 957e2720a8d1440991fcf628506174b0 [LEADER]: Connected to new peer: Peer: permanent_uuid: "aaa96f7d3fe24d6c93f18db03d57fb9b" member_type: VOTER last_known_addr { host: "127.30.108.131" port: 38455 }, Status: LMP_MISMATCH, Last received: 0.0, Next index: 1, Last known committed idx: 0, Time since last communication: 0.001s
I20260710 11:06:15.976684 32509 consensus_queue.cc:260] T 60e084c09a66477dab9c199a2f29f252 P cc3d775e90234a60b77b2b8ff3cf4838 [NON_LEADER]: Queue going to NON_LEADER mode. State: All replicated index: 0, Majority replicated index: 0, Committed index: 0, Last appended: 0.0, Last appended by leader: 0, Current term: 0, Majority size: -1, State: 0, Mode: NON_LEADER, active raft config: opid_index: -1 OBSOLETE_local: false peers { permanent_uuid: "957e2720a8d1440991fcf628506174b0" member_type: VOTER last_known_addr { host: "127.30.108.129" port: 38341 } } peers { permanent_uuid: "cc3d775e90234a60b77b2b8ff3cf4838" member_type: VOTER last_known_addr { host: "127.30.108.130" port: 44181 } } peers { permanent_uuid: "aaa96f7d3fe24d6c93f18db03d57fb9b" member_type: VOTER last_known_addr { host: "127.30.108.131" port: 38455 } }
I20260710 11:06:15.962965 32508 raft_consensus.cc:385] T 800cf72c931b4457a7784ce475f09708 P aaa96f7d3fe24d6c93f18db03d57fb9b [term 0 FOLLOWER]: Consensus starting up: Expiring failure detector timer to make a prompt election more likely
I20260710 11:06:15.965445 32510 tablet_bootstrap.cc:492] T 93ab29d41b9e42d4b5973d9e8890f277 P 957e2720a8d1440991fcf628506174b0: No bootstrap required, opened a new log
I20260710 11:06:15.979415 32510 ts_tablet_manager.cc:1403] T 93ab29d41b9e42d4b5973d9e8890f277 P 957e2720a8d1440991fcf628506174b0: Time spent bootstrapping tablet: real 0.058s	user 0.014s	sys 0.000s
I20260710 11:06:15.978919 32509 ts_tablet_manager.cc:1434] T 60e084c09a66477dab9c199a2f29f252 P cc3d775e90234a60b77b2b8ff3cf4838: Time spent starting tablet: real 0.007s	user 0.006s	sys 0.000s
I20260710 11:06:15.981009 32509 tablet_bootstrap.cc:492] T 91fdf65bc4f14836b1308ec03a2191a5 P cc3d775e90234a60b77b2b8ff3cf4838: Bootstrap starting.
I20260710 11:06:15.982133 32510 raft_consensus.cc:359] T 93ab29d41b9e42d4b5973d9e8890f277 P 957e2720a8d1440991fcf628506174b0 [term 0 FOLLOWER]: Replica starting. Triggering 0 pending ops. Active config: opid_index: -1 OBSOLETE_local: false peers { permanent_uuid: "957e2720a8d1440991fcf628506174b0" member_type: VOTER last_known_addr { host: "127.30.108.129" port: 38341 } } peers { permanent_uuid: "cc3d775e90234a60b77b2b8ff3cf4838" member_type: VOTER last_known_addr { host: "127.30.108.130" port: 44181 } } peers { permanent_uuid: "aaa96f7d3fe24d6c93f18db03d57fb9b" member_type: VOTER last_known_addr { host: "127.30.108.131" port: 38455 } }
I20260710 11:06:15.982431 32539 consensus_queue.cc:1048] T 18dd3ed37dcf4a6ca0ac6dae9d755aa1 P aaa96f7d3fe24d6c93f18db03d57fb9b [LEADER]: Connected to new peer: Peer: permanent_uuid: "957e2720a8d1440991fcf628506174b0" member_type: VOTER last_known_addr { host: "127.30.108.129" port: 38341 }, Status: LMP_MISMATCH, Last received: 0.0, Next index: 1, Last known committed idx: 0, Time since last communication: 0.000s
I20260710 11:06:15.982847 32510 raft_consensus.cc:385] T 93ab29d41b9e42d4b5973d9e8890f277 P 957e2720a8d1440991fcf628506174b0 [term 0 FOLLOWER]: Consensus starting up: Expiring failure detector timer to make a prompt election more likely
I20260710 11:06:15.983175 32510 raft_consensus.cc:740] T 93ab29d41b9e42d4b5973d9e8890f277 P 957e2720a8d1440991fcf628506174b0 [term 0 FOLLOWER]: Becoming Follower/Learner. State: Replica: 957e2720a8d1440991fcf628506174b0, State: Initialized, Role: FOLLOWER
I20260710 11:06:15.983865 32510 consensus_queue.cc:260] T 93ab29d41b9e42d4b5973d9e8890f277 P 957e2720a8d1440991fcf628506174b0 [NON_LEADER]: Queue going to NON_LEADER mode. State: All replicated index: 0, Majority replicated index: 0, Committed index: 0, Last appended: 0.0, Last appended by leader: 0, Current term: 0, Majority size: -1, State: 0, Mode: NON_LEADER, active raft config: opid_index: -1 OBSOLETE_local: false peers { permanent_uuid: "957e2720a8d1440991fcf628506174b0" member_type: VOTER last_known_addr { host: "127.30.108.129" port: 38341 } } peers { permanent_uuid: "cc3d775e90234a60b77b2b8ff3cf4838" member_type: VOTER last_known_addr { host: "127.30.108.130" port: 44181 } } peers { permanent_uuid: "aaa96f7d3fe24d6c93f18db03d57fb9b" member_type: VOTER last_known_addr { host: "127.30.108.131" port: 38455 } }
I20260710 11:06:15.986037 32510 ts_tablet_manager.cc:1434] T 93ab29d41b9e42d4b5973d9e8890f277 P 957e2720a8d1440991fcf628506174b0: Time spent starting tablet: real 0.006s	user 0.004s	sys 0.000s
I20260710 11:06:15.987659 32510 tablet_bootstrap.cc:492] T 87a514166ff54cd2a491486e3ddabb91 P 957e2720a8d1440991fcf628506174b0: Bootstrap starting.
I20260710 11:06:15.987859 32509 tablet_bootstrap.cc:654] T 91fdf65bc4f14836b1308ec03a2191a5 P cc3d775e90234a60b77b2b8ff3cf4838: Neither blocks nor log segments found. Creating new log.
I20260710 11:06:15.990008 32508 raft_consensus.cc:740] T 800cf72c931b4457a7784ce475f09708 P aaa96f7d3fe24d6c93f18db03d57fb9b [term 0 FOLLOWER]: Becoming Follower/Learner. State: Replica: aaa96f7d3fe24d6c93f18db03d57fb9b, State: Initialized, Role: FOLLOWER
I20260710 11:06:15.993322 32540 raft_consensus.cc:493] T 9eef190837f04befa447ee4caea8bc31 P 957e2720a8d1440991fcf628506174b0 [term 0 FOLLOWER]: Starting pre-election (no leader contacted us within the election timeout)
I20260710 11:06:15.994060 32539 consensus_queue.cc:1048] T 93ab29d41b9e42d4b5973d9e8890f277 P aaa96f7d3fe24d6c93f18db03d57fb9b [LEADER]: Connected to new peer: Peer: permanent_uuid: "cc3d775e90234a60b77b2b8ff3cf4838" member_type: VOTER last_known_addr { host: "127.30.108.130" port: 44181 }, Status: LMP_MISMATCH, Last received: 0.0, Next index: 1, Last known committed idx: 0, Time since last communication: 0.001s
I20260710 11:06:15.993991 32540 raft_consensus.cc:515] T 9eef190837f04befa447ee4caea8bc31 P 957e2720a8d1440991fcf628506174b0 [term 0 FOLLOWER]: Starting pre-election with config: opid_index: -1 OBSOLETE_local: false peers { permanent_uuid: "957e2720a8d1440991fcf628506174b0" member_type: VOTER last_known_addr { host: "127.30.108.129" port: 38341 } } peers { permanent_uuid: "cc3d775e90234a60b77b2b8ff3cf4838" member_type: VOTER last_known_addr { host: "127.30.108.130" port: 44181 } } peers { permanent_uuid: "aaa96f7d3fe24d6c93f18db03d57fb9b" member_type: VOTER last_known_addr { host: "127.30.108.131" port: 38455 } }
I20260710 11:06:15.990788 32508 consensus_queue.cc:260] T 800cf72c931b4457a7784ce475f09708 P aaa96f7d3fe24d6c93f18db03d57fb9b [NON_LEADER]: Queue going to NON_LEADER mode. State: All replicated index: 0, Majority replicated index: 0, Committed index: 0, Last appended: 0.0, Last appended by leader: 0, Current term: 0, Majority size: -1, State: 0, Mode: NON_LEADER, active raft config: opid_index: -1 OBSOLETE_local: false peers { permanent_uuid: "957e2720a8d1440991fcf628506174b0" member_type: VOTER last_known_addr { host: "127.30.108.129" port: 38341 } } peers { permanent_uuid: "cc3d775e90234a60b77b2b8ff3cf4838" member_type: VOTER last_known_addr { host: "127.30.108.130" port: 44181 } } peers { permanent_uuid: "aaa96f7d3fe24d6c93f18db03d57fb9b" member_type: VOTER last_known_addr { host: "127.30.108.131" port: 38455 } }
I20260710 11:06:15.997023 32540 leader_election.cc:290] T 9eef190837f04befa447ee4caea8bc31 P 957e2720a8d1440991fcf628506174b0 [CANDIDATE]: Term 1 pre-election: Requested pre-vote from peers cc3d775e90234a60b77b2b8ff3cf4838 (127.30.108.130:44181), aaa96f7d3fe24d6c93f18db03d57fb9b (127.30.108.131:38455)
I20260710 11:06:16.000108 32393 tablet_service.cc:1917] Received RequestConsensusVote() RPC: tablet_id: "9eef190837f04befa447ee4caea8bc31" candidate_uuid: "957e2720a8d1440991fcf628506174b0" candidate_term: 1 candidate_status { last_received { term: 0 index: 0 } } ignore_live_leader: false dest_uuid: "cc3d775e90234a60b77b2b8ff3cf4838" is_pre_election: true
I20260710 11:06:16.000818 32467 tablet_service.cc:1917] Received RequestConsensusVote() RPC: tablet_id: "9eef190837f04befa447ee4caea8bc31" candidate_uuid: "957e2720a8d1440991fcf628506174b0" candidate_term: 1 candidate_status { last_received { term: 0 index: 0 } } ignore_live_leader: false dest_uuid: "aaa96f7d3fe24d6c93f18db03d57fb9b" is_pre_election: true
I20260710 11:06:16.001097 32393 raft_consensus.cc:2468] T 9eef190837f04befa447ee4caea8bc31 P cc3d775e90234a60b77b2b8ff3cf4838 [term 0 FOLLOWER]: Leader pre-election vote request: Granting yes vote for candidate 957e2720a8d1440991fcf628506174b0 in term 0.
I20260710 11:06:16.001652 32467 raft_consensus.cc:2468] T 9eef190837f04befa447ee4caea8bc31 P aaa96f7d3fe24d6c93f18db03d57fb9b [term 0 FOLLOWER]: Leader pre-election vote request: Granting yes vote for candidate 957e2720a8d1440991fcf628506174b0 in term 0.
I20260710 11:06:16.003959 32283 leader_election.cc:304] T 9eef190837f04befa447ee4caea8bc31 P 957e2720a8d1440991fcf628506174b0 [CANDIDATE]: Term 1 pre-election: Election decided. Result: candidate won. Election summary: received 2 responses out of 3 voters: 2 yes votes; 0 no votes. yes voters: 957e2720a8d1440991fcf628506174b0, aaa96f7d3fe24d6c93f18db03d57fb9b; no voters: 
I20260710 11:06:16.006269 32540 raft_consensus.cc:2804] T 9eef190837f04befa447ee4caea8bc31 P 957e2720a8d1440991fcf628506174b0 [term 0 FOLLOWER]: Leader pre-election won for term 1
I20260710 11:06:16.006831 32540 raft_consensus.cc:493] T 9eef190837f04befa447ee4caea8bc31 P 957e2720a8d1440991fcf628506174b0 [term 0 FOLLOWER]: Starting leader election (no leader contacted us within the election timeout)
I20260710 11:06:16.007290 32540 raft_consensus.cc:3060] T 9eef190837f04befa447ee4caea8bc31 P 957e2720a8d1440991fcf628506174b0 [term 0 FOLLOWER]: Advancing to term 1
I20260710 11:06:16.010012 32508 ts_tablet_manager.cc:1434] T 800cf72c931b4457a7784ce475f09708 P aaa96f7d3fe24d6c93f18db03d57fb9b: Time spent starting tablet: real 0.052s	user 0.005s	sys 0.007s
I20260710 11:06:16.014297 32508 tablet_bootstrap.cc:492] T 3408bd2f3c8e4320a7604b041cde081c P aaa96f7d3fe24d6c93f18db03d57fb9b: Bootstrap starting.
I20260710 11:06:16.016577 32514 consensus_queue.cc:1048] T 18dd3ed37dcf4a6ca0ac6dae9d755aa1 P aaa96f7d3fe24d6c93f18db03d57fb9b [LEADER]: Connected to new peer: Peer: permanent_uuid: "cc3d775e90234a60b77b2b8ff3cf4838" member_type: VOTER last_known_addr { host: "127.30.108.130" port: 44181 }, Status: LMP_MISMATCH, Last received: 0.0, Next index: 1, Last known committed idx: 0, Time since last communication: 0.000s
